000
CDUS43 KOAX 070625
CLIOFK


CLIMATE REPORT
NATIONAL WEATHER SERVICE OMAHA NEBRASKA
124 AM CDT TUE JUL 7 2015


...................................

...THE NORFOLK, NEBRASKA CLIMATE SUMMARY FOR JULY 6 2015...

CLIMATE NORMAL PERIOD 1981 TO 2010
CLIMATE RECORD PERIOD 1888 TO 2015


WEATHER ITEM   OBSERVED TIME   RECORD YEAR NORMAL DEPARTURE LAST
                VALUE   (LST)  VALUE       VALUE  FROM      YEAR
                                                  NORMAL
..................................................................
TEMPERATURE (F)
 YESTERDAY
  MAXIMUM         81   1218 AM 106    1937  86     -5       92
  MINIMUM         60   1159 PM  51    2006  63     -3       67
  AVERAGE         71                        75     -4       80

PRECIPITATION (IN)
  YESTERDAY        0.25          2.17 1952   0.11   0.14     0.00
  MONTH TO DATE    2.05                      0.70   1.35      T
  SINCE JUN 1      6.65                      4.96   1.69    11.39
  SINCE JAN 1     13.61                     14.66  -1.05    16.88

SNOWFALL (IN)
  YESTERDAY        0.0                       0.0    0.0      0.0
  MONTH TO DATE    0.0                       0.0    0.0      0.0
  SINCE JUL 1      0.0                       0.0    0.0      0.0
  SNOW DEPTH       0

DEGREE DAYS
 HEATING
  YESTERDAY        0                         0      0        0
  MONTH TO DATE    0                         0      0        3
  SINCE JUN 1      3                        30    -27       28
  SINCE JUL 1      0                         0      0        3

 COOLING
  YESTERDAY        6                        10     -4       15
  MONTH TO DATE   37                        58    -21       36
  SINCE JUN 1    223                       244    -21      230
  SINCE JAN 1    256                       305    -49      327
..................................................................


WIND (MPH)
  HIGHEST WIND SPEED    26   HIGHEST WIND DIRECTION    SW (210)
  HIGHEST GUST SPEED    36   HIGHEST GUST DIRECTION    SW (220)
  AVERAGE WIND SPEED    12.3


SKY COVER
  POSSIBLE SUNSHINE  MM
  AVERAGE SKY COVER 0.7


WEATHER CONDITIONS
 THE FOLLOWING WEATHER WAS RECORDED YESTERDAY.
  THUNDERSTORM
  HEAVY RAIN
  RAIN
  LIGHT RAIN
  FOG
  HAZE


RELATIVE HUMIDITY (PERCENT)
 HIGHEST   100           600 AM
 LOWEST     57           700 PM
 AVERAGE    79

..........................................................


THE NORFOLK, NEBRASKA CLIMATE NORMALS FOR TODAY
                         NORMAL    RECORD    YEAR
 MAXIMUM TEMPERATURE (F)   86       106      1980
 MINIMUM TEMPERATURE (F)   63        43      1908


SUNRISE AND SUNSET
JULY  7 2015..........SUNRISE   601 AM CDT   SUNSET   908 PM CDT
JULY  8 2015..........SUNRISE   602 AM CDT   SUNSET   907 PM CDT


-  INDICATES NEGATIVE NUMBERS.
R  INDICATES RECORD WAS SET OR TIED.
MM INDICATES DATA IS MISSING.
T  INDICATES TRACE AMOUNT.




$$
