000
CDUS43 KOAX 280631
CLIOFK


CLIMATE REPORT
NATIONAL WEATHER SERVICE OMAHA NEBRASKA
1228 AM CST SUN DEC 28 2014


...................................

...THE NORFOLK, NEBRASKA CLIMATE SUMMARY FOR DECEMBER 27 2014...

CLIMATE NORMAL PERIOD 1981 TO 2010
CLIMATE RECORD PERIOD 1888 TO 2014


WEATHER ITEM   OBSERVED TIME   RECORD YEAR NORMAL DEPARTURE LAST
                VALUE   (LST)  VALUE       VALUE  FROM      YEAR
                                                  NORMAL
..................................................................
TEMPERATURE (F)
 YESTERDAY
  MAXIMUM         23    332 PM  62    2013  32     -9       62
  MINIMUM          8    750 PM -14    1894  13     -5       17
  AVERAGE         16                        22     -6       40

PRECIPITATION (IN)
  YESTERDAY        0.03          0.73 1969   0.02   0.01     0.00
  MONTH TO DATE    1.15                      0.67   0.48     0.13
  SINCE DEC 1      1.15                      0.67   0.48     0.13
  SINCE JAN 1     29.66                     27.33   2.33    24.92

SNOWFALL (IN)
  YESTERDAY        0.7                       0.2    0.5      0.0
  MONTH TO DATE    5.1                       5.3   -0.2      2.1
  SINCE JUL 1      8.8                      10.2   -1.4      3.0
  SNOW DEPTH       2

DEGREE DAYS
 HEATING
  YESTERDAY       49                        42      7       25
  MONTH TO DATE  901                      1090   -189     1198
  SINCE DEC 1    901                      1090   -189     1198
  SINCE JUL 1   2394                      2535   -141     2584

 COOLING
  YESTERDAY        0                         0      0        0
  MONTH TO DATE    0                         0      0        0
  SINCE DEC 1      0                         0      0        0
  SINCE JAN 1    812                       915   -103     1005
..................................................................


WIND (MPH)
  HIGHEST WIND SPEED    18   HIGHEST WIND DIRECTION    NW (310)
  HIGHEST GUST SPEED    23   HIGHEST GUST DIRECTION    NW (320)
  AVERAGE WIND SPEED     8.7


SKY COVER
  POSSIBLE SUNSHINE  MM
  AVERAGE SKY COVER 0.2


WEATHER CONDITIONS
 THE FOLLOWING WEATHER WAS RECORDED YESTERDAY.
  LIGHT SNOW
  FOG


RELATIVE HUMIDITY (PERCENT)
 HIGHEST    92           100 AM
 LOWEST     68           100 PM
 AVERAGE    80

..........................................................


THE NORFOLK, NEBRASKA CLIMATE NORMALS FOR TODAY
                         NORMAL    RECORD    YEAR
 MAXIMUM TEMPERATURE (F)   32        62      2013
                                             2002
 MINIMUM TEMPERATURE (F)   13       -23      1924


SUNRISE AND SUNSET
DECEMBER 28 2014......SUNRISE   757 AM CST   SUNSET   506 PM CST
DECEMBER 29 2014......SUNRISE   757 AM CST   SUNSET   507 PM CST


-  INDICATES NEGATIVE NUMBERS.
R  INDICATES RECORD WAS SET OR TIED.
MM INDICATES DATA IS MISSING.
T  INDICATES TRACE AMOUNT.




$$
