000
CDUS43 KOAX 210623
CLIOFK


CLIMATE REPORT
NATIONAL WEATHER SERVICE OMAHA NEBRASKA
1223 AM CST SUN JAN 21 2018


...................................

...THE NORFOLK, NEBRASKA CLIMATE SUMMARY FOR JANUARY 20 2018...

CLIMATE NORMAL PERIOD 1981 TO 2010
CLIMATE RECORD PERIOD 1888 TO 2018


WEATHER ITEM   OBSERVED TIME   RECORD YEAR NORMAL DEPARTURE LAST
                VALUE   (LST)  VALUE       VALUE  FROM      YEAR
                                                  NORMAL
..................................................................
TEMPERATURE (F)
 YESTERDAY
  MAXIMUM         53    302 PM  63    1986  33     20       41
                                      1908
  MINIMUM         26    717 AM -26    1962  12     14       37
  AVERAGE         40                        22     18       39

PRECIPITATION (IN)
  YESTERDAY        0.00          0.60 1990   0.02  -0.02     0.03
  MONTH TO DATE    0.15                      0.37  -0.22     0.69
  SINCE DEC 1      0.47                      1.12  -0.65     1.53
  SINCE JAN 1      0.15                      0.37  -0.22     0.69

SNOWFALL (IN)
  YESTERDAY        0.0                       0.2   -0.2      0.0
  MONTH TO DATE    1.9                       3.9   -2.0      2.4
  SINCE JUL 1      6.8                      14.8   -8.0      8.5
  SNOW DEPTH       0

DEGREE DAYS
 HEATING
  YESTERDAY       25                        42    -17       26
  MONTH TO DATE  949                       859     90      889
  SINCE DEC 1   2196                      2120     76     2174
  SINCE JUL 1   3502                      3565    -63     3219

 COOLING
  YESTERDAY        0                         0      0        0
  MONTH TO DATE    0                         0      0        0
  SINCE DEC 1      0                         0      0        0
  SINCE JAN 1      0                         0      0        0
..................................................................


WIND (MPH)
  HIGHEST WIND SPEED    17   HIGHEST WIND DIRECTION     N (20)
  HIGHEST GUST SPEED    20   HIGHEST GUST DIRECTION     N (10)
  AVERAGE WIND SPEED     5.2


SKY COVER
  POSSIBLE SUNSHINE  MM
  AVERAGE SKY COVER 0.0


WEATHER CONDITIONS
 THE FOLLOWING WEATHER WAS RECORDED YESTERDAY.
  NO SIGNIFICANT WEATHER WAS OBSERVED.


RELATIVE HUMIDITY (PERCENT)
 HIGHEST   100           500 AM
 LOWEST     24           200 PM
 AVERAGE    62

..........................................................


THE NORFOLK, NEBRASKA CLIMATE NORMALS FOR TODAY
                         NORMAL    RECORD    YEAR
 MAXIMUM TEMPERATURE (F)   33        66      1944
 MINIMUM TEMPERATURE (F)   12       -18      1966
                                             1930


SUNRISE AND SUNSET
JANUARY 21 2018.......SUNRISE   752 AM CST   SUNSET   531 PM CST
JANUARY 22 2018.......SUNRISE   751 AM CST   SUNSET   532 PM CST


-  INDICATES NEGATIVE NUMBERS.
R  INDICATES RECORD WAS SET OR TIED.
MM INDICATES DATA IS MISSING.
T  INDICATES TRACE AMOUNT.




$$
