000
CDUS43 KOAX 180646
CLIOFK


CLIMATE REPORT
NATIONAL WEATHER SERVICE OMAHA NEBRASKA
1245 AM CST SAT NOV 18 2017


...................................

...THE NORFOLK, NEBRASKA CLIMATE SUMMARY FOR NOVEMBER 17 2017...

CLIMATE NORMAL PERIOD 1981 TO 2010
CLIMATE RECORD PERIOD 1888 TO 2017


WEATHER ITEM   OBSERVED TIME   RECORD YEAR NORMAL DEPARTURE LAST
                VALUE   (LST)  VALUE       VALUE  FROM      YEAR
                                                  NORMAL
..................................................................
TEMPERATURE (F)
 YESTERDAY
  MAXIMUM         56   1102 AM  72    1941  46     10       48
  MINIMUM         39   1146 PM  -5    1959  25     14       37
  AVERAGE         48                        36     12       43

PRECIPITATION (IN)
  YESTERDAY        0.06          1.00 1971   0.05   0.01     0.04
  MONTH TO DATE    0.08                      0.82  -0.74     0.19
  SINCE SEP 1      5.68                      5.58   0.10     4.57
  SINCE JAN 1     27.46                     26.11   1.35    29.44

SNOWFALL (IN)
  YESTERDAY        0.0                       0.2   -0.2      0.0
  MONTH TO DATE    T                         1.8   -1.8      0.0
  SINCE JUL 1      T                         2.6   -2.6      0.0
  SNOW DEPTH       0

DEGREE DAYS
 HEATING
  YESTERDAY       17                        30    -13       22
  MONTH TO DATE  481                       426     55      251
  SINCE SEP 1    983                       995    -12      649
  SINCE JUL 1    994                      1011    -17      662

 COOLING
  YESTERDAY        0                         0      0        0
  MONTH TO DATE    0                         0      0        0
  SINCE SEP 1    121                        99     22      120
  SINCE JAN 1    879                       915    -36      963
..................................................................


WIND (MPH)
  HIGHEST WIND SPEED    24   HIGHEST WIND DIRECTION     S (170)
  HIGHEST GUST SPEED    31   HIGHEST GUST DIRECTION     S (160)
  AVERAGE WIND SPEED    12.5


SKY COVER
  POSSIBLE SUNSHINE  MM
  AVERAGE SKY COVER 0.4


WEATHER CONDITIONS
 THE FOLLOWING WEATHER WAS RECORDED YESTERDAY.
  LIGHT RAIN
  FOG


RELATIVE HUMIDITY (PERCENT)
 HIGHEST    93           800 AM
 LOWEST     54           100 PM
 AVERAGE    74

..........................................................


THE NORFOLK, NEBRASKA CLIMATE NORMALS FOR TODAY
                         NORMAL    RECORD    YEAR
 MAXIMUM TEMPERATURE (F)   46        77      1904
 MINIMUM TEMPERATURE (F)   24         0      1909


SUNRISE AND SUNSET
NOVEMBER 18 2017......SUNRISE   724 AM CST   SUNSET   506 PM CST
NOVEMBER 19 2017......SUNRISE   725 AM CST   SUNSET   505 PM CST


-  INDICATES NEGATIVE NUMBERS.
R  INDICATES RECORD WAS SET OR TIED.
MM INDICATES DATA IS MISSING.
T  INDICATES TRACE AMOUNT.




$$
