000
CDUS43 KOAX 250628
CLIOFK


CLIMATE REPORT
NATIONAL WEATHER SERVICE OMAHA NEBRASKA
125 AM CDT THU AUG 25 2016


...................................

...THE NORFOLK, NEBRASKA CLIMATE SUMMARY FOR AUGUST 24 2016...

CLIMATE NORMAL PERIOD 1981 TO 2010
CLIMATE RECORD PERIOD 1888 TO 2016


WEATHER ITEM   OBSERVED TIME   RECORD YEAR NORMAL DEPARTURE LAST
                VALUE   (LST)  VALUE       VALUE  FROM      YEAR
                                                  NORMAL
..................................................................
TEMPERATURE (F)
 YESTERDAY
  MAXIMUM         74   1221 PM 104    1936  83     -9       78
  MINIMUM         57   1154 PM  36    1928  60     -3       40
  AVERAGE         66                        72     -6       59

PRECIPITATION (IN)
  YESTERDAY        0.00          0.92 2009   0.09  -0.09     0.00
  MONTH TO DATE    2.30                      2.59  -0.29     1.79
  SINCE JUN 1      8.39                     10.17  -1.78    11.53
  SINCE JAN 1     24.84                     19.87   4.97    18.49

SNOWFALL (IN)
  YESTERDAY        0.0                       0.0    0.0      0.0
  MONTH TO DATE    0.0                       0.0    0.0      0.0
  SINCE JUL 1      0.0                       0.0    0.0      0.0
  SNOW DEPTH       0

DEGREE DAYS
 HEATING
  YESTERDAY        0                         1     -1        6
  MONTH TO DATE    3                         1      2       16
  SINCE JUN 1     13                        35    -22       23
  SINCE JUL 1     10                         5      5       20

 COOLING
  YESTERDAY        1                         7     -6        0
  MONTH TO DATE  193                       210    -17      170
  SINCE JUN 1    764                       710     54      660
  SINCE JAN 1    802                       771     31      693
..................................................................


WIND (MPH)
  HIGHEST WIND SPEED    16   HIGHEST WIND DIRECTION    NW (330)
  HIGHEST GUST SPEED    19   HIGHEST GUST DIRECTION    NW (320)
  AVERAGE WIND SPEED     5.6


SKY COVER
  POSSIBLE SUNSHINE  MM
  AVERAGE SKY COVER 0.0


WEATHER CONDITIONS
 THE FOLLOWING WEATHER WAS RECORDED YESTERDAY.
  NO SIGNIFICANT WEATHER WAS OBSERVED.


RELATIVE HUMIDITY (PERCENT)
 HIGHEST    93           900 PM
 LOWEST     49           200 PM
 AVERAGE    71

..........................................................


THE NORFOLK, NEBRASKA CLIMATE NORMALS FOR TODAY
                         NORMAL    RECORD    YEAR
 MAXIMUM TEMPERATURE (F)   83       103      1955
 MINIMUM TEMPERATURE (F)   60        42      1934


SUNRISE AND SUNSET
AUGUST 25 2016........SUNRISE   649 AM CDT   SUNSET   814 PM CDT
AUGUST 26 2016........SUNRISE   650 AM CDT   SUNSET   812 PM CDT


-  INDICATES NEGATIVE NUMBERS.
R  INDICATES RECORD WAS SET OR TIED.
MM INDICATES DATA IS MISSING.
T  INDICATES TRACE AMOUNT.


$$

BCM
