000
CDUS43 KOAX 232122
CLIOFK


CLIMATE REPORT
NATIONAL WEATHER SERVICE OMAHA NEBRASKA
421 PM CDT SUN APR 23 2017


...................................

...THE NORFOLK, NEBRASKA CLIMATE SUMMARY FOR APRIL 23 2017...
VALID TODAY AS OF 0400 PM LOCAL TIME.

CLIMATE NORMAL PERIOD 1981 TO 2010
CLIMATE RECORD PERIOD 1888 TO 2017


WEATHER ITEM   OBSERVED TIME   RECORD YEAR NORMAL DEPARTURE LAST
                VALUE   (LST)  VALUE       VALUE  FROM      YEAR
                                                  NORMAL
..................................................................
TEMPERATURE (F)
 TODAY
  MAXIMUM         73    257 PM  91    2009  65      8       81
  MINIMUM         36    449 AM  23    1910  40     -4       45
  AVERAGE         55                        53      2       63

PRECIPITATION (IN)
  TODAY            0.00          1.94 1913   0.10  -0.10     0.00
  MONTH TO DATE    1.54                      1.95  -0.41     2.89
  SINCE MAR 1      2.75                      3.72  -0.97     5.30
  SINCE JAN 1      4.99                      5.07  -0.08     7.45

SNOWFALL (IN)
  TODAY            0.0                       0.1   -0.1      0.0
  MONTH TO DATE    T                         2.3   -2.3       T
  SINCE JUL 1     30.2                      30.2    0.0     53.0
  SNOW DEPTH       0

DEGREE DAYS
 HEATING
  TODAY           10                        13     -3        2
  MONTH TO DATE  304                       391    -87      322
  SINCE MAR 1   1070                      1247   -177      985
  SINCE JUL 1   5525                      6340   -815     5286

 COOLING
  TODAY            0                         1     -1        0
  MONTH TO DATE    0                         5     -5        0
  SINCE MAR 1      0                         5     -5        0
  SINCE JAN 1      0                         5     -5        0
..................................................................


WIND (MPH)
  HIGHEST WIND SPEED    28   HIGHEST WIND DIRECTION     S (190)
  HIGHEST GUST SPEED    37   HIGHEST GUST DIRECTION     S (200)
  AVERAGE WIND SPEED    14.3


SKY COVER
  POSSIBLE SUNSHINE  MM
  AVERAGE SKY COVER 0.0


WEATHER CONDITIONS
 THE FOLLOWING WEATHER WAS RECORDED TODAY.
  NO SIGNIFICANT WEATHER WAS OBSERVED.


RELATIVE HUMIDITY (PERCENT)
 HIGHEST    79           400 AM
 LOWEST     16           300 PM
 AVERAGE    48

..........................................................


THE NORFOLK, NEBRASKA CLIMATE NORMALS FOR TOMORROW
                         NORMAL    RECORD    YEAR
 MAXIMUM TEMPERATURE (F)   65        90      2012
 MINIMUM TEMPERATURE (F)   41        20      1956


SUNRISE AND SUNSET
APRIL 23 2017.........SUNRISE   637 AM CDT   SUNSET   820 PM CDT
APRIL 24 2017.........SUNRISE   635 AM CDT   SUNSET   821 PM CDT


-  INDICATES NEGATIVE NUMBERS.
R  INDICATES RECORD WAS SET OR TIED.
MM INDICATES DATA IS MISSING.
T  INDICATES TRACE AMOUNT.




$$
