000
CDUS43 KOAX 270635
CLIOFK


CLIMATE REPORT
NATIONAL WEATHER SERVICE OMAHA NEBRASKA
134 AM CDT SAT MAY 27 2017


...................................

...THE NORFOLK, NEBRASKA CLIMATE SUMMARY FOR MAY 26 2017...

CLIMATE NORMAL PERIOD 1981 TO 2010
CLIMATE RECORD PERIOD 1888 TO 2017


WEATHER ITEM   OBSERVED TIME   RECORD YEAR NORMAL DEPARTURE LAST
                VALUE   (LST)  VALUE       VALUE  FROM      YEAR
                                                  NORMAL
..................................................................
TEMPERATURE (F)
 YESTERDAY
  MAXIMUM         76    455 PM  95    1914  75      1       80
                                      1912
  MINIMUM         52   1155 PM  33    1992  52      0       52
  AVERAGE         64                        64      0       66

PRECIPITATION (IN)
  YESTERDAY        0.00          3.41 1973   0.13  -0.13      T
  MONTH TO DATE    4.30                      3.22   1.08     4.23
  SINCE MAR 1      9.34                      7.64   1.70    11.85
  SINCE JAN 1     11.58                      8.99   2.59    14.00

SNOWFALL (IN)
  YESTERDAY        0.0                       0.0    0.0      0.0
  MONTH TO DATE    1.5                       0.3    1.2      0.0
  SINCE JUL 1     32.2                      30.8    1.4     53.0
  SNOW DEPTH       0

DEGREE DAYS
 HEATING
  YESTERDAY        1                         4     -3        0
  MONTH TO DATE  192                       174     18      189
  SINCE MAR 1   1416                      1504    -88     1271
  SINCE JUL 1   5871                      6597   -726     5572

 COOLING
  YESTERDAY        0                         2     -2        1
  MONTH TO DATE   28                        36     -8       26
  SINCE MAR 1     28                        48    -20       26
  SINCE JAN 1     28                        48    -20       26
..................................................................


WIND (MPH)
  HIGHEST WIND SPEED    23   HIGHEST WIND DIRECTION    NW (330)
  HIGHEST GUST SPEED    28   HIGHEST GUST DIRECTION     N (340)
  AVERAGE WIND SPEED    10.3


SKY COVER
  POSSIBLE SUNSHINE  MM
  AVERAGE SKY COVER 0.1


WEATHER CONDITIONS
 THE FOLLOWING WEATHER WAS RECORDED YESTERDAY.
  NO SIGNIFICANT WEATHER WAS OBSERVED.


RELATIVE HUMIDITY (PERCENT)
 HIGHEST    89           300 AM
 LOWEST     31           400 PM
 AVERAGE    60

..........................................................


THE NORFOLK, NEBRASKA CLIMATE NORMALS FOR TODAY
                         NORMAL    RECORD    YEAR
 MAXIMUM TEMPERATURE (F)   76        93      2006
 MINIMUM TEMPERATURE (F)   52        33      1992


SUNRISE AND SUNSET
MAY 27 2017...........SUNRISE   559 AM CDT   SUNSET   855 PM CDT
MAY 28 2017...........SUNRISE   559 AM CDT   SUNSET   856 PM CDT


-  INDICATES NEGATIVE NUMBERS.
R  INDICATES RECORD WAS SET OR TIED.
MM INDICATES DATA IS MISSING.
T  INDICATES TRACE AMOUNT.




$$
