000
CDUS43 KOAX 080656
CLIOFK


CLIMATE REPORT
NATIONAL WEATHER SERVICE OMAHA NEBRASKA
1255 AM CST MON FEB 8 2016


...................................

...THE NORFOLK, NEBRASKA CLIMATE SUMMARY FOR FEBRUARY 7 2016...

CLIMATE NORMAL PERIOD 1981 TO 2010
CLIMATE RECORD PERIOD 1888 TO 2016


WEATHER ITEM   OBSERVED TIME   RECORD YEAR NORMAL DEPARTURE LAST
                VALUE   (LST)  VALUE       VALUE  FROM      YEAR
                                                  NORMAL
..................................................................
TEMPERATURE (F)
 YESTERDAY
  MAXIMUM         42    117 PM  71    1987  35      7       61
  MINIMUM         32   1216 AM -23    1895  14     18       27
  AVERAGE         37                        25     12       44

PRECIPITATION (IN)
  YESTERDAY        T             1.33 1928   0.02  -0.02     0.00
  MONTH TO DATE    1.29                      0.17   1.12     0.26
  SINCE DEC 1      4.13                      1.51   2.62     2.03
  SINCE JAN 1      1.86                      0.76   1.10     0.83

SNOWFALL (IN)
  YESTERDAY        T                         0.3   -0.3      0.0
  MONTH TO DATE   14.2                       1.6   12.6      3.7
  SINCE JUL 1     38.7                      18.9   19.8     20.0
  SNOW DEPTH       8

DEGREE DAYS
 HEATING
  YESTERDAY       28                        40    -12       21
  MONTH TO DATE  270                       286    -16      316
  SINCE DEC 1   2613                      2863   -250     2654
  SINCE JUL 1   3634                      4308   -674     4147

 COOLING
  YESTERDAY        0                         0      0        0
  MONTH TO DATE    0                         0      0        0
  SINCE DEC 1      0                         0      0        0
  SINCE JAN 1      0                         0      0        0
..................................................................


WIND (MPH)
  HIGHEST WIND SPEED    47   HIGHEST WIND DIRECTION    NW (330)
  HIGHEST GUST SPEED    57   HIGHEST GUST DIRECTION    NW (330)
  AVERAGE WIND SPEED    22.3


SKY COVER
  POSSIBLE SUNSHINE  MM
  AVERAGE SKY COVER 0.5


WEATHER CONDITIONS
 THE FOLLOWING WEATHER WAS RECORDED YESTERDAY.
  LIGHT SNOW


RELATIVE HUMIDITY (PERCENT)
 HIGHEST    78          1200 AM
 LOWEST     41           100 PM
 AVERAGE    60

..........................................................


THE NORFOLK, NEBRASKA CLIMATE NORMALS FOR TODAY
                         NORMAL    RECORD    YEAR
 MAXIMUM TEMPERATURE (F)   35        67      1954
 MINIMUM TEMPERATURE (F)   15       -27      1933


SUNRISE AND SUNSET
FEBRUARY  8 2016......SUNRISE   735 AM CST   SUNSET   553 PM CST
FEBRUARY  9 2016......SUNRISE   734 AM CST   SUNSET   554 PM CST


-  INDICATES NEGATIVE NUMBERS.
R  INDICATES RECORD WAS SET OR TIED.
MM INDICATES DATA IS MISSING.
T  INDICATES TRACE AMOUNT.




$$
