000
CDUS43 KOAX 230634
CLIOFK


CLIMATE REPORT
NATIONAL WEATHER SERVICE OMAHA NEBRASKA
1231 AM CST SUN NOV 23 2014


...................................

...THE NORFOLK, NEBRASKA CLIMATE SUMMARY FOR NOVEMBER 22 2014...

CLIMATE NORMAL PERIOD 1981 TO 2010
CLIMATE RECORD PERIOD 1888 TO 2014


WEATHER ITEM   OBSERVED TIME   RECORD YEAR NORMAL DEPARTURE LAST
                VALUE   (LST)  VALUE       VALUE  FROM      YEAR
                                                  NORMAL
..................................................................
TEMPERATURE (F)
 YESTERDAY
  MAXIMUM         52   1159 PM  68    1974  43      9       35
  MINIMUM         34    934 AM  -7    1929  22     12        5
                                      1898
  AVERAGE         43                        33     10       20

PRECIPITATION (IN)
  YESTERDAY        0.00          0.30 1931   0.05  -0.05     0.00
  MONTH TO DATE    0.27                      1.05  -0.78     0.83
  SINCE SEP 1      3.24                      5.81  -2.57     6.38
  SINCE JAN 1     28.46                     26.34   2.12    24.79

SNOWFALL (IN)
  YESTERDAY        0.0                       0.2   -0.2      0.0
  MONTH TO DATE    3.7                       2.6    1.1      0.9
  SINCE JUL 1      3.7                       3.4    0.3      0.9
  SNOW DEPTH       T

DEGREE DAYS
 HEATING
  YESTERDAY       22                        32    -10       45
  MONTH TO DATE  728                       582    146      556
  SINCE SEP 1   1219                      1151     68     1062
  SINCE JUL 1   1231                      1167     64     1078

 COOLING
  YESTERDAY        0                         0      0        0
  MONTH TO DATE    0                         0      0        0
  SINCE SEP 1     85                        99    -14      181
  SINCE JAN 1    812                       915   -103     1005
..................................................................


WIND (MPH)
  HIGHEST WIND SPEED    25   HIGHEST WIND DIRECTION     S (190)
  HIGHEST GUST SPEED    32   HIGHEST GUST DIRECTION     S (200)
  AVERAGE WIND SPEED    14.2


SKY COVER
  POSSIBLE SUNSHINE  MM
  AVERAGE SKY COVER 0.5


WEATHER CONDITIONS
 THE FOLLOWING WEATHER WAS RECORDED YESTERDAY.
  FOG


RELATIVE HUMIDITY (PERCENT)
 HIGHEST   100           800 AM
 LOWEST     66           400 PM
 AVERAGE    83

..........................................................


THE NORFOLK, NEBRASKA CLIMATE NORMALS FOR TODAY
                         NORMAL    RECORD    YEAR
 MAXIMUM TEMPERATURE (F)   43        66      1902
 MINIMUM TEMPERATURE (F)   22       -10      1898


SUNRISE AND SUNSET
NOVEMBER 23 2014......SUNRISE   729 AM CST   SUNSET   503 PM CST
NOVEMBER 24 2014......SUNRISE   730 AM CST   SUNSET   502 PM CST


-  INDICATES NEGATIVE NUMBERS.
R  INDICATES RECORD WAS SET OR TIED.
MM INDICATES DATA IS MISSING.
T  INDICATES TRACE AMOUNT.




$$
