000
CDUS43 KOAX 230650
CLIOFK


CLIMATE REPORT
NATIONAL WEATHER SERVICE OMAHA NEBRASKA
1249 AM CST MON JAN 23 2017


...................................

...THE NORFOLK, NEBRASKA CLIMATE SUMMARY FOR JANUARY 22 2017...

CLIMATE NORMAL PERIOD 1981 TO 2010
CLIMATE RECORD PERIOD 1888 TO 2017


WEATHER ITEM   OBSERVED TIME   RECORD YEAR NORMAL DEPARTURE LAST
                VALUE   (LST)  VALUE       VALUE  FROM      YEAR
                                                  NORMAL
..................................................................
TEMPERATURE (F)
 YESTERDAY
  MAXIMUM         43    307 PM  64    1989  33     10       23
  MINIMUM         24    142 AM -23    1966  12     12       19
  AVERAGE         34                        23     11       21

PRECIPITATION (IN)
  YESTERDAY        0.00          1.30 1982   0.02  -0.02     0.00
  MONTH TO DATE    0.69                      0.41   0.28     0.50
  SINCE DEC 1      1.53                      1.16   0.37     2.77
  SINCE JAN 1      0.69                      0.41   0.28     0.50

SNOWFALL (IN)
  YESTERDAY        0.0                       0.3   -0.3      0.0
  MONTH TO DATE    2.4                       4.4   -2.0      4.4
  SINCE JUL 1      8.5                      15.3   -6.8     24.4
  SNOW DEPTH       0

DEGREE DAYS
 HEATING
  YESTERDAY       31                        42    -11       44
  MONTH TO DATE  948                       943      5      979
  SINCE DEC 1   2233                      2204     29     2041
  SINCE JUL 1   3278                      3649   -371     3062

 COOLING
  YESTERDAY        0                         0      0        0
  MONTH TO DATE    0                         0      0        0
  SINCE DEC 1      0                         0      0        0
  SINCE JAN 1      0                         0      0        0
..................................................................


WIND (MPH)
  HIGHEST WIND SPEED    18   HIGHEST WIND DIRECTION    NW (330)
  HIGHEST GUST SPEED    23   HIGHEST GUST DIRECTION     N (340)
  AVERAGE WIND SPEED     9.5


SKY COVER
  POSSIBLE SUNSHINE  MM
  AVERAGE SKY COVER 0.4


WEATHER CONDITIONS
 THE FOLLOWING WEATHER WAS RECORDED YESTERDAY.
  FOG


RELATIVE HUMIDITY (PERCENT)
 HIGHEST   100          1200 AM
 LOWEST     57           400 PM
 AVERAGE    79

..........................................................


THE NORFOLK, NEBRASKA CLIMATE NORMALS FOR TODAY
                         NORMAL    RECORD    YEAR
 MAXIMUM TEMPERATURE (F)   33        65      1981
 MINIMUM TEMPERATURE (F)   12       -26      1948


SUNRISE AND SUNSET
JANUARY 23 2017.......SUNRISE   750 AM CST   SUNSET   534 PM CST
JANUARY 24 2017.......SUNRISE   749 AM CST   SUNSET   535 PM CST


-  INDICATES NEGATIVE NUMBERS.
R  INDICATES RECORD WAS SET OR TIED.
MM INDICATES DATA IS MISSING.
T  INDICATES TRACE AMOUNT.




$$
