000
CDUS42 KCAE 290531
CLIOGB


CLIMATE REPORT
NATIONAL WEATHER SERVICE COLUMBIA SC
130 AM EDT SUN MAR 29 2015


...................................

...THE ORANGEBURG AIRPORT SC CLIMATE SUMMARY FOR MARCH 28 2015...

CLIMATE NORMAL PERIOD 1981 TO 2010
CLIMATE RECORD PERIOD 9999 TO 9999


WEATHER ITEM   OBSERVED TIME   NORMAL DEPARTURE LAST
                VALUE   (LST)  VALUE  FROM      YEAR
                                      NORMAL
......................................................
TEMPERATURE (F)
 YESTERDAY
  MAXIMUM         56    459 PM  72    -16       72
  MINIMUM         38   1049 PM  47     -9       47
  AVERAGE         47            60    -13       60

PRECIPITATION (IN)
  YESTERDAY        0.00          0.12  -0.12     0.17
  MONTH TO DATE    2.97          3.61  -0.64     2.74
  SINCE MAR 1      2.97          3.61  -0.64     2.74
  SINCE JAN 1      9.82         11.18  -1.36     8.66

DEGREE DAYS
 HEATING
  YESTERDAY       18             6     12        5
  MONTH TO DATE  175           259    -84      370
  SINCE MAR 1    175           259    -84      370
  SINCE JUL 1   2249          2191     58     2234

 COOLING
  YESTERDAY        0             1     -1        0
  MONTH TO DATE   26            20      6        0
  SINCE MAR 1     26            20      6        0
  SINCE JAN 1     26            23      3        6
......................................................


WIND (MPH)
  HIGHEST WIND SPEED    20   HIGHEST WIND DIRECTION     W (270)
  HIGHEST GUST SPEED    24   HIGHEST GUST DIRECTION    NW (310)
  AVERAGE WIND SPEED     6.9


SKY COVER
  AVERAGE SKY COVER 0.3


WEATHER CONDITIONS
 THE FOLLOWING WEATHER WAS RECORDED YESTERDAY.
  NO SIGNIFICANT WEATHER WAS OBSERVED.


RELATIVE HUMIDITY (PERCENT)
 HIGHEST    86           100 AM
 LOWEST     24           500 PM

..........................................................


THE ORANGEBURG AIRPORT SC CLIMATE NORMALS FOR TODAY
                         NORMAL    RECORD    YEAR
 MAXIMUM TEMPERATURE (F)   72        MM        MM
 MINIMUM TEMPERATURE (F)   47        MM        MM


SUNRISE AND SUNSET
MARCH 29 2015.........SUNRISE   715 AM EDT   SUNSET   742 PM EDT
MARCH 30 2015.........SUNRISE   714 AM EDT   SUNSET   742 PM EDT


-  INDICATES NEGATIVE NUMBERS.
R  INDICATES RECORD WAS SET OR TIED.
MM INDICATES DATA IS MISSING.
T  INDICATES TRACE AMOUNT.




$$
