000
CDUS42 KCAE 162128
CLIOGB


CLIMATE REPORT
NATIONAL WEATHER SERVICE COLUMBIA SC
528 PM EDT WED APR 16 2014


...................................

...THE ORANGEBURG AIRPORT SC CLIMATE SUMMARY FOR APRIL 16 2014...
VALID TODAY AS OF 0500 PM LOCAL TIME.

CLIMATE NORMAL PERIOD 1981 TO 2010
CLIMATE RECORD PERIOD 9999 TO 9999


WEATHER ITEM   OBSERVED TIME   RECORD YEAR NORMAL DEPARTURE LAST
                VALUE   (LST)  VALUE       VALUE  FROM      YEAR
                                                  NORMAL
..................................................................
TEMPERATURE (F)
 TODAY
  MAXIMUM         58    359 PM  MM      MM  77    -19       80
  MINIMUM         38    625 AM  MM      MM  50    -12       56
  AVERAGE         48                        64    -16       68

PRECIPITATION (IN)
  TODAY            0.00         MM      MM   0.09  -0.09     0.00
  MONTH TO DATE    1.28                      1.67  -0.39     1.25
  SINCE MAR 1      4.15                      5.65  -1.50     4.31
  SINCE JAN 1     10.07                     13.22  -3.15    12.47

DEGREE DAYS
 HEATING
  TODAY           17                         4     13        0
  MONTH TO DATE   42                        76    -34       56
  SINCE MAR 1    428                       353     75      490
  SINCE JUL 1   2292                      2285      7     2123

 COOLING
  TODAY            0                         2     -2        3
  MONTH TO DATE   31                        27      4       36
  SINCE MAR 1     33                        44    -11       42
  SINCE JAN 1     39                        47     -8       62
..................................................................


WIND (MPH)
  HIGHEST WIND SPEED    22   HIGHEST WIND DIRECTION    NE (50)
  HIGHEST GUST SPEED    29   HIGHEST GUST DIRECTION    NE (40)
  AVERAGE WIND SPEED    11.6


SKY COVER
  AVERAGE SKY COVER 0.0


WEATHER CONDITIONS
 THE FOLLOWING WEATHER WAS RECORDED TODAY.
  NO SIGNIFICANT WEATHER WAS OBSERVED.


RELATIVE HUMIDITY (PERCENT)
 HIGHEST    61          1200 AM
 LOWEST     30           300 PM

..........................................................


THE ORANGEBURG AIRPORT SC CLIMATE NORMALS FOR TOMORROW
                         NORMAL    RECORD    YEAR
 MAXIMUM TEMPERATURE (F)   77        MM        MM
 MINIMUM TEMPERATURE (F)   51        MM        MM


SUNRISE AND SUNSET
APRIL 16 2014.........SUNRISE   652 AM EDT   SUNSET   755 PM EDT
APRIL 17 2014.........SUNRISE   651 AM EDT   SUNSET   756 PM EDT


-  INDICATES NEGATIVE NUMBERS.
R  INDICATES RECORD WAS SET OR TIED.
MM INDICATES DATA IS MISSING.
T  INDICATES TRACE AMOUNT.




$$
