000
CDUS42 KCAE 230532
CLIOGB


CLIMATE REPORT
NATIONAL WEATHER SERVICE COLUMBIA SC
132 AM EDT FRI JUN 23 2017


...................................

...THE ORANGEBURG AIRPORT SC CLIMATE SUMMARY FOR JUNE 22 2017...

CLIMATE NORMAL PERIOD 1981 TO 2010
CLIMATE RECORD PERIOD 9999 TO 9999


WEATHER ITEM   OBSERVED TIME   NORMAL DEPARTURE LAST
                VALUE   (LST)  VALUE  FROM      YEAR
                                      NORMAL
......................................................
TEMPERATURE (F)
 YESTERDAY
  MAXIMUM         88    257 PM  90     -2       MM
  MINIMUM         75   1159 PM  69      6       69
  AVERAGE         82            79      3       MM

PRECIPITATION (IN)
  YESTERDAY        T             0.19  -0.19     0.00
  MONTH TO DATE    2.76          3.77  -1.01     1.51
  SINCE JUN 1      2.76          3.77  -1.01     1.51
  SINCE JAN 1     19.27         21.39  -2.12    17.67

DEGREE DAYS
 HEATING
  YESTERDAY        0             0      0       MM
  MONTH TO DATE    0             0      0        0
  SINCE JUN 1      0             0      0        0
  SINCE JUL 1   1630          2332   -702     1629

 COOLING
  YESTERDAY       17            14      3       MM
  MONTH TO DATE  284           277      7      332
  SINCE JUN 1    284           277      7      332
  SINCE JAN 1    752           580    172      727
......................................................


WIND (MPH)
  HIGHEST WIND SPEED     9   HIGHEST WIND DIRECTION    SE (120)
  HIGHEST GUST SPEED    15   HIGHEST GUST DIRECTION     E (90)
  AVERAGE WIND SPEED     3.3


SKY COVER
  AVERAGE SKY COVER 0.6


WEATHER CONDITIONS
 THE FOLLOWING WEATHER WAS RECORDED YESTERDAY.
  LIGHT RAIN
  FOG


RELATIVE HUMIDITY (PERCENT)
 HIGHEST   100          1200 AM
 LOWEST     68           300 PM

..........................................................


THE ORANGEBURG AIRPORT SC CLIMATE NORMALS FOR TODAY
                         NORMAL    RECORD    YEAR
 MAXIMUM TEMPERATURE (F)   90        MM        MM
 MINIMUM TEMPERATURE (F)   69        MM        MM


SUNRISE AND SUNSET
JUNE 23 2017..........SUNRISE   615 AM EDT   SUNSET   837 PM EDT
JUNE 24 2017..........SUNRISE   615 AM EDT   SUNSET   837 PM EDT


-  INDICATES NEGATIVE NUMBERS.
R  INDICATES RECORD WAS SET OR TIED.
MM INDICATES DATA IS MISSING.
T  INDICATES TRACE AMOUNT.




$$
