000
CDUS42 KCAE 062129
CLIOGB


CLIMATE REPORT
NATIONAL WEATHER SERVICE COLUMBIA SC
528 PM EDT MON JUL 6 2015


...................................

...THE ORANGEBURG AIRPORT SC CLIMATE SUMMARY FOR JULY 6 2015...
VALID TODAY AS OF 0500 PM LOCAL TIME.

CLIMATE NORMAL PERIOD 1981 TO 2010
CLIMATE RECORD PERIOD 9999 TO 9999


WEATHER ITEM   OBSERVED TIME   NORMAL DEPARTURE LAST
                VALUE   (LST)  VALUE  FROM      YEAR
                                      NORMAL
......................................................
TEMPERATURE (F)
 TODAY
  MAXIMUM         87    345 PM  92     -5       86
  MINIMUM         70    302 AM  71     -1       70
  AVERAGE         79            81     -2       78

PRECIPITATION (IN)
  TODAY            0.00          0.19  -0.19     0.00
  MONTH TO DATE    2.74          1.13   1.61     0.23
  SINCE JUN 1      7.05          6.25   0.80     7.14
  SINCE JAN 1     22.31         23.87  -1.56    25.97

DEGREE DAYS
 HEATING
  TODAY            0             0      0        0
  MONTH TO DATE    0             0      0        0
  SINCE JUN 1      0             1     -1        0
  SINCE JUL 1      0             0      0        0

 COOLING
  TODAY           14            16     -2       13
  MONTH TO DATE   87            96     -9       95
  SINCE JUN 1    595           494    101      537
  SINCE JAN 1    971           797    174      892
......................................................


WIND (MPH)
  HIGHEST WIND SPEED    12   HIGHEST WIND DIRECTION    SW (230)
  HIGHEST GUST SPEED    16   HIGHEST GUST DIRECTION    SW (210)
  AVERAGE WIND SPEED     6.7


SKY COVER
  AVERAGE SKY COVER 0.8


WEATHER CONDITIONS
 THE FOLLOWING WEATHER WAS RECORDED TODAY.
  FOG
  HAZE


RELATIVE HUMIDITY (PERCENT)
 HIGHEST   100           300 AM
 LOWEST     57           300 PM

..........................................................


THE ORANGEBURG AIRPORT SC CLIMATE NORMALS FOR TOMORROW
                         NORMAL
 MAXIMUM TEMPERATURE (F)   92
 MINIMUM TEMPERATURE (F)   71


SUNRISE AND SUNSET
JULY  6 2015..........SUNRISE   619 AM EDT   SUNSET   837 PM EDT
JULY  7 2015..........SUNRISE   620 AM EDT   SUNSET   837 PM EDT


-  INDICATES NEGATIVE NUMBERS.
R  INDICATES RECORD WAS SET OR TIED.
MM INDICATES DATA IS MISSING.
T  INDICATES TRACE AMOUNT.




$$
