000
CDUS42 KCAE 220552
CLIOGB


CLIMATE REPORT
NATIONAL WEATHER SERVICE COLUMBIA SC
1252 AM EST MON JAN 22 2018


...................................

...THE ORANGEBURG AIRPORT SC CLIMATE SUMMARY FOR JANUARY 21 2018...

CLIMATE NORMAL PERIOD 1981 TO 2010
CLIMATE RECORD PERIOD 9999 TO 9999


WEATHER ITEM   OBSERVED TIME   NORMAL DEPARTURE LAST
                VALUE   (LST)  VALUE  FROM      YEAR
                                      NORMAL
......................................................
TEMPERATURE (F)
 YESTERDAY
  MAXIMUM         70    416 PM  57     13       70
  MINIMUM         34    754 AM  36     -2       58
  AVERAGE         52            46      6       64

PRECIPITATION (IN)
  YESTERDAY        0.00          0.13  -0.13     1.50
  MONTH TO DATE    0.57          2.52  -1.95     3.88
  SINCE DEC 1      2.31          5.84  -3.53     8.28
  SINCE JAN 1      0.57          2.52  -1.95     3.88

DEGREE DAYS
 HEATING
  YESTERDAY       13            19     -6        1
  MONTH TO DATE  511           411    100      214
  SINCE DEC 1    995           946     49      661
  SINCE JUL 1   1359          1315     44      966

 COOLING
  YESTERDAY        0             0      0        0
  MONTH TO DATE    1             0      1        7
  SINCE DEC 1      1             4     -3       11
  SINCE JAN 1      1             0      1        7
......................................................


WIND (MPH)
  HIGHEST WIND SPEED     7   HIGHEST WIND DIRECTION     W (250)
  HIGHEST GUST SPEED     9   HIGHEST GUST DIRECTION     W (250)
  AVERAGE WIND SPEED     0.8


SKY COVER
  AVERAGE SKY COVER 0.0


WEATHER CONDITIONS
 THE FOLLOWING WEATHER WAS RECORDED YESTERDAY.
  FOG


RELATIVE HUMIDITY (PERCENT)
 HIGHEST   100           800 AM
 LOWEST     31           400 PM

..........................................................


THE ORANGEBURG AIRPORT SC CLIMATE NORMALS FOR TODAY
                         NORMAL    RECORD    YEAR
 MAXIMUM TEMPERATURE (F)   57        MM        MM
 MINIMUM TEMPERATURE (F)   36        MM        MM


SUNRISE AND SUNSET
JANUARY 22 2018.......SUNRISE   725 AM EST   SUNSET   545 PM EST
JANUARY 23 2018.......SUNRISE   725 AM EST   SUNSET   546 PM EST


-  INDICATES NEGATIVE NUMBERS.
R  INDICATES RECORD WAS SET OR TIED.
MM INDICATES DATA IS MISSING.
T  INDICATES TRACE AMOUNT.




$$
