535
CDHW42 PHFO 241239
CLIOGG


CLIMATE REPORT
NATIONAL WEATHER SERVICE HONOLULU HI
229 AM HST SUN JUL 24 2016


...................................

...THE KAHULUI HI CLIMATE SUMMARY FOR JULY 23 2016...

CLIMATE NORMAL PERIOD 1981 TO 2010
CLIMATE RECORD PERIOD 1946 TO 2016


WEATHER ITEM   OBSERVED TIME   RECORD YEAR NORMAL DEPARTURE LAST
                VALUE   (LST)  VALUE       VALUE  FROM      YEAR
                                                  NORMAL
..................................................................
TEMPERATURE (F)
 YESTERDAY
  MAXIMUM         83    315 PM  97    1951  87     -4       90
  MINIMUM         74    658 AM  61    1955  71      3       75
  AVERAGE         79                        79      0       83

PRECIPITATION (IN)
  YESTERDAY        0.51R         0.39 1992   0.02   0.49     0.00
  MONTH TO DATE    0.99                      0.35   0.64     0.82
  SINCE JUN 1      1.35                      0.55   0.80     0.92
  SINCE JAN 1      9.08                     10.05  -0.97    19.88

SNOWFALL (IN)
  YESTERDAY        0.0
  MONTH TO DATE    0.0
  SINCE JUN 1      0.0
  SINCE JUL 1      0.0
  SNOW DEPTH       0

DEGREE DAYS
 HEATING
  YESTERDAY        0                         0      0        0
  MONTH TO DATE    0                         0      0        0
  SINCE JUN 1      0                         0      0        0
  SINCE JUL 1      0                         0      0        0

 COOLING
  YESTERDAY       14                        14      0       18
  MONTH TO DATE  350                       322     28      354
  SINCE JUN 1    776                       710     66      770
  SINCE JAN 1   2265                      1969    296     2092
..................................................................


WIND (MPH)
  HIGHEST WIND SPEED    29   HIGHEST WIND DIRECTION    NE (60)
  HIGHEST GUST SPEED    38   HIGHEST GUST DIRECTION    NE (50)
  AVERAGE WIND SPEED    19.7


SKY COVER
  POSSIBLE SUNSHINE  MM
  AVERAGE SKY COVER 0.9


WEATHER CONDITIONS
 THE FOLLOWING WEATHER WAS RECORDED YESTERDAY.
  RAIN
  LIGHT RAIN
  FOG
  HAZE


RELATIVE HUMIDITY (PERCENT)
 HIGHEST    97          1100 AM
 LOWEST     76           200 AM
 AVERAGE    87

..........................................................


THE KAHULUI HI CLIMATE NORMALS FOR TODAY
                         NORMAL    RECORD    YEAR
 MAXIMUM TEMPERATURE (F)   87        96      1951
 MINIMUM TEMPERATURE (F)   71        63      1952


SUNRISE AND SUNSET
JULY 24 2016..........SUNRISE   557 AM HST   SUNSET   707 PM HST
JULY 25 2016..........SUNRISE   557 AM HST   SUNSET   707 PM HST


-  INDICATES NEGATIVE NUMBERS.
R  INDICATES RECORD WAS SET OR TIED.
MM INDICATES DATA IS MISSING.
T  INDICATES TRACE AMOUNT.




$$
