000
CDHW42 PHFO 050239
CLIOGG


CLIMATE REPORT
NATIONAL WEATHER SERVICE HONOLULU HI
439 PM HST FRI SEP 4 2015


...................................

...THE KAHULUI HI CLIMATE SUMMARY FOR SEPTEMBER 4 2015...
VALID TODAY AS OF 0400 PM LOCAL TIME.

CLIMATE NORMAL PERIOD 1981 TO 2010
CLIMATE RECORD PERIOD 1946 TO 2015


WEATHER ITEM   OBSERVED TIME   RECORD YEAR NORMAL DEPARTURE LAST
                VALUE   (LST)  VALUE       VALUE  FROM      YEAR
                                                  NORMAL
..................................................................
TEMPERATURE (F)
 TODAY
  MAXIMUM         91    140 PM  92    1980  88      3       88
                                      1979
                                      1968
  MINIMUM         72    555 AM  62    1951  71      1       72
  AVERAGE         82                        80      2       80

PRECIPITATION (IN)
  TODAY            0.00          0.30 1992   0.01  -0.01     0.00
  MONTH TO DATE    0.08                      0.04   0.04      T
  SINCE SEP 1      0.08                      0.04   0.04      T
  SINCE JAN 1     22.34                     10.74  11.60    15.65

SNOWFALL (IN)
  TODAY            0.0
  MONTH TO DATE    0.0
  SINCE SEP 1      0.0
  SINCE JUL 1      0.0
  SNOW DEPTH       0

DEGREE DAYS
 HEATING
  TODAY            0                         0      0        0
  MONTH TO DATE    0                         0      0        0
  SINCE SEP 1      0                         0      0        0
  SINCE JUL 1      0                         0      0        0

 COOLING
  TODAY           17                        14      3       15
  MONTH TO DATE   74                        58     16       65
  SINCE SEP 1     74                        58     16       65
  SINCE JAN 1   2908                      2600    308     2953
..................................................................


WIND (MPH)
  HIGHEST WIND SPEED    25   HIGHEST WIND DIRECTION    NE (40)
  HIGHEST GUST SPEED    30   HIGHEST GUST DIRECTION    NE (30)
  AVERAGE WIND SPEED     8.9


SKY COVER
  POSSIBLE SUNSHINE  MM
  AVERAGE SKY COVER 0.2


WEATHER CONDITIONS
 THE FOLLOWING WEATHER WAS RECORDED TODAY.
  NO SIGNIFICANT WEATHER WAS OBSERVED.


RELATIVE HUMIDITY (PERCENT)
 HIGHEST    94           200 AM
 LOWEST     56          1200 PM
 AVERAGE    75

..........................................................


THE KAHULUI HI CLIMATE NORMALS FOR TOMORROW
                         NORMAL    RECORD    YEAR
 MAXIMUM TEMPERATURE (F)   88        92      1953
 MINIMUM TEMPERATURE (F)   71        19      2012


SUNRISE AND SUNSET
SEPTEMBER  4 2015.....SUNRISE   610 AM HST   SUNSET   639 PM HST
SEPTEMBER  5 2015.....SUNRISE   610 AM HST   SUNSET   638 PM HST


-  INDICATES NEGATIVE NUMBERS.
R  INDICATES RECORD WAS SET OR TIED.
MM INDICATES DATA IS MISSING.
T  INDICATES TRACE AMOUNT.




$$
