000
CDHW42 PHFO 291245
CLIOGG


CLIMATE REPORT
NATIONAL WEATHER SERVICE HONOLULU HI
245 AM HST FRI APR 29 2016


...................................

...THE KAHULUI HI CLIMATE SUMMARY FOR APRIL 28 2016...

CLIMATE NORMAL PERIOD 1981 TO 2010
CLIMATE RECORD PERIOD 1946 TO 2016


WEATHER ITEM   OBSERVED TIME   RECORD YEAR NORMAL DEPARTURE LAST
                VALUE   (LST)  VALUE       VALUE  FROM      YEAR
                                                  NORMAL
..................................................................
TEMPERATURE (F)
 YESTERDAY
  MAXIMUM         88    107 PM  90    1954  83      5       85
  MINIMUM         71    414 AM  59    2009  66      5       71
                                      2004
                                      1994
  AVERAGE         80                        75      5       78

PRECIPITATION (IN)
  YESTERDAY        0.01          0.41 1950   0.04  -0.03     0.01
  MONTH TO DATE    1.19                      1.49  -0.30     2.69
  SINCE MAR 1      3.14                      3.94  -0.80    12.30
  SINCE JAN 1      4.69                      8.70  -4.01    16.61

SNOWFALL (IN)
  YESTERDAY        0.0
  MONTH TO DATE    0.0
  SINCE MAR 1      0.0
  SINCE JUL 1      0.0
  SNOW DEPTH       0

DEGREE DAYS
 HEATING
  YESTERDAY        0                         0      0        0
  MONTH TO DATE    0                         0      0        0
  SINCE MAR 1      0                         0      0        0
  SINCE JUL 1      0                         0      0        0

 COOLING
  YESTERDAY       15                         9      6       13
  MONTH TO DATE  330                       252     78      325
  SINCE MAR 1    609                       497    112      551
  SINCE JAN 1   1077                       906    171      955
..................................................................


WIND (MPH)
  HIGHEST WIND SPEED    25   HIGHEST WIND DIRECTION     E (70)
  HIGHEST GUST SPEED    35   HIGHEST GUST DIRECTION    NE (60)
  AVERAGE WIND SPEED    15.2


SKY COVER
  POSSIBLE SUNSHINE  MM
  AVERAGE SKY COVER 0.5


WEATHER CONDITIONS
 THE FOLLOWING WEATHER WAS RECORDED YESTERDAY.
  FOG


RELATIVE HUMIDITY (PERCENT)
 HIGHEST    90           300 AM
 LOWEST     46           100 PM
 AVERAGE    68

..........................................................


THE KAHULUI HI CLIMATE NORMALS FOR TODAY
                         NORMAL    RECORD    YEAR
 MAXIMUM TEMPERATURE (F)   83        91      1953
 MINIMUM TEMPERATURE (F)   66        57      1985


SUNRISE AND SUNSET
APRIL 29 2016.........SUNRISE   556 AM HST   SUNSET   650 PM HST
APRIL 30 2016.........SUNRISE   556 AM HST   SUNSET   650 PM HST


-  INDICATES NEGATIVE NUMBERS.
R  INDICATES RECORD WAS SET OR TIED.
MM INDICATES DATA IS MISSING.
T  INDICATES TRACE AMOUNT.




$$
