000
CDHW42 PHFO 070245
CLIOGG


CLIMATE REPORT
NATIONAL WEATHER SERVICE HONOLULU HI
445 PM HST MON JUL 6 2015


...................................

...THE KAHULUI HI CLIMATE SUMMARY FOR JULY 6 2015...
VALID TODAY AS OF 0400 PM LOCAL TIME.

CLIMATE NORMAL PERIOD 1981 TO 2010
CLIMATE RECORD PERIOD 1946 TO 2015


WEATHER ITEM   OBSERVED TIME   RECORD YEAR NORMAL DEPARTURE LAST
                VALUE   (LST)  VALUE       VALUE  FROM      YEAR
                                                  NORMAL
..................................................................
TEMPERATURE (F)
 TODAY
  MAXIMUM         90   1231 PM  92    1981  87      3       88
  MINIMUM         74    555 AM  62    1990  71      3       73
                                      1985
  AVERAGE         82                        79      3       81

PRECIPITATION (IN)
  TODAY            0.01          0.29 1978   0.01   0.00     0.00
  MONTH TO DATE    0.01                      0.07  -0.06     0.05
  SINCE JUN 1      0.11                      0.27  -0.16     0.34
  SINCE JAN 1     19.07                      9.77   9.30    14.30

SNOWFALL (IN)
  TODAY            0.0
  MONTH TO DATE    0.0
  SINCE JUN 1      0.0
  SINCE JUL 1      0.0
  SNOW DEPTH       0

DEGREE DAYS
 HEATING
  TODAY            0                         0      0        0
  MONTH TO DATE    0                         0      0        0
  SINCE JUN 1      0                         0      0        0
  SINCE JUL 1      0                         0      0        0

 COOLING
  TODAY           17                        14      3       16
  MONTH TO DATE  100                        84     16      100
  SINCE JUN 1    516                       472     44      519
  SINCE JAN 1   1843                      1731    112     2015
..................................................................


WIND (MPH)
  HIGHEST WIND SPEED    29   HIGHEST WIND DIRECTION    NE (40)
  HIGHEST GUST SPEED    33   HIGHEST GUST DIRECTION    NE (50)
  AVERAGE WIND SPEED    13.7


SKY COVER
  POSSIBLE SUNSHINE  MM
  AVERAGE SKY COVER 0.4


WEATHER CONDITIONS
 THE FOLLOWING WEATHER WAS RECORDED TODAY.
  LIGHT RAIN
  HAZE


RELATIVE HUMIDITY (PERCENT)
 HIGHEST    84           500 AM
 LOWEST     44           100 PM
 AVERAGE    64

..........................................................


THE KAHULUI HI CLIMATE NORMALS FOR TOMORROW
                         NORMAL    RECORD    YEAR
 MAXIMUM TEMPERATURE (F)   87        91      1996
                                             1980
                                             1969
 MINIMUM TEMPERATURE (F)   71        61      1952


SUNRISE AND SUNSET
JULY  6 2015..........SUNRISE   550 AM HST   SUNSET   711 PM HST
JULY  7 2015..........SUNRISE   550 AM HST   SUNSET   711 PM HST


-  INDICATES NEGATIVE NUMBERS.
R  INDICATES RECORD WAS SET OR TIED.
MM INDICATES DATA IS MISSING.
T  INDICATES TRACE AMOUNT.




$$
