148
CDUS43 KEAX 220635
CLIOJC


CLIMATE REPORT
NATIONAL WEATHER SERVICE KANSAS CITY/PLEASANT HILL MO
132 AM CDT FRI MAY 22 2015


...................................

...THE JOHNSON COUNTY EXECUTIVE KS CLIMATE SUMMARY FOR MAY 21 2015...

CLIMATE NORMAL PERIOD 1981 TO 2010
CLIMATE RECORD PERIOD 9999 TO 9999


WEATHER ITEM   OBSERVED TIME   NORMAL DEPARTURE LAST
                VALUE   (LST)  VALUE  FROM      YEAR
                                      NORMAL
......................................................
TEMPERATURE (F)
 YESTERDAY
  MAXIMUM         68    501 PM  76     -8       85
  MINIMUM         47    559 AM  57    -10       66
  AVERAGE         58            66     -8       76

PRECIPITATION (IN)
  YESTERDAY        0.05          0.17  -0.12     0.00
  MONTH TO DATE    7.26          3.75   3.51     0.39
  SINCE MAR 1     11.29         10.37   0.92     6.11
  SINCE JAN 1     12.88         13.06  -0.18     6.60

DEGREE DAYS
 HEATING
  YESTERDAY        7             2      5        0
  MONTH TO DATE   63            79    -16      113
  SINCE MAR 1    820          1017   -197     1211
  SINCE JUL 1   4855          4910    -55     5692

 COOLING
  YESTERDAY        0             3     -3       11
  MONTH TO DATE   48            40      8       73
  SINCE MAR 1     57            58     -1       78
  SINCE JAN 1     57            58     -1       78
......................................................


WIND (MPH)
  HIGHEST WIND SPEED    15   HIGHEST WIND DIRECTION     N (10)
  HIGHEST GUST SPEED    18   HIGHEST GUST DIRECTION     N (20)
  AVERAGE WIND SPEED     5.4


SKY COVER
  AVERAGE SKY COVER 0.2


WEATHER CONDITIONS
 THE FOLLOWING WEATHER WAS RECORDED YESTERDAY.
  LIGHT RAIN
  FOG


RELATIVE HUMIDITY (PERCENT)
 HIGHEST    93           400 AM
 LOWEST     40           600 PM
 AVERAGE    67

..........................................................


THE JOHNSON COUNTY EXECUTIVE KS CLIMATE NORMALS FOR TODAY
                         NORMAL
 MAXIMUM TEMPERATURE (F)   76
 MINIMUM TEMPERATURE (F)   57


SUNRISE AND SUNSET
MAY 22 2015...........SUNRISE   601 AM CDT   SUNSET   830 PM CDT
MAY 23 2015...........SUNRISE   600 AM CDT   SUNSET   831 PM CDT


-  INDICATES NEGATIVE NUMBERS.
R  INDICATES RECORD WAS SET OR TIED.
MM INDICATES DATA IS MISSING.
T  INDICATES TRACE AMOUNT.




$$
