000
CDUS43 KEAX 260631
CLIOJC


CLIMATE REPORT
NATIONAL WEATHER SERVICE KANSAS CITY/PLEASANT HILL MO
131 AM CDT TUE SEP 26 2017


...................................

...THE JOHNSON COUNTY EXECUTIVE KS CLIMATE SUMMARY FOR SEPTEMBER 25 2017...

CLIMATE NORMAL PERIOD 1981 TO 2010
CLIMATE RECORD PERIOD 9999 TO 9999


WEATHER ITEM   OBSERVED TIME   NORMAL DEPARTURE LAST
                VALUE   (LST)  VALUE  FROM      YEAR
                                      NORMAL
......................................................
TEMPERATURE (F)
 YESTERDAY
  MAXIMUM         85    216 PM  75     10       69
  MINIMUM         64    633 AM  55      9       59
  AVERAGE         75            65     10       64

PRECIPITATION (IN)
  YESTERDAY        0.00          0.13  -0.13     0.49
  MONTH TO DATE    1.90          3.89  -1.99     3.37
  SINCE SEP 1      1.90          3.89  -1.99     3.37
  SINCE JAN 1     40.50         31.85   8.65    33.25

DEGREE DAYS
 HEATING
  YESTERDAY        0             3     -3        1
  MONTH TO DATE    6            27    -21        3
  SINCE SEP 1      6            27    -21        3
  SINCE JUL 1      9            28    -19        3

 COOLING
  YESTERDAY       10             3      7        0
  MONTH TO DATE  183           143     40      194
  SINCE SEP 1    183           143     40      194
  SINCE JAN 1   1190          1308   -118     1413
......................................................


WIND (MPH)
  HIGHEST WIND SPEED    22   HIGHEST WIND DIRECTION    NW (320)
  HIGHEST GUST SPEED    27   HIGHEST GUST DIRECTION    NW (320)
  AVERAGE WIND SPEED     7.5


SKY COVER
  AVERAGE SKY COVER 0.1


WEATHER CONDITIONS
 THE FOLLOWING WEATHER WAS RECORDED YESTERDAY.
  NO SIGNIFICANT WEATHER WAS OBSERVED.


RELATIVE HUMIDITY (PERCENT)
 HIGHEST   100           600 AM
 LOWEST     55           100 PM
 AVERAGE    78

..........................................................


THE JOHNSON COUNTY EXECUTIVE KS CLIMATE NORMALS FOR TODAY
                         NORMAL
 MAXIMUM TEMPERATURE (F)   75
 MINIMUM TEMPERATURE (F)   54


SUNRISE AND SUNSET
SEPTEMBER 26 2017.....SUNRISE   710 AM CDT   SUNSET   709 PM CDT
SEPTEMBER 27 2017.....SUNRISE   711 AM CDT   SUNSET   707 PM CDT


-  INDICATES NEGATIVE NUMBERS.
R  INDICATES RECORD WAS SET OR TIED.
MM INDICATES DATA IS MISSING.
T  INDICATES TRACE AMOUNT.




$$
