000
CDUS43 KEAX 180041
CLIOJC


CLIMATE REPORT
NATIONAL WEATHER SERVICE KANSAS CITY/PLEASANT HILL MO
740 PM CDT WED SEP 17 2014


...................................

...THE JOHNSON COUNTY EXECUTIVE KS CLIMATE SUMMARY FOR SEPTEMBER 17 2014...
VALID TODAY AS OF 0700 PM LOCAL TIME.

CLIMATE NORMAL PERIOD 1981 TO 2010
CLIMATE RECORD PERIOD 9999 TO 9999


WEATHER ITEM   OBSERVED TIME   NORMAL DEPARTURE LAST
                VALUE   (LST)  VALUE  FROM      YEAR
                                      NORMAL
......................................................
TEMPERATURE (F)
 TODAY
  MAXIMUM         74    301 PM  78     -4       70
  MINIMUM         62    530 AM  58      4       61
  AVERAGE         68            68      0       66

PRECIPITATION (IN)
  TODAY            1.19          0.12   1.07     0.65
  MONTH TO DATE    2.60          2.90  -0.30     1.76
  SINCE SEP 1      2.60          2.90  -0.30     1.76
  SINCE JAN 1     24.55         30.86  -6.31    28.27

DEGREE DAYS
 HEATING
  TODAY            0             1     -1        0
  MONTH TO DATE   52             8     44        4
  SINCE SEP 1     52             8     44        4
  SINCE JUL 1     53             9     44        4

 COOLING
  TODAY            3             4     -1        1
  MONTH TO DATE   79           115    -36      172
  SINCE SEP 1     79           115    -36      172
  SINCE JAN 1   1168          1280   -112     1285
......................................................


WIND (MPH)
  HIGHEST WIND SPEED    14   HIGHEST WIND DIRECTION     N (20)
  HIGHEST GUST SPEED    17   HIGHEST GUST DIRECTION     E (70)
  AVERAGE WIND SPEED     5.8


SKY COVER
  AVERAGE SKY COVER 1.0


WEATHER CONDITIONS
 THE FOLLOWING WEATHER WAS RECORDED TODAY.
  THUNDERSTORM
  HEAVY RAIN
  RAIN
  LIGHT RAIN
  FOG


RELATIVE HUMIDITY (PERCENT)
 HIGHEST   100           600 AM
 LOWEST     79           300 PM
 AVERAGE    90

..........................................................


THE JOHNSON COUNTY EXECUTIVE KS CLIMATE NORMALS FOR TOMORROW
                         NORMAL
 MAXIMUM TEMPERATURE (F)   78
 MINIMUM TEMPERATURE (F)   58


SUNRISE AND SUNSET
SEPTEMBER 17 2014.....SUNRISE   702 AM CDT   SUNSET   724 PM CDT
SEPTEMBER 18 2014.....SUNRISE   703 AM CDT   SUNSET   722 PM CDT


-  INDICATES NEGATIVE NUMBERS.
R  INDICATES RECORD WAS SET OR TIED.
MM INDICATES DATA IS MISSING.
T  INDICATES TRACE AMOUNT.




$$
