000
CDUS44 KOUN 190630
CLIOKC

CLIMATE REPORT
NATIONAL WEATHER SERVICE NORMAN OK
1230 AM CST SUN FEB 19 2017


...................................

...THE OKLAHOMA CITY CLIMATE SUMMARY FOR FEBRUARY 18 2017...

CLIMATE NORMAL PERIOD 1981 TO 2010
CLIMATE RECORD PERIOD 1890 TO 2017


WEATHER ITEM   OBSERVED TIME   RECORD YEAR NORMAL DEPARTURE LAST
                VALUE   (LST)  VALUE       VALUE  FROM      YEAR
                                                  NORMAL
..................................................................
TEMPERATURE (F)
 YESTERDAY
  MAXIMUM         68    413 PM  78    2016  55     13       78
                                      1986
  MINIMUM         45    414 AM  -1    1978  34     11       50
  AVERAGE         57                        44     13       64

PRECIPITATION (IN)
  YESTERDAY        0.00          0.88 1946   0.06  -0.06     0.00
  MONTH TO DATE    1.45                      0.96   0.49     0.26
  SINCE JAN 1      3.02                      2.35   0.67     0.37

SNOWFALL (IN)
  YESTERDAY        0.0           6.0  1921   0.0    0.0      0.0
  MONTH TO DATE    0.0                       1.0   -1.0      0.0
  SINCE JUL 1      2.1                       6.3   -4.2      1.2
  SNOW DEPTH       0

DEGREE DAYS
 HEATING
  YESTERDAY        8                        21    -13        1
  MONTH TO DATE  291                       407   -116      339
  SINCE JUL 1   2118                      2560   -442     2227
..................................................................


WIND (MPH)
  HIGHEST WIND SPEED    15   HIGHEST WIND DIRECTION     S (170)
  HIGHEST GUST SPEED    19   HIGHEST GUST DIRECTION     S (170)
  AVERAGE WIND SPEED     7.9


SKY COVER
  AVERAGE SKY COVER 0.6


WEATHER CONDITIONS
 THE FOLLOWING WEATHER WAS RECORDED YESTERDAY.
  FOG


RELATIVE HUMIDITY (PERCENT)
 HIGHEST   100           600 AM
 LOWEST     53           300 PM
 AVERAGE    77

..........................................................


THE OKLAHOMA CITY CLIMATE NORMALS FOR TODAY
                         NORMAL    RECORD    YEAR
 MAXIMUM TEMPERATURE (F)   56        83      1986
 MINIMUM TEMPERATURE (F)   34         7      1903


SUNRISE AND SUNSET
FEBRUARY 19 2017......SUNRISE   712 AM CST   SUNSET   617 PM CST
FEBRUARY 20 2017......SUNRISE   711 AM CST   SUNSET   618 PM CST


-  INDICATES NEGATIVE NUMBERS.
R  INDICATES RECORD WAS SET OR TIED.
MM INDICATES DATA IS MISSING.
T  INDICATES TRACE AMOUNT.




$$
