000
CDUS44 KOUN 222215
CLIOKC

CLIMATE REPORT
NATIONAL WEATHER SERVICE NORMAN OK
513 PM CDT MON SEP 22 2014


...................................

...THE OKLAHOMA CITY CLIMATE SUMMARY FOR SEPTEMBER 22 2014...
VALID TODAY AS OF 0500 PM LOCAL TIME.

CLIMATE NORMAL PERIOD 1981 TO 2010
CLIMATE RECORD PERIOD 1890 TO 2014


WEATHER ITEM   OBSERVED TIME   RECORD YEAR NORMAL DEPARTURE LAST
                VALUE   (LST)  VALUE       VALUE  FROM      YEAR
                                                  NORMAL
..................................................................
TEMPERATURE (F)
 TODAY
  MAXIMUM         83    339 PM  96    2000  82      1       82
                                      1956
                                      1948
  MINIMUM         59    656 AM  41    1995  61     -2       53
  AVERAGE         71                        71      0       68

PRECIPITATION (IN)
  TODAY            0.00          7.53 1970   0.14  -0.14     0.00
  MONTH TO DATE    2.13                      2.99  -0.86     0.60
  SINCE JAN 1     22.86                     27.88  -5.02    45.79

DEGREE DAYS
 HEATING
  TODAY            0                         1     -1        0
  MONTH TO DATE   11                         7      4        0
  SINCE JUL 1     11                         7      4        0

 COOLING
  TODAY            6                         7     -1        3
  MONTH TO DATE  262                       238     24      312
  SINCE JAN 1   1935                      1975    -40     1935
..................................................................


WIND (MPH)
  HIGHEST WIND SPEED    15   HIGHEST WIND DIRECTION     E (100)
  HIGHEST GUST SPEED    20   HIGHEST GUST DIRECTION     E (100)
  AVERAGE WIND SPEED     7.8


SKY COVER
  AVERAGE SKY COVER 0.2


WEATHER CONDITIONS
 THE FOLLOWING WEATHER WAS RECORDED TODAY.
  NO SIGNIFICANT WEATHER WAS OBSERVED.


RELATIVE HUMIDITY (PERCENT)
 HIGHEST    67           600 AM
 LOWEST     28           200 PM
 AVERAGE    48

..........................................................


THE OKLAHOMA CITY CLIMATE NORMALS FOR TOMORROW
                         NORMAL    RECORD    YEAR
 MAXIMUM TEMPERATURE (F)   82        97      1931
                                             1926
 MINIMUM TEMPERATURE (F)   60        38      1995


SUNRISE AND SUNSET
SEPTEMBER 22 2014.....SUNRISE   718 AM CDT   SUNSET   727 PM CDT
SEPTEMBER 23 2014.....SUNRISE   719 AM CDT   SUNSET   726 PM CDT


-  INDICATES NEGATIVE NUMBERS.
R  INDICATES RECORD WAS SET OR TIED.
MM INDICATES DATA IS MISSING.
T  INDICATES TRACE AMOUNT.




$$
