000
CDUS44 KOUN 030653
CLIOKC

CLIMATE REPORT
NATIONAL WEATHER SERVICE NORMAN OK
1253 AM CST SAT DEC 3 2016


...................................

...THE OKLAHOMA CITY CLIMATE SUMMARY FOR DECEMBER 2 2016...

CLIMATE NORMAL PERIOD 1981 TO 2010
CLIMATE RECORD PERIOD 1890 TO 2016


WEATHER ITEM   OBSERVED TIME   RECORD YEAR NORMAL DEPARTURE LAST
                VALUE   (LST)  VALUE       VALUE  FROM      YEAR
                                                  NORMAL
..................................................................
TEMPERATURE (F)
 YESTERDAY
  MAXIMUM         56    304 PM  77    1975  54      2       53
  MINIMUM         32    711 AM  10    1985  34     -2       30
  AVERAGE         44                        44      0       42

PRECIPITATION (IN)
  YESTERDAY        0.20          1.15 1953   0.06   0.14     0.00
  MONTH TO DATE    0.20                      0.13   0.07     0.00
  SINCE JAN 1     25.70                     34.77  -9.07    51.99

SNOWFALL (IN)
  YESTERDAY        0.0           4.9  1971   0.1   -0.1      0.0
  MONTH TO DATE    0.0                       0.1   -0.1      0.0
  SINCE JUL 1      T                         0.5   -0.5       T
  SNOW DEPTH       0

DEGREE DAYS
 HEATING
  YESTERDAY       21                        21      0       23
  MONTH TO DATE   40                        42     -2       50
  SINCE JUL 1    363                       641   -278      535
..................................................................


WIND (MPH)
  HIGHEST WIND SPEED    15   HIGHEST WIND DIRECTION     E (80)
  HIGHEST GUST SPEED    18   HIGHEST GUST DIRECTION     E (90)
  AVERAGE WIND SPEED     6.6


SKY COVER
  AVERAGE SKY COVER 0.6


WEATHER CONDITIONS
 THE FOLLOWING WEATHER WAS RECORDED YESTERDAY.
  RAIN
  LIGHT RAIN
  FOG


RELATIVE HUMIDITY (PERCENT)
 HIGHEST    93          1000 PM
 LOWEST     41           100 PM
 AVERAGE    67

..........................................................


THE OKLAHOMA CITY CLIMATE NORMALS FOR TODAY
                         NORMAL    RECORD    YEAR
 MAXIMUM TEMPERATURE (F)   54        79      2012
 MINIMUM TEMPERATURE (F)   33         6      1897


SUNRISE AND SUNSET
DECEMBER  3 2016......SUNRISE   723 AM CST   SUNSET   518 PM CST
DECEMBER  4 2016......SUNRISE   724 AM CST   SUNSET   518 PM CST


-  INDICATES NEGATIVE NUMBERS.
R  INDICATES RECORD WAS SET OR TIED.
MM INDICATES DATA IS MISSING.
T  INDICATES TRACE AMOUNT.




$$
