000
CDUS44 KOUN 210630
CLIOKC

CLIMATE REPORT
NATIONAL WEATHER SERVICE NORMAN OK
130 AM CDT THU AUG 21 2014


...................................

...THE OKLAHOMA CITY CLIMATE SUMMARY FOR AUGUST 20 2014...

CLIMATE NORMAL PERIOD 1981 TO 2010
CLIMATE RECORD PERIOD 1890 TO 2014


WEATHER ITEM   OBSERVED TIME   RECORD YEAR NORMAL DEPARTURE LAST
                VALUE   (LST)  VALUE       VALUE  FROM      YEAR
                                                  NORMAL
..................................................................
TEMPERATURE (F)
 YESTERDAY
  MAXIMUM         95    453 PM 105    2011  93      2       93
                                      1911
  MINIMUM         73    612 AM  56    1950  71      2       66
  AVERAGE         84                        82      2       80

PRECIPITATION (IN)
  YESTERDAY        0.00          1.83 1983   0.10  -0.10     0.00
  MONTH TO DATE    0.65                      2.12  -1.47     3.50
  SINCE JAN 1     20.56                     23.73  -3.17    45.19

DEGREE DAYS
 COOLING
  YESTERDAY       19                        17      2       15
  MONTH TO DATE  332                       363    -31      320
  SINCE JAN 1   1471                      1562    -91     1425
..................................................................


WIND (MPH)
  HIGHEST WIND SPEED    24   HIGHEST WIND DIRECTION     S (180)
  HIGHEST GUST SPEED    31   HIGHEST GUST DIRECTION     S (180)
  AVERAGE WIND SPEED    14.2


SKY COVER
  AVERAGE SKY COVER 0.2


WEATHER CONDITIONS
 THE FOLLOWING WEATHER WAS RECORDED YESTERDAY.
  NO SIGNIFICANT WEATHER WAS OBSERVED.


RELATIVE HUMIDITY (PERCENT)
 HIGHEST    79           400 AM
 LOWEST     33           600 PM
 AVERAGE    56

..........................................................


THE OKLAHOMA CITY CLIMATE NORMALS FOR TODAY
                         NORMAL    RECORD    YEAR
 MAXIMUM TEMPERATURE (F)   93       105      1911
 MINIMUM TEMPERATURE (F)   71        51      1956


SUNRISE AND SUNSET
AUGUST 21 2014........SUNRISE   654 AM CDT   SUNSET   812 PM CDT
AUGUST 22 2014........SUNRISE   655 AM CDT   SUNSET   811 PM CDT


-  INDICATES NEGATIVE NUMBERS.
R  INDICATES RECORD WAS SET OR TIED.
MM INDICATES DATA IS MISSING.
T  INDICATES TRACE AMOUNT.




$$
