000
CDUS44 KOUN 030629
CLIOKC

CLIMATE REPORT
NATIONAL WEATHER SERVICE NORMAN OK
127 AM CDT MON AUG 3 2015


...................................

...THE OKLAHOMA CITY CLIMATE SUMMARY FOR AUGUST 2 2015...

CLIMATE NORMAL PERIOD 1981 TO 2010
CLIMATE RECORD PERIOD 1890 TO 2015


WEATHER ITEM   OBSERVED TIME   RECORD YEAR NORMAL DEPARTURE LAST
                VALUE   (LST)  VALUE       VALUE  FROM      YEAR
                                                  NORMAL
..................................................................
TEMPERATURE (F)
 YESTERDAY
  MAXIMUM         90    337 PM 112    2012  95     -5       89
  MINIMUM         70    117 AM  57    1971  73     -3       65
  AVERAGE         80                        84     -4       77

PRECIPITATION (IN)
  YESTERDAY        0.05          1.41 1894   0.09  -0.04     0.00
  MONTH TO DATE    0.05                      0.19  -0.14     0.00
  SINCE JAN 1     41.79                     21.80  19.99    19.91

DEGREE DAYS
 COOLING
  YESTERDAY       15                        19     -4       12
  MONTH TO DATE   31                        38     -7       23
  SINCE JAN 1   1154                      1237    -83     1162
..................................................................


WIND (MPH)
  HIGHEST WIND SPEED    17   HIGHEST WIND DIRECTION    SE (150)
  HIGHEST GUST SPEED    22   HIGHEST GUST DIRECTION     S (170)
  AVERAGE WIND SPEED     7.7


SKY COVER
  AVERAGE SKY COVER 0.8


WEATHER CONDITIONS
 THE FOLLOWING WEATHER WAS RECORDED YESTERDAY.
  LIGHT RAIN


RELATIVE HUMIDITY (PERCENT)
 HIGHEST    93           200 AM
 LOWEST     46           400 PM
 AVERAGE    70

..........................................................


THE OKLAHOMA CITY CLIMATE NORMALS FOR TODAY
                         NORMAL    RECORD    YEAR
 MAXIMUM TEMPERATURE (F)   95       113      2012
 MINIMUM TEMPERATURE (F)   73        59      1973
                                             1915


SUNRISE AND SUNSET
AUGUST  3 2015........SUNRISE   640 AM CDT   SUNSET   832 PM CDT
AUGUST  4 2015........SUNRISE   641 AM CDT   SUNSET   831 PM CDT


-  INDICATES NEGATIVE NUMBERS.
R  INDICATES RECORD WAS SET OR TIED.
MM INDICATES DATA IS MISSING.
T  INDICATES TRACE AMOUNT.




$$
