000
CDUS44 KOUN 010635
CLIOKC

CLIMATE REPORT
NATIONAL WEATHER SERVICE NORMAN OK
1228 AM CST SUN FEB 1 2015


...................................

...THE OKLAHOMA CITY CLIMATE SUMMARY FOR JANUARY 31 2015...

CLIMATE NORMAL PERIOD 1981 TO 2010
CLIMATE RECORD PERIOD 1890 TO 2015


WEATHER ITEM   OBSERVED TIME   RECORD YEAR NORMAL DEPARTURE LAST
                VALUE   (LST)  VALUE       VALUE  FROM      YEAR
                                                  NORMAL
..................................................................
TEMPERATURE (F)
 YESTERDAY
  MAXIMUM         45   1159 PM  83    1911  51     -6       48
  MINIMUM         41   1205 PM  -1    1979  30     11       31
  AVERAGE         43                        40      3       40

PRECIPITATION (IN)
  YESTERDAY        0.58          1.98 1923   0.05   0.53     0.00
  MONTH TO DATE    1.80                      1.39   0.41     0.07
  SINCE JAN 1      1.80                      1.39   0.41     0.07

SNOWFALL (IN)
  YESTERDAY        0.0           1.5  1951   0.1   -0.1      0.0
  MONTH TO DATE    T                         2.8   -2.8      0.6
  SINCE JUL 1      6.0                       5.3    0.7      4.7
  SNOW DEPTH       0

DEGREE DAYS
 HEATING
  YESTERDAY       22                        25     -3       25
  MONTH TO DATE  755                       797    -42      822
  SINCE JUL 1   2059                      2153    -94     2350
..................................................................


WIND (MPH)
  HIGHEST WIND SPEED    20   HIGHEST WIND DIRECTION    SE (150)
  HIGHEST GUST SPEED    24   HIGHEST GUST DIRECTION    SE (150)
  AVERAGE WIND SPEED    10.9


SKY COVER
  AVERAGE SKY COVER 1.0


WEATHER CONDITIONS
 THE FOLLOWING WEATHER WAS RECORDED YESTERDAY.
  LIGHT RAIN
  FOG


RELATIVE HUMIDITY (PERCENT)
 HIGHEST    92          1100 PM
 LOWEST     49          1200 AM
 AVERAGE    71

..........................................................


THE OKLAHOMA CITY CLIMATE NORMALS FOR TODAY
                         NORMAL    RECORD    YEAR
 MAXIMUM TEMPERATURE (F)   52        90      1911
 MINIMUM TEMPERATURE (F)   30        -2      1951


SUNRISE AND SUNSET
FEBRUARY  1 2015......SUNRISE   730 AM CST   SUNSET   558 PM CST
FEBRUARY  2 2015......SUNRISE   729 AM CST   SUNSET   559 PM CST


-  INDICATES NEGATIVE NUMBERS.
R  INDICATES RECORD WAS SET OR TIED.
MM INDICATES DATA IS MISSING.
T  INDICATES TRACE AMOUNT.




$$
