000
CDUS44 KOUN 180642
CLIOKC

CLIMATE REPORT
NATIONAL WEATHER SERVICE NORMAN OK
140 AM CDT FRI AUG 18 2017


...................................

...THE OKLAHOMA CITY CLIMATE SUMMARY FOR AUGUST 17 2017...

CLIMATE NORMAL PERIOD 1981 TO 2010
CLIMATE RECORD PERIOD 1890 TO 2017


WEATHER ITEM   OBSERVED TIME   RECORD YEAR NORMAL DEPARTURE LAST
                VALUE   (LST)  VALUE       VALUE  FROM      YEAR
                                                  NORMAL
..................................................................
TEMPERATURE (F)
 YESTERDAY
  MAXIMUM         91    454 PM 108    1909  94     -3       92
  MINIMUM         66    640 AM  59    1994  72     -6       66
  AVERAGE         79                        83     -4       79

PRECIPITATION (IN)
  YESTERDAY        0.00          0.93 1932   0.11  -0.11     0.00
  MONTH TO DATE    4.70                      1.81   2.89     0.01
  SINCE JUN 1      6.12                      9.67  -3.55     6.96
  SINCE JAN 1     20.78                     23.42  -2.64    19.37

SNOWFALL (IN)
  YESTERDAY        0.0

DEGREE DAYS
 HEATING
  YESTERDAY        0                         0      0        0
  MONTH TO DATE    0                         0      0        0
  SINCE JUN 1      0                         1     -1        0
  SINCE JUL 1      0                         0      0        0

 COOLING
  YESTERDAY       14                        18     -4       14
  MONTH TO DATE  222                       312    -90      321
  SINCE JUN 1   1178                      1261    -83     1330
  SINCE JAN 1   1403                      1511   -108     1516
..................................................................


WIND (MPH)
  HIGHEST WIND SPEED    12   HIGHEST WIND DIRECTION    NE (30)
  HIGHEST GUST SPEED    15   HIGHEST GUST DIRECTION    NE (30)
  AVERAGE WIND SPEED     4.4


SKY COVER
  AVERAGE SKY COVER 0.4


WEATHER CONDITIONS
 THE FOLLOWING WEATHER WAS RECORDED YESTERDAY.
  FOG
  HAZE


RELATIVE HUMIDITY (PERCENT)
 HIGHEST   100           200 AM
 LOWEST     38           500 PM
 AVERAGE    69

..........................................................


THE OKLAHOMA CITY CLIMATE NORMALS FOR TODAY
                         NORMAL    RECORD    YEAR
 MAXIMUM TEMPERATURE (F)   94       104      1918
 MINIMUM TEMPERATURE (F)   71        57      1943


SUNRISE AND SUNSET
AUGUST 18 2017........SUNRISE   652 AM CDT   SUNSET   815 PM CDT
AUGUST 19 2017........SUNRISE   653 AM CDT   SUNSET   814 PM CDT


-  INDICATES NEGATIVE NUMBERS.
R  INDICATES RECORD WAS SET OR TIED.
MM INDICATES DATA IS MISSING.
T  INDICATES TRACE AMOUNT.




$$
