000
CDUS45 KGGW 221230
CLIOLF


CLIMATE REPORT
NATIONAL WEATHER SERVICE GLASGOW MT
530 AM MST MON DEC 22 2014


...................................

...THE WOLF POINT MT CLIMATE SUMMARY FOR DECEMBER 22 2014...
VALID AS OF 0500 AM LOCAL TIME.

CLIMATE NORMAL PERIOD 1981 TO 2010
CLIMATE RECORD PERIOD 9999 TO 9999


WEATHER ITEM   OBSERVED RECORD YEAR NORMAL DEPARTURE
                VALUE   VALUE       VALUE  FROM
                                           NORMAL
........................................................
TEMPERATURE (F)
 TODAY
  MAXIMUM         35     MM      MM  25
  MINIMUM         30     MM      MM   2
  AVERAGE         33

PRECIPITATION (IN)
  TODAY            0.01  MM      MM   0.01   0.00
  MONTH TO DATE    0.08               0.20  -0.12
  SINCE OCT 1      0.50               1.40  -0.90
  SINCE JAN 1     13.28              12.08   1.20

SNOWFALL (IN)
  TODAY           MM     MM      MM  MM
  MONTH TO DATE    0.0               MM
  SINCE DEC 1      0.0               MM
  SINCE JUL 1      0.0               MM

DEGREE DAYS
 HEATING
  TODAY           32

 COOLING
  TODAY            0
........................................................







THE WOLF POINT MT CLIMATE NORMALS FOR TOMORROW
                         NORMAL    RECORD    YEAR
 MAXIMUM TEMPERATURE (F)   25        MM        MM
 MINIMUM TEMPERATURE (F)    1        MM        MM


SUNRISE AND SUNSET
DECEMBER 22 2014......SUNRISE   750 AM MST   SUNSET   412 PM MST
DECEMBER 23 2014......SUNRISE   751 AM MST   SUNSET   412 PM MST


-  INDICATES NEGATIVE NUMBERS.
R  INDICATES RECORD WAS SET OR TIED.
MM INDICATES DATA IS MISSING.
T  INDICATES TRACE AMOUNT.




$$
