000
CDUS45 KGGW 241333
CLIOLF


CLIMATE REPORT
NATIONAL WEATHER SERVICE GLASGOW MT
633 AM MST TUE JAN 24 2017


...................................

...THE WOLF POINT MT CLIMATE SUMMARY FOR JANUARY 24 2017...
VALID AS OF 0600 AM LOCAL TIME.

CLIMATE NORMAL PERIOD 1981 TO 2010
CLIMATE RECORD PERIOD 9999 TO 9999


WEATHER ITEM   OBSERVED RECORD YEAR NORMAL DEPARTURE
                VALUE   VALUE       VALUE  FROM
                                           NORMAL
........................................................
TEMPERATURE (F)
 TODAY
  MAXIMUM         23     MM      MM  25
  MINIMUM         21     MM      MM   0
  AVERAGE         22

PRECIPITATION (IN)
  TODAY            0.00  MM      MM   0.01  -0.01
  MONTH TO DATE    0.11               0.27  -0.16
  SINCE OCT 1      1.98               1.77   0.21
  SINCE JAN 1      0.11               0.27  -0.16

SNOWFALL (IN)
  TODAY            0.0   MM      MM  MM
  MONTH TO DATE    0.0               MM
  SINCE DEC 1      0.0               MM
  SINCE JUL 1      0.0               MM

DEGREE DAYS
 HEATING
  TODAY           43

 COOLING
  TODAY            0
........................................................







THE WOLF POINT MT CLIMATE NORMALS FOR TOMORROW
                         NORMAL    RECORD    YEAR
 MAXIMUM TEMPERATURE (F)   25        MM        MM
 MINIMUM TEMPERATURE (F)    0        MM        MM


SUNRISE AND SUNSET
JANUARY 24 2017.......SUNRISE   739 AM MST   SUNSET   450 PM MST
JANUARY 25 2017.......SUNRISE   738 AM MST   SUNSET   452 PM MST


-  INDICATES NEGATIVE NUMBERS.
R  INDICATES RECORD WAS SET OR TIED.
MM INDICATES DATA IS MISSING.
T  INDICATES TRACE AMOUNT.




$$
