000
CDUS45 KGGW 240741
CLIOLF


CLIMATE REPORT
NATIONAL WEATHER SERVICE GLASGOW MT
140 AM MDT FRI MAR 24 2017


...................................

...THE WOLF POINT MT CLIMATE SUMMARY FOR MARCH 23 2017...

CLIMATE NORMAL PERIOD 1981 TO 2010
CLIMATE RECORD PERIOD 9999 TO 9999


WEATHER ITEM   OBSERVED RECORD YEAR NORMAL DEPARTURE
                VALUE   VALUE       VALUE  FROM
                                           NORMAL
........................................................
TEMPERATURE (F)
 YESTERDAY
  MAXIMUM         68     MM      MM  47
  MINIMUM         33     MM      MM  21
  AVERAGE         51

PRECIPITATION (IN)
  YESTERDAY        0.00  MM      MM   0.02  -0.02
  MONTH TO DATE    0.14               0.30  -0.16
  SINCE OCT 1      2.35               2.32   0.03
  SINCE JAN 1      0.48               0.82  -0.34

SNOWFALL (IN)
  YESTERDAY        0.0   MM      MM  MM
  MONTH TO DATE    0.0               MM
  SINCE MAR 1      0.0               MM
  SINCE JUL 1      0.0               MM

DEGREE DAYS
 HEATING
  YESTERDAY       14

 COOLING
  YESTERDAY        0
........................................................







THE WOLF POINT MT CLIMATE NORMALS FOR TODAY
                         NORMAL    RECORD    YEAR
 MAXIMUM TEMPERATURE (F)   48        MM        MM
 MINIMUM TEMPERATURE (F)   21        MM        MM


SUNRISE AND SUNSET
MARCH 24 2017.........SUNRISE   656 AM MDT   SUNSET   722 PM MDT
MARCH 25 2017.........SUNRISE   654 AM MDT   SUNSET   723 PM MDT


-  INDICATES NEGATIVE NUMBERS.
R  INDICATES RECORD WAS SET OR TIED.
MM INDICATES DATA IS MISSING.
T  INDICATES TRACE AMOUNT.




$$
