000
CDUS45 KGGW 040019
CLIOLF


CLIMATE REPORT
NATIONAL WEATHER SERVICE GLASGOW MT
618 PM MDT THU SEP 3 2015


...................................

...THE WOLF POINT MT CLIMATE SUMMARY FOR SEPTEMBER 3 2015...
VALID TODAY AS OF 0500 PM LOCAL TIME.

CLIMATE NORMAL PERIOD 1981 TO 2010
CLIMATE RECORD PERIOD 9999 TO 9999


WEATHER ITEM   OBSERVED RECORD YEAR NORMAL DEPARTURE
                VALUE   VALUE       VALUE  FROM
                                           NORMAL
........................................................
TEMPERATURE (F)
 TODAY
  MAXIMUM         87     MM      MM  80
  MINIMUM         67     MM      MM  46
  AVERAGE         77

PRECIPITATION (IN)
  TODAY            0.00  MM      MM   0.04  -0.04
  MONTH TO DATE    0.00               0.12  -0.12
  SINCE OCT 1      8.71              11.29  -2.58
  SINCE JAN 1      8.14               9.79  -1.65

SNOWFALL (IN)
  TODAY            0.0   MM      MM  MM
  MONTH TO DATE    0.0               MM
  SINCE SEP 1      0.0               MM
  SINCE JUL 1      0.0               MM

DEGREE DAYS
 HEATING
  TODAY            0

 COOLING
  TODAY           12
........................................................







THE WOLF POINT MT CLIMATE NORMALS FOR TOMORROW
                         NORMAL    RECORD    YEAR
 MAXIMUM TEMPERATURE (F)   79        MM        MM
 MINIMUM TEMPERATURE (F)   45        MM        MM


SUNRISE AND SUNSET
SEPTEMBER  3 2015.....SUNRISE   623 AM MDT   SUNSET   740 PM MDT
SEPTEMBER  4 2015.....SUNRISE   624 AM MDT   SUNSET   738 PM MDT


-  INDICATES NEGATIVE NUMBERS.
R  INDICATES RECORD WAS SET OR TIED.
MM INDICATES DATA IS MISSING.
T  INDICATES TRACE AMOUNT.




$$
