273
CDUS45 KGGW 071431
CLIOLF


CLIMATE REPORT
NATIONAL WEATHER SERVICE GLASGOW MT
730 AM MST WED DEC 7 2016


...................................

...THE WOLF POINT MT CLIMATE SUMMARY FOR DECEMBER 7 2016...
VALID AS OF 0700 AM LOCAL TIME.

CLIMATE NORMAL PERIOD 1981 TO 2010
CLIMATE RECORD PERIOD 9999 TO 9999


WEATHER ITEM   OBSERVED RECORD YEAR NORMAL DEPARTURE
                VALUE   VALUE       VALUE  FROM
                                           NORMAL
........................................................
TEMPERATURE (F)
 TODAY
  MAXIMUM          7     MM      MM  29
  MINIMUM          1     MM      MM   6
  AVERAGE          4

PRECIPITATION (IN)
  TODAY            0.00  MM      MM   0.01  -0.01
  MONTH TO DATE    0.14               0.07   0.07
  SINCE OCT 1      1.70               1.27   0.43
  SINCE JAN 1     15.63              11.95   3.68

SNOWFALL (IN)
  TODAY            0.0   MM      MM  MM
  MONTH TO DATE    0.0               MM
  SINCE DEC 1      0.0               MM
  SINCE JUL 1      0.0               MM

DEGREE DAYS
 HEATING
  TODAY           61

 COOLING
  TODAY            0
........................................................







THE WOLF POINT MT CLIMATE NORMALS FOR TOMORROW
                         NORMAL    RECORD    YEAR
 MAXIMUM TEMPERATURE (F)   29        MM        MM
 MINIMUM TEMPERATURE (F)    5        MM        MM


SUNRISE AND SUNSET
DECEMBER  7 2016......SUNRISE   739 AM MST   SUNSET   409 PM MST
DECEMBER  8 2016......SUNRISE   740 AM MST   SUNSET   409 PM MST


-  INDICATES NEGATIVE NUMBERS.
R  INDICATES RECORD WAS SET OR TIED.
MM INDICATES DATA IS MISSING.
T  INDICATES TRACE AMOUNT.




$$
