000
CDUS46 KSEW 250833
CLIOLM


CLIMATE REPORT
NATIONAL WEATHER SERVICE SEATTLE WA
133 AM PDT MON MAY 25 2015


...................................

...THE OLYMPIA WA AIRPORT CLIMATE SUMMARY FOR MAY 24 2015...

CLIMATE NORMAL PERIOD 1981 TO 2010
CLIMATE RECORD PERIOD 1948 TO 2015


WEATHER ITEM   OBSERVED TIME   RECORD YEAR NORMAL DEPARTURE LAST
                VALUE   (LST)  VALUE       VALUE  FROM      YEAR
                                                  NORMAL
..................................................................
TEMPERATURE (F)
 YESTERDAY
  MAXIMUM         61    118 PM  89    1992  67     -6       67
  MINIMUM         50    458 AM  33    1980  45      5       47
                                      1964
                                      1950
  AVERAGE         56                        56      0       57

PRECIPITATION (IN)
  YESTERDAY        0.00          0.48 1953   0.07  -0.07     0.00
  MONTH TO DATE    0.67                      1.82  -1.15     2.94
  SINCE OCT 1     39.52                     44.45  -4.93    38.25
  SINCE JAN 1     20.49                     23.76  -3.27    29.41

DEGREE DAYS
 HEATING
  YESTERDAY        9                         9      0        8
  MONTH TO DATE  228                       277    -49      202
  SINCE MAR 1   1240                      1414   -174     1234
  SINCE JUL 1   4275                      5136   -861     5017

 COOLING
  YESTERDAY        0                         0      0        0
  MONTH TO DATE    0                         0      0        1
  SINCE MAR 1      0                         0      0        1
  SINCE JAN 1      0                         0      0        1
..................................................................


WIND (MPH)
  RESULTANT WIND SPEED   6   RESULTANT WIND DIRECTION  SW (220)
  HIGHEST WIND SPEED    13   HIGHEST WIND DIRECTION    SW (220)
  HIGHEST GUST SPEED    17   HIGHEST GUST DIRECTION    SW (220)
  AVERAGE WIND SPEED     6.2


SKY COVER
  AVERAGE SKY COVER 1.0


WEATHER CONDITIONS
 THE FOLLOWING WEATHER WAS RECORDED YESTERDAY.
  NO SIGNIFICANT WEATHER WAS OBSERVED.


RELATIVE HUMIDITY (PERCENT)
 HIGHEST    89           100 AM
 LOWEST     64           300 PM
 AVERAGE    77

..........................................................


THE OLYMPIA WA AIRPORT CLIMATE NORMALS FOR TODAY
                         NORMAL    RECORD    YEAR
 MAXIMUM TEMPERATURE (F)   67        83      1958
                                             1950
 MINIMUM TEMPERATURE (F)   45        30      1975


SUNRISE AND SUNSET
MAY 25 2015...........SUNRISE   526 AM PDT   SUNSET   852 PM PDT
MAY 26 2015...........SUNRISE   525 AM PDT   SUNSET   853 PM PDT


-  INDICATES NEGATIVE NUMBERS.
R  INDICATES RECORD WAS SET OR TIED.
MM INDICATES DATA IS MISSING.
T  INDICATES TRACE AMOUNT.




$$
