000
CDUS46 KSEW 240835
CLIOLM


CLIMATE REPORT
NATIONAL WEATHER SERVICE SEATTLE WA
134 AM PDT FRI MAR 24 2017


...................................

...THE OLYMPIA WA AIRPORT CLIMATE SUMMARY FOR MARCH 23 2017...

CLIMATE NORMAL PERIOD 1981 TO 2010
CLIMATE RECORD PERIOD 1948 TO 2017


WEATHER ITEM   OBSERVED TIME   RECORD YEAR NORMAL DEPARTURE LAST
                VALUE   (LST)  VALUE       VALUE  FROM      YEAR
                                                  NORMAL
..................................................................
TEMPERATURE (F)
 YESTERDAY
  MAXIMUM         56    241 PM  71    1979  55      1       50
  MINIMUM         38    701 AM  25    1965  36      2       44
                                      1948
  AVERAGE         47                        46      1       47

PRECIPITATION (IN)
  YESTERDAY        0.38          1.09 1998   0.17   0.21     0.30
  MONTH TO DATE    8.97                      4.03   4.94     8.04
  SINCE OCT 1     50.07                     37.83  12.24    56.18
  SINCE JAN 1     21.97                     17.14   4.83    23.18

DEGREE DAYS
 HEATING
  YESTERDAY       18                        20     -2       18
  MONTH TO DATE  488                       484      4      438
  SINCE MAR 1    488                       484      4      438
  SINCE JUL 1   4216                      4206     10     3796

 COOLING
  YESTERDAY        0                         0      0        0
  MONTH TO DATE    0                         0      0        0
  SINCE MAR 1      0                         0      0        0
  SINCE JAN 1      0                         0      0        0
..................................................................


WIND (MPH)
  RESULTANT WIND SPEED   6   RESULTANT WIND DIRECTION   S (190)
  HIGHEST WIND SPEED    23   HIGHEST WIND DIRECTION     S (180)
  HIGHEST GUST SPEED    29   HIGHEST GUST DIRECTION     S (170)
  AVERAGE WIND SPEED     6.9


SKY COVER
  AVERAGE SKY COVER 0.8


WEATHER CONDITIONS
 THE FOLLOWING WEATHER WAS RECORDED YESTERDAY.
  RAIN
  LIGHT RAIN
  FOG


RELATIVE HUMIDITY (PERCENT)
 HIGHEST   100           300 AM
 LOWEST     47           200 PM
 AVERAGE    74

..........................................................


THE OLYMPIA WA AIRPORT CLIMATE NORMALS FOR TODAY
                         NORMAL    RECORD    YEAR
 MAXIMUM TEMPERATURE (F)   55        69      1960
 MINIMUM TEMPERATURE (F)   36        18      1965


SUNRISE AND SUNSET
MARCH 24 2017.........SUNRISE   706 AM PDT   SUNSET   730 PM PDT
MARCH 25 2017.........SUNRISE   704 AM PDT   SUNSET   732 PM PDT


-  INDICATES NEGATIVE NUMBERS.
R  INDICATES RECORD WAS SET OR TIED.
MM INDICATES DATA IS MISSING.
T  INDICATES TRACE AMOUNT.




$$
