000
CDUS46 KSEW 251730 CCA
CLIOLM

CLIMATE REPORT...CORRECTED
NATIONAL WEATHER SERVICE SEATTLE WA
126 AM PDT MON JUL 25 2016


...................................

...THE OLYMPIA WA AIRPORT CLIMATE SUMMARY FOR JULY 24 2016...

CLIMATE NORMAL PERIOD 1981 TO 2010
CLIMATE RECORD PERIOD 1948 TO 2016


WEATHER ITEM   OBSERVED TIME   RECORD YEAR NORMAL DEPARTURE LAST
                VALUE   (LST)  VALUE       VALUE  FROM      YEAR
                                                  NORMAL
..................................................................
TEMPERATURE (F)
 YESTERDAY
  MAXIMUM         82    454 PM  99    2004  78      4       73
  MINIMUM         49    505 AM  38    1973  51     -2       51
  AVERAGE         66                        65      1       62

PRECIPITATION (IN)
  YESTERDAY        0.00          0.25 1991   0.01  -0.01      T
  MONTH TO DATE    0.62                      0.53   0.09     0.05
  SINCE OCT 1     60.24                     47.25  12.99    39.71
  SINCE JAN 1     27.24                     26.56   0.68    20.68

DEGREE DAYS
 HEATING
  YESTERDAY        0                         2     -2        3
  MONTH TO DATE   55                        66    -11        8
  SINCE JUN 1    221                       254    -33       71
  SINCE JUL 1     55                        66    -11        8

 COOLING
  YESTERDAY        1                         2     -1        0
  MONTH TO DATE    8                        32    -24       96
  SINCE JUN 1     42                        43     -1      168
  SINCE JAN 1     43                        46     -3      169
..................................................................


WIND (MPH)
  RESULTANT WIND SPEED   5   RESULTANT WIND DIRECTION  NE (40)
  HIGHEST WIND SPEED    16   HIGHEST WIND DIRECTION     N (20)
  HIGHEST GUST SPEED    20   HIGHEST GUST DIRECTION     N (20)
  AVERAGE WIND SPEED     5.0


SKY COVER
  AVERAGE SKY COVER 0.0


WEATHER CONDITIONS
 THE FOLLOWING WEATHER WAS RECORDED YESTERDAY.
  FOG


RELATIVE HUMIDITY (PERCENT)
 HIGHEST    93           100 AM
 LOWEST     34           500 PM
 AVERAGE    64

..........................................................


THE OLYMPIA WA AIRPORT CLIMATE NORMALS FOR TODAY
                         NORMAL    RECORD    YEAR
 MAXIMUM TEMPERATURE (F)   78        93      1988
 MINIMUM TEMPERATURE (F)   52        39      1960


SUNRISE AND SUNSET
JULY 25 2016..........SUNRISE   543 AM PDT   SUNSET   852 PM PDT
JULY 26 2016..........SUNRISE   545 AM PDT   SUNSET   851 PM PDT


-  INDICATES NEGATIVE NUMBERS.
R  INDICATES RECORD WAS SET OR TIED.
MM INDICATES DATA IS MISSING.
T  INDICATES TRACE AMOUNT.




$$
