000
CDUS46 KSEW 300828
CLIOLM


CLIMATE REPORT
NATIONAL WEATHER SERVICE SEATTLE WA
1228 AM PST FRI JAN 30 2015


...................................

...THE OLYMPIA WA AIRPORT CLIMATE SUMMARY FOR JANUARY 29 2015...

CLIMATE NORMAL PERIOD 1981 TO 2010
CLIMATE RECORD PERIOD 1948 TO 2015


WEATHER ITEM   OBSERVED TIME   RECORD YEAR NORMAL DEPARTURE LAST
                VALUE   (LST)  VALUE       VALUE  FROM      YEAR
                                                  NORMAL
..................................................................
TEMPERATURE (F)
 YESTERDAY
  MAXIMUM         54    320 PM  57    1960  47      7       51
  MINIMUM         30   1132 PM   0    1980  34     -4       43
                                      1972
  AVERAGE         42                        40      2       47

PRECIPITATION (IN)
  YESTERDAY        0.00          2.23 2006   0.23  -0.23     0.35
  MONTH TO DATE    6.68                      7.37  -0.69     4.50
  SINCE OCT 1     25.71                     28.06  -2.35    13.34
  SINCE JAN 1      6.68                      7.37  -0.69     4.50

DEGREE DAYS
 HEATING
  YESTERDAY       23                        25     -2       18
  MONTH TO DATE  634                       735   -101      712
  SINCE DEC 1   1357                      1560   -203     1604
  SINCE JUL 1   2456                      3005   -549     3000

 COOLING
  YESTERDAY        0                         0      0        0
  MONTH TO DATE    0                         0      0        0
  SINCE DEC 1      0                         0      0        0
  SINCE JAN 1      0                         0      0        0
..................................................................


WIND (MPH)
  RESULTANT WIND SPEED   2   RESULTANT WIND DIRECTION   N (20)
  HIGHEST WIND SPEED     9   HIGHEST WIND DIRECTION     N (20)
  HIGHEST GUST SPEED    11   HIGHEST GUST DIRECTION     N (10)
  AVERAGE WIND SPEED     2.8


SKY COVER
  AVERAGE SKY COVER 0.6


WEATHER CONDITIONS
 THE FOLLOWING WEATHER WAS RECORDED YESTERDAY.
  FOG
  FOG W/VISIBILITY <= 1/4 MILE


RELATIVE HUMIDITY (PERCENT)
 HIGHEST   100          1200 AM
 LOWEST     64           300 PM
 AVERAGE    82

..........................................................


THE OLYMPIA WA AIRPORT CLIMATE NORMALS FOR TODAY
                         NORMAL    RECORD    YEAR
 MAXIMUM TEMPERATURE (F)   48        56      1995
                                             1960
 MINIMUM TEMPERATURE (F)   33         6      1980
                                             1972
                                             1950


SUNRISE AND SUNSET
JANUARY 30 2015.......SUNRISE   739 AM PST   SUNSET   511 PM PST
JANUARY 31 2015.......SUNRISE   738 AM PST   SUNSET   513 PM PST


-  INDICATES NEGATIVE NUMBERS.
R  INDICATES RECORD WAS SET OR TIED.
MM INDICATES DATA IS MISSING.
T  INDICATES TRACE AMOUNT.




$$
