000
CDUS46 KSEW 050832
CLIOLM


CLIMATE REPORT
NATIONAL WEATHER SERVICE SEATTLE WA
132 AM PDT THU MAY 5 2016


...................................

...THE OLYMPIA WA AIRPORT CLIMATE SUMMARY FOR MAY 4 2016...

CLIMATE NORMAL PERIOD 1981 TO 2010
CLIMATE RECORD PERIOD 1948 TO 2016


WEATHER ITEM   OBSERVED TIME   RECORD YEAR NORMAL DEPARTURE LAST
                VALUE   (LST)  VALUE       VALUE  FROM      YEAR
                                                  NORMAL
..................................................................
TEMPERATURE (F)
 YESTERDAY
  MAXIMUM         59    428 PM  89    1992  63     -4       61
  MINIMUM         52    529 AM  29    1962  41     11       37
                                      1949
  AVERAGE         56                        52      4       49

PRECIPITATION (IN)
  YESTERDAY        T             0.78 2009   0.08  -0.08      T
  MONTH TO DATE    T                         0.33  -0.33      T
  SINCE OCT 1     58.23                     42.96  15.27    38.85
  SINCE JAN 1     25.23                     22.27   2.96    19.82

DEGREE DAYS
 HEATING
  YESTERDAY        9                        13     -4       16
  MONTH TO DATE   18                        55    -37       51
  SINCE MAR 1    945                      1192   -247     1063
  SINCE JUL 1   4303                      4914   -611     4098

 COOLING
  YESTERDAY        0                         0      0        0
  MONTH TO DATE    0                         0      0        0
  SINCE MAR 1      1                         0      1        0
  SINCE JAN 1      1                         0      1        0
..................................................................


WIND (MPH)
  RESULTANT WIND SPEED   4   RESULTANT WIND DIRECTION  NE (40)
  HIGHEST WIND SPEED    13   HIGHEST WIND DIRECTION     N (10)
  HIGHEST GUST SPEED    16   HIGHEST GUST DIRECTION     N (20)
  AVERAGE WIND SPEED     4.9


SKY COVER
  AVERAGE SKY COVER 1.0


WEATHER CONDITIONS
 THE FOLLOWING WEATHER WAS RECORDED YESTERDAY.
  LIGHT RAIN


RELATIVE HUMIDITY (PERCENT)
 HIGHEST    89          1000 PM
 LOWEST     62           400 PM
 AVERAGE    76

..........................................................


THE OLYMPIA WA AIRPORT CLIMATE NORMALS FOR TODAY
                         NORMAL    RECORD    YEAR
 MAXIMUM TEMPERATURE (F)   63        88      1953
 MINIMUM TEMPERATURE (F)   41        27      1978


SUNRISE AND SUNSET
MAY  5 2016...........SUNRISE   549 AM PDT   SUNSET   828 PM PDT
MAY  6 2016...........SUNRISE   548 AM PDT   SUNSET   830 PM PDT


-  INDICATES NEGATIVE NUMBERS.
R  INDICATES RECORD WAS SET OR TIED.
MM INDICATES DATA IS MISSING.
T  INDICATES TRACE AMOUNT.




$$
