000
CDUS46 KSEW 230835
CLIOLM


CLIMATE REPORT
NATIONAL WEATHER SERVICE SEATTLE WA
134 AM PDT FRI JUN 23 2017


...................................

...THE OLYMPIA WA AIRPORT CLIMATE SUMMARY FOR JUNE 22 2017...

CLIMATE NORMAL PERIOD 1981 TO 2010
CLIMATE RECORD PERIOD 1948 TO 2017


WEATHER ITEM   OBSERVED TIME   RECORD YEAR NORMAL DEPARTURE LAST
                VALUE   (LST)  VALUE       VALUE  FROM      YEAR
                                                  NORMAL
..................................................................
TEMPERATURE (F)
 YESTERDAY
  MAXIMUM         76    527 PM  96    1958  72      4       75
  MINIMUM         46    423 AM  38    1960  48     -2       49
  AVERAGE         61                        60      1       62

PRECIPITATION (IN)
  YESTERDAY        0.00          0.35 1969   0.05  -0.05     0.03
  MONTH TO DATE    1.33                      1.42  -0.09     1.01
  SINCE OCT 1     62.37                     46.38  15.99    59.39
  SINCE JAN 1     34.27                     25.69   8.58    26.39

DEGREE DAYS
 HEATING
  YESTERDAY        4                         5     -1        3
  MONTH TO DATE  137                       149    -12      142
  SINCE JUN 1    137                       149    -12      142
  SINCE JUL 1   5298                      5345    -47     4662

 COOLING
  YESTERDAY        0                         1     -1        0
  MONTH TO DATE    3                         1      2       31
  SINCE JUN 1      3                         1      2       31
  SINCE JAN 1     13                         4      9       32
..................................................................


WIND (MPH)
  RESULTANT WIND SPEED   6   RESULTANT WIND DIRECTION  NE (30)
  HIGHEST WIND SPEED    16   HIGHEST WIND DIRECTION     N (20)
  HIGHEST GUST SPEED    21   HIGHEST GUST DIRECTION     N (20)
  AVERAGE WIND SPEED     6.6


SKY COVER
  AVERAGE SKY COVER 0.0


WEATHER CONDITIONS
 THE FOLLOWING WEATHER WAS RECORDED YESTERDAY.
  NO SIGNIFICANT WEATHER WAS OBSERVED.


RELATIVE HUMIDITY (PERCENT)
 HIGHEST    93           300 AM
 LOWEST     31           500 PM
 AVERAGE    62

..........................................................


THE OLYMPIA WA AIRPORT CLIMATE NORMALS FOR TODAY
                         NORMAL    RECORD    YEAR
 MAXIMUM TEMPERATURE (F)   72        96      1992
 MINIMUM TEMPERATURE (F)   48        37      1952


SUNRISE AND SUNSET
JUNE 23 2017..........SUNRISE   517 AM PDT   SUNSET   911 PM PDT
JUNE 24 2017..........SUNRISE   518 AM PDT   SUNSET   911 PM PDT


-  INDICATES NEGATIVE NUMBERS.
R  INDICATES RECORD WAS SET OR TIED.
MM INDICATES DATA IS MISSING.
T  INDICATES TRACE AMOUNT.




$$
