000
CDUS46 KSEW 260839
CLIOLM


CLIMATE REPORT
NATIONAL WEATHER SERVICE SEATTLE WA
1238 AM PST SUN FEB 26 2017


...................................

...THE OLYMPIA WA AIRPORT CLIMATE SUMMARY FOR FEBRUARY 25 2017...

CLIMATE NORMAL PERIOD 1981 TO 2010
CLIMATE RECORD PERIOD 1948 TO 2017


WEATHER ITEM   OBSERVED TIME   RECORD YEAR NORMAL DEPARTURE LAST
                VALUE   (LST)  VALUE       VALUE  FROM      YEAR
                                                  NORMAL
..................................................................
TEMPERATURE (F)
 YESTERDAY
  MAXIMUM         46    331 PM  63    2016  51     -5       63
                                      1992
  MINIMUM         25    342 AM   5    2011  33     -8       34
  AVERAGE         36                        42     -6       49

PRECIPITATION (IN)
  YESTERDAY        0.01          1.37 1950   0.18  -0.17     0.00
  MONTH TO DATE    8.50                      4.73   3.77     5.63
  SINCE OCT 1     40.42                     33.26   7.16    47.10
  SINCE JAN 1     12.32                     12.57  -0.25    14.10

DEGREE DAYS
 HEATING
  YESTERDAY       29                        23      6       16
  MONTH TO DATE  624                       598     26      502
  SINCE DEC 1   2452                      2204    248     2008
  SINCE JUL 1   3649                      3649      0     3284

 COOLING
  YESTERDAY        0                         0      0        0
  MONTH TO DATE    0                         0      0        0
  SINCE DEC 1      0                         0      0        0
  SINCE JAN 1      0                         0      0        0
..................................................................


WIND (MPH)
  RESULTANT WIND SPEED   4   RESULTANT WIND DIRECTION  SW (230)
  HIGHEST WIND SPEED    13   HIGHEST WIND DIRECTION     S (200)
  HIGHEST GUST SPEED    16   HIGHEST GUST DIRECTION     W (250)
  AVERAGE WIND SPEED     5.2


SKY COVER
  AVERAGE SKY COVER 1.0


WEATHER CONDITIONS
 THE FOLLOWING WEATHER WAS RECORDED YESTERDAY.
  LIGHT RAIN
  FOG
  FOG W/VISIBILITY <= 1/4 MILE


RELATIVE HUMIDITY (PERCENT)
 HIGHEST   100          1200 AM
 LOWEST     53           400 PM
 AVERAGE    77

..........................................................


THE OLYMPIA WA AIRPORT CLIMATE NORMALS FOR TODAY
                         NORMAL    RECORD    YEAR
 MAXIMUM TEMPERATURE (F)   51        68      1992
 MINIMUM TEMPERATURE (F)   33         8      2011


SUNRISE AND SUNSET
FEBRUARY 26 2017......SUNRISE   656 AM PST   SUNSET   553 PM PST
FEBRUARY 27 2017......SUNRISE   654 AM PST   SUNSET   555 PM PST


-  INDICATES NEGATIVE NUMBERS.
R  INDICATES RECORD WAS SET OR TIED.
MM INDICATES DATA IS MISSING.
T  INDICATES TRACE AMOUNT.




$$
