858
CDUS46 KSEW 240831
CLIOLM


CLIMATE REPORT
NATIONAL WEATHER SERVICE SEATTLE WA
130 AM PDT TUE MAY 24 2016


...................................

...THE OLYMPIA WA AIRPORT CLIMATE SUMMARY FOR MAY 23 2016...

CLIMATE NORMAL PERIOD 1981 TO 2010
CLIMATE RECORD PERIOD 1948 TO 2016


WEATHER ITEM   OBSERVED TIME   RECORD YEAR NORMAL DEPARTURE LAST
                VALUE   (LST)  VALUE       VALUE  FROM      YEAR
                                                  NORMAL
..................................................................
TEMPERATURE (F)
 YESTERDAY
  MAXIMUM         68    221 PM  89    1969  67      1       63
  MINIMUM         50    231 AM  32    1964  45      5       52
                                      1950
  AVERAGE         59                        56      3       58

PRECIPITATION (IN)
  YESTERDAY        0.00          1.29 1973   0.08  -0.08      T
  MONTH TO DATE    0.11                      1.75  -1.64     0.67
  SINCE OCT 1     58.34                     44.38  13.96    39.52
  SINCE JAN 1     25.34                     23.69   1.65    20.49

DEGREE DAYS
 HEATING
  YESTERDAY        6                         9     -3        7
  MONTH TO DATE  165                       268   -103      219
  SINCE MAR 1   1092                      1405   -313     1231
  SINCE JUL 1   4450                      5127   -677     4266

 COOLING
  YESTERDAY        0                         0      0        0
  MONTH TO DATE    0                         0      0        0
  SINCE MAR 1      1                         0      1        0
  SINCE JAN 1      1                         0      1        0
..................................................................


WIND (MPH)
  RESULTANT WIND SPEED   2   RESULTANT WIND DIRECTION   W (270)
  HIGHEST WIND SPEED    12   HIGHEST WIND DIRECTION     N (10)
  HIGHEST GUST SPEED    14   HIGHEST GUST DIRECTION     S (180)
  AVERAGE WIND SPEED     3.9


SKY COVER
  AVERAGE SKY COVER 0.9


WEATHER CONDITIONS
 THE FOLLOWING WEATHER WAS RECORDED YESTERDAY.
  NO SIGNIFICANT WEATHER WAS OBSERVED.


RELATIVE HUMIDITY (PERCENT)
 HIGHEST    89           600 AM
 LOWEST     45           200 PM
 AVERAGE    67

..........................................................


THE OLYMPIA WA AIRPORT CLIMATE NORMALS FOR TODAY
                         NORMAL    RECORD    YEAR
 MAXIMUM TEMPERATURE (F)   67        89      1992
 MINIMUM TEMPERATURE (F)   45        33      1980
                                             1964
                                             1950


SUNRISE AND SUNSET
MAY 24 2016...........SUNRISE   526 AM PDT   SUNSET   851 PM PDT
MAY 25 2016...........SUNRISE   525 AM PDT   SUNSET   853 PM PDT


-  INDICATES NEGATIVE NUMBERS.
R  INDICATES RECORD WAS SET OR TIED.
MM INDICATES DATA IS MISSING.
T  INDICATES TRACE AMOUNT.




$$
