000
CDUS46 KSEW 220829
CLIOLM


CLIMATE REPORT
NATIONAL WEATHER SERVICE SEATTLE WA
1228 AM PST MON DEC 22 2014


...................................

...THE OLYMPIA WA AIRPORT CLIMATE SUMMARY FOR DECEMBER 21 2014...

CLIMATE NORMAL PERIOD 1981 TO 2010
CLIMATE RECORD PERIOD 1948 TO 2014


WEATHER ITEM   OBSERVED TIME   RECORD YEAR NORMAL DEPARTURE LAST
                VALUE   (LST)  VALUE       VALUE  FROM      YEAR
                                                  NORMAL
..................................................................
TEMPERATURE (F)
 YESTERDAY
  MAXIMUM         55    154 PM  57    1980  44     11       48
  MINIMUM         47   1159 PM   0    1990  32     15       42
  AVERAGE         51                        38     13       45

PRECIPITATION (IN)
  YESTERDAY        0.12          1.69 1955   0.23  -0.11     0.06
  MONTH TO DATE    4.84                      5.16  -0.32     1.66
  SINCE OCT 1     17.87                     18.39  -0.52     8.48
  SINCE JAN 1     53.35                     47.70   5.65    41.10

DEGREE DAYS
 HEATING
  YESTERDAY       14                        27    -13       20
  MONTH TO DATE  458                       556    -98      639
  SINCE DEC 1    458                       556    -98      639
  SINCE JUL 1   1557                      2001   -444     2035

 COOLING
  YESTERDAY        0                         0      0        0
  MONTH TO DATE    0                         0      0        0
  SINCE DEC 1      0                         0      0        0
  SINCE JAN 1    187                       106     81      147
..................................................................


WIND (MPH)
  RESULTANT WIND SPEED   8   RESULTANT WIND DIRECTION  SW (220)
  HIGHEST WIND SPEED    20   HIGHEST WIND DIRECTION     W (270)
  HIGHEST GUST SPEED    26   HIGHEST GUST DIRECTION     W (250)
  AVERAGE WIND SPEED     7.2


SKY COVER
  AVERAGE SKY COVER 0.8


WEATHER CONDITIONS
 THE FOLLOWING WEATHER WAS RECORDED YESTERDAY.
  LIGHT RAIN
  FOG


RELATIVE HUMIDITY (PERCENT)
 HIGHEST    93          1200 AM
 LOWEST     77           300 AM
 AVERAGE    85

..........................................................


THE OLYMPIA WA AIRPORT CLIMATE NORMALS FOR TODAY
                         NORMAL    RECORD    YEAR
 MAXIMUM TEMPERATURE (F)   44        55      1980
                                             1950
 MINIMUM TEMPERATURE (F)   32        -3      1983


SUNRISE AND SUNSET
DECEMBER 22 2014......SUNRISE   755 AM PST   SUNSET   426 PM PST
DECEMBER 23 2014......SUNRISE   755 AM PST   SUNSET   426 PM PST


-  INDICATES NEGATIVE NUMBERS.
R  INDICATES RECORD WAS SET OR TIED.
MM INDICATES DATA IS MISSING.
T  INDICATES TRACE AMOUNT.




$$
