452
CDUS43 KOAX 252122
CLIOMA


CLIMATE REPORT
NATIONAL WEATHER SERVICE OMAHA NEBRASKA
422 PM CDT THU AUG 25 2016


...................................

...THE OMAHA EPPLEY, NEBRASKA CLIMATE SUMMARY FOR AUGUST 25 2016...
VALID TODAY AS OF 0400 PM LOCAL TIME.

CLIMATE NORMAL PERIOD 1981 TO 2010
CLIMATE RECORD PERIOD 1871 TO 2016


WEATHER ITEM   OBSERVED TIME   RECORD YEAR NORMAL DEPARTURE LAST
                VALUE   (LST)  VALUE       VALUE  FROM      YEAR
                                                  NORMAL
..................................................................
TEMPERATURE (F)
 TODAY
  MAXIMUM         78    244 PM 104    1936  84     -6       78
  MINIMUM         58    558 AM  47    1964  62     -4       50
  AVERAGE         68                        73     -5       64

PRECIPITATION (IN)
  TODAY            0.00          1.72 1987   0.12  -0.12     0.00
  MONTH TO DATE    4.63                      3.16   1.47     8.03
  SINCE JUN 1     12.18                     11.17   1.01    15.04
  SINCE JAN 1     25.17                     22.45   2.72    25.73

SNOWFALL (IN)
  TODAY            0.0                       0.0    0.0      0.0
  MONTH TO DATE    0.0                       0.0    0.0      0.0
  SINCE JUL 1      T                         0.0    0.0      0.0
  SNOW DEPTH       0

DEGREE DAYS
 HEATING
  TODAY            0                         0      0        1
  MONTH TO DATE    0                         0      0        3
  SINCE JUN 1      0                        18    -18        4
  SINCE JUL 1      0                         1     -1        4

 COOLING
  TODAY            3                         9     -6        0
  MONTH TO DATE  289                       255     34      231
  SINCE JUN 1   1108                       850    258      873
  SINCE JAN 1   1191                       932    259      919
..................................................................


WIND (MPH)
  HIGHEST WIND SPEED    12   HIGHEST WIND DIRECTION     N (340)
  HIGHEST GUST SPEED    14   HIGHEST GUST DIRECTION     N (360)
  AVERAGE WIND SPEED     5.7


SKY COVER
  POSSIBLE SUNSHINE  MM
  AVERAGE SKY COVER 0.7


WEATHER CONDITIONS
 THE FOLLOWING WEATHER WAS RECORDED TODAY.
  NO SIGNIFICANT WEATHER WAS OBSERVED.


RELATIVE HUMIDITY (PERCENT)
 HIGHEST    93          1200 AM
 LOWEST     54           300 PM
 AVERAGE    74

..........................................................


THE OMAHA EPPLEY, NEBRASKA CLIMATE NORMALS FOR TOMORROW
                         NORMAL    RECORD    YEAR
 MAXIMUM TEMPERATURE (F)   84       103      1955
 MINIMUM TEMPERATURE (F)   62        50      1964
                                             1885


SUNRISE AND SUNSET
AUGUST 25 2016........SUNRISE   643 AM CDT   SUNSET   807 PM CDT
AUGUST 26 2016........SUNRISE   644 AM CDT   SUNSET   805 PM CDT


-  INDICATES NEGATIVE NUMBERS.
R  INDICATES RECORD WAS SET OR TIED.
MM INDICATES DATA IS MISSING.
T  INDICATES TRACE AMOUNT.




$$
