000
CDUS43 KOAX 080656
CLIOMA


CLIMATE REPORT
NATIONAL WEATHER SERVICE OMAHA NEBRASKA
1255 AM CST MON FEB 8 2016


...................................

...THE OMAHA EPPLEY, NEBRASKA CLIMATE SUMMARY FOR FEBRUARY 7 2016...

CLIMATE NORMAL PERIOD 1981 TO 2010
CLIMATE RECORD PERIOD 1871 TO 2016


WEATHER ITEM   OBSERVED TIME   RECORD YEAR NORMAL DEPARTURE LAST
                VALUE   (LST)  VALUE       VALUE  FROM      YEAR
                                                  NORMAL
..................................................................
TEMPERATURE (F)
 YESTERDAY
  MAXIMUM         45    136 PM  70    1987  36      9       53
  MINIMUM         30   1159 PM -20    1895  16     14       27
  AVERAGE         38                        26     12       40

PRECIPITATION (IN)
  YESTERDAY        0.01          0.32 1881   0.03  -0.02     0.00
  MONTH TO DATE    0.49                      0.19   0.30     0.39
  SINCE DEC 1      6.86                      1.95   4.91     2.76
  SINCE JAN 1      1.60                      0.91   0.69     1.08

SNOWFALL (IN)
  YESTERDAY        0.6                       0.2    0.4      0.0
  MONTH TO DATE    6.1                       1.6    4.5      5.9
  SINCE JUL 1     27.2                      16.7   10.5     13.1
  SNOW DEPTH       1

DEGREE DAYS
 HEATING
  YESTERDAY       27                        39    -12       25
  MONTH TO DATE  253                       278    -25      324
  SINCE DEC 1   2455                      2773   -318     2502
  SINCE JUL 1   3333                      4043   -710     3803

 COOLING
  YESTERDAY        0                         0      0        0
  MONTH TO DATE    0                         0      0        0
  SINCE DEC 1      0                         0      0        0
  SINCE JAN 1      0                         0      0        0
..................................................................


WIND (MPH)
  HIGHEST WIND SPEED    38   HIGHEST WIND DIRECTION    NW (330)
  HIGHEST GUST SPEED    52   HIGHEST GUST DIRECTION    NW (330)
  AVERAGE WIND SPEED    17.8


SKY COVER
  POSSIBLE SUNSHINE  MM
  AVERAGE SKY COVER 0.8


WEATHER CONDITIONS
 THE FOLLOWING WEATHER WAS RECORDED YESTERDAY.
  LIGHT SNOW
  FOG


RELATIVE HUMIDITY (PERCENT)
 HIGHEST    92          1000 PM
 LOWEST     45           100 PM
 AVERAGE    69

..........................................................


THE OMAHA EPPLEY, NEBRASKA CLIMATE NORMALS FOR TODAY
                         NORMAL    RECORD    YEAR
 MAXIMUM TEMPERATURE (F)   36        66      1954
 MINIMUM TEMPERATURE (F)   16       -21      1899


SUNRISE AND SUNSET
FEBRUARY  8 2016......SUNRISE   728 AM CST   SUNSET   548 PM CST
FEBRUARY  9 2016......SUNRISE   727 AM CST   SUNSET   550 PM CST


-  INDICATES NEGATIVE NUMBERS.
R  INDICATES RECORD WAS SET OR TIED.
MM INDICATES DATA IS MISSING.
T  INDICATES TRACE AMOUNT.




$$
