000
CDUS43 KOAX 290624
CLIOMA


CLIMATE REPORT
NATIONAL WEATHER SERVICE OMAHA NEBRASKA
121 AM CDT SUN MAY 29 2016


...................................

...THE OMAHA EPPLEY, NEBRASKA CLIMATE SUMMARY FOR MAY 28 2016...

CLIMATE NORMAL PERIOD 1981 TO 2010
CLIMATE RECORD PERIOD 1871 TO 2016


WEATHER ITEM   OBSERVED TIME   RECORD YEAR NORMAL DEPARTURE LAST
                VALUE   (LST)  VALUE       VALUE  FROM      YEAR
                                                  NORMAL
..................................................................
TEMPERATURE (F)
 YESTERDAY
  MAXIMUM         75    513 PM  97    1895  78     -3       73
  MINIMUM         60   1145 PM  35    1947  55      5       62
  AVERAGE         68                        66      2       68

PRECIPITATION (IN)
  YESTERDAY        T             2.49 1962   0.16  -0.16     0.11
  MONTH TO DATE    4.79                      4.26   0.53     5.33
  SINCE MAR 1     11.22                      9.21   2.01     9.54
  SINCE JAN 1     12.94                     10.78   2.16    10.68

SNOWFALL (IN)
  YESTERDAY        0.0                       0.0    0.0      0.0
  MONTH TO DATE    0.0                       0.1   -0.1      0.0
  SINCE JUL 1     27.4                      26.5    0.9     13.8
  SNOW DEPTH       0

DEGREE DAYS
 HEATING
  YESTERDAY        0                         2     -2        0
  MONTH TO DATE  121                       141    -20      127
  SINCE MAR 1    961                      1345   -384     1098
  SINCE JUL 1   4927                      6143  -1216     5809

 COOLING
  YESTERDAY        3                         3      0        3
  MONTH TO DATE   48                        53     -5       39
  SINCE MAR 1     61                        69     -8       44
  SINCE JAN 1     61                        69     -8       44
..................................................................


WIND (MPH)
  HIGHEST WIND SPEED    25   HIGHEST WIND DIRECTION     W (270)
  HIGHEST GUST SPEED    31   HIGHEST GUST DIRECTION     W (270)
  AVERAGE WIND SPEED    11.7


SKY COVER
  POSSIBLE SUNSHINE  MM
  AVERAGE SKY COVER 0.6


WEATHER CONDITIONS
 THE FOLLOWING WEATHER WAS RECORDED YESTERDAY.
  LIGHT RAIN


RELATIVE HUMIDITY (PERCENT)
 HIGHEST    90           100 AM
 LOWEST     53           500 PM
 AVERAGE    72

..........................................................


THE OMAHA EPPLEY, NEBRASKA CLIMATE NORMALS FOR TODAY
                         NORMAL    RECORD    YEAR
 MAXIMUM TEMPERATURE (F)   78       102      1934
 MINIMUM TEMPERATURE (F)   55        33      1947


SUNRISE AND SUNSET
MAY 29 2016...........SUNRISE   554 AM CDT   SUNSET   849 PM CDT
MAY 30 2016...........SUNRISE   554 AM CDT   SUNSET   849 PM CDT


-  INDICATES NEGATIVE NUMBERS.
R  INDICATES RECORD WAS SET OR TIED.
MM INDICATES DATA IS MISSING.
T  INDICATES TRACE AMOUNT.


$$

BCM
