000
CDUS43 KOAX 222202
CLIOMA


CLIMATE REPORT
NATIONAL WEATHER SERVICE OMAHA NEBRASKA
459 PM CDT MON MAY 22 2017


...................................

...THE OMAHA EPPLEY, NEBRASKA CLIMATE SUMMARY FOR MAY 22 2017...
VALID TODAY AS OF 400 PM LOCAL TIME.

CLIMATE NORMAL PERIOD 1981 TO 2010
CLIMATE RECORD PERIOD 1871 TO 2017


WEATHER ITEM   OBSERVED TIME   RECORD YEAR NORMAL DEPARTURE LAST
                VALUE   (LST)  VALUE       VALUE  FROM      YEAR
                                                  NORMAL
..................................................................
TEMPERATURE (F)
 TODAY
  MAXIMUM         75    155 PM  98    1925  76     -1       83
  MINIMUM         49    209 AM  34    1963  53     -4       55
  AVERAGE         62                        64     -2       69

PRECIPITATION (IN)
  TODAY            0.00          3.05 2004   0.16  -0.16     0.00
  MONTH TO DATE    4.30                      3.33   0.97     3.41
  SINCE MAR 1      9.11                      8.28   0.83     9.84
  SINCE JAN 1     11.01                      9.85   1.16    11.56

SNOWFALL (IN)
  TODAY            0.0                       0.0    0.0      0.0
  MONTH TO DATE    T                         0.1   -0.1      0.0
  SINCE JUL 1     11.4                      26.5  -15.1     27.4
  SNOW DEPTH       0

DEGREE DAYS
 HEATING
  TODAY            3                         3      0        0
  MONTH TO DATE  107                       125    -18      121
  SINCE MAR 1   1088                      1329   -241      961
  SINCE JUL 1   4915                      6127  -1212     4927

 COOLING
  TODAY            0                         3     -3        4
  MONTH TO DATE   69                        35     34       12
  SINCE MAR 1     77                        51     26       25
  SINCE JAN 1     77                        51     26       25
..................................................................


WIND (MPH)
  HIGHEST WIND SPEED    18   HIGHEST WIND DIRECTION     S (190)
  HIGHEST GUST SPEED    31   HIGHEST GUST DIRECTION     W (250)
  AVERAGE WIND SPEED     9.5


SKY COVER
  POSSIBLE SUNSHINE  MM
  AVERAGE SKY COVER 0.5


WEATHER CONDITIONS
 THE FOLLOWING WEATHER WAS RECORDED TODAY.
  NO SIGNIFICANT WEATHER WAS OBSERVED.


RELATIVE HUMIDITY (PERCENT)
 HIGHEST    80           100 AM
 LOWEST     35           100 PM
 AVERAGE    58

..........................................................


THE OMAHA EPPLEY, NEBRASKA CLIMATE NORMALS FOR TOMORROW
                         NORMAL    RECORD    YEAR
 MAXIMUM TEMPERATURE (F)   76        93      2012
                                             1939
 MINIMUM TEMPERATURE (F)   53        38      1963


SUNRISE AND SUNSET
MAY 22 2017...........SUNRISE   559 AM CDT   SUNSET   842 PM CDT
MAY 23 2017...........SUNRISE   558 AM CDT   SUNSET   843 PM CDT


-  INDICATES NEGATIVE NUMBERS.
R  INDICATES RECORD WAS SET OR TIED.
MM INDICATES DATA IS MISSING.
T  INDICATES TRACE AMOUNT.




$$

Klish
