000
CDUS43 KOAX 240637
CLIOMA


CLIMATE REPORT
NATIONAL WEATHER SERVICE OMAHA NEBRASKA
136 AM CDT MON APR 24 2017


...................................

...THE OMAHA EPPLEY, NEBRASKA CLIMATE SUMMARY FOR APRIL 23 2017...

CLIMATE NORMAL PERIOD 1981 TO 2010
CLIMATE RECORD PERIOD 1871 TO 2017


WEATHER ITEM   OBSERVED TIME   RECORD YEAR NORMAL DEPARTURE LAST
                VALUE   (LST)  VALUE       VALUE  FROM      YEAR
                                                  NORMAL
..................................................................
TEMPERATURE (F)
 YESTERDAY
  MAXIMUM         73    444 PM  90    1950  66      7       80
  MINIMUM         40    605 AM  28    2013  43     -3       49
                                      1893
  AVERAGE         57                        55      2       65

PRECIPITATION (IN)
  YESTERDAY        0.00          2.20 1955   0.11  -0.11     0.00
  MONTH TO DATE    0.93                      2.12  -1.19     2.30
  SINCE MAR 1      3.32                      4.11  -0.79     3.33
  SINCE JAN 1      5.22                      5.68  -0.46     5.05

SNOWFALL (IN)
  YESTERDAY        0.0                       0.0    0.0      0.0
  MONTH TO DATE    0.0                       0.9   -0.9       T
  SINCE JUL 1     11.4                      26.3  -14.9     27.4
  SNOW DEPTH       0

DEGREE DAYS
 HEATING
  YESTERDAY        8                        11     -3        0
  MONTH TO DATE  199                       344   -145      242
  SINCE MAR 1    862                      1135   -273      779
  SINCE JUL 1   4689                      5933  -1244     4745

 COOLING
  YESTERDAY        0                         1     -1        0
  MONTH TO DATE    8                         7      1        5
  SINCE MAR 1      8                         8      0        7
  SINCE JAN 1      8                         8      0        7
..................................................................


WIND (MPH)
  HIGHEST WIND SPEED    25   HIGHEST WIND DIRECTION     S (180)
  HIGHEST GUST SPEED    30   HIGHEST GUST DIRECTION     S (190)
  AVERAGE WIND SPEED    10.3


SKY COVER
  POSSIBLE SUNSHINE  MM
  AVERAGE SKY COVER 0.3


WEATHER CONDITIONS
 THE FOLLOWING WEATHER WAS RECORDED YESTERDAY.
  NO SIGNIFICANT WEATHER WAS OBSERVED.


RELATIVE HUMIDITY (PERCENT)
 HIGHEST    79           600 AM
 LOWEST     17           400 PM
 AVERAGE    48

..........................................................


THE OMAHA EPPLEY, NEBRASKA CLIMATE NORMALS FOR TODAY
                         NORMAL    RECORD    YEAR
 MAXIMUM TEMPERATURE (F)   67        92      1989
 MINIMUM TEMPERATURE (F)   43        26      1956
                                             1873


SUNRISE AND SUNSET
APRIL 24 2017.........SUNRISE   630 AM CDT   SUNSET   814 PM CDT
APRIL 25 2017.........SUNRISE   629 AM CDT   SUNSET   815 PM CDT


-  INDICATES NEGATIVE NUMBERS.
R  INDICATES RECORD WAS SET OR TIED.
MM INDICATES DATA IS MISSING.
T  INDICATES TRACE AMOUNT.




$$
