000
CDUS43 KOAX 222229
CLIOMA


CLIMATE REPORT
NATIONAL WEATHER SERVICE OMAHA NEBRASKA
427 PM CST MON DEC 22 2014


...................................

...THE OMAHA EPPLEY, NEBRASKA CLIMATE SUMMARY FOR DECEMBER 22 2014...
VALID TODAY AS OF 0400 PM LOCAL TIME.

CLIMATE NORMAL PERIOD 1981 TO 2010
CLIMATE RECORD PERIOD 1871 TO 2014


WEATHER ITEM   OBSERVED TIME   RECORD YEAR NORMAL DEPARTURE LAST
                VALUE   (LST)  VALUE       VALUE  FROM      YEAR
                                                  NORMAL
..................................................................
TEMPERATURE (F)
 TODAY
  MAXIMUM         43    359 PM  63    1933  34      9       22
                                      1875
  MINIMUM         42   1155 AM -25    1989  15     27        6
  AVERAGE         43                        24     19       14

PRECIPITATION (IN)
  TODAY            0.49          1.33 1941   0.03   0.46     0.04
  MONTH TO DATE    1.27                      0.80   0.47     0.20
  SINCE DEC 1      1.27                      0.80   0.47     0.20
  SINCE JAN 1     38.73                     30.38   8.35    29.00

SNOWFALL (IN)
  TODAY            0.0                       0.2   -0.2      0.5
  MONTH TO DATE    0.3                       4.4   -4.1      3.1
  SINCE JUL 1      2.7                       7.2   -4.5      3.5
  SNOW DEPTH       0

DEGREE DAYS
 HEATING
  TODAY           22                        41    -19       51
  MONTH TO DATE  662                       839   -177      943
  SINCE DEC 1    662                       839   -177      943
  SINCE JUL 1   1963                      2109   -146     2169

 COOLING
  TODAY            0                         0      0        0
  MONTH TO DATE    0                         0      0        0
  SINCE DEC 1      0                         0      0        0
  SINCE JAN 1   1149                      1113     36     1294
..................................................................


WIND (MPH)
  HIGHEST WIND SPEED    22   HIGHEST WIND DIRECTION     S (160)
  HIGHEST GUST SPEED    25   HIGHEST GUST DIRECTION     S (160)
  AVERAGE WIND SPEED    12.7


SKY COVER
  POSSIBLE SUNSHINE  MM
  AVERAGE SKY COVER 1.0


WEATHER CONDITIONS
 THE FOLLOWING WEATHER WAS RECORDED TODAY.
  LIGHT RAIN
  FOG


RELATIVE HUMIDITY (PERCENT)
 HIGHEST   100          1200 AM
 LOWEST     89           900 AM
 AVERAGE    95

..........................................................


THE OMAHA EPPLEY, NEBRASKA CLIMATE NORMALS FOR TOMORROW
                         NORMAL    RECORD    YEAR
 MAXIMUM TEMPERATURE (F)   34        67      1964
 MINIMUM TEMPERATURE (F)   15       -20      1983


SUNRISE AND SUNSET
DECEMBER 22 2014......SUNRISE   746 AM CST   SUNSET   458 PM CST
DECEMBER 23 2014......SUNRISE   747 AM CST   SUNSET   459 PM CST


-  INDICATES NEGATIVE NUMBERS.
R  INDICATES RECORD WAS SET OR TIED.
MM INDICATES DATA IS MISSING.
T  INDICATES TRACE AMOUNT.




$$
