000
CDUS43 KOAX 012145
CLIOMA


CLIMATE REPORT
NATIONAL WEATHER SERVICE OMAHA NEBRASKA
444 PM CDT MON JUN 1 2015


...................................

...THE OMAHA EPPLEY, NEBRASKA CLIMATE SUMMARY FOR JUNE 1 2015...
VALID TODAY AS OF 0400 PM LOCAL TIME.

CLIMATE NORMAL PERIOD 1981 TO 2010
CLIMATE RECORD PERIOD 1871 TO 2015


WEATHER ITEM   OBSERVED TIME   RECORD YEAR NORMAL DEPARTURE LAST
                VALUE   (LST)  VALUE       VALUE  FROM      YEAR
                                                  NORMAL
..................................................................
TEMPERATURE (F)
 TODAY
  MAXIMUM         75    215 PM  95    1934  79     -4       89
  MINIMUM         54    353 AM  42    1982  56     -2       64
  AVERAGE         65                        68     -3       77

PRECIPITATION (IN)
  TODAY            0.00          2.58 1994   0.16  -0.16     1.18
  MONTH TO DATE    0.00                      0.16  -0.16     1.18
  SINCE JUN 1      0.00                      0.16  -0.16     1.18
  SINCE JAN 1     10.69                     11.44  -0.75     8.00

SNOWFALL (IN)
  TODAY            0.0                       0.0    0.0      0.0
  MONTH TO DATE    0.0                       0.0    0.0      0.0
  SINCE JUL 1     13.8                      26.4  -12.6     17.8
  SNOW DEPTH       0

DEGREE DAYS
 HEATING
  TODAY            0                         2     -2        0
  MONTH TO DATE    0                         2     -2        0
  SINCE JUN 1      0                         2     -2        0
  SINCE JUL 1   5820                      6152   -332     6530

 COOLING
  TODAY            0                         4     -4       12
  MONTH TO DATE    0                         4     -4       12
  SINCE JUN 1      0                         4     -4       12
  SINCE JAN 1     46                        86    -40      155
..................................................................


WIND (MPH)
  HIGHEST WIND SPEED    17   HIGHEST WIND DIRECTION    SE (140)
  HIGHEST GUST SPEED    27   HIGHEST GUST DIRECTION    SE (150)
  AVERAGE WIND SPEED     8.6


SKY COVER
  POSSIBLE SUNSHINE  MM
  AVERAGE SKY COVER 0.7


WEATHER CONDITIONS
 THE FOLLOWING WEATHER WAS RECORDED TODAY.
  NO SIGNIFICANT WEATHER WAS OBSERVED.


RELATIVE HUMIDITY (PERCENT)
 HIGHEST    89           400 AM
 LOWEST     49           200 PM
 AVERAGE    69

..........................................................


THE OMAHA EPPLEY, NEBRASKA CLIMATE NORMALS FOR TOMORROW
                         NORMAL    RECORD    YEAR
 MAXIMUM TEMPERATURE (F)   79        98      1911
 MINIMUM TEMPERATURE (F)   57        44      1967
                                             1964


SUNRISE AND SUNSET
JUNE  1 2015..........SUNRISE   553 AM CDT   SUNSET   850 PM CDT
JUNE  2 2015..........SUNRISE   552 AM CDT   SUNSET   851 PM CDT


-  INDICATES NEGATIVE NUMBERS.
R  INDICATES RECORD WAS SET OR TIED.
MM INDICATES DATA IS MISSING.
T  INDICATES TRACE AMOUNT.




$$
