000
CDAK49 PAOM 022212
CLIOME

CLIMATE REPORT
NATIONAL WEATHER SERVICE NOME, AK
212 PM AKDT THU JUL 2 2015

...................................
...THE NOME WSO AP CLIMATE SUMMARY FOR JULY 2 2015...
VALID TODAY AS OF 2:00 PM LOCAL TIME

CLIMATE NORMAL PERIOD  1981 TO  2010
CLIMATE RECORD PERIOD  1906 TO  2015

WEATHER ITEM   OBSERVED TIME    RECORD YEAR NORMAL DEPARTURE LAST
               VALUE    (LST)   VALUE       VALUE  FROM      YEAR
                                                   NORMAL
...................................................................
TEMPERATURE
TODAY
 MAXIMUM            45  1151 AM    78  1936     58     -13     46
 MINIMUM            43  0919 AM    32  1935     45      -2     44
 AVERAGE            44                          52      -8     45

PRECIPITATION
(INCHES)
 TODAY            0.02           0.51  1916   0.05   -0.03   0.20
 MONTH TO DATE    0.02                        0.09   -0.07   0.49
 SINCE JUN 1      0.68                        1.07   -0.39   0.71
 SINCE JAN 1      5.12                        5.21   -0.09   5.18

SNOWFALL
(INCHES)
 TODAY             0.0            0.0  2015    0.0     0.0    0.0
 MONTH TO DATE     0.0                         0.0     0.0    0.0
 SINCE JUN 1       0.0                         0.3    -0.3    0.0
 SINCE JUL 1       0.0                         0.0     0.0    0.0
 SNOW DEPTH (IN)     0                                          0

DEGREE DAYS
 HEATING
  TODAY             21                          13       8     20
  MONTH TO DATE     42                          26      16     38
  SINCE JUN 1      567                         542      25    606
  SINCE JUL 1       42                          26      16     38

 COOLING
  TODAY              0                           0       0      0
  MONTH TO DATE      0                           0       0      0
  SINCE JUN 1        5                           0       5      0
  SINCE JAN 1        5                           0       5      0
...................................................................

WIND (MPH)
 HIGHEST WIND SPEED    17     HIGHEST WIND DIRECTION    250
 HIGHEST GUST SPEED    21     HIGHEST GUST DIRECTION    240
 AVERAGE WIND SPEED    MM

SKY COVER
  POSSIBLE SUNSHINE  MM            AVERAGE SKY COVER MM

WEATHER CONDITIONS
 THE FOLLOWING WEATHER WAS RECORDED TODAY.
FOG
RAIN


RELATIVE HUMIDITY
 HIGHEST RH     MM PERCENT       MM
 LOWEST  RH     MM PERCENT       MM
 AVERAGE RH     MM PERCENT       MM
...................................................................

THE NOME CLIMATE NORMALS FOR TOMORROW
                        NORMAL    RECORD   YEAR
 MAXIMUM TEMPERATURE      59        84     1936
 MINIMUM TEMPERATURE      46        28     1924

SUNRISE AND SUNSET
 JUL 2 2015..........SUNRISE  4:33 AM      SUNSET  1:38 AM
 JUL 3 2015..........SUNRISE  4:35 AM      SUNSET  1:36 AM

-  INDICATES NEGATIVE NUMBERS.
R  INDICATES RECORD HAS BEEN SET OR TIED.
MM INDICATES DATA IS MISSING.
T  INDICATES TRACE OF PRECIPITATION.

&&
-------------------------------------------------------------------

AMOUNT OF DAYLIGHT TODAY  (HOUR:MIN)........21 HOURS 5 MINUTES
GAIN/LOSS SINCE YESTERDAY (HOUR:MIN:SEC)....-0:03:49

$$
RWM JUL 15
