000
CDAK49 PAOM 190900
CLIOME

CLIMATE REPORT
NATIONAL WEATHER SERVICE NOME, AK
1 AM AKDT SAT APR 19 2014

...................................
...THE NOME WSO AP CLIMATE SUMMARY FOR APRIL 18 2014...

CLIMATE NORMAL PERIOD  1981 TO  2010
CLIMATE RECORD PERIOD  1906 TO  2014

WEATHER ITEM   OBSERVED TIME    RECORD YEAR NORMAL DEPARTURE LAST
               VALUE    (LST)   VALUE       VALUE  FROM      YEAR
                                                   NORMAL
...................................................................
TEMPERATURE
YESTERDAY
 MAXIMUM            43  0438 PM    43  2014     29      14     36
 MINIMUM            29  0749 AM   -22  1924     15      14     15
 AVERAGE            36                          22      14     26

PRECIPITATION
(INCHES)
 YESTERDAY           T           0.18  1912   0.03   -0.03   0.00
 MONTH TO DATE    0.25                        0.43   -0.18   0.25
 SINCE MAR 1      0.78                        1.08   -0.30   0.89
 SINCE JAN 1      2.95                        2.95    0.00   2.41

SNOWFALL
(INCHES)
 YESTERDAY         0.0            2.2  1955    0.3    -0.3    0.0
 MONTH TO DATE     2.5                         5.0    -2.5    3.9
 SINCE MAR 1      14.8                        13.9     0.9   13.0
 SINCE JUL 1      69.1                        70.6    -1.5   54.3
 SNOW DEPTH (IN)     4                                         17

DEGREE DAYS
 HEATING
  YESTERDAY         29                          43     -14     39
  MONTH TO DATE    781                         863     -82    963
  SINCE MAR 1     2408                        2559    -151   2711
  SINCE JUL 1    10554                       11841   -1287  12269

 COOLING
  YESTERDAY          0                           0       0      0
  MONTH TO DATE      0                           0       0      0
  SINCE MAR 1        0                           0       0      0
  SINCE JAN 1        0                           0       0      0
...................................................................

WIND (MPH)
 HIGHEST WIND SPEED    14     HIGHEST WIND DIRECTION     30
 HIGHEST GUST SPEED    16     HIGHEST GUST DIRECTION     40
 AVERAGE WIND SPEED   8.3

SKY COVER
  POSSIBLE SUNSHINE    MM          AVERAGE SKY COVER     MM

WEATHER CONDITIONS
 THE FOLLOWING WEATHER WAS RECORDED YESTERDAY.
  LIGHT RAINFALL

RELATIVE HUMIDITY
 HIGHEST RH     MM PERCENT       MM
 LOWEST  RH     MM PERCENT       MM
 AVERAGE RH     MM PERCENT       MM
...................................................................

THE NOME CLIMATE NORMALS FOR TODAY
                           NORMAL    RECORD   YEAR
 MAXIMUM TEMPERATURE (F)     29        48     1953
 MINIMUM TEMPERATURE (F)     16       -18     1918

SUNRISE AND SUNSET
 APR 19 2014..........SUNRISE  7:13 AM      SUNSET 10:51 PM
 APR 20 2014..........SUNRISE  7:10 AM      SUNSET 10:54 PM

-  INDICATES NEGATIVE NUMBERS.
R  INDICATES RECORD HAS BEEN SET OR TIED.
MM INDICATES DATA IS MISSING.
T  INDICATES TRACE OF PRECIPITATION.

&&
-------------------------------------------------------------------

AMOUNT OF DAYLIGHT TODAY  (HOUR:MIN)........15 HOURS 38 MINUTES
GAIN/LOSS SINCE YESTERDAY (HOUR:MIN:SEC)....+0:06:46

NOME TIDAL INFORMATION FOR 19 APRIL 2014
02:15 AM -0.1
09:24 AM +1.3
02:23 PM +0.8
07:19 PM +1.3

$$

CKC APR 14
