000
CDAK49 PAFG 181023
CLIOME

CLIMATE REPORT
NATIONAL WEATHER SERVICE FAIRBANKS AK
223 AM AKDT WED OCT 18 2017


...................................

...THE NOME AK CLIMATE SUMMARY FOR OCTOBER 17 2017...

CLIMATE NORMAL PERIOD 1981 TO 2010
CLIMATE RECORD PERIOD 1906 TO 2017


WEATHER ITEM   OBSERVED TIME   RECORD YEAR NORMAL DEPARTURE LAST
                VALUE   (LST)  VALUE       VALUE  FROM      YEAR
                                                  NORMAL
..................................................................
TEMPERATURE (F)
 YESTERDAY
  MAXIMUM         36    450 PM  55    1969  34      2       33
  MINIMUM         26    956 PM   6    1974  22      4       21
  AVERAGE         31                        28      3       27

PRECIPITATION (IN)
  YESTERDAY        0.00          0.62 2005   0.05  -0.05     0.00
  MONTH TO DATE    2.40                      0.98   1.42     0.48
  SINCE SEP 1      5.13                      3.43   1.70     2.77
  SINCE JAN 1     14.86                     13.88   0.98    13.03

SNOWFALL (IN)
  YESTERDAY        0.0           3.0  1920   0.2   -0.2      0.0
  MONTH TO DATE    T                         1.7   -1.7      0.0
  SINCE SEP 1      T                         2.3   -2.3      0.0
  SINCE JUL 1      T                         2.3   -2.3      0.0
  SNOW DEPTH       0

DEGREE DAYS
 HEATING
  YESTERDAY       34                        37     -3       38
  MONTH TO DATE  454                       563   -109      406
  SINCE SEP 1   1138                      1229    -91     1036
  SINCE JUL 1   1984                      2089   -105     1721

 COOLING
  YESTERDAY        0                         0      0        0
  MONTH TO DATE    0                         0      0        0
  SINCE SEP 1      0                         0      0        0
  SINCE JAN 1      4                         3      1        0
..................................................................


WIND (MPH)
  HIGHEST GUST SPEED    16   HIGHEST GUST DIRECTION     N (350)


SKY COVER
  AVERAGE SKY COVER 0.7


WEATHER CONDITIONS
 THE FOLLOWING WEATHER WAS RECORDED YESTERDAY.
  NO SIGNIFICANT WEATHER WAS OBSERVED.


RELATIVE HUMIDITY (PERCENT)
 HIGHEST   100
 LOWEST     59
 AVERAGE    80

..........................................................


THE NOME AK CLIMATE NORMALS FOR TODAY
                         NORMAL    RECORD    YEAR
 MAXIMUM TEMPERATURE (F)   33        48      1969
                                             1925
 MINIMUM TEMPERATURE (F)   22         3      1931


SUNRISE AND SUNSET
OCTOBER 18 2017.......SUNRISE  1005 AM AKDT  SUNSET   729 PM AKDT
OCTOBER 19 2017.......SUNRISE  1008 AM AKDT  SUNSET   725 PM AKDT

-  INDICATES NEGATIVE NUMBERS.
R  INDICATES RECORD WAS SET OR TIED.
MM INDICATES DATA IS MISSING.
T  INDICATES TRACE AMOUNT.

&&

SNOW DEPTH IS MEASURED AT 3AM AKST/4AM AKDT.

----------------------------
AVAILABLE DAYLIGHT

AMOUNT OF DAYLIGHT TODAY  (HOUR:MIN)........9:24
GAIN/LOSS SINCE YESTERDAY (HOUR:MIN:SEC)....-0:06:36

NOME TIDAL INFORMATION FOR 18 OCTOBER 2017
0507  +1.4
1028  +0.7
1648  +1.4
2248  +0.3

$$
OCT 17
