114
CDAK49 PAFG 240051
CLIOME

CLIMATE REPORT
NATIONAL WEATHER SERVICE FAIRBANKS AK
451 PM AKDT FRI JUN 23 2017


...................................

...THE NOME AK CLIMATE SUMMARY FOR JUNE 23 2017...
VALID TODAY AS OF 0400 PM LOCAL TIME.

CLIMATE NORMAL PERIOD 1981 TO 2010
CLIMATE RECORD PERIOD 1906 TO 2017


WEATHER ITEM   OBSERVED TIME   RECORD YEAR NORMAL DEPARTURE LAST
                VALUE   (LST)  VALUE       VALUE  FROM      YEAR
                                                  NORMAL
..................................................................
TEMPERATURE (F)
 TODAY
  MAXIMUM         46    259 PM  78    1913  57    -11       53
  MINIMUM         44   1230 PM  30    1968  43      1       46
  AVERAGE         45                        50     -5       50

PRECIPITATION (IN)
  TODAY            0.01          1.37 1953   0.04  -0.03     0.04
  MONTH TO DATE    0.76                      0.71   0.05     0.34
  SINCE JUN 1      0.76                      0.71   0.05     0.34
  SINCE JAN 1      3.61                      4.85  -1.24     3.43

SNOWFALL (IN)
  TODAY            0.0           0.0    MM   0.0    0.0     MM
  MONTH TO DATE    0.0                       0.3   -0.3      0.0
  SINCE JUN 1      0.0                       0.3   -0.3      0.0
  SINCE JUL 1     54.6                      75.7  -21.1     16.2
  SNOW DEPTH       0

DEGREE DAYS
 HEATING
  TODAY           20                        15      5       15
  MONTH TO DATE  270                       417   -147      367
  SINCE JUN 1    270                       417   -147      367
  SINCE JUL 1  12888                     13601   -713     6306

 COOLING
  TODAY            0                         0      0        0
  MONTH TO DATE    4                         0      4        0
  SINCE JUN 1      4                         0      4        0
  SINCE JAN 1      4                         0      4        0
..................................................................


WIND (MPH)
  HIGHEST GUST SPEED    18   HIGHEST GUST DIRECTION    SW (230)


SKY COVER
  AVERAGE SKY COVER 1.0


WEATHER CONDITIONS
 THE FOLLOWING WEATHER WAS RECORDED TODAY.
  LIGHT RAIN
  FOG


RELATIVE HUMIDITY (PERCENT)
 HIGHEST   100
 LOWEST     92
 AVERAGE    96

..........................................................


THE NOME AK CLIMATE NORMALS FOR TOMORROW
                         NORMAL    RECORD    YEAR
 MAXIMUM TEMPERATURE (F)   57        78      1971
 MINIMUM TEMPERATURE (F)   43        31      2002


SUNRISE AND SUNSET
JUNE 23 2017..........SUNRISE   420 AM AKDT  SUNSET   148 AM AKDT
JUNE 24 2017..........SUNRISE   421 AM AKDT  SUNSET   148 AM AKDT

-  INDICATES NEGATIVE NUMBERS.
R  INDICATES RECORD WAS SET OR TIED.
MM INDICATES DATA IS MISSING.
T  INDICATES TRACE AMOUNT.

&&

SNOW DEPTH IS MEASURED AT 3AM AKST/4AM AKDT.

----------------------------
AVAILABLE DAYLIGHT

AMOUNT OF DAYLIGHT TODAY  (HOUR:MIN)........21:28
GAIN/LOSS SINCE YESTERDAY (HOUR:MIN:SEC)....-0:00:45

NOME TIDAL INFORMATION FOR 24 JUNE 2017
0515  +0.7
0946  +0.2
1532  +1.0
2306  -0.6

$$
JUN 17
