000
CDAK49 PAOM 180904
CLIOME

CLIMATE REPORT
NATIONAL WEATHER SERVICE NOME, AK
104 AM AKDT THU SEP 18 2014

...................................
...THE NOME WSO AP CLIMATE SUMMARY FOR SEPTEMBER 17 2014...

CLIMATE NORMAL PERIOD  1981 TO  2010
CLIMATE RECORD PERIOD  1906 TO  2014

WEATHER ITEM   OBSERVED TIME    RECORD YEAR NORMAL DEPARTURE LAST
               VALUE    (LST)   VALUE       VALUE  FROM      YEAR
                                                   NORMAL
...................................................................
TEMPERATURE
YESTERDAY
 MAXIMUM            54  0702 PM    59  1999     48       6     44
 MINIMUM            43  0535 AM    20  1930     37       6     30
 AVERAGE            49                          43       6     37

PRECIPITATION
(INCHES)
 YESTERDAY        0.04           0.54  1944   0.08   -0.04   0.00
 MONTH TO DATE    2.34                        1.50    0.84   1.77
 SINCE SEP 1      2.34                        1.50    0.84   1.77
 SINCE JAN 1     11.36                       11.95   -0.59  14.88

SNOWFALL
(INCHES)
 YESTERDAY         0.0            1.1  1962    0.0     0.0    0.0
 MONTH TO DATE     0.0                         0.1    -0.1    0.0
 SINCE SEP 1       0.0                         0.1    -0.1    0.0
 SINCE JUL 1       0.0                         0.1    -0.1    0.0
 SNOW DEPTH (IN)     0                                          0

DEGREE DAYS
 HEATING
  YESTERDAY         16                          22      -6     28
  MONTH TO DATE    271                         331     -60    343
  SINCE SEP 1      271                         331     -60    343
  SINCE JUL 1      974                        1195    -221   1117

 COOLING
  YESTERDAY          0                           0       0      0
  MONTH TO DATE      0                           0       0      0
  SINCE SEP 1        0                           0       0      0
  SINCE JAN 1        3                           0       3      7
...................................................................

WIND (MPH)
 HIGHEST WIND SPEED    15     HIGHEST WIND DIRECTION    350
 HIGHEST GUST SPEED    17     HIGHEST GUST DIRECTION    350
 AVERAGE WIND SPEED   5.4

SKY COVER
  POSSIBLE SUNSHINE    MM          AVERAGE SKY COVER     MM

WEATHER CONDITIONS
 THE FOLLOWING WEATHER WAS RECORDED YESTERDAY.
  RAIN


RELATIVE HUMIDITY
 HIGHEST RH     MM PERCENT       MM
 LOWEST  RH     MM PERCENT       MM
 AVERAGE RH     MM PERCENT       MM
...................................................................

THE NOME CLIMATE NORMALS FOR TODAY
                           NORMAL    RECORD   YEAR
 MAXIMUM TEMPERATURE (F)     48        62     1969
 MINIMUM TEMPERATURE (F)     36        18     1930

SUNRISE AND SUNSET
 SEP 18 2014..........SUNRISE  8:34 AM      SUNSET  9:17 PM
 SEP 19 2014..........SUNRISE  8:37 AM      SUNSET  9:13 PM

-  INDICATES NEGATIVE NUMBERS.
R  INDICATES RECORD HAS BEEN SET OR TIED.
MM INDICATES DATA IS MISSING.
T  INDICATES TRACE OF PRECIPITATION.

&&
-------------------------------------------------------------------

AMOUNT OF DAYLIGHT TODAY  (HOUR:MIN)........12 HOURS 43 MINUTES
GAIN/LOSS SINCE YESTERDAY (HOUR:MIN:SEC)....-0:06:32
TIDES FOR THURSDAY SEPTEMBER 18 2014

1:53 AM HIGH 1.2 FT
6:43 AM LOW  0.8 FT
1:01 PM HIGH 1.2 FT
8:00 PM LOW  0.2 FT

$$
RCT SEP 14
