000
CDAK49 PAOM 281200
CLIOME

CLIMATE REPORT
NATIONAL WEATHER SERVICE NOME, AK
4 AM AKDT THU JUL 28 2016

...................................
...THE NOME WSO AP CLIMATE SUMMARY FOR JULY 27 2016...

CLIMATE NORMAL PERIOD  1981 TO  2010
CLIMATE RECORD PERIOD  1906 TO  2016

WEATHER ITEM   OBSERVED TIME    RECORD YEAR NORMAL DEPARTURE LAST
               VALUE    (LST)   VALUE       VALUE  FROM      YEAR
                                                   NORMAL
...................................................................
TEMPERATURE
YESTERDAY
 MAXIMUM            55  0144 PM    80  1968     58      -3     66
 MINIMUM            43  0524 AM    32  2008     46      -3     42
 AVERAGE            49                          52      -3     54

PRECIPITATION
(INCHES)
 YESTERDAY        0.02           1.19  1954   0.09   -0.07   0.00
 MONTH TO DATE    2.24                        1.73    0.51   1.44
 SINCE JUN 1      2.58                        2.71   -0.13   2.10
 SINCE JAN 1      5.67                        6.85   -1.18   6.54

SNOWFALL
(INCHES)
 YESTERDAY         0.0            0.0  2016    0.0     0.0    0.0
 MONTH TO DATE     0.0                         0.0     0.0    0.0
 SINCE JUN 1       0.0                         0.3    -0.3    0.0
 SINCE JUL 1       0.0                         0.0     0.0    0.0
 SNOW DEPTH (IN)     0                                          0

DEGREE DAYS
 HEATING
  YESTERDAY         16                          13       3     11
  MONTH TO DATE    342                         348      -6    257
  SINCE JUN 1      806                         864     -58    782
  SINCE JUL 1      342                         348      -6    257

 COOLING
  YESTERDAY          0                           0       0      0
  MONTH TO DATE      0                           0       0      0
  SINCE JUN 1        0                           0       0      5
  SINCE JAN 1        0                           0       0      5
...................................................................

WIND (MPH)
 HIGHEST WIND SPEED    15     HIGHEST WIND DIRECTION    230
 HIGHEST GUST SPEED    18     HIGHEST GUST DIRECTION    220
 AVERAGE WIND SPEED   6.8

SKY COVER
  POSSIBLE SUNSHINE    MM          AVERAGE SKY COVER     MM

WEATHER CONDITIONS
 THE FOLLOWING WEATHER WAS RECORDED YESTERDAY.
  PATCHY FOG
  LIGHT RAINFALL

RELATIVE HUMIDITY
 HIGHEST RH     MM PERCENT       MM
 LOWEST  RH     MM PERCENT       MM
 AVERAGE RH     MM PERCENT       MM
...................................................................

THE NOME CLIMATE NORMALS FOR TODAY
                           NORMAL    RECORD   YEAR
 MAXIMUM TEMPERATURE (F)     58        75     1953
 MINIMUM TEMPERATURE (F)     46        31     1973

SUNRISE AND SUNSET
 JUL 28 2016..........SUNRISE  5:54 AM      SUNSET 12:20 AM
 JUL 29 2016..........SUNRISE  5:58 AM      SUNSET 12:17 AM

-  INDICATES NEGATIVE NUMBERS.
R  INDICATES RECORD HAS BEEN SET OR TIED.
MM INDICATES DATA IS MISSING.
T  INDICATES TRACE OF PRECIPITATION.

&&
-------------------------------------------------------------------

AMOUNT OF DAYLIGHT TODAY  (HOUR:MIN)........18 HOURS 26 MINUTES
GAIN/LOSS SINCE YESTERDAY (HOUR:MIN:SEC)....-0:06:41

NOME TIDAIL INFORMATION FOR 28 JULY 2016

0445  +0.1
1128  +1.4
1757  +0.2

$$

CKC JUL 16
