000
CDAK49 PAOM 270915
CLIOME

CLIMATE REPORT
NATIONAL WEATHER SERVICE NOME, AK
115 AM AKDT WED AUG 27 2014

...................................
...THE NOME WSO AP CLIMATE SUMMARY FOR AUGUST 26 2014...

CLIMATE NORMAL PERIOD  1981 TO  2010
CLIMATE RECORD PERIOD  1906 TO  2014

WEATHER ITEM   OBSERVED TIME    RECORD YEAR NORMAL DEPARTURE LAST
               VALUE    (LST)   VALUE       VALUE  FROM      YEAR
                                                   NORMAL
...................................................................
TEMPERATURE
YESTERDAY
 MAXIMUM            57  0346 PM    70  2007     55       2     53
 MINIMUM            46  0647 AM    28  2009     43       3     48
 AVERAGE            52                          49       3     51

PRECIPITATION
(INCHES)
 YESTERDAY           T           1.02  1907   0.10   -0.10   0.31
 MONTH TO DATE    0.95                        2.75   -1.80   4.01
 SINCE JUN 1      3.79                        5.84   -2.05   8.66
 SINCE JAN 1      8.26                        9.98   -1.72  12.91

SNOWFALL
(INCHES)
 YESTERDAY         0.0            0.0  2014    0.0     0.0    0.0
 MONTH TO DATE     0.0                         0.0     0.0    0.0
 SINCE JUN 1       0.0                         0.3    -0.3    0.1
 SINCE JUL 1       0.0                         0.0     0.0    0.0
 SNOW DEPTH (IN)     0                                          0

DEGREE DAYS
 HEATING
  YESTERDAY         13                          16      -3     14
  MONTH TO DATE    182                         382    -200    267
  SINCE JUN 1     1173                        1298    -125   1150
  SINCE JUL 1      605                         782    -177    674

 COOLING
  YESTERDAY          0                           0       0      0
  MONTH TO DATE      1                           0       1      0
  SINCE JUN 1        3                           0       3      7
  SINCE JAN 1        3                           0       3      7
...................................................................

WIND (MPH)
 HIGHEST WIND SPEED    13     HIGHEST WIND DIRECTION    220
 HIGHEST GUST SPEED    17     HIGHEST GUST DIRECTION    240
 AVERAGE WIND SPEED   6.0

SKY COVER
  POSSIBLE SUNSHINE    MM          AVERAGE SKY COVER     MM

WEATHER CONDITIONS
 THE FOLLOWING WEATHER WAS RECORDED YESTERDAY.
  PATCHY FOG
  LIGHT RAINFALL

RELATIVE HUMIDITY
 HIGHEST RH     MM PERCENT       MM
 LOWEST  RH     MM PERCENT       MM
 AVERAGE RH     MM PERCENT       MM
...................................................................

THE NOME CLIMATE NORMALS FOR TODAY
                           NORMAL    RECORD   YEAR
 MAXIMUM TEMPERATURE (F)     55        70     1995
 MINIMUM TEMPERATURE (F)     43        27     1984

SUNRISE AND SUNSET
 AUG 27 2014..........SUNRISE  7:29 AM      SUNSET 10:36 PM
 AUG 28 2014..........SUNRISE  7:32 AM      SUNSET 10:33 PM

-  INDICATES NEGATIVE NUMBERS.
R  INDICATES RECORD HAS BEEN SET OR TIED.
MM INDICATES DATA IS MISSING.
T  INDICATES TRACE OF PRECIPITATION.

&&
-------------------------------------------------------------------

AMOUNT OF DAYLIGHT TODAY  (HOUR:MIN)........15 HOURS 7 MINUTES
GAIN/LOSS SINCE YESTERDAY (HOUR:MIN:SEC)....-0:06:39

NOME TIDAL INFORMATION FOR 27 AUGUST 2014
12:58 AM +0.1
07:55 AM +1.2
01:12 PM +0.7
07:08 PM +1.2

$$

CKC AUG 14
