000
CDUS46 KOTX 170827
CLIOMK


CLIMATE REPORT
NATIONAL WEATHER SERVICE SPOKANE, WA
1227 AM PST TUE JAN 17 2017


...................................

...THE OMAK WA AIRPORT CLIMATE SUMMARY FOR JANUARY 16 2017...

CLIMATE NORMAL PERIOD 1981 TO 2010
CLIMATE RECORD PERIOD 9999 TO 9999


WEATHER ITEM   OBSERVED TIME   RECORD YEAR NORMAL DEPARTURE LAST
                VALUE   (LST)  VALUE       VALUE  FROM      YEAR
                                                  NORMAL
..................................................................
TEMPERATURE (F)
 YESTERDAY
  MAXIMUM         22    240 PM  50    1961  33    -11       31
  MINIMUM         15    857 PM -11    1949  21     -6       25
  AVERAGE         19                        27     -8       28

PRECIPITATION (IN)
  YESTERDAY        T                         0.06  -0.06     0.22
  MONTH TO DATE    0.22                      1.14  -0.92     1.16
  SINCE OCT 1      6.70                      6.03   0.67     6.52
  SINCE JAN 1      0.22                      1.14  -0.92     1.16

SNOWFALL (IN)
  YESTERDAY       MM

DEGREE DAYS
 HEATING
  YESTERDAY       46                        38      8       37
  MONTH TO DATE  823                       631    192      630
  SINCE DEC 1   2116                      1847    269     1781
  SINCE JUL 1   3354                      3380    -26     3082

 COOLING
  YESTERDAY        0                         0      0        0
  MONTH TO DATE    0                         0      0        0
  SINCE DEC 1      0                         0      0        0
  SINCE JAN 1      0                         0      0        0
..................................................................


WIND (MPH)
  HIGHEST WIND SPEED    12   HIGHEST WIND DIRECTION    SE (150)
  HIGHEST GUST SPEED    14   HIGHEST GUST DIRECTION    SE (150)
  AVERAGE WIND SPEED     5.9


SKY COVER
  POSSIBLE SUNSHINE  MM
  AVERAGE SKY COVER 1.0


WEATHER CONDITIONS
 THE FOLLOWING WEATHER WAS RECORDED YESTERDAY.
  HAZE


RELATIVE HUMIDITY (PERCENT)
 HIGHEST    74           800 PM
 LOWEST     67           800 AM
 AVERAGE    71

..........................................................


THE OMAK WA AIRPORT CLIMATE NORMALS FOR TODAY
                         NORMAL    RECORD    YEAR
 MAXIMUM TEMPERATURE (F)   33        50      1944
 MINIMUM TEMPERATURE (F)   21       -10      1969


SUNRISE AND SUNSET
JANUARY 17 2017.......SUNRISE   743 AM PST   SUNSET   434 PM PST
JANUARY 18 2017.......SUNRISE   742 AM PST   SUNSET   436 PM PST


-  INDICATES NEGATIVE NUMBERS.
R  INDICATES RECORD WAS SET OR TIED.
MM INDICATES DATA IS MISSING.
T  INDICATES TRACE AMOUNT.




$$
