000
CDUS46 KOTX 070841
CLIOMK


CLIMATE REPORT
NATIONAL WEATHER SERVICE SPOKANE, WA
1241 AM PST WED DEC 7 2016


...................................

...THE OMAK WA AIRPORT CLIMATE SUMMARY FOR DECEMBER 6 2016...

CLIMATE NORMAL PERIOD 1981 TO 2010
CLIMATE RECORD PERIOD 9999 TO 9999


WEATHER ITEM   OBSERVED TIME   RECORD YEAR NORMAL DEPARTURE LAST
                VALUE   (LST)  VALUE       VALUE  FROM      YEAR
                                                  NORMAL
..................................................................
TEMPERATURE (F)
 YESTERDAY
  MAXIMUM         31    226 PM  53    1940  34     -3       38
  MINIMUM         18   1138 PM  -1    1956  22     -4       33
  AVERAGE         25                        28     -3       36

PRECIPITATION (IN)
  YESTERDAY        T                         0.06  -0.06     0.45
  MONTH TO DATE    0.11                      0.37  -0.26     2.21
  SINCE OCT 1      5.76                      3.06   2.70     3.74
  SINCE JAN 1     15.23                     12.92   2.31     8.79

SNOWFALL (IN)
  YESTERDAY       MM

DEGREE DAYS
 HEATING
  YESTERDAY       40                        37      3       29
  MONTH TO DATE  211                       218     -7      202
  SINCE DEC 1    211                       218     -7      202
  SINCE JUL 1   1449                      1751   -302     1503

 COOLING
  YESTERDAY        0                         0      0        0
  MONTH TO DATE    0                         0      0        0
  SINCE DEC 1      0                         0      0        0
  SINCE JAN 1    637                       665    -28     1001
..................................................................


WIND (MPH)
  HIGHEST WIND SPEED    25   HIGHEST WIND DIRECTION     N (10)
  HIGHEST GUST SPEED    32   HIGHEST GUST DIRECTION     N (10)
  AVERAGE WIND SPEED    14.1


SKY COVER
  POSSIBLE SUNSHINE  MM
  AVERAGE SKY COVER 0.2


WEATHER CONDITIONS
 THE FOLLOWING WEATHER WAS RECORDED YESTERDAY.
  LIGHT SNOW


RELATIVE HUMIDITY (PERCENT)
 HIGHEST    75           200 AM
 LOWEST     39           100 PM
 AVERAGE    57

..........................................................


THE OMAK WA AIRPORT CLIMATE NORMALS FOR TODAY
                         NORMAL    RECORD    YEAR
 MAXIMUM TEMPERATURE (F)   34        51      1940
 MINIMUM TEMPERATURE (F)   21        -2      1956


SUNRISE AND SUNSET
DECEMBER  7 2016......SUNRISE   736 AM PST   SUNSET   403 PM PST
DECEMBER  8 2016......SUNRISE   737 AM PST   SUNSET   403 PM PST


-  INDICATES NEGATIVE NUMBERS.
R  INDICATES RECORD WAS SET OR TIED.
MM INDICATES DATA IS MISSING.
T  INDICATES TRACE AMOUNT.




$$
