000
CDUS46 KOTX 300822
CLIOMK


CLIMATE REPORT
NATIONAL WEATHER SERVICE SPOKANE, WA
1222 AM PST FRI JAN 30 2015


...................................

...THE OMAK WA AIRPORT CLIMATE SUMMARY FOR JANUARY 29 2015...

CLIMATE NORMAL PERIOD 1981 TO 2010
CLIMATE RECORD PERIOD 9999 TO 9999


WEATHER ITEM   OBSERVED TIME   RECORD YEAR NORMAL DEPARTURE LAST
                VALUE   (LST)  VALUE       VALUE  FROM      YEAR
                                                  NORMAL
..................................................................
TEMPERATURE (F)
 YESTERDAY
  MAXIMUM         37    325 PM  52    1974  36      1       33
  MINIMUM         32    917 AM -20    1950  22     10       28
  AVERAGE         35                        29      6       31

PRECIPITATION (IN)
  YESTERDAY        0.00          0.76 1967   0.03  -0.03     0.16
  MONTH TO DATE    0.73                      1.62  -0.89     0.32
  SINCE OCT 1      7.30                      7.07   0.23     1.49
  SINCE JAN 1      0.73                      1.62  -0.89     0.32

SNOWFALL (IN)
  YESTERDAY       MM

DEGREE DAYS
 HEATING
  YESTERDAY       30                        36     -6       34
  MONTH TO DATE  994                      1111   -117      985
  SINCE DEC 1   2045                      2327   -282     2288
  SINCE JUL 1   3442                      3860   -418     3885

 COOLING
  YESTERDAY        0                         0      0        0
  MONTH TO DATE    0                         0      0        0
  SINCE DEC 1      0                         0      0        0
  SINCE JAN 1      0                         0      0        0
..................................................................


WIND (MPH)
  HIGHEST WIND SPEED     8   HIGHEST WIND DIRECTION    NW (330)
  HIGHEST GUST SPEED    10   HIGHEST GUST DIRECTION     N (340)
  AVERAGE WIND SPEED     2.8


SKY COVER
  POSSIBLE SUNSHINE  MM
  AVERAGE SKY COVER 1.0


WEATHER CONDITIONS
 THE FOLLOWING WEATHER WAS RECORDED YESTERDAY.
  HAZE


RELATIVE HUMIDITY (PERCENT)
 HIGHEST    89          1200 AM
 LOWEST     75          1100 AM
 AVERAGE    82

..........................................................


THE OMAK WA AIRPORT CLIMATE NORMALS FOR TODAY
                         NORMAL    RECORD    YEAR
 MAXIMUM TEMPERATURE (F)   36        52      1953
 MINIMUM TEMPERATURE (F)   22       -20      1950


SUNRISE AND SUNSET
JANUARY 30 2015.......SUNRISE   730 AM PST   SUNSET   453 PM PST
JANUARY 31 2015.......SUNRISE   729 AM PST   SUNSET   455 PM PST


-  INDICATES NEGATIVE NUMBERS.
R  INDICATES RECORD WAS SET OR TIED.
MM INDICATES DATA IS MISSING.
T  INDICATES TRACE AMOUNT.




$$
