000
CDUS46 KOTX 100828
CLIOMK


CLIMATE REPORT
NATIONAL WEATHER SERVICE SPOKANE, WA
128 AM PDT THU JUL 10 2014


...................................

...THE OMAK WA AIRPORT CLIMATE SUMMARY FOR JULY 9 2014...

CLIMATE NORMAL PERIOD 1981 TO 2010
CLIMATE RECORD PERIOD 9999 TO 9999


WEATHER ITEM   OBSERVED TIME   RECORD YEAR NORMAL DEPARTURE LAST
                VALUE   (LST)  VALUE       VALUE  FROM      YEAR
                                                  NORMAL
..................................................................
TEMPERATURE (F)
 YESTERDAY
  MAXIMUM        100    516 PM 101    2012  87     13       94
                                      1931
  MINIMUM         64    203 AM  41    1963  56      8       54
  AVERAGE         82                        71     11       74

PRECIPITATION (IN)
  YESTERDAY        0.00          0.65 1974   0.03  -0.03     0.00
  MONTH TO DATE    0.00                      0.27  -0.27      T
  SINCE OCT 1      6.39                     13.47  -7.08    12.83
  SINCE JAN 1      5.22                      8.02  -2.80     5.84

SNOWFALL (IN)
  YESTERDAY       MM            MM      MM  MM     MM       MM
  MONTH TO DATE   MM                        MM     MM       MM
  SINCE JUN 1     MM                        MM     MM       MM
  SINCE JUL 1     MM                        MM     MM       MM
  SNOW DEPTH      MM

DEGREE DAYS
 HEATING
  YESTERDAY        0                         1     -1        0
  MONTH TO DATE    0                         9     -9        0
  SINCE JUN 1     38                        78    -40       67
  SINCE JUL 1      0                         9     -9        0

 COOLING
  YESTERDAY       17                         7     10        9
  MONTH TO DATE  114                        54     60      106
  SINCE JUN 1    179                       138     41      171
  SINCE JAN 1    193                       161     32      194
..................................................................


WIND (MPH)
  HIGHEST WIND SPEED    18   HIGHEST WIND DIRECTION     N (360)
  HIGHEST GUST SPEED    24   HIGHEST GUST DIRECTION     N (360)
  AVERAGE WIND SPEED     8.5


SKY COVER
  POSSIBLE SUNSHINE  MM
  AVERAGE SKY COVER 0.0


WEATHER CONDITIONS
 THE FOLLOWING WEATHER WAS RECORDED YESTERDAY.
  NO SIGNIFICANT WEATHER WAS OBSERVED.


RELATIVE HUMIDITY (PERCENT)
 HIGHEST    48           300 AM
 LOWEST      8           500 PM
 AVERAGE    28

..........................................................


THE OMAK WA AIRPORT CLIMATE NORMALS FOR TODAY
                         NORMAL    RECORD    YEAR
 MAXIMUM TEMPERATURE (F)   87       101      2001
 MINIMUM TEMPERATURE (F)   56        37      1972


SUNRISE AND SUNSET
JULY 10 2014..........SUNRISE   508 AM PDT   SUNSET   859 PM PDT
JULY 11 2014..........SUNRISE   508 AM PDT   SUNSET   858 PM PDT


-  INDICATES NEGATIVE NUMBERS.
R  INDICATES RECORD WAS SET OR TIED.
MM INDICATES DATA IS MISSING.
T  INDICATES TRACE AMOUNT.




$$
