000
CDUS46 KOTX 010824
CLIOMK


CLIMATE REPORT
NATIONAL WEATHER SERVICE SPOKANE, WA
121 AM PDT SAT AUG 1 2015


...................................

...THE OMAK WA AIRPORT CLIMATE SUMMARY FOR JULY 31 2015...

CLIMATE NORMAL PERIOD 1981 TO 2010
CLIMATE RECORD PERIOD 9999 TO 9999


WEATHER ITEM   OBSERVED TIME   RECORD YEAR NORMAL DEPARTURE LAST
                VALUE   (LST)  VALUE       VALUE  FROM      YEAR
                                                  NORMAL
..................................................................
TEMPERATURE (F)
 YESTERDAY
  MAXIMUM        104R   351 PM 104    2003  91     13      102
  MINIMUM         56    515 AM  43    2006  59     -3       69
                                      1964
  AVERAGE         80                        75      5       86

PRECIPITATION (IN)
  YESTERDAY        0.00          0.19 2010   0.02  -0.02     0.00
  MONTH TO DATE    0.26                      0.81  -0.55     0.17
  SINCE OCT 1     11.45                     13.68  -2.23     6.56
  SINCE JAN 1      4.88                      8.79  -3.91     5.39

SNOWFALL (IN)
  YESTERDAY       MM

DEGREE DAYS
 HEATING
  YESTERDAY        0                         0      0        0
  MONTH TO DATE    0                        11    -11        2
  SINCE JUN 1     15                        84    -69       40
  SINCE JUL 1      0                        15    -15        2

 COOLING
  YESTERDAY       15                        10      5       21
  MONTH TO DATE  363                       254    109      417
  SINCE JUN 1    628                       338    290      482
  SINCE JAN 1    674                       361    313      496
..................................................................


WIND (MPH)
  HIGHEST WIND SPEED    13   HIGHEST WIND DIRECTION     S (200)
  HIGHEST GUST SPEED    17   HIGHEST GUST DIRECTION    SW (220)
  AVERAGE WIND SPEED     7.0


SKY COVER
  POSSIBLE SUNSHINE  MM
  AVERAGE SKY COVER 0.2


WEATHER CONDITIONS
 THE FOLLOWING WEATHER WAS RECORDED YESTERDAY.
  NO SIGNIFICANT WEATHER WAS OBSERVED.


RELATIVE HUMIDITY (PERCENT)
 HIGHEST    39           300 AM
 LOWEST      6           300 PM
 AVERAGE    23

..........................................................


THE OMAK WA AIRPORT CLIMATE NORMALS FOR TODAY
                         NORMAL    RECORD    YEAR
 MAXIMUM TEMPERATURE (F)   91       106      2009
 MINIMUM TEMPERATURE (F)   59        43      2006


SUNRISE AND SUNSET
AUGUST  1 2015........SUNRISE   533 AM PDT   SUNSET   835 PM PDT
AUGUST  2 2015........SUNRISE   534 AM PDT   SUNSET   834 PM PDT


-  INDICATES NEGATIVE NUMBERS.
R  INDICATES RECORD WAS SET OR TIED.
MM INDICATES DATA IS MISSING.
T  INDICATES TRACE AMOUNT.




$$
