000
CDUS46 KOTX 210840
CLIOMK


CLIMATE REPORT
NATIONAL WEATHER SERVICE SPOKANE, WA
136 AM PDT TUE OCT 21 2014


...................................

...THE OMAK WA AIRPORT CLIMATE SUMMARY FOR OCTOBER 20 2014...

CLIMATE NORMAL PERIOD 1981 TO 2010
CLIMATE RECORD PERIOD 9999 TO 9999


WEATHER ITEM   OBSERVED TIME   RECORD YEAR NORMAL DEPARTURE LAST
                VALUE   (LST)  VALUE       VALUE  FROM      YEAR
                                                  NORMAL
..................................................................
TEMPERATURE (F)
 YESTERDAY
  MAXIMUM         56    357 PM  73    1942  59     -3       69
  MINIMUM         41    342 AM  15    1945  35      6       34
  AVERAGE         49                        47      2       52

PRECIPITATION (IN)
  YESTERDAY        0.07        0.85   1979  0.04   0.03     0.00
  MONTH TO DATE    0.26                     0.59  -0.33     0.05
  SINCE OCT 1      0.26                     0.59  -0.33     0.05
  SINCE JAN 1      7.27                    10.19  -2.92     8.88

SNOWFALL (IN)
  YESTERDAY       MM

DEGREE DAYS
 HEATING
  YESTERDAY       16                        18     -2       13
  MONTH TO DATE  190                       272    -82      326
  SINCE SEP 1    274                       402   -128      459
  SINCE JUL 1    279                       433   -154      459

 COOLING
  YESTERDAY        0                         0      0        0
  MONTH TO DATE    3                         0      3        0
  SINCE SEP 1     49                        58     -9      128
  SINCE JAN 1    873                       664    209      814
..................................................................


WIND (MPH)
  HIGHEST WIND SPEED    12   HIGHEST WIND DIRECTION     S (190)
  HIGHEST GUST SPEED    16   HIGHEST GUST DIRECTION     S (200)
  AVERAGE WIND SPEED     4.7


SKY COVER
  POSSIBLE SUNSHINE  MM
  AVERAGE SKY COVER 0.7


WEATHER CONDITIONS
 THE FOLLOWING WEATHER WAS RECORDED YESTERDAY.
  LIGHT RAIN
  FOG


RELATIVE HUMIDITY (PERCENT)
 HIGHEST   100           300 AM
 LOWEST     83          1000 AM
 AVERAGE    92

..........................................................


THE OMAK WA AIRPORT CLIMATE NORMALS FOR TODAY
                         NORMAL    RECORD    YEAR
 MAXIMUM TEMPERATURE (F)   59        80      1939
 MINIMUM TEMPERATURE (F)   34        15      1945


SUNRISE AND SUNSET
OCTOBER 21 2014.......SUNRISE   727 AM PDT   SUNSET   557 PM PDT
OCTOBER 22 2014.......SUNRISE   729 AM PDT   SUNSET   556 PM PDT


-  INDICATES NEGATIVE NUMBERS.
R  INDICATES RECORD WAS SET OR TIED.
MM INDICATES DATA IS MISSING.
T  INDICATES TRACE AMOUNT.

$$
