000
CDUS46 KOTX 290826
CLIOMK


CLIMATE REPORT
NATIONAL WEATHER SERVICE SPOKANE, WA
126 AM PDT THU JUN 29 2017


...................................

...THE OMAK WA AIRPORT CLIMATE SUMMARY FOR JUNE 28 2017...

CLIMATE NORMAL PERIOD 1981 TO 2010
CLIMATE RECORD PERIOD 9999 TO 9999


WEATHER ITEM   OBSERVED TIME   RECORD YEAR NORMAL DEPARTURE LAST
                VALUE   (LST)  VALUE       VALUE  FROM      YEAR
                                                  NORMAL
..................................................................
TEMPERATURE (F)
 YESTERDAY
  MAXIMUM         86    151 PM 110    2015  83      3       95
  MINIMUM         56    422 AM  37    1975  54      2       65
  AVERAGE         71                        68      3       80

PRECIPITATION (IN)
  YESTERDAY        0.00                      0.03  -0.03     0.00
  MONTH TO DATE    0.26                      1.16  -0.90     1.65
  SINCE OCT 1     16.87                     12.80   4.07    14.08
  SINCE JAN 1     10.39                      7.91   2.48     8.72

SNOWFALL (IN)
  YESTERDAY       MM

DEGREE DAYS
 HEATING
  YESTERDAY        0                         1     -1        0
  MONTH TO DATE   58                        68    -10       85
  SINCE JUN 1     58                        68    -10       85
  SINCE JUL 1   6461                      6341    120     5476

 COOLING
  YESTERDAY        6                         5      1       15
  MONTH TO DATE   66                        75     -9      109
  SINCE JUN 1     66                        75     -9      109
  SINCE JAN 1     97                        98     -1      134
..................................................................


WIND (MPH)
  HIGHEST WIND SPEED    29   HIGHEST WIND DIRECTION     N (360)
  HIGHEST GUST SPEED    37   HIGHEST GUST DIRECTION     N (10)
  AVERAGE WIND SPEED    12.5


SKY COVER
  POSSIBLE SUNSHINE  MM
  AVERAGE SKY COVER 0.2


WEATHER CONDITIONS
 THE FOLLOWING WEATHER WAS RECORDED YESTERDAY.
  NO SIGNIFICANT WEATHER WAS OBSERVED.


RELATIVE HUMIDITY (PERCENT)
 HIGHEST    60          1100 PM
 LOWEST     18           100 PM
 AVERAGE    39

..........................................................


THE OMAK WA AIRPORT CLIMATE NORMALS FOR TODAY
                         NORMAL    RECORD    YEAR
 MAXIMUM TEMPERATURE (F)   83       101      2008
 MINIMUM TEMPERATURE (F)   54        38      1968


SUNRISE AND SUNSET
JUNE 29 2017..........SUNRISE   500 AM PDT   SUNSET   903 PM PDT
JUNE 30 2017..........SUNRISE   500 AM PDT   SUNSET   903 PM PDT


-  INDICATES NEGATIVE NUMBERS.
R  INDICATES RECORD WAS SET OR TIED.
MM INDICATES DATA IS MISSING.
T  INDICATES TRACE AMOUNT.




$$
