000
CDUS46 KOTX 200830
CLIOMK


CLIMATE REPORT
NATIONAL WEATHER SERVICE SPOKANE, WA
1224 AM PST TUE FEB 20 2018


...................................

...THE OMAK WA AIRPORT CLIMATE SUMMARY FOR FEBRUARY 19 2018...

CLIMATE NORMAL PERIOD 1981 TO 2010
CLIMATE RECORD PERIOD 9999 TO 9999


WEATHER ITEM   OBSERVED TIME   RECORD YEAR NORMAL DEPARTURE LAST
                VALUE   (LST)  VALUE       VALUE  FROM      YEAR
                                                  NORMAL
..................................................................
TEMPERATURE (F)
 YESTERDAY
  MAXIMUM         27    354 PM  55    1931  42    -15       38
  MINIMUM         10   1159 PM  -9    1936  24    -14       34
  AVERAGE         19                        33    -14       36

PRECIPITATION (IN)
  YESTERDAY        0.00                      0.05  -0.05     0.03
  MONTH TO DATE    0.30                      0.96  -0.66     1.50
  SINCE OCT 1      6.88                      7.74  -0.86    10.01
  SINCE JAN 1      3.50                      2.85   0.65     3.53

SNOWFALL (IN)
  YESTERDAY       MM

DEGREE DAYS
 HEATING
  YESTERDAY       46                        32     14       29
  MONTH TO DATE  620                       649    -29      759
  SINCE DEC 1   2910                      3049   -139     3378
  SINCE JUL 1   4370                      4582   -212     4616

 COOLING
  YESTERDAY        0                         0      0        0
  MONTH TO DATE    0                         0      0        0
  SINCE DEC 1      0                         0      0        0
  SINCE JAN 1      0                         0      0        0
..................................................................


WIND (MPH)
  HIGHEST WIND SPEED    22   HIGHEST WIND DIRECTION     N (10)
  HIGHEST GUST SPEED    29   HIGHEST GUST DIRECTION     N (10)
  AVERAGE WIND SPEED    11.7


SKY COVER
  POSSIBLE SUNSHINE  MM
  AVERAGE SKY COVER 0.1


WEATHER CONDITIONS
 THE FOLLOWING WEATHER WAS RECORDED YESTERDAY.
  NO SIGNIFICANT WEATHER WAS OBSERVED.


RELATIVE HUMIDITY (PERCENT)
 HIGHEST    67           200 AM
 LOWEST     46          1200 PM
 AVERAGE    57

..........................................................


THE OMAK WA AIRPORT CLIMATE NORMALS FOR TODAY
                         NORMAL    RECORD    YEAR
 MAXIMUM TEMPERATURE (F)   42        58      1961
 MINIMUM TEMPERATURE (F)   24         0      1936


SUNRISE AND SUNSET
FEBRUARY 20 2018......SUNRISE   656 AM PST   SUNSET   528 PM PST
FEBRUARY 21 2018......SUNRISE   654 AM PST   SUNSET   530 PM PST


-  INDICATES NEGATIVE NUMBERS.
R  INDICATES RECORD WAS SET OR TIED.
MM INDICATES DATA IS MISSING.
T  INDICATES TRACE AMOUNT.




$$
