000
CDUS46 KOTX 200828
CLIOMK


CLIMATE REPORT
NATIONAL WEATHER SERVICE SPOKANE, WA
1228 AM PST MON FEB 20 2017


...................................

...THE OMAK WA AIRPORT CLIMATE SUMMARY FOR FEBRUARY 19 2017...

CLIMATE NORMAL PERIOD 1981 TO 2010
CLIMATE RECORD PERIOD 9999 TO 9999


WEATHER ITEM   OBSERVED TIME   RECORD YEAR NORMAL DEPARTURE LAST
                VALUE   (LST)  VALUE       VALUE  FROM      YEAR
                                                  NORMAL
..................................................................
TEMPERATURE (F)
 YESTERDAY
  MAXIMUM         38    326 PM  55    1931  42     -4       41
  MINIMUM         34    717 AM  -9    1936  24     10       35
  AVERAGE         36                        33      3       38

PRECIPITATION (IN)
  YESTERDAY        0.03                      0.05  -0.02     0.26
  MONTH TO DATE    1.50                      0.96   0.54     0.90
  SINCE OCT 1     10.01                      7.74   2.27     8.54
  SINCE JAN 1      3.53                      2.85   0.68     3.18

SNOWFALL (IN)
  YESTERDAY       MM

DEGREE DAYS
 HEATING
  YESTERDAY       29                        32     -3       27
  MONTH TO DATE  759                       649    110      581
  SINCE DEC 1   3378                      3049    329     2859
  SINCE JUL 1   4616                      4582     34     4160

 COOLING
  YESTERDAY        0                         0      0        0
  MONTH TO DATE    0                         0      0        0
  SINCE DEC 1      0                         0      0        0
  SINCE JAN 1      0                         0      0        0
..................................................................


WIND (MPH)
  HIGHEST WIND SPEED     9   HIGHEST WIND DIRECTION    SW (210)
  HIGHEST GUST SPEED    12   HIGHEST GUST DIRECTION     S (200)
  AVERAGE WIND SPEED     4.8


SKY COVER
  POSSIBLE SUNSHINE  MM
  AVERAGE SKY COVER 1.0


WEATHER CONDITIONS
 THE FOLLOWING WEATHER WAS RECORDED YESTERDAY.
  LIGHT RAIN
  LIGHT SNOW
  FOG


RELATIVE HUMIDITY (PERCENT)
 HIGHEST    92          1000 AM
 LOWEST     82           700 AM
 AVERAGE    87

..........................................................


THE OMAK WA AIRPORT CLIMATE NORMALS FOR TODAY
                         NORMAL    RECORD    YEAR
 MAXIMUM TEMPERATURE (F)   42        58      1961
 MINIMUM TEMPERATURE (F)   24         0      1936


SUNRISE AND SUNSET
FEBRUARY 20 2017......SUNRISE   656 AM PST   SUNSET   528 PM PST
FEBRUARY 21 2017......SUNRISE   654 AM PST   SUNSET   530 PM PST


-  INDICATES NEGATIVE NUMBERS.
R  INDICATES RECORD WAS SET OR TIED.
MM INDICATES DATA IS MISSING.
T  INDICATES TRACE AMOUNT.




$$
