000
CDUS45 KBOI 220936
CLIONO


CLIMATE REPORT
NATIONAL WEATHER SERVICE BOISE ID
236 AM MST WED NOV 22 2017


...................................

...THE ONTARIO OR CLIMATE SUMMARY FOR NOVEMBER 21 2017...

CLIMATE NORMAL PERIOD 1981 TO 2010
CLIMATE RECORD PERIOD 1948 TO 2017


WEATHER ITEM   OBSERVED TIME   RECORD YEAR NORMAL DEPARTURE LAST
                VALUE   (LST)  VALUE       VALUE  FROM      YEAR
                                                  NORMAL
..................................................................
TEMPERATURE (F)
 YESTERDAY
  MAXIMUM         50    235 PM  68    2006  45      5       50
  MINIMUM         41    809 AM   1    1994  25     16       27
  AVERAGE         46                        35     11       39

PRECIPITATION (IN)
  YESTERDAY        0.08          0.34 1977   0.04   0.04     0.00
  MONTH TO DATE    1.59                      0.74   0.85     0.44
  SINCE OCT 1      2.09                      1.37   0.72     1.24
  SINCE JAN 1     11.98                      8.02   3.96     3.86

DEGREE DAYS
 HEATING
  YESTERDAY       19                        30    -11       26
  MONTH TO DATE  503                       546    -43      416
  SINCE SEP 1   1121                      1123     -2      850
  SINCE JUL 1   1121                      1139    -18      859

 COOLING
  YESTERDAY        0                         0      0        0
  MONTH TO DATE    0                         0      0        0
  SINCE SEP 1    141                        59     82       31
  SINCE JAN 1   1254                       852    402      976
..................................................................


WIND (MPH)
  HIGHEST WIND SPEED     8   HIGHEST WIND DIRECTION     W (250)
  HIGHEST GUST SPEED     9   HIGHEST GUST DIRECTION     W (250)
  AVERAGE WIND SPEED     2.8


SKY COVER
  AVERAGE SKY COVER 1.0


WEATHER CONDITIONS
 THE FOLLOWING WEATHER WAS RECORDED YESTERDAY.
  LIGHT RAIN
  FOG


RELATIVE HUMIDITY (PERCENT)
 HIGHEST   100           500 PM
 LOWEST     86          1100 AM
 AVERAGE    93

..........................................................


THE ONTARIO OR CLIMATE NORMALS FOR TODAY
                         NORMAL    RECORD    YEAR
 MAXIMUM TEMPERATURE (F)   44        61      1974
 MINIMUM TEMPERATURE (F)   25         2      1994
                                             1985


SUNRISE AND SUNSET
NOVEMBER 22 2017......SUNRISE   752 AM MST   SUNSET   516 PM MST
NOVEMBER 23 2017......SUNRISE   754 AM MST   SUNSET   515 PM MST


-  INDICATES NEGATIVE NUMBERS.
R  INDICATES RECORD WAS SET OR TIED.
MM INDICATES DATA IS MISSING.
T  INDICATES TRACE AMOUNT.




$$
