000
CDUS45 KBOI 240937
CLIONO


CLIMATE REPORT
NATIONAL WEATHER SERVICE BOISE ID
336 AM MDT TUE MAY 24 2016


...................................

...THE ONTARIO OR CLIMATE SUMMARY FOR MAY 23 2016...

CLIMATE NORMAL PERIOD 1981 TO 2010
CLIMATE RECORD PERIOD 1948 TO 2016


WEATHER ITEM   OBSERVED TIME   RECORD YEAR NORMAL DEPARTURE LAST
                VALUE   (LST)  VALUE       VALUE  FROM      YEAR
                                                  NORMAL
..................................................................
TEMPERATURE (F)
 YESTERDAY
  MAXIMUM         72    526 PM  94    1969  77     -5       85
  MINIMUM         42    608 AM  27    1966  47     -5       54
  AVERAGE         57                        62     -5       70

PRECIPITATION (IN)
  YESTERDAY        0.00          0.42 1965   0.05  -0.05     0.00
  MONTH TO DATE    0.30                      0.94  -0.64     1.59
  SINCE OCT 1      6.98                      8.14  -1.16     8.45
  SINCE JAN 1      2.23                      4.73  -2.50     3.99

DEGREE DAYS
 HEATING
  YESTERDAY        8                         5      3        0
  MONTH TO DATE   96                       175    -79       86
  SINCE MAR 1    902                      1286   -384      996
  SINCE JUL 1   4892                      5916  -1024     4790

 COOLING
  YESTERDAY        0                         2     -2        5
  MONTH TO DATE   30                        19     11        6
  SINCE MAR 1     30                        20     10        6
  SINCE JAN 1     30                        20     10        6
..................................................................


WIND (MPH)
  HIGHEST WIND SPEED    13   HIGHEST WIND DIRECTION     N (340)
  HIGHEST GUST SPEED    16   HIGHEST GUST DIRECTION     N (340)
  AVERAGE WIND SPEED     3.7


SKY COVER
  AVERAGE SKY COVER 0.3


WEATHER CONDITIONS
 THE FOLLOWING WEATHER WAS RECORDED YESTERDAY.
  NO SIGNIFICANT WEATHER WAS OBSERVED.


RELATIVE HUMIDITY (PERCENT)
 HIGHEST    89           400 AM
 LOWEST     25           600 PM
 AVERAGE    57

..........................................................


THE ONTARIO OR CLIMATE NORMALS FOR TODAY
                         NORMAL    RECORD    YEAR
 MAXIMUM TEMPERATURE (F)   77        94      2001
 MINIMUM TEMPERATURE (F)   47        32      1989


SUNRISE AND SUNSET
MAY 24 2016...........SUNRISE   613 AM MDT   SUNSET   917 PM MDT
MAY 25 2016...........SUNRISE   612 AM MDT   SUNSET   918 PM MDT


-  INDICATES NEGATIVE NUMBERS.
R  INDICATES RECORD WAS SET OR TIED.
MM INDICATES DATA IS MISSING.
T  INDICATES TRACE AMOUNT.




$$
