000
CDUS45 KBOI 220939
CLIONO


CLIMATE REPORT
NATIONAL WEATHER SERVICE BOISE ID
339 AM MDT FRI MAY 22 2015


...................................

...THE ONTARIO OR CLIMATE SUMMARY FOR MAY 21 2015...

CLIMATE NORMAL PERIOD 1981 TO 2010
CLIMATE RECORD PERIOD 1948 TO 2015


WEATHER ITEM   OBSERVED TIME   RECORD YEAR NORMAL DEPARTURE LAST
                VALUE   (LST)  VALUE       VALUE  FROM      YEAR
                                                  NORMAL
..................................................................
TEMPERATURE (F)
 YESTERDAY
  MAXIMUM         75    203 PM  96    1967  76     -1       87
  MINIMUM         56    249 AM  30    1974  46     10       54
  AVERAGE         66                        61      5       71

PRECIPITATION (IN)
  YESTERDAY        0.04          0.22 1953   0.05  -0.01     0.00
  MONTH TO DATE    1.49                      0.85   0.64     0.42
  SINCE OCT 1      8.35                      8.05   0.30     6.24
  SINCE JAN 1      3.89                      4.64  -0.75     4.73

DEGREE DAYS
 HEATING
  YESTERDAY        0                         5     -5        0
  MONTH TO DATE   85                       165    -80      117
  SINCE MAR 1    995                      1276   -281     1108
  SINCE JUL 1   4789                      5906  -1117     5864

 COOLING
  YESTERDAY        1                         1      0        6
  MONTH TO DATE    1                        16    -15       20
  SINCE MAR 1      1                        17    -16       20
  SINCE JAN 1      1                        17    -16       20
..................................................................


WIND (MPH)
  HIGHEST WIND SPEED    10   HIGHEST WIND DIRECTION    NE (50)
  HIGHEST GUST SPEED    17   HIGHEST GUST DIRECTION    NE (50)
  AVERAGE WIND SPEED     2.9


SKY COVER
  AVERAGE SKY COVER 0.5


WEATHER CONDITIONS
 THE FOLLOWING WEATHER WAS RECORDED YESTERDAY.
  HEAVY RAIN
  RAIN
  LIGHT RAIN
  FOG


RELATIVE HUMIDITY (PERCENT)
 HIGHEST    93          1200 AM
 LOWEST     41           300 PM
 AVERAGE    67

..........................................................


THE ONTARIO OR CLIMATE NORMALS FOR TODAY
                         NORMAL    RECORD    YEAR
 MAXIMUM TEMPERATURE (F)   77        95      1967
 MINIMUM TEMPERATURE (F)   46        26      1960


SUNRISE AND SUNSET
MAY 22 2015...........SUNRISE   615 AM MDT   SUNSET   915 PM MDT
MAY 23 2015...........SUNRISE   614 AM MDT   SUNSET   916 PM MDT


-  INDICATES NEGATIVE NUMBERS.
R  INDICATES RECORD WAS SET OR TIED.
MM INDICATES DATA IS MISSING.
T  INDICATES TRACE AMOUNT.




$$
