000
CDUS45 KBOI 300930
CLIONO


CLIMATE REPORT
NATIONAL WEATHER SERVICE BOISE ID
330 AM MDT TUE MAY 30 2017


...................................

...THE ONTARIO OR CLIMATE SUMMARY FOR MAY 29 2017...

CLIMATE NORMAL PERIOD 1981 TO 2010
CLIMATE RECORD PERIOD 1948 TO 2017


WEATHER ITEM   OBSERVED TIME   RECORD YEAR NORMAL DEPARTURE LAST
                VALUE   (LST)  VALUE       VALUE  FROM      YEAR
                                                  NORMAL
..................................................................
TEMPERATURE (F)
 YESTERDAY
  MAXIMUM         90    535 PM 103    1986  78     12       83
  MINIMUM         47    538 AM  35    1959  48     -1       42
  AVERAGE         69                        63      6       63

PRECIPITATION (IN)
  YESTERDAY        0.00          0.54 1953   0.04  -0.04     0.00
  MONTH TO DATE    1.28                      1.20   0.08     0.30
  SINCE OCT 1     12.18                      8.40   3.78     6.98
  SINCE JAN 1      8.86                      4.99   3.87     2.23

DEGREE DAYS
 HEATING
  YESTERDAY        0                         4     -4        2
  MONTH TO DATE  164                       201    -37      112
  SINCE MAR 1   1144                      1312   -168      918
  SINCE JUL 1   6018                      5942     76     4908

 COOLING
  YESTERDAY        4                         2      2        0
  MONTH TO DATE   19                        31    -12       33
  SINCE MAR 1     19                        32    -13       33
  SINCE JAN 1     19                        32    -13       33
..................................................................


WIND (MPH)
  HIGHEST WIND SPEED     9   HIGHEST WIND DIRECTION     N (20)
  HIGHEST GUST SPEED    12   HIGHEST GUST DIRECTION     N (20)
  AVERAGE WIND SPEED     3.1


SKY COVER
  AVERAGE SKY COVER 0.0


WEATHER CONDITIONS
 THE FOLLOWING WEATHER WAS RECORDED YESTERDAY.
  NO SIGNIFICANT WEATHER WAS OBSERVED.


RELATIVE HUMIDITY (PERCENT)
 HIGHEST    71           400 AM
 LOWEST     15           600 PM
 AVERAGE    43

..........................................................


THE ONTARIO OR CLIMATE NORMALS FOR TODAY
                         NORMAL    RECORD    YEAR
 MAXIMUM TEMPERATURE (F)   79       102      1972
 MINIMUM TEMPERATURE (F)   48        37      1988
                                             1946


SUNRISE AND SUNSET
MAY 30 2017...........SUNRISE   609 AM MDT   SUNSET   923 PM MDT
MAY 31 2017...........SUNRISE   609 AM MDT   SUNSET   924 PM MDT


-  INDICATES NEGATIVE NUMBERS.
R  INDICATES RECORD WAS SET OR TIED.
MM INDICATES DATA IS MISSING.
T  INDICATES TRACE AMOUNT.




$$
