000
CDUS45 KBOI 250932
CLIONO


CLIMATE REPORT
NATIONAL WEATHER SERVICE BOISE ID
331 AM MDT FRI JUL 25 2014


...................................

...THE ONTARIO OR CLIMATE SUMMARY FOR JULY 24 2014...

CLIMATE NORMAL PERIOD 1981 TO 2010
CLIMATE RECORD PERIOD 1948 TO 2014


WEATHER ITEM   OBSERVED TIME   RECORD YEAR NORMAL DEPARTURE LAST
                VALUE   (LST)  VALUE       VALUE  FROM      YEAR
                                                  NORMAL
..................................................................
TEMPERATURE (F)
 YESTERDAY
  MAXIMUM         80    510 PM 110    2003  96    -16       96
  MINIMUM         57    623 AM  45    1970  59     -2       64
  AVERAGE         69                        78     -9       80

PRECIPITATION (IN)
  YESTERDAY        0.00          0.12 1977   0.00   0.00     0.00
  MONTH TO DATE    0.01                      0.26  -0.25     0.00
  SINCE OCT 1      6.52                      9.43  -2.91     5.55
  SINCE JAN 1      5.01                      6.02  -1.01     2.61

DEGREE DAYS
 HEATING
  YESTERDAY        0                         0      0        0
  MONTH TO DATE    0                         0      0        0
  SINCE JUN 1     28                        52    -24       39
  SINCE JUL 1      0                         0      0        0

 COOLING
  YESTERDAY        4                        13     -9       15
  MONTH TO DATE  399                       260    139      397
  SINCE JUN 1    556                       399    157      601
  SINCE JAN 1    604                       435    169      648
..................................................................


WIND (MPH)
  HIGHEST WIND SPEED    26   HIGHEST WIND DIRECTION    NW (320)
  HIGHEST GUST SPEED    35   HIGHEST GUST DIRECTION    NW (330)
  AVERAGE WIND SPEED     8.9


SKY COVER
  AVERAGE SKY COVER 0.0


WEATHER CONDITIONS
 THE FOLLOWING WEATHER WAS RECORDED YESTERDAY.
  NO SIGNIFICANT WEATHER WAS OBSERVED.


RELATIVE HUMIDITY (PERCENT)
 HIGHEST    55           600 AM
 LOWEST     17           400 PM
 AVERAGE    36

..........................................................


THE ONTARIO OR CLIMATE NORMALS FOR TODAY
                         NORMAL    RECORD    YEAR
 MAXIMUM TEMPERATURE (F)   96       106      1978
 MINIMUM TEMPERATURE (F)   59        49      1957


SUNRISE AND SUNSET
JULY 25 2014..........SUNRISE   629 AM MDT   SUNSET   920 PM MDT
JULY 26 2014..........SUNRISE   630 AM MDT   SUNSET   919 PM MDT


-  INDICATES NEGATIVE NUMBERS.
R  INDICATES RECORD WAS SET OR TIED.
MM INDICATES DATA IS MISSING.
T  INDICATES TRACE AMOUNT.




$$
