000
CDUS45 KBOI 270932
CLIONO


CLIMATE REPORT
NATIONAL WEATHER SERVICE BOISE ID
331 AM MDT SUN JUL 27 2014


...................................

...THE ONTARIO OR CLIMATE SUMMARY FOR JULY 26 2014...

CLIMATE NORMAL PERIOD 1981 TO 2010
CLIMATE RECORD PERIOD 1948 TO 2014


WEATHER ITEM   OBSERVED TIME   RECORD YEAR NORMAL DEPARTURE LAST
                VALUE   (LST)  VALUE       VALUE  FROM      YEAR
                                                  NORMAL
..................................................................
TEMPERATURE (F)
 YESTERDAY
  MAXIMUM         96    451 PM 107    2006  96      0      104
  MINIMUM         55    542 AM  46    1993  59     -4       67
  AVERAGE         76                        78     -2       86

PRECIPITATION (IN)
  YESTERDAY        0.00          0.26 1977   0.00   0.00     0.00
  MONTH TO DATE    0.01                      0.27  -0.26     0.00
  SINCE OCT 1      6.52                      9.44  -2.92     5.55
  SINCE JAN 1      5.01                      6.03  -1.02     2.61

DEGREE DAYS
 HEATING
  YESTERDAY        0                         0      0        0
  MONTH TO DATE    0                         0      0        0
  SINCE JUN 1     28                        52    -24       39
  SINCE JUL 1      0                         0      0        0

 COOLING
  YESTERDAY       11                        13     -2       21
  MONTH TO DATE  417                       286    131      436
  SINCE JUN 1    574                       425    149      640
  SINCE JAN 1    622                       461    161      687
..................................................................


WIND (MPH)
  HIGHEST WIND SPEED    10   HIGHEST WIND DIRECTION     N (340)
  HIGHEST GUST SPEED    14   HIGHEST GUST DIRECTION    NE (30)
  AVERAGE WIND SPEED     3.2


SKY COVER
  AVERAGE SKY COVER 0.0


WEATHER CONDITIONS
 THE FOLLOWING WEATHER WAS RECORDED YESTERDAY.
  NO SIGNIFICANT WEATHER WAS OBSERVED.


RELATIVE HUMIDITY (PERCENT)
 HIGHEST    66           600 AM
 LOWEST      8           600 PM
 AVERAGE    37

..........................................................


THE ONTARIO OR CLIMATE NORMALS FOR TODAY
                         NORMAL    RECORD    YEAR
 MAXIMUM TEMPERATURE (F)   96       107      1996
 MINIMUM TEMPERATURE (F)   59        47      1948


SUNRISE AND SUNSET
JULY 27 2014..........SUNRISE   631 AM MDT   SUNSET   918 PM MDT
JULY 28 2014..........SUNRISE   632 AM MDT   SUNSET   917 PM MDT


-  INDICATES NEGATIVE NUMBERS.
R  INDICATES RECORD WAS SET OR TIED.
MM INDICATES DATA IS MISSING.
T  INDICATES TRACE AMOUNT.




$$
