000
CDUS45 KBOI 210959
CLIONO


CLIMATE REPORT
NATIONAL WEATHER SERVICE BOISE ID
259 AM MST FRI NOV 21 2014


...................................

...THE ONTARIO OR CLIMATE SUMMARY FOR NOVEMBER 20 2014...

CLIMATE NORMAL PERIOD 1981 TO 2010
CLIMATE RECORD PERIOD 1948 TO 2014


WEATHER ITEM   OBSERVED TIME   RECORD YEAR NORMAL DEPARTURE LAST
                VALUE   (LST)  VALUE       VALUE  FROM      YEAR
                                                  NORMAL
..................................................................
TEMPERATURE (F)
 YESTERDAY
  MAXIMUM         27    335 PM  70    2003  45    -18       47
  MINIMUM         15   1259 AM   5    1994  25    -10       31
  AVERAGE         21                        35    -14       39

PRECIPITATION (IN)
  YESTERDAY        0.04          0.27 2013   0.04   0.00     0.27
  MONTH TO DATE    1.13                      0.70   0.43     0.80
  SINCE OCT 1      1.66                      1.33   0.33     1.06
  SINCE JAN 1      7.62                      7.98  -0.36     4.83

DEGREE DAYS
 HEATING
  YESTERDAY       44                        30     14       26
  MONTH TO DATE  653                       516    137      484
  SINCE SEP 1   1000                      1093    -93     1062
  SINCE JUL 1   1001                      1109   -108     1062

 COOLING
  YESTERDAY        0                         0      0        0
  MONTH TO DATE    0                         0      0        0
  SINCE SEP 1     91                        59     32      127
  SINCE JAN 1   1088                       852    236     1299
..................................................................


WIND (MPH)
  HIGHEST WIND SPEED     6   HIGHEST WIND DIRECTION     E (100)
  HIGHEST GUST SPEED     7   HIGHEST GUST DIRECTION     S (170)
  AVERAGE WIND SPEED     1.0


SKY COVER
  AVERAGE SKY COVER 0.7


WEATHER CONDITIONS
 THE FOLLOWING WEATHER WAS RECORDED YESTERDAY.
  LIGHT SNOW
  FOG
  HAZE


RELATIVE HUMIDITY (PERCENT)
 HIGHEST    88          1200 AM
 LOWEST     68          1200 PM
 AVERAGE    78

..........................................................


THE ONTARIO OR CLIMATE NORMALS FOR TODAY
                         NORMAL    RECORD    YEAR
 MAXIMUM TEMPERATURE (F)   45        65      1974
 MINIMUM TEMPERATURE (F)   25         1      1994


SUNRISE AND SUNSET
NOVEMBER 21 2014......SUNRISE   751 AM MST   SUNSET   517 PM MST
NOVEMBER 22 2014......SUNRISE   752 AM MST   SUNSET   516 PM MST


-  INDICATES NEGATIVE NUMBERS.
R  INDICATES RECORD WAS SET OR TIED.
MM INDICATES DATA IS MISSING.
T  INDICATES TRACE AMOUNT.




$$
