000
CDUS46 KSGX 270017
CLIONT


CLIMATE REPORT
NATIONAL WEATHER SERVICE SAN DIEGO, CA
517 PM PDT THU MAR 26 2015


...................................

...THE ONTARIO INTL AIRPORT CA CLIMATE SUMMARY FOR MARCH 26 2015...
VALID TODAY AS OF 0500 PM LOCAL TIME.

CLIMATE NORMAL PERIOD 1981 TO 2010
CLIMATE RECORD PERIOD 1998 TO 2015


WEATHER ITEM   OBSERVED TIME   RECORD YEAR NORMAL DEPARTURE LAST
                VALUE   (LST)  VALUE       VALUE  FROM      YEAR
                                                  NORMAL
..................................................................
TEMPERATURE (F)
 TODAY
  MAXIMUM         93R   227 PM  80    2003  71     22       66
  MINIMUM         54    305 AM  41    2005  48      6       53
  AVERAGE         74                        59     15       60

PRECIPITATION (IN)
  TODAY            0.00          0.27 2012   0.05  -0.05      T
  MONTH TO DATE    0.19                      2.11  -1.92     0.50
  SINCE OCT 1      8.43                     12.98  -4.55     3.55
  SINCE JAN 1      2.79                      8.81  -6.02     2.67

SNOWFALL (IN)
  TODAY            0.0
  MONTH TO DATE    0.0
  SINCE MAR 1      0.0
  SINCE JUL 1      0.0
  SNOW DEPTH       0

DEGREE DAYS
 HEATING
  TODAY            0                         6     -6        5
  MONTH TO DATE   57                       183   -126       55
  SINCE MAR 1     57                       183   -126       55
  SINCE JUL 1    657                      1340   -683      741

 COOLING
  TODAY            9                         0      9        0
  MONTH TO DATE   85                         6     79       31
  SINCE MAR 1     85                         6     79       31
  SINCE JAN 1    115                        12    103       61
..................................................................


WIND (MPH)
  RESULTANT WIND SPEED   2   RESULTANT WIND DIRECTION  NE (30)
  HIGHEST WIND SPEED    22   HIGHEST WIND DIRECTION    NE (60)
  HIGHEST GUST SPEED    30   HIGHEST GUST DIRECTION    NE (50)
  AVERAGE WIND SPEED     4.0


SKY COVER
  POSSIBLE SUNSHINE  MM
  AVERAGE SKY COVER 0.1


WEATHER CONDITIONS
 THE FOLLOWING WEATHER WAS RECORDED TODAY.
  NO SIGNIFICANT WEATHER WAS OBSERVED.


RELATIVE HUMIDITY (PERCENT)
 HIGHEST    55           200 AM
 LOWEST      9           100 PM
 AVERAGE    32

..........................................................


THE ONTARIO INTL AIRPORT CA CLIMATE NORMALS FOR TOMORROW
                         NORMAL    RECORD    YEAR
 MAXIMUM TEMPERATURE (F)   71        79      2010
 MINIMUM TEMPERATURE (F)   48        44      2012


SUNRISE AND SUNSET
MARCH 26 2015.........SUNRISE   646 AM PDT   SUNSET   707 PM PDT
MARCH 27 2015.........SUNRISE   645 AM PDT   SUNSET   707 PM PDT


-  INDICATES NEGATIVE NUMBERS.
R  INDICATES RECORD WAS SET OR TIED.
MM INDICATES DATA IS MISSING.
T  INDICATES TRACE AMOUNT.




$$
