000
CDUS46 KSGX 280120
CLIONT


CLIMATE REPORT
NATIONAL WEATHER SERVICE SAN DIEGO, CA
520 PM PST THU NOV 27 2014


...................................

...THE ONTARIO INTL AIRPORT CA CLIMATE SUMMARY FOR NOVEMBER 27 2014...
VALID TODAY AS OF 0500 PM LOCAL TIME.

CLIMATE NORMAL PERIOD 1981 TO 2010
CLIMATE RECORD PERIOD 1998 TO 2014


WEATHER ITEM   OBSERVED TIME   RECORD YEAR NORMAL DEPARTURE LAST
                VALUE   (LST)  VALUE       VALUE  FROM      YEAR
                                                  NORMAL
..................................................................
TEMPERATURE (F)
 TODAY
  MAXIMUM         88R   246 PM  81    2011  69     19       75
  MINIMUM         49    518 AM  35    2010  44      5       51
  AVERAGE         69                        56     13       63

PRECIPITATION (IN)
  TODAY            0.00          0.34 2004   0.03  -0.03     0.00
  MONTH TO DATE    0.72                      1.13  -0.41     0.29
  SINCE JUL 1      1.15                      2.26  -1.11     0.53
  SINCE JAN 1      4.64                     12.64  -8.00     3.32

SNOWFALL (IN)
  TODAY            0.0
  MONTH TO DATE    0.0
  SINCE JAN 1      0.0
  SINCE JUL 1      0.0
  SNOW DEPTH       0

DEGREE DAYS
 HEATING
  TODAY            0                         9     -9        2
  MONTH TO DATE   61                       148    -87      100
  SINCE SEP 1     61                       193   -132      143
  SINCE JUL 1     61                       193   -132      143

 COOLING
  TODAY            4                         0      4        0
  MONTH TO DATE   42                        21     21       25
  SINCE SEP 1    777                       481    296      524
  SINCE JAN 1   2396                      1704    692     1997
..................................................................


WIND (MPH)
  RESULTANT WIND SPEED   1   RESULTANT WIND DIRECTION  NE (60)
  HIGHEST WIND SPEED     8   HIGHEST WIND DIRECTION    NE (30)
  HIGHEST GUST SPEED     9   HIGHEST GUST DIRECTION    NE (40)
  AVERAGE WIND SPEED     2.9


SKY COVER
  POSSIBLE SUNSHINE  MM
  AVERAGE SKY COVER 0.4


WEATHER CONDITIONS
 THE FOLLOWING WEATHER WAS RECORDED TODAY.
  NO SIGNIFICANT WEATHER WAS OBSERVED.


RELATIVE HUMIDITY (PERCENT)
 HIGHEST    41           100 AM
 LOWEST      7           200 PM
 AVERAGE    24

..........................................................


THE ONTARIO INTL AIRPORT CA CLIMATE NORMALS FOR TOMORROW
                         NORMAL    RECORD    YEAR
 MAXIMUM TEMPERATURE (F)   69        80      2002
 MINIMUM TEMPERATURE (F)   44        35      2001


SUNRISE AND SUNSET
NOVEMBER 27 2014......SUNRISE   634 AM PST   SUNSET   442 PM PST
NOVEMBER 28 2014......SUNRISE   635 AM PST   SUNSET   442 PM PST


-  INDICATES NEGATIVE NUMBERS.
R  INDICATES RECORD WAS SET OR TIED.
MM INDICATES DATA IS MISSING.
T  INDICATES TRACE AMOUNT.




$$
