000
CDUS46 KSGX 230122
CLIONT


CLIMATE REPORT
NATIONAL WEATHER SERVICE SAN DIEGO, CA
522 PM PST SAT NOV 22 2014


...................................

...THE ONTARIO INTL AIRPORT CA CLIMATE SUMMARY FOR NOVEMBER 22 2014...
VALID TODAY AS OF 0500 PM LOCAL TIME.

CLIMATE NORMAL PERIOD 1981 TO 2010
CLIMATE RECORD PERIOD 1998 TO 2014


WEATHER ITEM   OBSERVED TIME   RECORD YEAR NORMAL DEPARTURE LAST
                VALUE   (LST)  VALUE       VALUE  FROM      YEAR
                                                  NORMAL
..................................................................
TEMPERATURE (F)
 TODAY
  MAXIMUM         72    226 PM  84    2005  71      1       60
  MINIMUM         47    436 AM  40    2011  45      2       48
  AVERAGE         60                        58      2       54

PRECIPITATION (IN)
  TODAY            0.00          0.01 2010   0.05  -0.05      T
  MONTH TO DATE    0.72                      0.97  -0.25     0.29
  SINCE JUL 1      1.15                      2.10  -0.95     0.53
  SINCE JAN 1      4.64                     12.48  -7.84     3.32

SNOWFALL (IN)
  TODAY            0.0
  MONTH TO DATE    0.0
  SINCE JAN 1      0.0
  SINCE JUL 1      0.0
  SNOW DEPTH       0

DEGREE DAYS
 HEATING
  TODAY            5                         7     -2       11
  MONTH TO DATE   54                       107    -53       65
  SINCE SEP 1     54                       152    -98      108
  SINCE JUL 1     54                       152    -98      108

 COOLING
  TODAY            0                         0      0        0
  MONTH TO DATE   35                        21     14       25
  SINCE SEP 1    770                       481    289      524
  SINCE JAN 1   2389                      1704    685     1997
..................................................................


WIND (MPH)
  RESULTANT WIND SPEED   1   RESULTANT WIND DIRECTION   N (340)
  HIGHEST WIND SPEED    10   HIGHEST WIND DIRECTION     W (250)
  HIGHEST GUST SPEED    17   HIGHEST GUST DIRECTION     W (270)
  AVERAGE WIND SPEED     2.7


SKY COVER
  POSSIBLE SUNSHINE  MM
  AVERAGE SKY COVER 0.4


WEATHER CONDITIONS
 THE FOLLOWING WEATHER WAS RECORDED TODAY.
  NO SIGNIFICANT WEATHER WAS OBSERVED.


RELATIVE HUMIDITY (PERCENT)
 HIGHEST    80           600 AM
 LOWEST     35           200 PM
 AVERAGE    58

..........................................................


THE ONTARIO INTL AIRPORT CA CLIMATE NORMALS FOR TOMORROW
                         NORMAL    RECORD    YEAR
 MAXIMUM TEMPERATURE (F)   70        84      2012
 MINIMUM TEMPERATURE (F)   45        37      2003


SUNRISE AND SUNSET
NOVEMBER 22 2014......SUNRISE   630 AM PST   SUNSET   443 PM PST
NOVEMBER 23 2014......SUNRISE   631 AM PST   SUNSET   443 PM PST


-  INDICATES NEGATIVE NUMBERS.
R  INDICATES RECORD WAS SET OR TIED.
MM INDICATES DATA IS MISSING.
T  INDICATES TRACE AMOUNT.




$$
