000
CDUS46 KSGX 231436
CLIONT


CLIMATE REPORT
NATIONAL WEATHER SERVICE SAN DIEGO, CA
736 AM PDT THU MAR 23 2017


...................................

...THE ONTARIO INTL AIRPORT CA CLIMATE SUMMARY FOR MARCH 22 2017...

CLIMATE NORMAL PERIOD 1981 TO 2010
CLIMATE RECORD PERIOD 1998 TO 2017


WEATHER ITEM   OBSERVED TIME   RECORD YEAR NORMAL DEPARTURE LAST
                VALUE   (LST)  VALUE       VALUE  FROM      YEAR
                                                  NORMAL
..................................................................
TEMPERATURE (F)
 YESTERDAY
  MAXIMUM         69    111 PM  87    2008  71     -2       71
                                      2004
  MINIMUM         53   1159 PM  40    2006  47      6       53
  AVERAGE         61                        59      2       62

PRECIPITATION (IN)
  YESTERDAY        T             0.79 2005   0.04  -0.04     0.00
  MONTH TO DATE    0.14                      1.93  -1.79     1.37
  SINCE OCT 1     15.02                     12.80   2.22     6.11
  SINCE JAN 1     10.14                      8.63   1.51     3.99

DEGREE DAYS
 HEATING
  YESTERDAY        4                         6     -2        3
  MONTH TO DATE   77                       159    -82       84
  SINCE MAR 1     77                       159    -82       84
  SINCE JUL 1   1174                      1316   -142     1093

 COOLING
  YESTERDAY        0                         0      0        0
  MONTH TO DATE   54                         6     48       18
  SINCE MAR 1     54                         6     48       18
  SINCE JAN 1     55                        12     43       61
..................................................................


WIND (MPH)
  RESULTANT WIND SPEED  10   RESULTANT WIND DIRECTION   W (250)
  HIGHEST WIND SPEED    18   HIGHEST WIND DIRECTION     W (270)
  HIGHEST GUST SPEED    25   HIGHEST GUST DIRECTION     W (260)
  AVERAGE WIND SPEED     9.8


SKY COVER
  POSSIBLE SUNSHINE  MM
  AVERAGE SKY COVER 0.9


WEATHER CONDITIONS
 THE FOLLOWING WEATHER WAS RECORDED YESTERDAY.
  LIGHT RAIN
  FOG


RELATIVE HUMIDITY (PERCENT)
 HIGHEST   100          1200 AM
 LOWEST     45           200 PM
 AVERAGE    73

..........................................................


THE ONTARIO INTL AIRPORT CA CLIMATE NORMALS FOR TODAY
                         NORMAL    RECORD    YEAR
 MAXIMUM TEMPERATURE (F)   71        88      2008
 MINIMUM TEMPERATURE (F)   48        38      2009


SUNRISE AND SUNSET
MARCH 23 2017.........SUNRISE   650 AM PDT   SUNSET   705 PM PDT
MARCH 24 2017.........SUNRISE   648 AM PDT   SUNSET   705 PM PDT


-  INDICATES NEGATIVE NUMBERS.
R  INDICATES RECORD WAS SET OR TIED.
MM INDICATES DATA IS MISSING.
T  INDICATES TRACE AMOUNT.




$$
