000
CDUS46 KSGX 281421
CLIONT


CLIMATE REPORT
NATIONAL WEATHER SERVICE SAN DIEGO, CA
621 AM PST SAT FEB 28 2015


...................................

...THE ONTARIO INTL AIRPORT CA CLIMATE SUMMARY FOR FEBRUARY 27 2015...

CLIMATE NORMAL PERIOD 1981 TO 2010
CLIMATE RECORD PERIOD 1998 TO 2015


WEATHER ITEM   OBSERVED TIME   RECORD YEAR NORMAL DEPARTURE LAST
                VALUE   (LST)  VALUE       VALUE  FROM      YEAR
                                                  NORMAL
..................................................................
TEMPERATURE (F)
 YESTERDAY
  MAXIMUM         61    320 PM  82    2002  67     -6       69
  MINIMUM         48    503 AM  32    2011  46      2       54
  AVERAGE         55                        57     -2       62

PRECIPITATION (IN)
  YESTERDAY        T             1.39 2010   0.11  -0.11     0.36
  MONTH TO DATE    1.45                      3.30  -1.85     0.52
  SINCE OCT 1      8.03                     10.78  -2.75     1.50
  SINCE JAN 1      2.39                      6.61  -4.22     0.62

SNOWFALL (IN)
  YESTERDAY       MM
  MONTH TO DATE    0.0
  SINCE JAN 1      0.0
  SINCE JUL 1      0.0
  SNOW DEPTH       0

DEGREE DAYS
 HEATING
  YESTERDAY       10                         8      2        3
  MONTH TO DATE   80                       258   -178      134
  SINCE DEC 1    520                       925   -405      520
  SINCE JUL 1    590                      1147   -557      678

 COOLING
  YESTERDAY        0                         0      0        0
  MONTH TO DATE   17                         0     17       11
  SINCE DEC 1     32                         5     27       34
  SINCE JAN 1     30                         3     27       30
..................................................................


WIND (MPH)
  RESULTANT WIND SPEED   4   RESULTANT WIND DIRECTION   W (260)
  HIGHEST WIND SPEED    14   HIGHEST WIND DIRECTION     W (250)
  HIGHEST GUST SPEED    18   HIGHEST GUST DIRECTION     W (260)
  AVERAGE WIND SPEED     5.3


SKY COVER
  POSSIBLE SUNSHINE  MM
  AVERAGE SKY COVER 0.9


WEATHER CONDITIONS
 THE FOLLOWING WEATHER WAS RECORDED YESTERDAY.
  LIGHT RAIN
  FOG


RELATIVE HUMIDITY (PERCENT)
 HIGHEST   100           400 AM
 LOWEST     55          1200 PM
 AVERAGE    78

..........................................................


THE ONTARIO INTL AIRPORT CA CLIMATE NORMALS FOR TODAY
                         NORMAL    RECORD    YEAR
 MAXIMUM TEMPERATURE (F)   68        83      2009
 MINIMUM TEMPERATURE (F)   46        38      2011


SUNRISE AND SUNSET
FEBRUARY 28 2015......SUNRISE   621 AM PST   SUNSET   546 PM PST
MARCH  1 2015.........SUNRISE   619 AM PST   SUNSET   547 PM PST


-  INDICATES NEGATIVE NUMBERS.
R  INDICATES RECORD WAS SET OR TIED.
MM INDICATES DATA IS MISSING.
T  INDICATES TRACE AMOUNT.




$$
