000
CDUS43 KLOT 060647
CLIORD


CLIMATE REPORT
NATIONAL WEATHER SERVICE CHICAGO IL
143 AM CDT FRI MAY 6 2016


...................................

...THE CHICAGO-OHARE CLIMATE SUMMARY FOR MAY 5 2016...

CLIMATE NORMAL PERIOD 1981 TO 2010
CLIMATE RECORD PERIOD 1871 TO 2016


WEATHER ITEM   OBSERVED TIME   RECORD YEAR NORMAL DEPARTURE LAST
                VALUE   (LST)  VALUE       VALUE  FROM      YEAR
                                                  NORMAL
..................................................................
TEMPERATURE (F)
 YESTERDAY
  MAXIMUM         61    144 PM  94    1949  67     -6       56
  MINIMUM         41    547 AM  32    1992  45     -4       47
  AVERAGE         51                        56     -5       52

PRECIPITATION (IN)
  YESTERDAY        0.00          1.66 1892   0.12  -0.12     0.95
  MONTH TO DATE    0.91                      0.58   0.33     1.37
  SINCE MAR 1      7.05                      6.46   0.59     5.34
  SINCE JAN 1      9.12                      9.98  -0.86     8.20

SNOWFALL (IN)
  YESTERDAY        0.0           0.0    MM   0.0    0.0      0.0
  MONTH TO DATE    0.0                       0.0    0.0      0.0
  SINCE MAR 1      3.7                       6.8   -3.1      7.1
  SINCE JUL 1     31.2                      36.6   -5.4     50.7
  SNOW DEPTH       0

DEGREE DAYS
 HEATING
  YESTERDAY       14                        10      4       13
  MONTH TO DATE   73                        52     21       27
  SINCE MAR 1   1255                      1385   -130     1397
  SINCE JUL 1   5263                      6119   -856     6577

 COOLING
  YESTERDAY        0                         1     -1        0
  MONTH TO DATE    0                         3     -3        2
  SINCE MAR 1      7                        13     -6        2
  SINCE JAN 1      7                        13     -6        2
..................................................................


WIND (MPH)
  HIGHEST WIND SPEED    22   HIGHEST WIND DIRECTION     N (360)
  HIGHEST GUST SPEED    29   HIGHEST GUST DIRECTION    NE (30)
  AVERAGE WIND SPEED     9.1


SKY COVER
  POSSIBLE SUNSHINE  MM
  AVERAGE SKY COVER 0.3


WEATHER CONDITIONS
 THE FOLLOWING WEATHER WAS RECORDED YESTERDAY.
  NO SIGNIFICANT WEATHER WAS OBSERVED.


RELATIVE HUMIDITY (PERCENT)
 HIGHEST    73           500 AM
 LOWEST     47           400 PM
 AVERAGE    60

..........................................................


THE CHICAGO-OHARE CLIMATE NORMALS FOR TODAY
                         NORMAL    RECORD    YEAR
 MAXIMUM TEMPERATURE (F)   67        91      1949
 MINIMUM TEMPERATURE (F)   45        30      1992


SUNRISE AND SUNSET
MAY  6 2016...........SUNRISE   541 AM CDT   SUNSET   756 PM CDT
MAY  7 2016...........SUNRISE   539 AM CDT   SUNSET   757 PM CDT


-  INDICATES NEGATIVE NUMBERS.
R  INDICATES RECORD WAS SET OR TIED.
MM INDICATES DATA IS MISSING.
T  INDICATES TRACE AMOUNT.




$$
