000
CDUS41 KAKQ 242145
CLIORF


CLIMATE REPORT
NATIONAL WEATHER SERVICE WAKEFIELD, VA
545 PM EDT MON APR 24 2017


...................................

...THE NORFOLK VA CLIMATE SUMMARY FOR APRIL 24 2017...
VALID TODAY AS OF 0500 PM LOCAL TIME.

CLIMATE NORMAL PERIOD 1981 TO 2010
CLIMATE RECORD PERIOD 1871 TO 2017


WEATHER ITEM   OBSERVED TIME   RECORD YEAR NORMAL DEPARTURE LAST
                VALUE   (LST)  VALUE       VALUE  FROM      YEAR
                                                  NORMAL
..................................................................
TEMPERATURE (F)
 TODAY
  MAXIMUM         62    102 PM  95    1960  70     -8       62
  MINIMUM         56   1230 AM  40    1951  51      5       49
                                      1931
                                      1930
  AVERAGE         59

PRECIPITATION (IN)
  TODAY            0.05          1.62 1983   0.11  -0.06     0.00
  MONTH TO DATE    1.92                      2.74  -0.82     1.96
  SINCE MAR 1      6.53                      6.42   0.11     5.42
  SINCE JAN 1     11.60                     12.94  -1.34    16.29

SNOWFALL (IN)
  TODAY            0.0
  MONTH TO DATE    0.0
  SINCE NOV 1      5.4
  SINCE JUL 1      5.4
  SNOW DEPTH       0

DEGREE DAYS
 HEATING
  TODAY            6                         6      0        9
  MONTH TO DATE   94                       207   -113      215
  SINCE MAR 1    566                       699   -133      510
  SINCE JUL 1   2618                      3268   -650     2426

 COOLING
  TODAY            0                         2     -2        0
  MONTH TO DATE   78                        28     50       21
  SINCE MAR 1     94                        34     60       39
  SINCE JAN 1     97                        35     62       39
..................................................................


WIND (MPH)
  RESULTANT WIND SPEED  14   RESULTANT WIND DIRECTION  NE (60)
  HIGHEST WIND SPEED    20   HIGHEST WIND DIRECTION    NE (50)
  HIGHEST GUST SPEED    27   HIGHEST GUST DIRECTION    NE (60)


SKY COVER
  POSSIBLE SUNSHINE  MM
  AVERAGE SKY COVER 0.9


WEATHER CONDITIONS
 THE FOLLOWING WEATHER WAS RECORDED TODAY.
  LIGHT RAIN
  FOG


RELATIVE HUMIDITY (PERCENT)
 HIGHEST    97
 LOWEST     86
 AVERAGE    92

..........................................................


THE NORFOLK VA CLIMATE NORMALS FOR TOMORROW
                         NORMAL    RECORD    YEAR
 MAXIMUM TEMPERATURE (F)   70        96      1960
 MINIMUM TEMPERATURE (F)   52        38      1919


SUNRISE AND SUNSET
APRIL 24 2017.........SUNRISE   619 AM EDT   SUNSET   748 PM EDT
APRIL 25 2017.........SUNRISE   617 AM EDT   SUNSET   749 PM EDT


-  INDICATES NEGATIVE NUMBERS.
R  INDICATES RECORD WAS SET OR TIED.
MM INDICATES DATA IS MISSING.
T  INDICATES TRACE AMOUNT.




$$
