000
CDUS41 KAKQ 210634
CLIORF


CLIMATE REPORT
NATIONAL WEATHER SERVICE WAKEFIELD, VA
133 AM EST SAT JAN 21 2017


...................................

...THE NORFOLK VA CLIMATE SUMMARY FOR JANUARY 20 2017...

CLIMATE NORMAL PERIOD 1981 TO 2010
CLIMATE RECORD PERIOD 1871 TO 2017


WEATHER ITEM   OBSERVED TIME   RECORD YEAR NORMAL DEPARTURE LAST
                VALUE   (LST)  VALUE       VALUE  FROM      YEAR
                                                  NORMAL
..................................................................
TEMPERATURE (F)
 YESTERDAY
  MAXIMUM         54   1109 AM  74    1951  48      6       37
  MINIMUM         40    154 AM   3    1985  33      7       24
  AVERAGE         47                        40      7       31

PRECIPITATION (IN)
  YESTERDAY        0.20          1.30 1883   0.11   0.09      T
  MONTH TO DATE    3.43                      2.20   1.23     1.70
  SINCE DEC 1      5.97                      5.46   0.51     5.07
  SINCE JAN 1      3.43                      2.20   1.23     1.70

SNOWFALL (IN)
  YESTERDAY        0.0           3.3  1918   0.0    0.0
  MONTH TO DATE    5.3                       1.6    3.7
  SINCE NOV 1      5.3                       2.8    2.5
  SINCE JUL 1      5.3                       2.8    2.5
  SNOW DEPTH       0

DEGREE DAYS
 HEATING
  YESTERDAY       18                        25     -7       34
  MONTH TO DATE  418                       495    -77      472
  SINCE DEC 1   1025                      1144   -119      727
  SINCE JUL 1   1488                      1674   -186     1066

 COOLING
  YESTERDAY        0                         0      0        0
  MONTH TO DATE    0                         0      0        0
  SINCE DEC 1      0                         1     -1       29
  SINCE JAN 1      0                         0      0        0
..................................................................


WIND (MPH)
  HIGHEST WIND SPEED    10   HIGHEST WIND DIRECTION    SE (150)
  HIGHEST GUST SPEED    13   HIGHEST GUST DIRECTION     E (100)
  AVERAGE WIND SPEED     3.6


SKY COVER
  POSSIBLE SUNSHINE  MM
  AVERAGE SKY COVER 0.5


WEATHER CONDITIONS
 THE FOLLOWING WEATHER WAS RECORDED YESTERDAY.
  HEAVY RAIN
  RAIN
  LIGHT RAIN
  FOG


RELATIVE HUMIDITY (PERCENT)
 HIGHEST   100           900 PM
 LOWEST     66          1100 AM
 AVERAGE    83

..........................................................


THE NORFOLK VA CLIMATE NORMALS FOR TODAY
                         NORMAL    RECORD    YEAR
 MAXIMUM TEMPERATURE (F)   48        74      1935
 MINIMUM TEMPERATURE (F)   33        -3      1985


SUNRISE AND SUNSET
JANUARY 21 2017.......SUNRISE   714 AM EST   SUNSET   519 PM EST
JANUARY 22 2017.......SUNRISE   714 AM EST   SUNSET   520 PM EST


-  INDICATES NEGATIVE NUMBERS.
R  INDICATES RECORD WAS SET OR TIED.
MM INDICATES DATA IS MISSING.
T  INDICATES TRACE AMOUNT.




$$
