000
CDUS41 KAKQ 220645
CLIORF


CLIMATE REPORT
NATIONAL WEATHER SERVICE WAKEFIELD, VA
145 AM EST WED FEB 22 2017


...................................

...THE NORFOLK VA CLIMATE SUMMARY FOR FEBRUARY 21 2017...

CLIMATE NORMAL PERIOD 1981 TO 2010
CLIMATE RECORD PERIOD 1871 TO 2017


WEATHER ITEM   OBSERVED TIME   RECORD YEAR NORMAL DEPARTURE LAST
                VALUE   (LST)  VALUE       VALUE  FROM      YEAR
                                                  NORMAL
..................................................................
TEMPERATURE (F)
 YESTERDAY
  MAXIMUM         56   1226 PM  79    2014  52      4       72
  MINIMUM         43    420 AM  10    2015  35      8       50
  AVERAGE         50                        44      6       61

PRECIPITATION (IN)
  YESTERDAY        0.00          1.33 1929   0.12  -0.12      T
  MONTH TO DATE    0.65                      2.32  -1.67     5.30
  SINCE DEC 1      7.60                      8.98  -1.38    13.29
  SINCE JAN 1      5.06                      5.72  -0.66     9.92

SNOWFALL (IN)
  YESTERDAY        0.0           1.2  1963   0.0    0.0
  MONTH TO DATE    0.0                       1.6   -1.6
  SINCE NOV 1      5.3                       5.2    0.1
  SINCE JUL 1      5.3                       5.2    0.1
  SNOW DEPTH       0

DEGREE DAYS
 HEATING
  YESTERDAY       15                        21     -6        4
  MONTH TO DATE  337                       482   -145      472
  SINCE DEC 1   1552                      1894   -342     1460
  SINCE JUL 1   2015                      2424   -409     1799

 COOLING
  YESTERDAY        0                         0      0        0
  MONTH TO DATE    0                         0      0        0
  SINCE DEC 1      0                         1     -1       29
  SINCE JAN 1      0                         0      0        0
..................................................................


WIND (MPH)
  HIGHEST WIND SPEED    14   HIGHEST WIND DIRECTION     E (70)
  HIGHEST GUST SPEED    17   HIGHEST GUST DIRECTION    NE (40)
  AVERAGE WIND SPEED     5.8


SKY COVER
  POSSIBLE SUNSHINE  MM
  AVERAGE SKY COVER 0.0


WEATHER CONDITIONS
 THE FOLLOWING WEATHER WAS RECORDED YESTERDAY.
  NO SIGNIFICANT WEATHER WAS OBSERVED.


RELATIVE HUMIDITY (PERCENT)
 HIGHEST    89           500 AM
 LOWEST     54           300 PM
 AVERAGE    72

..........................................................


THE NORFOLK VA CLIMATE NORMALS FOR TODAY
                         NORMAL    RECORD    YEAR
 MAXIMUM TEMPERATURE (F)   52        77      2003
 MINIMUM TEMPERATURE (F)   35        16      1963


SUNRISE AND SUNSET
FEBRUARY 22 2017......SUNRISE   644 AM EST   SUNSET   552 PM EST
FEBRUARY 23 2017......SUNRISE   643 AM EST   SUNSET   553 PM EST


-  INDICATES NEGATIVE NUMBERS.
R  INDICATES RECORD WAS SET OR TIED.
MM INDICATES DATA IS MISSING.
T  INDICATES TRACE AMOUNT.




$$
