000
CDUS41 KBOX 192128
CLIORH


CLIMATE REPORT
NATIONAL WEATHER SERVICE TAUNTON MA
417 PM EST FRI JAN 19 2018


...................................

...THE WORCESTER MA CLIMATE SUMMARY FOR JANUARY 19 2018...
VALID AS OF 0400 PM LOCAL TIME.

CLIMATE NORMAL PERIOD 1981 TO 2010
CLIMATE RECORD PERIOD 1892 TO 2018


WEATHER ITEM   OBSERVED TIME   RECORD YEAR NORMAL DEPARTURE LAST
                VALUE   (LST)  VALUE       VALUE  FROM      YEAR
                                                  NORMAL
..................................................................
TEMPERATURE (F)
 TODAY
  MAXIMUM         29    359 PM  58    1929  31     -2       41
                                      1915
  MINIMUM         16    734 AM -10    1938  16      0       30
  AVERAGE         23                        24     -1       36

PRECIPITATION (IN)
  TODAY            0.00          1.48 1996   0.11  -0.11     0.00
  MONTH TO DATE    2.37                      2.12   0.25     2.83
  SINCE DEC 1      5.22                      5.94  -0.72     6.63
  SINCE JAN 1      2.37                      2.12   0.25     2.83

SNOWFALL (IN)
  TODAY            0.0           8.8  1936   0.5   -0.5      0.0
  MONTH TO DATE   21.1                      10.5   10.6      9.7
  SINCE DEC 1     34.5                      24.9    9.6     27.2
  SINCE JUL 1     34.5                      27.7    6.8     27.2
  SNOW DEPTH      MM

DEGREE DAYS
 HEATING
  TODAY           42                        41      1       29
  MONTH TO DATE  852                       775     77      695
  SINCE DEC 1   2082                      1877    205     1785
  SINCE JUL 1   3218                      3279    -61     2972

 COOLING
  TODAY            0                         0      0        0
  MONTH TO DATE    0                         0      0        0
  SINCE DEC 1      0                         0      0        0
  SINCE JAN 1      0                         0      0        0
..................................................................


WIND (MPH)
  HIGHEST WIND SPEED    21   HIGHEST WIND DIRECTION     W (290)
  HIGHEST GUST SPEED    24   HIGHEST GUST DIRECTION     W (280)
  AVERAGE WIND SPEED    11.6


SKY COVER
  POSSIBLE SUNSHINE  MM
  AVERAGE SKY COVER 0.4


WEATHER CONDITIONS
 THE FOLLOWING WEATHER WAS RECORDED TODAY.
  NO SIGNIFICANT WEATHER WAS OBSERVED.


RELATIVE HUMIDITY (PERCENT)
 HIGHEST    80          1200 AM
 LOWEST     57          1200 PM
 AVERAGE    69

..........................................................


THE WORCESTER MA CLIMATE NORMALS FOR TOMORROW
                         NORMAL    RECORD    YEAR
 MAXIMUM TEMPERATURE (F)   31        56      1951
 MINIMUM TEMPERATURE (F)   16        -8      1971
                                             1901


SUNRISE AND SUNSET
JANUARY 19 2018.......SUNRISE   712 AM EST   SUNSET   445 PM EST
JANUARY 20 2018.......SUNRISE   711 AM EST   SUNSET   446 PM EST


-  INDICATES NEGATIVE NUMBERS.
R  INDICATES RECORD WAS SET OR TIED.
MM INDICATES DATA IS MISSING.
T  INDICATES TRACE AMOUNT.




$$
