000
CDUS41 KBOX 270542
CLIORH


CLIMATE REPORT
NATIONAL WEATHER SERVICE TAUNTON MA
140 AM EDT TUE JUN 27 2017


...................................

...THE WORCESTER MA CLIMATE SUMMARY FOR JUNE 26 2017...

CLIMATE NORMAL PERIOD 1981 TO 2010
CLIMATE RECORD PERIOD 1892 TO 2017


WEATHER ITEM   OBSERVED TIME   RECORD YEAR NORMAL DEPARTURE LAST
                VALUE   (LST)  VALUE       VALUE  FROM      YEAR
                                                  NORMAL
..................................................................
TEMPERATURE (F)
 YESTERDAY
  MAXIMUM         74    344 PM  98    1952  77     -3       84
  MINIMUM         54    530 AM  45    1986  59     -5       58
  AVERAGE         64                        68     -4       71

PRECIPITATION (IN)
  YESTERDAY        0.00          1.25 1958   0.13  -0.13     0.00
  MONTH TO DATE    3.25                      3.70  -0.45     1.38
  SINCE JUN 1      3.25                      3.70  -0.45     1.38
  SINCE JAN 1     24.33                     22.93   1.40    17.10

SNOWFALL (IN)
  YESTERDAY        0.0           T    1945   0.0    0.0      0.0
  MONTH TO DATE    0.0                       0.0    0.0      0.0
  SINCE JUN 1      0.0                       0.0    0.0      0.0
  SINCE JUL 1     78.3                      64.1   14.2     47.2
  SNOW DEPTH      MM

DEGREE DAYS
 HEATING
  YESTERDAY        1                         1      0        0
  MONTH TO DATE   78                        78      0       51
  SINCE JUN 1     78                        78      0       51
  SINCE JUL 1   6263                      6712   -449     5762

 COOLING
  YESTERDAY        0                         4     -4        6
  MONTH TO DATE   98                        67     31       49
  SINCE JUN 1     98                        67     31       49
  SINCE JAN 1    132                        89     43       91
..................................................................


WIND (MPH)
  RESULTANT WIND SPEED   8   RESULTANT WIND DIRECTION   W (270)
  HIGHEST WIND SPEED    17   HIGHEST WIND DIRECTION    SW (240)
  HIGHEST GUST SPEED    21   HIGHEST GUST DIRECTION    SW (240)
  AVERAGE WIND SPEED     7.6


SKY COVER
  POSSIBLE SUNSHINE  MM
  AVERAGE SKY COVER 0.3


WEATHER CONDITIONS
 THE FOLLOWING WEATHER WAS RECORDED YESTERDAY.
  NO SIGNIFICANT WEATHER WAS OBSERVED.


RELATIVE HUMIDITY (PERCENT)
 HIGHEST    93           200 AM
 LOWEST     41           300 PM
 AVERAGE    67

..........................................................


THE WORCESTER MA CLIMATE NORMALS FOR TODAY
                         NORMAL    RECORD    YEAR
 MAXIMUM TEMPERATURE (F)   77        93      1901
 MINIMUM TEMPERATURE (F)   59        46      1940


SUNRISE AND SUNSET
JUNE 27 2017..........SUNRISE   513 AM EDT   SUNSET   828 PM EDT
JUNE 28 2017..........SUNRISE   513 AM EDT   SUNSET   828 PM EDT


-  INDICATES NEGATIVE NUMBERS.
R  INDICATES RECORD WAS SET OR TIED.
MM INDICATES DATA IS MISSING.
T  INDICATES TRACE AMOUNT.




$$
