000
CDUS41 KBOX 210547
CLIORH


CLIMATE REPORT
NATIONAL WEATHER SERVICE TAUNTON MA
144 AM EDT MON APR 21 2014


...................................

...THE WORCESTER MA CLIMATE SUMMARY FOR APRIL 20 2014...

CLIMATE NORMAL PERIOD 1981 TO 2010
CLIMATE RECORD PERIOD 1892 TO 2014


WEATHER ITEM   OBSERVED TIME   RECORD YEAR NORMAL DEPARTURE LAST
                VALUE   (LST)  VALUE       VALUE  FROM      YEAR
                                                  NORMAL
..................................................................
TEMPERATURE (F)
 YESTERDAY
  MAXIMUM         55    427 PM  91    1941  57     -2       64
  MINIMUM         36   1159 PM  20    1926  39     -3       35
  AVERAGE         46                        48     -2       50

PRECIPITATION (IN)
  YESTERDAY        0.00          1.66 1950   0.13  -0.13     0.42
  MONTH TO DATE    2.35                      2.83  -0.48     1.76
  SINCE MAR 1      7.77                      7.04   0.73     5.44
  SINCE JAN 1     14.95                     13.76   1.19    12.32

SNOWFALL (IN)
  YESTERDAY        0.0           2.5  1947   0.1   -0.1      0.0
  MONTH TO DATE    0.6                       2.4   -1.8      0.0
  SINCE MAR 1      4.3                      13.8   -9.5     30.9
  SINCE JUL 1     85.2                      63.7   21.5    108.9
  SNOW DEPTH       0

DEGREE DAYS
 HEATING
  YESTERDAY       19                        17      2       15
  MONTH TO DATE  399                       418    -19      403
  SINCE MAR 1   1527                      1357    170     1367
  SINCE JUL 1   6581                      6194    387     5804

 COOLING
  YESTERDAY        0                         0      0        0
  MONTH TO DATE    0                         0      0        0
  SINCE MAR 1      0                         0      0        0
  SINCE JAN 1      0                         0      0        0
..................................................................


WIND (MPH)
  RESULTANT WIND SPEED   3   RESULTANT WIND DIRECTION   E (100)
  HIGHEST WIND SPEED    14   HIGHEST WIND DIRECTION     S (190)
  HIGHEST GUST SPEED    19   HIGHEST GUST DIRECTION     E (100)
  AVERAGE WIND SPEED     7.8


SKY COVER
  POSSIBLE SUNSHINE  MM
  AVERAGE SKY COVER 0.0


WEATHER CONDITIONS
 THE FOLLOWING WEATHER WAS RECORDED YESTERDAY.
  NO SIGNIFICANT WEATHER WAS OBSERVED.


RELATIVE HUMIDITY (PERCENT)
 HIGHEST    64          1100 PM
 LOWEST     20           300 PM
 AVERAGE    42

..........................................................


THE WORCESTER MA CLIMATE NORMALS FOR TODAY
                         NORMAL    RECORD    YEAR
 MAXIMUM TEMPERATURE (F)   58        83      1957
                                             1954
 MINIMUM TEMPERATURE (F)   39        24      1908


SUNRISE AND SUNSET
APRIL 21 2014.........SUNRISE   557 AM EDT   SUNSET   736 PM EDT
APRIL 22 2014.........SUNRISE   556 AM EDT   SUNSET   737 PM EDT


-  INDICATES NEGATIVE NUMBERS.
R  INDICATES RECORD WAS SET OR TIED.
MM INDICATES DATA IS MISSING.
T  INDICATES TRACE AMOUNT.




$$
