758
CDUS41 KBOX 270534
CLIORH


CLIMATE REPORT
NATIONAL WEATHER SERVICE TAUNTON MA
133 AM EDT TUE SEP 27 2016


...................................

...THE WORCESTER MA CLIMATE SUMMARY FOR SEPTEMBER 26 2016...

CLIMATE NORMAL PERIOD 1981 TO 2010
CLIMATE RECORD PERIOD 1892 TO 2016


WEATHER ITEM   OBSERVED TIME   RECORD YEAR NORMAL DEPARTURE LAST
                VALUE   (LST)  VALUE       VALUE  FROM      YEAR
                                                  NORMAL
..................................................................
TEMPERATURE (F)
 YESTERDAY
  MAXIMUM         64    252 PM  91    1930  66     -2       63
  MINIMUM         40    552 AM  28    1925  49     -9       42
  AVERAGE         52                        57     -5       53

PRECIPITATION (IN)
  YESTERDAY        0.00          2.10 1977   0.14  -0.14     0.00
  MONTH TO DATE    2.62                      3.31  -0.69     1.63
  SINCE SEP 1      2.62                      3.31  -0.69     1.63
  SINCE JAN 1     26.02                     34.67  -8.65    28.35

SNOWFALL (IN)
  YESTERDAY        0.0           0.0  2015   0.0    0.0      0.0
  MONTH TO DATE    0.0                       0.0    0.0      0.0
  SINCE SEP 1      0.0                       0.0    0.0      0.0
  SINCE JUL 1      0.0                       0.0    0.0      0.0
  SNOW DEPTH      MM

DEGREE DAYS
 HEATING
  YESTERDAY       13                         8      5       12
  MONTH TO DATE   56                       116    -60       51
  SINCE SEP 1     56                       116    -60       51
  SINCE JUL 1     65                       155    -90       52

 COOLING
  YESTERDAY        0                         0      0        0
  MONTH TO DATE   75                        41     34       97
  SINCE SEP 1     75                        41     34       97
  SINCE JAN 1    663                       467    196      654
..................................................................


WIND (MPH)
  RESULTANT WIND SPEED   4   RESULTANT WIND DIRECTION  SW (220)
  HIGHEST WIND SPEED    15   HIGHEST WIND DIRECTION    SW (210)
  HIGHEST GUST SPEED    27   HIGHEST GUST DIRECTION     W (250)
  AVERAGE WIND SPEED     7.2


SKY COVER
  POSSIBLE SUNSHINE  MM
  AVERAGE SKY COVER 0.1


WEATHER CONDITIONS
 THE FOLLOWING WEATHER WAS RECORDED YESTERDAY.
  NO SIGNIFICANT WEATHER WAS OBSERVED.


RELATIVE HUMIDITY (PERCENT)
 HIGHEST    77          1000 PM
 LOWEST     39          1200 PM
 AVERAGE    58

..........................................................


THE WORCESTER MA CLIMATE NORMALS FOR TODAY
                         NORMAL    RECORD    YEAR
 MAXIMUM TEMPERATURE (F)   65        85      1933
 MINIMUM TEMPERATURE (F)   49        30      1957


SUNRISE AND SUNSET
SEPTEMBER 27 2016.....SUNRISE   641 AM EDT   SUNSET   635 PM EDT
SEPTEMBER 28 2016.....SUNRISE   642 AM EDT   SUNSET   633 PM EDT


-  INDICATES NEGATIVE NUMBERS.
R  INDICATES RECORD WAS SET OR TIED.
MM INDICATES DATA IS MISSING.
T  INDICATES TRACE AMOUNT.




$$
