000
CDUS43 KDMX 280631 RRB
CLIOTM

CLIMATE REPORT
NATIONAL WEATHER SERVICE DES MOINES IA
1227 AM CST FRI NOV 28 2014


...................................

...THE OTTUMWA IA CLIMATE SUMMARY FOR NOVEMBER 27 2014...

CLIMATE NORMAL PERIOD 1981 TO 2010
CLIMATE RECORD PERIOD 1920 TO 2014


WEATHER ITEM   OBSERVED TIME   RECORD YEAR NORMAL DEPARTURE LAST
                VALUE   (LST)  VALUE       VALUE  FROM      YEAR
                                                  NORMAL
..................................................................
TEMPERATURE (F)
 YESTERDAY
  MAXIMUM         27   1238 AM  69    1998  42    -15       26
  MINIMUM          8    647 PM   3    1936  24    -16       11
  AVERAGE         18                        33    -15       19

PRECIPITATION (IN)
  YESTERDAY        0.00          1.43 1983   0.07  -0.07     0.00
  MONTH TO DATE    1.17                      2.17  -1.00     1.76
  SINCE SEP 1      8.84                      8.79   0.05     7.21
  SINCE JAN 1     40.13                     35.49   4.64    36.32

DEGREE DAYS
 HEATING
  YESTERDAY       47                        32     15       46
  MONTH TO DATE  880                       674    206      739
  SINCE SEP 1   1402                      1187    215     1211
  SINCE JUL 1   1415                      1198    217     1227

 COOLING
  YESTERDAY        0                         0      0        0
  MONTH TO DATE    0                         0      0        0
  SINCE SEP 1     69                       104    -35      199
  SINCE JAN 1    801                       938   -137     1014
..................................................................


WIND (MPH)
  HIGHEST WIND SPEED    21   HIGHEST WIND DIRECTION    NW (320)
  HIGHEST GUST SPEED    26   HIGHEST GUST DIRECTION    NW (310)
  AVERAGE WIND SPEED    11.3


SKY COVER
  POSSIBLE SUNSHINE  MM
  AVERAGE SKY COVER 0.5


WEATHER CONDITIONS
 THE FOLLOWING WEATHER WAS RECORDED YESTERDAY.
  LIGHT SNOW
  FOG


RELATIVE HUMIDITY (PERCENT)
 HIGHEST    88           200 AM
 LOWEST     55           100 PM
 AVERAGE    72

..........................................................


THE OTTUMWA IA CLIMATE NORMALS FOR TODAY
                         NORMAL    RECORD    YEAR
 MAXIMUM TEMPERATURE (F)   42        65      1941
 MINIMUM TEMPERATURE (F)   24        -1      1976


SUNRISE AND SUNSET
NOVEMBER 28 2014......SUNRISE   712 AM CST   SUNSET   443 PM CST
NOVEMBER 29 2014......SUNRISE   713 AM CST   SUNSET   443 PM CST


-  INDICATES NEGATIVE NUMBERS.
R  INDICATES RECORD WAS SET OR TIED.
MM INDICATES DATA IS MISSING.
T  INDICATES TRACE AMOUNT.




$$
