827
CDUS43 KDMX 300632 RRA
CLIOTM

CLIMATE REPORT
NATIONAL WEATHER SERVICE DES MOINES IA
132 AM CDT SAT JUL 30 2016

...................................

...THE OTTUMWA IA CLIMATE SUMMARY FOR JULY 29 2016...

CLIMATE NORMAL PERIOD 1981 TO 2010
CLIMATE RECORD PERIOD 1920 TO 2016


WEATHER ITEM   OBSERVED TIME   RECORD YEAR NORMAL DEPARTURE LAST
                VALUE   (LST)  VALUE       VALUE  FROM      YEAR
                                                  NORMAL
..................................................................
TEMPERATURE (F)
 YESTERDAY
  MAXIMUM         76    400 PM 104    1941  85     -9       83
  MINIMUM         62    427 AM  49    2013  64     -2       64
  AVERAGE         69                        75     -6       74

PRECIPITATION (IN)
  YESTERDAY        0.00          2.47 1910   0.13  -0.13     0.40
  MONTH TO DATE    3.89                      4.19  -0.30     6.76
  SINCE JUN 1      6.47                      9.28  -2.81    14.54
  SINCE JAN 1     14.51                     21.81  -7.30    24.41

DEGREE DAYS
 HEATING
  YESTERDAY        0                         0      0        0
  MONTH TO DATE    7                         0      7        6
  SINCE JUN 1      8                        21    -13       16
  SINCE JUL 1      7                         0      7        6

 COOLING
  YESTERDAY        4                        10     -6        9
  MONTH TO DATE  260                       290    -30      257
  SINCE JUN 1    534                       491     43      461
  SINCE JAN 1    605                       555     50      522
..................................................................


WIND (MPH)
  HIGHEST WIND SPEED    16   HIGHEST WIND DIRECTION     N (340)
  HIGHEST GUST SPEED    20   HIGHEST GUST DIRECTION    NW (320)
  AVERAGE WIND SPEED     8.0


SKY COVER
  POSSIBLE SUNSHINE  MM
  AVERAGE SKY COVER 0.6


WEATHER CONDITIONS
 THE FOLLOWING WEATHER WAS RECORDED YESTERDAY.
  NO SIGNIFICANT WEATHER WAS OBSERVED.


RELATIVE HUMIDITY (PERCENT)
 HIGHEST   100           300 AM
 LOWEST     68           200 PM
 AVERAGE    84

..........................................................


THE OTTUMWA IA CLIMATE NORMALS FOR TODAY
                         NORMAL    RECORD    YEAR
 MAXIMUM TEMPERATURE (F)   85       105      1935
 MINIMUM TEMPERATURE (F)   64        48      1971


SUNRISE AND SUNSET
JULY 30 2016..........SUNRISE   604 AM CDT   SUNSET   828 PM CDT
JULY 31 2016..........SUNRISE   605 AM CDT   SUNSET   827 PM CDT


-  INDICATES NEGATIVE NUMBERS.
R  INDICATES RECORD WAS SET OR TIED.
MM INDICATES DATA IS MISSING.
T  INDICATES TRACE AMOUNT.

$$

SMALL
