000
CDUS43 KDMX 010630 RRC
CLIOTM

CLIMATE REPORT
NATIONAL WEATHER SERVICE DES MOINES IA
128 AM CDT TUE SEP 1 2015


...................................

...THE OTTUMWA IA CLIMATE SUMMARY FOR AUGUST 31 2015...

CLIMATE NORMAL PERIOD 1981 TO 2010
CLIMATE RECORD PERIOD 1920 TO 2015


WEATHER ITEM   OBSERVED TIME   RECORD YEAR NORMAL DEPARTURE LAST
                VALUE   (LST)  VALUE       VALUE  FROM      YEAR
                                                  NORMAL
..................................................................
TEMPERATURE (F)
 YESTERDAY
  MAXIMUM         88    340 PM 100    1912  81      7       87
                                      1947
  MINIMUM         62    542 AM  42    1915  59      3       63
  AVERAGE         75                        70      5       75

PRECIPITATION (IN)
  YESTERDAY        0.00          1.77 1989   0.15  -0.15     1.36
  MONTH TO DATE    1.30                      4.61  -3.31     7.77
  SINCE JUN 1     15.85                     14.17   1.68    21.04
  SINCE JAN 1     25.05                     26.70  -1.65    34.15

DEGREE DAYS
 HEATING
  YESTERDAY        0                         1     -1        0
  MONTH TO DATE   16                         4     12        0
  SINCE JUN 1     32                        32      0       22
  SINCE JUL 1     22                        11     11       13

 COOLING
  YESTERDAY       10                         6      4       10
  MONTH TO DATE  187                       255    -68      243
  SINCE JUN 1    667                       770   -103      621
  SINCE JAN 1    728                       834   -106      732
..................................................................


WIND (MPH)
  HIGHEST WIND SPEED    16   HIGHEST WIND DIRECTION     S (180)
  HIGHEST GUST SPEED    20   HIGHEST GUST DIRECTION     S (180)
  AVERAGE WIND SPEED     7.0


SKY COVER
  POSSIBLE SUNSHINE  MM
  AVERAGE SKY COVER 0.1


WEATHER CONDITIONS
 THE FOLLOWING WEATHER WAS RECORDED YESTERDAY.
  FOG
  FOG W/VISIBILITY <= 1/4 MILE


RELATIVE HUMIDITY (PERCENT)
 HIGHEST   100          1200 AM
 LOWEST     59           300 PM
 AVERAGE    80

..........................................................


THE OTTUMWA IA CLIMATE NORMALS FOR TODAY
                         NORMAL    RECORD    YEAR
 MAXIMUM TEMPERATURE (F)   81       103      1911
 MINIMUM TEMPERATURE (F)   59        42      1949


SUNRISE AND SUNSET
SEPTEMBER  1 2015.....SUNRISE   636 AM CDT   SUNSET   743 PM CDT
SEPTEMBER  2 2015.....SUNRISE   637 AM CDT   SUNSET   741 PM CDT


-  INDICATES NEGATIVE NUMBERS.
R  INDICATES RECORD WAS SET OR TIED.
MM INDICATES DATA IS MISSING.
T  INDICATES TRACE AMOUNT.




$$
