000
CDUS43 KDMX 170657 RRB
CLIOTM

CLIMATE REPORT
NATIONAL WEATHER SERVICE DES MOINES IA
155 AM CDT THU AUG 17 2017


...................................

...THE OTTUMWA IA CLIMATE SUMMARY FOR AUGUST 16 2017...

CLIMATE NORMAL PERIOD 1981 TO 2010
CLIMATE RECORD PERIOD 1920 TO 2017


WEATHER ITEM   OBSERVED TIME   RECORD YEAR NORMAL DEPARTURE LAST
                VALUE   (LST)  VALUE       VALUE  FROM      YEAR
                                                  NORMAL
..................................................................
TEMPERATURE (F)
 YESTERDAY
  MAXIMUM         87    415 PM 106    1936  84      3       85
  MINIMUM         68    522 AM  49    2013  63      5       62
  AVERAGE         78                        73      5       74

PRECIPITATION (IN)
  YESTERDAY        T             2.22 2009   0.17  -0.17      T
  MONTH TO DATE    1.16                      2.37  -1.21     2.22
  SINCE JUN 1      2.77                     11.93  -9.16     8.69
  SINCE JAN 1     15.23                     24.46  -9.23    17.60

DEGREE DAYS
 HEATING
  YESTERDAY        0                         0      0        0
  MONTH TO DATE    0                         0      0        0
  SINCE JUN 1     10                        23    -13        8
  SINCE JUL 1      0                         2     -2        7

 COOLING
  YESTERDAY       13                         8      5        9
  MONTH TO DATE   98                       145    -47      159
  SINCE JUN 1    782                       660    122      707
  SINCE JAN 1    843                       724    119      778
..................................................................


WIND (MPH)
  HIGHEST WIND SPEED    21   HIGHEST WIND DIRECTION    SE (130)
  HIGHEST GUST SPEED    27   HIGHEST GUST DIRECTION     S (170)
  AVERAGE WIND SPEED    10.2


SKY COVER
  POSSIBLE SUNSHINE  MM
  AVERAGE SKY COVER 0.4


WEATHER CONDITIONS
 THE FOLLOWING WEATHER WAS RECORDED YESTERDAY.
  LIGHT RAIN
  FOG


RELATIVE HUMIDITY (PERCENT)
 HIGHEST   100           200 AM
 LOWEST     57           500 PM
 AVERAGE    79

..........................................................


THE OTTUMWA IA CLIMATE NORMALS FOR TODAY
                         NORMAL    RECORD    YEAR
 MAXIMUM TEMPERATURE (F)   84       104      1988
 MINIMUM TEMPERATURE (F)   63        49      2013
                                             2012
                                             1897


SUNRISE AND SUNSET
AUGUST 17 2017........SUNRISE   622 AM CDT   SUNSET   805 PM CDT
AUGUST 18 2017........SUNRISE   623 AM CDT   SUNSET   804 PM CDT


-  INDICATES NEGATIVE NUMBERS.
R  INDICATES RECORD WAS SET OR TIED.
MM INDICATES DATA IS MISSING.
T  INDICATES TRACE AMOUNT.




$$
