000
CDUS43 KDMX 300631 RRB
CLIOTM

CLIMATE REPORT
NATIONAL WEATHER SERVICE DES MOINES IA
129 AM CDT SAT MAY 30 2015


...................................

...THE OTTUMWA IA CLIMATE SUMMARY FOR MAY 29 2015...

CLIMATE NORMAL PERIOD 1981 TO 2010
CLIMATE RECORD PERIOD 1920 TO 2015


WEATHER ITEM   OBSERVED TIME   RECORD YEAR NORMAL DEPARTURE LAST
                VALUE   (LST)  VALUE       VALUE  FROM      YEAR
                                                  NORMAL
..................................................................
TEMPERATURE (F)
 YESTERDAY
  MAXIMUM         78   1202 PM 103    1934  76      2       85
  MINIMUM         63    221 AM  33    1947  55      8       62
  AVERAGE         71                        66      5       74

PRECIPITATION (IN)
  YESTERDAY        0.06          1.39 1982   0.16  -0.10      T
  MONTH TO DATE    4.74                      4.38   0.36     4.19
  SINCE MAR 1      7.74                     10.02  -2.28    10.29
  SINCE JAN 1      8.90                     12.20  -3.30    13.10

DEGREE DAYS
 HEATING
  YESTERDAY        0                         3     -3        0
  MONTH TO DATE  110                       162    -52      159
  SINCE MAR 1   1226                      1407   -181     1585
  SINCE JUL 1   6357                      6292     65     7098

 COOLING
  YESTERDAY        6                         3      3        9
  MONTH TO DATE   60                        48     12       79
  SINCE MAR 1     61                        59      2       87
  SINCE JAN 1     61                        59      2       87
..................................................................


WIND (MPH)
  HIGHEST WIND SPEED    21   HIGHEST WIND DIRECTION    SW (230)
  HIGHEST GUST SPEED    28   HIGHEST GUST DIRECTION    SW (220)
  AVERAGE WIND SPEED     7.3


SKY COVER
  POSSIBLE SUNSHINE  MM
  AVERAGE SKY COVER 0.7


WEATHER CONDITIONS
 THE FOLLOWING WEATHER WAS RECORDED YESTERDAY.
  THUNDERSTORM
  LIGHT RAIN
  FOG


RELATIVE HUMIDITY (PERCENT)
 HIGHEST   100           500 AM
 LOWEST     74          1200 PM
 AVERAGE    87

..........................................................


THE OTTUMWA IA CLIMATE NORMALS FOR TODAY
                         NORMAL    RECORD    YEAR
 MAXIMUM TEMPERATURE (F)   77       102      1934
 MINIMUM TEMPERATURE (F)   55        39      1947


SUNRISE AND SUNSET
MAY 30 2015...........SUNRISE   541 AM CDT   SUNSET   834 PM CDT
MAY 31 2015...........SUNRISE   540 AM CDT   SUNSET   835 PM CDT


-  INDICATES NEGATIVE NUMBERS.
R  INDICATES RECORD WAS SET OR TIED.
MM INDICATES DATA IS MISSING.
T  INDICATES TRACE AMOUNT.




$$
