000
CDUS43 KDMX 210637 RRC
CLIOTM

CLIMATE REPORT
NATIONAL WEATHER SERVICE DES MOINES IA
135 AM CDT SAT OCT 21 2017


...................................

...THE OTTUMWA IA CLIMATE SUMMARY FOR OCTOBER 20 2017...

CLIMATE NORMAL PERIOD 1981 TO 2010
CLIMATE RECORD PERIOD 1920 TO 2017


WEATHER ITEM   OBSERVED TIME   RECORD YEAR NORMAL DEPARTURE LAST
                VALUE   (LST)  VALUE       VALUE  FROM      YEAR
                                                  NORMAL
..................................................................
TEMPERATURE (F)
 YESTERDAY
  MAXIMUM         76    255 PM  85    1947  62     14       56
  MINIMUM         52    655 AM  21    1960  40     12       38
  AVERAGE         64                        51     13       47

PRECIPITATION (IN)
  YESTERDAY        0.00          0.90 1929   0.09  -0.09     0.00
  MONTH TO DATE    2.08                      1.84   0.24     0.89
  SINCE SEP 1      5.75                      5.63   0.12     1.90
  SINCE JAN 1     21.59                     32.33 -10.74    23.09

DEGREE DAYS
 HEATING
  YESTERDAY        1                        14    -13       18
  MONTH TO DATE   94                       223   -129      118
  SINCE SEP 1    131                       333   -202      151
  SINCE JUL 1    131                       344   -213      158

 COOLING
  YESTERDAY        0                         0      0        0
  MONTH TO DATE   23                         9     14       42
  SINCE SEP 1    192                       102     90      215
  SINCE JAN 1   1117                       936    181     1114
..................................................................


WIND (MPH)
  HIGHEST WIND SPEED    22   HIGHEST WIND DIRECTION     S (170)
  HIGHEST GUST SPEED    26   HIGHEST GUST DIRECTION     S (170)
  AVERAGE WIND SPEED    12.7


SKY COVER
  POSSIBLE SUNSHINE  MM
  AVERAGE SKY COVER 0.0


WEATHER CONDITIONS
 THE FOLLOWING WEATHER WAS RECORDED YESTERDAY.
  NO SIGNIFICANT WEATHER WAS OBSERVED.


RELATIVE HUMIDITY (PERCENT)
 HIGHEST    89           400 AM
 LOWEST     43           300 PM
 AVERAGE    66

..........................................................


THE OTTUMWA IA CLIMATE NORMALS FOR TODAY
                         NORMAL    RECORD    YEAR
 MAXIMUM TEMPERATURE (F)   62        87      1947
 MINIMUM TEMPERATURE (F)   40        18      1930


SUNRISE AND SUNSET
OCTOBER 21 2017.......SUNRISE   728 AM CDT   SUNSET   620 PM CDT
OCTOBER 22 2017.......SUNRISE   729 AM CDT   SUNSET   618 PM CDT


-  INDICATES NEGATIVE NUMBERS.
R  INDICATES RECORD WAS SET OR TIED.
MM INDICATES DATA IS MISSING.
T  INDICATES TRACE AMOUNT.




$$
