000
CDUS46 KOTX 290851
CLIOTX


CLIMATE REPORT
NATIONAL WEATHER SERVICE SPOKANE, WA
150 AM PDT SAT APR 29 2017


...................................

...THE SPOKANE  WA WFO CLIMATE SUMMARY FOR APRIL 28 2017...

CLIMATE NORMAL PERIOD 1981 TO 2010
CLIMATE RECORD PERIOD 1881 TO 2017


WEATHER ITEM   OBSERVED TIME   RECORD YEAR NORMAL DEPARTURE LAST
                VALUE   (LST)  VALUE       VALUE  FROM      YEAR
                                                  NORMAL
..................................................................
TEMPERATURE (F)
 YESTERDAY
  MAXIMUM         57        MM  MM      MM  61     -4       64
  MINIMUM         32        MM  MM      MM  36     -4       41
  AVERAGE         45                        49     -4       53

PRECIPITATION (IN)
  YESTERDAY        0.01         MM      MM   0.04  -0.03     0.00
  MONTH TO DATE    1.90                      1.17   0.73     0.31
  SINCE OCT 1     22.06                     12.24   9.82    14.02
  SINCE JAN 1     11.69                      6.21   5.48     7.27

SNOWFALL (IN)
  YESTERDAY        0.0          MM      MM   0.1   -0.1      0.0
  MONTH TO DATE    0.3                       1.9   -1.6      0.0
  SINCE MAR 1      5.3                       7.2   -1.9       T
  SINCE JUL 1     54.1                      53.6    0.5     32.6
  SNOW DEPTH       0

DEGREE DAYS
 HEATING
  YESTERDAY       20                        16      4       12
  MONTH TO DATE  571                       539     32      338
  SINCE MAR 1   1355                      1348      7     1070
  SINCE JUL 1   6724                      6547    177     5726

 COOLING
  YESTERDAY        0                         0      0        0
  MONTH TO DATE    0                         0      0        0
  SINCE MAR 1      0                         0      0        0
  SINCE JAN 1      0                         0      0        0
..................................................................


WIND (MPH)
  HIGHEST WIND SPEED    MM   HIGHEST WIND DIRECTION    MM
  HIGHEST GUST SPEED    MM   HIGHEST GUST DIRECTION    MM
  AVERAGE WIND SPEED    MM


SKY COVER
  POSSIBLE SUNSHINE  MM
  AVERAGE SKY COVER  MM


WEATHER CONDITIONS
 THE FOLLOWING WEATHER WAS RECORDED YESTERDAY.
  LIGHT RAIN


RELATIVE HUMIDITY (PERCENT)
 HIGHEST    MM
 LOWEST     MM
 AVERAGE    MM

..........................................................


THE SPOKANE  WA WFO CLIMATE NORMALS FOR TODAY
                         NORMAL    RECORD    YEAR
 MAXIMUM TEMPERATURE (F)   61        MM        MM
 MINIMUM TEMPERATURE (F)   37        MM        MM


SUNRISE AND SUNSET
APRIL 29 2017.........SUNRISE   536 AM PDT   SUNSET   801 PM PDT
APRIL 30 2017.........SUNRISE   534 AM PDT   SUNSET   802 PM PDT


-  INDICATES NEGATIVE NUMBERS.
R  INDICATES RECORD WAS SET OR TIED.
MM INDICATES DATA IS MISSING.
T  INDICATES TRACE AMOUNT.




$$
