000
CDUS46 KOTX 270838
CLIOTX


CLIMATE REPORT
NATIONAL WEATHER SERVICE SPOKANE, WA
132 AM PDT MON JUL 27 2015


...................................

...THE SPOKANE  WA WFO CLIMATE SUMMARY FOR JULY 26 2015...

CLIMATE NORMAL PERIOD 1981 TO 2010
CLIMATE RECORD PERIOD 1881 TO 2015


WEATHER ITEM   OBSERVED TIME   RECORD YEAR NORMAL DEPARTURE LAST
                VALUE   (LST)  VALUE       VALUE  FROM      YEAR
                                                  NORMAL
..................................................................
TEMPERATURE (F)
 YESTERDAY
  MAXIMUM         73        MM  MM      MM  85    -12       84
  MINIMUM         50        MM  MM      MM  53     -3       48
  AVERAGE         62                        69     -7       66

PRECIPITATION (IN)
  YESTERDAY        T            MM      MM   0.01  -0.01     0.00
  MONTH TO DATE    0.08                      0.51  -0.43     1.64
  SINCE OCT 1     12.01                     15.92  -3.91    13.90
  SINCE JAN 1      7.30                      9.89  -2.59    11.39

SNOWFALL (IN)
  YESTERDAY        0.0          MM      MM   0.0    0.0      0.0
  MONTH TO DATE    0.0                       0.0    0.0      0.0
  SINCE JUN 1      0.0                       0.0    0.0      0.0
  SINCE JUL 1      0.0                       0.0    0.0      0.0
  SNOW DEPTH      MM

DEGREE DAYS
 HEATING
  YESTERDAY        3                         1      2        0
  MONTH TO DATE    5                        49    -44       12
  SINCE JUN 1     63                       236   -173      203
  SINCE JUL 1      5                        49    -44       12

 COOLING
  YESTERDAY        0                         4     -4        1
  MONTH TO DATE  184                        81    103      181
  SINCE JUN 1    319                       100    219      181
  SINCE JAN 1    336                       105    231      181
..................................................................


WIND (MPH)
  HIGHEST WIND SPEED    MM   HIGHEST WIND DIRECTION    MM
  HIGHEST GUST SPEED    MM   HIGHEST GUST DIRECTION    MM
  AVERAGE WIND SPEED    MM


SKY COVER
  POSSIBLE SUNSHINE  MM
  AVERAGE SKY COVER 0.0


WEATHER CONDITIONS
 THE FOLLOWING WEATHER WAS RECORDED YESTERDAY.
  NO SIGNIFICANT WEATHER WAS OBSERVED.


RELATIVE HUMIDITY (PERCENT)
 HIGHEST    MM
 LOWEST     MM
 AVERAGE    MM

..........................................................


THE SPOKANE  WA WFO CLIMATE NORMALS FOR TODAY
                         NORMAL    RECORD    YEAR
 MAXIMUM TEMPERATURE (F)   85        MM        MM
 MINIMUM TEMPERATURE (F)   53        MM        MM


SUNRISE AND SUNSET
JULY 27 2015..........SUNRISE   521 AM PDT   SUNSET   832 PM PDT
JULY 28 2015..........SUNRISE   523 AM PDT   SUNSET   831 PM PDT


-  INDICATES NEGATIVE NUMBERS.
R  INDICATES RECORD WAS SET OR TIED.
MM INDICATES DATA IS MISSING.
T  INDICATES TRACE AMOUNT.




$$
