000
CDUS46 KOTX 230829
CLIOTX


CLIMATE REPORT
NATIONAL WEATHER SERVICE SPOKANE, WA
1229 AM PST MON JAN 23 2017


...................................

...THE SPOKANE  WA WFO CLIMATE SUMMARY FOR JANUARY 22 2017...

CLIMATE NORMAL PERIOD 1981 TO 2010
CLIMATE RECORD PERIOD 1881 TO 2017


WEATHER ITEM   OBSERVED TIME   RECORD YEAR NORMAL DEPARTURE LAST
                VALUE   (LST)  VALUE       VALUE  FROM      YEAR
                                                  NORMAL
..................................................................
TEMPERATURE (F)
 YESTERDAY
  MAXIMUM         39        MM  MM      MM  34      5       44
  MINIMUM         29        MM  MM      MM  23      6       30
  AVERAGE         34                        28      6       37

PRECIPITATION (IN)
  YESTERDAY        2.20         MM      MM   0.05   2.15     0.10
  MONTH TO DATE    3.64                      1.42   2.22     1.92
  SINCE OCT 1     14.01                      7.45   6.56     8.67
  SINCE JAN 1      3.64                      1.42   2.22     1.92

SNOWFALL (IN)
  YESTERDAY        1.0          MM      MM   0.5    0.5      0.0
  MONTH TO DATE   12.5                      12.1    0.4      5.4
  SINCE DEC 1     31.4                      29.1    2.3     29.6
  SINCE JUL 1     33.6                      37.0   -3.4     31.1
  SNOW DEPTH      10

DEGREE DAYS
 HEATING
  YESTERDAY       31                        36     -5       28
  MONTH TO DATE 1036                       836    200      823
  SINCE DEC 1   2380                      2052    328     1914
  SINCE JUL 1   3936                      3934      2     3574

 COOLING
  YESTERDAY        0                         0      0        0
  MONTH TO DATE    0                         0      0        0
  SINCE DEC 1      0                         0      0        0
  SINCE JAN 1      0                         0      0        0
..................................................................


WIND (MPH)
  HIGHEST WIND SPEED    13   HIGHEST WIND DIRECTION    MM
  HIGHEST GUST SPEED    18   HIGHEST GUST DIRECTION    MM
  AVERAGE WIND SPEED     5.0


SKY COVER
  POSSIBLE SUNSHINE  MM
  AVERAGE SKY COVER  MM


WEATHER CONDITIONS
 THE FOLLOWING WEATHER WAS RECORDED YESTERDAY.
  NO SIGNIFICANT WEATHER WAS OBSERVED.


RELATIVE HUMIDITY (PERCENT)
 HIGHEST   100
 LOWEST     32
 AVERAGE    66

..........................................................


THE SPOKANE  WA WFO CLIMATE NORMALS FOR TODAY
                         NORMAL    RECORD    YEAR
 MAXIMUM TEMPERATURE (F)   34        MM        MM
 MINIMUM TEMPERATURE (F)   23        MM        MM


SUNRISE AND SUNSET
JANUARY 23 2017.......SUNRISE   727 AM PST   SUNSET   438 PM PST
JANUARY 24 2017.......SUNRISE   726 AM PST   SUNSET   440 PM PST


-  INDICATES NEGATIVE NUMBERS.
R  INDICATES RECORD WAS SET OR TIED.
MM INDICATES DATA IS MISSING.
T  INDICATES TRACE AMOUNT.




$$
