000
CDAK49 PAFG 180039
CLIOTZ

CLIMATE REPORT
NATIONAL WEATHER SERVICE FAIRBANKS AK
339 PM AKST SUN DEC 17 2017


...................................

...THE KOTZEBUE AK CLIMATE SUMMARY FOR DECEMBER 17 2017...
VALID TODAY AS OF 0300 PM LOCAL TIME.

CLIMATE NORMAL PERIOD 1981 TO 2010
CLIMATE RECORD PERIOD 1920 TO 2017


WEATHER ITEM   OBSERVED TIME   RECORD YEAR NORMAL DEPARTURE LAST
                VALUE   (LST)  VALUE       VALUE  FROM      YEAR
                                                  NORMAL
..................................................................
TEMPERATURE (F)
 TODAY
  MAXIMUM         19    329 AM  35    1984   9     10       26
  MINIMUM         14    215 PM -44    1940  -4     18       22
  AVERAGE         17                         2     15       24

PRECIPITATION (IN)
  TODAY            T             0.28 1990   0.03  -0.03      T
  MONTH TO DATE    0.51                      0.43   0.08     0.05
  SINCE DEC 1      0.51                      0.43   0.08     0.05
  SINCE JAN 1     13.09                     10.67   2.42     8.21

SNOWFALL (IN)
  TODAY            T             4.1  1990   0.4   -0.4      0.4
  MONTH TO DATE    2.6                       6.6   -4.0      1.0
  SINCE DEC 1      2.6                       6.6   -4.0      1.0
  SINCE JUL 1     43.6                      24.0   19.6      6.6
  SNOW DEPTH      44

DEGREE DAYS
 HEATING
  TODAY           48                        63    -15       41
  MONTH TO DATE  772                      1042   -270     1076
  SINCE DEC 1    772                      1042   -270     1076
  SINCE JUL 1   4589                      5400   -811     4689

 COOLING
  TODAY            0                         0      0        0
  MONTH TO DATE    0                         0      0        0
  SINCE DEC 1      0                         0      0        0
  SINCE JAN 1      1                         5     -4        5
..................................................................


WIND (MPH)
  HIGHEST GUST SPEED    18   HIGHEST GUST DIRECTION     E (70)


SKY COVER
  AVERAGE SKY COVER 1.0


WEATHER CONDITIONS
 THE FOLLOWING WEATHER WAS RECORDED TODAY.
  LT FREEZING RAIN
  FOG
  HAZE


RELATIVE HUMIDITY (PERCENT)
 HIGHEST    88
 LOWEST     74
 AVERAGE    81

..........................................................


THE KOTZEBUE AK CLIMATE NORMALS FOR TOMORROW
                         NORMAL    RECORD    YEAR
 MAXIMUM TEMPERATURE (F)    9        33      1986
 MINIMUM TEMPERATURE (F)   -4       -44      1940


SUNRISE AND SUNSET
DECEMBER 17 2017......SUNRISE  1253 PM AKST  SUNSET   241 PM AKST
DECEMBER 18 2017......SUNRISE  1255 PM AKST  SUNSET   240 PM AKST

-  INDICATES NEGATIVE NUMBERS.
R  INDICATES RECORD WAS SET OR TIED.
MM INDICATES DATA IS MISSING.
T  INDICATES TRACE AMOUNT.

&&

SNOW DEPTH IS MEASURED AT 3AM AKST/4AM AKDT.

----------------------------
AVAILABLE DAYLIGHT

AMOUNT OF DAYLIGHT TODAY  (HOUR:MIN)........1:48
GAIN/LOSS SINCE YESTERDAY (HOUR:MIN:SEC)....-0:03:05

$$
AY DEC 17
