000
CDAK49 PAOT 250126
CLIOTZ

CLIMATE REPORT
NATIONAL WEATHER SERVICE KOTZEBUE, AK
426 PM AKST MON NOV 24 2014

...................................
...THE KOTZEBUE WSO AP CLIMATE SUMMARY FOR NOVEMBER 24 2014...
VALID TODAY AS OF 2:00 PM LOCAL TIME

CLIMATE NORMAL PERIOD  1981 TO  2010
CLIMATE RECORD PERIOD  1897 TO  2014

WEATHER ITEM   OBSERVED TIME    RECORD YEAR NORMAL DEPARTURE LAST
               VALUE    (LST)   VALUE       VALUE  FROM      YEAR
                                                   NORMAL
...................................................................
TEMPERATURE
TODAY
 MAXIMUM            10  1256 AM    35  2002     12      -2     11
 MINIMUM             4  0422 PM   -37  1935      1       3     -6
 AVERAGE             7                           6       1      3

PRECIPITATION
(INCHES)
 TODAY            0.00           0.39  1992   0.03   -0.03   0.00
 MONTH TO DATE    0.18                        0.62   -0.44   1.15
 SINCE SEP 1      2.42                        3.21   -0.79   4.78
 SINCE JAN 1      9.16                       10.09   -0.93  11.24

SNOWFALL
(INCHES)
 TODAY             0.0            5.6  1992    0.4    -0.4    0.0
 MONTH TO DATE     0.1                         8.1    -8.0    9.1
 SINCE SEP 1       3.7                        15.0   -11.3   10.0
 SINCE JUL 1       3.7                        15.0   -11.3   10.0
 SNOW DEPTH (IN)     1                                          3

DEGREE DAYS
 HEATING
  TODAY             58                          59      -1     62
  MONTH TO DATE   1055                        1321    -266   1193
  SINCE SEP 1     2806                        3265    -459   2891
  SINCE JUL 1     3366                        4003    -637   3487

 COOLING
  TODAY              0                           0       0      0
  MONTH TO DATE      0                           0       0      0
  SINCE SEP 1        0                           0       0      0
  SINCE JAN 1       19                           0      19     13
...................................................................

WIND (MPH)
 HIGHEST WIND SPEED     8     HIGHEST WIND DIRECTION    130
 HIGHEST GUST SPEED     9     HIGHEST GUST DIRECTION    120
 AVERAGE WIND SPEED    MM

SKY COVER
  POSSIBLE SUNSHINE  MM            AVERAGE SKY COVER MM

WEATHER CONDITIONS
 THE FOLLOWING WEATHER WAS RECORDED TODAY.
NO SIGNIFICANT WEATHER WAS OBSERVED.

RELATIVE HUMIDITY
 HIGHEST RH     MM PERCENT       MM
 LOWEST  RH     MM PERCENT       MM
 AVERAGE RH     MM PERCENT       MM
...................................................................

THE KOTZEBUE CLIMATE NORMALS FOR TOMORROW
                        NORMAL    RECORD   YEAR
 MAXIMUM TEMPERATURE      12        36     1943
 MINIMUM TEMPERATURE       1       -32     1948

SUNRISE AND SUNSET
 NOV 24 2014..........SUNRISE 11:28 AM      SUNSET  3:47 PM
 NOV 25 2014..........SUNRISE 11:32 AM      SUNSET  3:43 PM

-  INDICATES NEGATIVE NUMBERS.
R  INDICATES RECORD HAS BEEN SET OR TIED.
MM INDICATES DATA IS MISSING.
T  INDICATES TRACE OF PRECIPITATION.

&&
-------------------------------------------------------------------

AMOUNT OF DAYLIGHT TODAY  (HOUR:MIN)........4 HOURS 19 MINUTES
GAIN/LOSS SINCE YESTERDAY (HOUR:MIN:SEC)....-0:07:52

$$
EWH NOV 14
