000
CDAK49 PAOT 011200
CLIOTZ

CLIMATE REPORT
NATIONAL WEATHER SERVICE KOTZEBUE, AK
400 AM AKDT SAT AUG 1 2015

...................................
...THE KOTZEBUE WSO AP CLIMATE SUMMARY FOR JULY 31 2015...

CLIMATE NORMAL PERIOD  1981 TO  2010
CLIMATE RECORD PERIOD  1897 TO  2015

WEATHER ITEM   OBSERVED TIME    RECORD YEAR NORMAL DEPARTURE LAST
               VALUE    (LST)   VALUE       VALUE  FROM      YEAR
                                                   NORMAL
...................................................................
TEMPERATURE
YESTERDAY
 MAXIMUM            58  1207 PM    76  1903     59      -1     57
 MINIMUM            53  0616 PM    33  1936     50       3     53
 AVERAGE            56                          54       2     55

PRECIPITATION
(INCHES)
 YESTERDAY        0.07           0.46  1960   0.07    0.00   0.01
 MONTH TO DATE    0.35                        1.45   -1.10   2.59
 SINCE JUN 1      0.56                        2.03   -1.47   2.97
 SINCE JAN 1      3.07                        4.70   -1.63   5.23

SNOWFALL
(INCHES)
 YESTERDAY         0.0            0.0  2015    0.0     0.0    0.0
 MONTH TO DATE     0.0                         0.0     0.0    0.0
 SINCE JUN 1       0.0                         0.0     0.0    0.0
 SINCE JUL 1       0.0                         0.0     0.0    0.0
 SNOW DEPTH (IN)     0                                          0

DEGREE DAYS
 HEATING
  YESTERDAY          9                          11      -2     10
  MONTH TO DATE    196                         326    -130    354
  SINCE JUN 1      605                         907    -302    971
  SINCE JUL 1      196                         326    -130    354

 COOLING
  YESTERDAY          0                           0       0      0
  MONTH TO DATE     10                           0      10      8
  SINCE JUN 1       14                           0      14      8
  SINCE JAN 1       14                           0      14      8
...................................................................

WIND (MPH)
 HIGHEST WIND SPEED    25     HIGHEST WIND DIRECTION    240
 HIGHEST GUST SPEED    29     HIGHEST GUST DIRECTION    230
 AVERAGE WIND SPEED  14.5

SKY COVER
  POSSIBLE SUNSHINE    MM          AVERAGE SKY COVER     MM

WEATHER CONDITIONS
 THE FOLLOWING WEATHER WAS RECORDED YESTERDAY.
  FOG
  RAIN


RELATIVE HUMIDITY
 HIGHEST RH     MM PERCENT       MM
 LOWEST  RH     MM PERCENT       MM
 AVERAGE RH     MM PERCENT       MM
...................................................................

THE KOTZEBUE CLIMATE NORMALS FOR TODAY
                           NORMAL    RECORD   YEAR
 MAXIMUM TEMPERATURE (F)     59        71     2010
 MINIMUM TEMPERATURE (F)     50        34     1931

SUNRISE AND SUNSET
 AUG 1 2015..........SUNRISE  5:25 AM      SUNSET 12:26 AM
 AUG 2 2015..........SUNRISE  5:29 AM      SUNSET 12:22 AM

-  INDICATES NEGATIVE NUMBERS.
R  INDICATES RECORD HAS BEEN SET OR TIED.
MM INDICATES DATA IS MISSING.
T  INDICATES TRACE OF PRECIPITATION.

&&
-------------------------------------------------------------------

AMOUNT OF DAYLIGHT TODAY  (HOUR:MIN)........19 HOURS 1 MINUTES
LOSS SINCE YESTERDAY (HOUR:MIN:SEC).........-0:08:47

$$

DT AUG 15
