000
CDAK49 PAOT 011200
CLIOTZ

CLIMATE REPORT
NATIONAL WEATHER SERVICE KOTZEBUE, AK
400 AM AKDT WED JUL 1 2015

...................................
...THE KOTZEBUE WSO AP CLIMATE SUMMARY FOR JUNE 30 2015...

CLIMATE NORMAL PERIOD  1981 TO  2010
CLIMATE RECORD PERIOD  1897 TO  2015

WEATHER ITEM   OBSERVED TIME    RECORD YEAR NORMAL DEPARTURE LAST
               VALUE    (LST)   VALUE       VALUE  FROM      YEAR
                                                   NORMAL
...................................................................
TEMPERATURE
YESTERDAY
 MAXIMUM            52  1224 AM    84  2004     58      -6     64
 MINIMUM            49  1224 PM    29  1929     46       3     47
 AVERAGE            51                          52      -1     56

PRECIPITATION
(INCHES)
 YESTERDAY        0.02           0.40  1995   0.03   -0.01   0.00
 MONTH TO DATE    0.21                        0.58   -0.37   0.38
 SINCE JUN 1      0.21                        0.58   -0.37   0.38
 SINCE JAN 1      2.72                        3.25   -0.53   2.64

SNOWFALL
(INCHES)
 YESTERDAY         0.0              T  1976    0.0     0.0    0.0
 MONTH TO DATE     0.0                         0.0     0.0      T
 SINCE JUN 1       0.0                         0.0     0.0    0.0
 SINCE JUL 1      24.7                        59.8   -35.1   32.2
 SNOW DEPTH (IN)     0                                          0

DEGREE DAYS
 HEATING
  YESTERDAY         14                          13       1      9
  MONTH TO DATE    409                         581    -172    617
  SINCE JUN 1      409                         581    -172    617
  SINCE JUL 1    13545                       15387   -1842  13501

 COOLING
  YESTERDAY          0                           0       0      0
  MONTH TO DATE      4                           0       4      0
  SINCE JUN 1        4                           0       4      0
  SINCE JAN 1        4                           0       4      0
...................................................................

WIND (MPH)
 HIGHEST WIND SPEED    14     HIGHEST WIND DIRECTION    250
 HIGHEST GUST SPEED    15     HIGHEST GUST DIRECTION    250
 AVERAGE WIND SPEED   8.7

SKY COVER
  POSSIBLE SUNSHINE    MM          AVERAGE SKY COVER     MM

WEATHER CONDITIONS
 THE FOLLOWING WEATHER WAS RECORDED YESTERDAY.
  FOG
  RAIN


RELATIVE HUMIDITY
 HIGHEST RH     MM PERCENT       MM
 LOWEST  RH     MM PERCENT       MM
 AVERAGE RH     MM PERCENT       MM
...................................................................

THE KOTZEBUE CLIMATE NORMALS FOR TODAY
                           NORMAL    RECORD   YEAR
 MAXIMUM TEMPERATURE (F)     58        82     1990
 MINIMUM TEMPERATURE (F)     47        32     1976

SUNRISE AND SUNSET
 JUL 1 2015..........SUNRISE  **.**      SUNSET **.**
 JUL 2 2015..........SUNRISE  **.**      SUNSET **.**

-  INDICATES NEGATIVE NUMBERS.
R  INDICATES RECORD HAS BEEN SET OR TIED.
MM INDICATES DATA IS MISSING.
T  INDICATES TRACE OF PRECIPITATION.

&&
-------------------------------------------------------------------

AMOUNT OF DAYLIGHT TODAY  (HOUR:MIN)........24 HOURS 00 MINUTES
GAIN SINCE YESTERDAY (HOUR:MIN:SEC).........+0:00:00

$$

DT JUL 15
