000
CDAK49 PAOT 301200
CLIOTZ

CLIMATE REPORT
NATIONAL WEATHER SERVICE KOTZEBUE, AK
400 AM AKDT SUN AUG 30 2015

...................................
...THE KOTZEBUE WSO AP CLIMATE SUMMARY FOR AUGUST 29 2015...

CLIMATE NORMAL PERIOD  1981 TO  2010
CLIMATE RECORD PERIOD  1897 TO  2015

WEATHER ITEM   OBSERVED TIME    RECORD YEAR NORMAL DEPARTURE LAST
               VALUE    (LST)   VALUE       VALUE  FROM      YEAR
                                                   NORMAL
...................................................................
TEMPERATURE
YESTERDAY
 MAXIMUM            44  0645 PM    72  1941     54     -10     47
 MINIMUM            40  1159 PM    32  1980     45      -5     41
 AVERAGE            42                          49      -7     44

PRECIPITATION
(INCHES)
 YESTERDAY        0.02           0.46  1963   0.06   -0.04      T
 MONTH TO DATE    3.99                        2.06    1.93   0.92
 SINCE JUN 1      4.55                        4.09    0.46   3.89
 SINCE JAN 1      7.06                        6.76    0.30   6.15

SNOWFALL
(INCHES)
 YESTERDAY         0.0              T  1962    0.0     0.0    0.0
 MONTH TO DATE     0.0                         0.0     0.0    0.0
 SINCE JUN 1       0.0                         0.0     0.0    0.0
 SINCE JUL 1       0.0                         0.0     0.0    0.0
 SNOW DEPTH (IN)     0                                          0

DEGREE DAYS
 HEATING
  YESTERDAY         23                          16       7     21
  MONTH TO DATE    380                         380       0    164
  SINCE JUN 1      985                        1287    -302   1135
  SINCE JUL 1      576                         706    -130    518

 COOLING
  YESTERDAY          0                           0       0      0
  MONTH TO DATE      0                           0       0     11
  SINCE JUN 1       14                           0      14     19
  SINCE JAN 1       14                           0      14     19
...................................................................

WIND (MPH)
 HIGHEST WIND SPEED    29     HIGHEST WIND DIRECTION    300
 HIGHEST GUST SPEED    35     HIGHEST GUST DIRECTION    300
 AVERAGE WIND SPEED  18.0

SKY COVER
  POSSIBLE SUNSHINE    MM          AVERAGE SKY COVER     MM

WEATHER CONDITIONS
 THE FOLLOWING WEATHER WAS RECORDED YESTERDAY.
  RAIN


RELATIVE HUMIDITY
 HIGHEST RH     MM PERCENT       MM
 LOWEST  RH     MM PERCENT       MM
 AVERAGE RH     MM PERCENT       MM
...................................................................

THE KOTZEBUE CLIMATE NORMALS FOR TODAY
                           NORMAL    RECORD   YEAR
 MAXIMUM TEMPERATURE (F)     53        67     1941
 MINIMUM TEMPERATURE (F)     44        28     1929

SUNRISE AND SUNSET
 AUG 30 2015..........SUNRISE  7:16 AM      SUNSET 10:25 PM
 AUG 31 2015..........SUNRISE  7:19 AM      SUNSET 10:21 PM

-  INDICATES NEGATIVE NUMBERS.
R  INDICATES RECORD HAS BEEN SET OR TIED.
MM INDICATES DATA IS MISSING.
T  INDICATES TRACE OF PRECIPITATION.

&&
-------------------------------------------------------------------

AMOUNT OF DAYLIGHT TODAY  (HOUR:MIN)........15 HOURS 9 MINUTES
LOSS SINCE YESTERDAY (HOUR:MIN:SEC).........-0:07:33

$$

DT AUG 15
