733
CDAK49 PAFG 250957
CLIOTZ

CLIMATE REPORT
NATIONAL WEATHER SERVICE FAIRBANKS AK
1257 AM AKST SAT FEB 25 2017


...................................

...THE KOTZEBUE AK CLIMATE SUMMARY FOR FEBRUARY 24 2017...

CLIMATE NORMAL PERIOD 1981 TO 2010
CLIMATE RECORD PERIOD 1920 TO 2017


WEATHER ITEM   OBSERVED TIME   RECORD YEAR NORMAL DEPARTURE LAST
                VALUE   (LST)  VALUE       VALUE  FROM      YEAR
                                                  NORMAL
..................................................................
TEMPERATURE (F)
 YESTERDAY
  MAXIMUM         32   1221 AM  37    1989   8     24       30
  MINIMUM         11    936 AM -52    1968  -7     18       12
  AVERAGE         22                         0     22       21

PRECIPITATION (IN)
  YESTERDAY        0.21          0.33 1996   0.02   0.19     0.06
  MONTH TO DATE    0.25                      0.56  -0.31     0.28
  SINCE DEC 1      1.54                      1.94  -0.40     1.12
  SINCE JAN 1      0.80                      1.18  -0.38     0.66

SNOWFALL (IN)
  YESTERDAY        5.0           6.4  1996   0.4    4.6     MM
  MONTH TO DATE    6.4                       8.2   -1.8      3.4
  SINCE DEC 1     31.8                      28.8    3.0      6.6
  SINCE JUL 1     37.4                      46.2   -8.8     20.0
  SNOW DEPTH      43

DEGREE DAYS
 HEATING
  YESTERDAY       43                        65    -22       44
  MONTH TO DATE 1585                      1583      2     1296
  SINCE DEC 1   5341                      5629   -288     4820
  SINCE JUL 1   8954                      9987  -1033     8539

 COOLING
  YESTERDAY        0                         0      0        0
  MONTH TO DATE    0                         0      0        0
  SINCE DEC 1      0                         0      0        0
  SINCE JAN 1      0                         0      0        0
..................................................................


WIND (MPH)
  HIGHEST GUST SPEED    41   HIGHEST GUST DIRECTION    SW (230)


SKY COVER
  AVERAGE SKY COVER 1.0


WEATHER CONDITIONS
 THE FOLLOWING WEATHER WAS RECORDED YESTERDAY.
  SNOW
  LIGHT SNOW
  FOG
  HAZE
  BLOWING SNOW


RELATIVE HUMIDITY (PERCENT)
 HIGHEST    92
 LOWEST     76
 AVERAGE    84

..........................................................


THE KOTZEBUE AK CLIMATE NORMALS FOR TODAY
                         NORMAL    RECORD    YEAR
 MAXIMUM TEMPERATURE (F)    8        34      1989
 MINIMUM TEMPERATURE (F)   -7       -43      1968


SUNRISE AND SUNSET
FEBRUARY 25 2017......SUNRISE   920 AM AKST  SUNSET   649 PM AKST
FEBRUARY 26 2017......SUNRISE   916 AM AKST  SUNSET   653 PM AKST

-  INDICATES NEGATIVE NUMBERS.
R  INDICATES RECORD WAS SET OR TIED.
MM INDICATES DATA IS MISSING.
T  INDICATES TRACE AMOUNT.

&&

SNOW DEPTH IS MEASURED AT 3AM AKST/4AM AKDT.

----------------------------
AVAILABLE DAYLIGHT

AMOUNT OF DAYLIGHT TODAY  (HOUR:MIN)........9:29
GAIN/LOSS SINCE YESTERDAY (HOUR:MIN:SEC)....+0:07:33

$$
CCC FEB 17
