617
CDAK49 PAFG 260957
CLIOTZ

CLIMATE REPORT
NATIONAL WEATHER SERVICE FAIRBANKS AK
157 AM AKDT MON SEP 26 2016


...................................

...THE KOTZEBUE AK CLIMATE SUMMARY FOR SEPTEMBER 25 2016...

CLIMATE NORMAL PERIOD 1981 TO 2010
CLIMATE RECORD PERIOD 1920 TO 2016


WEATHER ITEM   OBSERVED TIME   RECORD YEAR NORMAL DEPARTURE LAST
                VALUE   (LST)  VALUE       VALUE  FROM      YEAR
                                                  NORMAL
..................................................................
TEMPERATURE (F)
 YESTERDAY
  MAXIMUM         42    649 PM  54    1984  42      0       41
                                      1929
  MINIMUM         33    814 AM  18    1992  34     -1       36
  AVERAGE         38                        38      0       39

PRECIPITATION (IN)
  YESTERDAY        0.37          0.41 1997   0.05   0.32     0.12
  MONTH TO DATE    1.69                      1.34   0.35     0.53
  SINCE SEP 1      1.69                      1.34   0.35     0.53
  SINCE JAN 1      7.43                      8.22  -0.79     7.57

SNOWFALL (IN)
  YESTERDAY        0.2           1.8  1973   0.1    0.1      0.0
  MONTH TO DATE    0.2                       0.5   -0.3       T
  SINCE SEP 1      0.2                       0.5   -0.3       T
  SINCE JUL 1      0.2                       0.5   -0.3       T
  SNOW DEPTH       0

DEGREE DAYS
 HEATING
  YESTERDAY       27                        27      0       26
  MONTH TO DATE  501                       535    -34      569
  SINCE SEP 1    501                       535    -34      569
  SINCE JUL 1    993                      1273   -280     1189

 COOLING
  YESTERDAY        0                         0      0        0
  MONTH TO DATE    0                         0      0        0
  SINCE SEP 1      0                         0      0        0
  SINCE JAN 1      5                         5      0       16
..................................................................


WIND (MPH)
  HIGHEST GUST SPEED    24   HIGHEST GUST DIRECTION     E (100)


SKY COVER
  AVERAGE SKY COVER 1.0


WEATHER CONDITIONS
 THE FOLLOWING WEATHER WAS RECORDED YESTERDAY.
  LIGHT RAIN
  LIGHT SNOW
  FOG


RELATIVE HUMIDITY (PERCENT)
 HIGHEST    96
 LOWEST     64
 AVERAGE    80

..........................................................


THE KOTZEBUE AK CLIMATE NORMALS FOR TODAY
                         NORMAL    RECORD    YEAR
 MAXIMUM TEMPERATURE (F)   41        56      1966
 MINIMUM TEMPERATURE (F)   33        20      1948


SUNRISE AND SUNSET
SEPTEMBER 26 2016.....SUNRISE   849 AM AKDT  SUNSET   834 PM AKDT
SEPTEMBER 27 2016.....SUNRISE   852 AM AKDT  SUNSET   830 PM AKDT

-  INDICATES NEGATIVE NUMBERS.
R  INDICATES RECORD WAS SET OR TIED.
MM INDICATES DATA IS MISSING.
T  INDICATES TRACE AMOUNT.

&&

SNOW DEPTH IS MEASURED AT 3AM AKST/4AM AKDT.

----------------------------
AVAILABLE DAYLIGHT

AMOUNT OF DAYLIGHT TODAY  (HOUR:MIN)........11:45
GAIN/LOSS SINCE YESTERDAY (HOUR:MIN:SEC)....-0:07:17

$$
SDB SEP 16
