000
CDAK49 PAOT 221212
CLIOTZ

CLIMATE REPORT
NATIONAL WEATHER SERVICE KOTZEBUE, AK
413 AM AKDT TUE JUL 22 2014

...................................
...THE KOTZEBUE WSO AP CLIMATE SUMMARY FOR JULY 21 2014...

CLIMATE NORMAL PERIOD  1981 TO  2010
CLIMATE RECORD PERIOD  1897 TO  2014

WEATHER ITEM   OBSERVED TIME    RECORD YEAR NORMAL DEPARTURE LAST
               VALUE    (LST)   VALUE       VALUE  FROM      YEAR
                                                   NORMAL
...................................................................
TEMPERATURE
YESTERDAY
 MAXIMUM            52  0508 AM    80  1939     60      -8     64
 MINIMUM            46  0524 PM    37  2008     51      -5     52
 AVERAGE            49                          55      -6     58

PRECIPITATION
(INCHES)
 YESTERDAY        0.14           0.25  1941   0.06    0.08      T
 MONTH TO DATE    2.19                        0.86    1.33   1.25
 SINCE JUN 1      2.57                        1.44    1.13   2.16
 SINCE JAN 1      4.83                        4.11    0.72   5.76

SNOWFALL
(INCHES)
 YESTERDAY         0.0            0.0  2014    0.0     0.0    0.0
 MONTH TO DATE     0.0                         0.0     0.0    0.0
 SINCE JUN 1       0.0                         0.0     0.0    0.0
 SINCE JUL 1       0.0                         0.0     0.0    0.0
 SNOW DEPTH (IN)     0                                          0

DEGREE DAYS
 HEATING
  YESTERDAY         16                          10       6      7
  MONTH TO DATE    216                         225      -9    180
  SINCE JUN 1      833                         806      27    605
  SINCE JUL 1      216                         225      -9    180

 COOLING
  YESTERDAY          0                           0       0      0
  MONTH TO DATE      8                           0       8      5
  SINCE JUN 1        8                           0       8     13
  SINCE JAN 1        8                           0       8     13
...................................................................

WIND (MPH)
 HIGHEST WIND SPEED    24     HIGHEST WIND DIRECTION    170
 HIGHEST GUST SPEED    30     HIGHEST GUST DIRECTION    170
 AVERAGE WIND SPEED  10.9

SKY COVER
  POSSIBLE SUNSHINE    MM          AVERAGE SKY COVER     MM

WEATHER CONDITIONS
 THE FOLLOWING WEATHER WAS RECORDED YESTERDAY.
  FOG
RAIN


RELATIVE HUMIDITY
 HIGHEST RH     MM PERCENT       MM
 LOWEST  RH     MM PERCENT       MM
 AVERAGE RH     MM PERCENT       MM
...................................................................

THE KOTZEBUE CLIMATE NORMALS FOR TODAY
                           NORMAL    RECORD   YEAR
 MAXIMUM TEMPERATURE (F)     60        78     1998
 MINIMUM TEMPERATURE (F)     51        36     1931

SUNRISE AND SUNSET
 JUL 22 2014..........SUNRISE  4:39 AM      SUNSET  1:11 AM
 JUL 23 2014..........SUNRISE  4:44 AM      SUNSET  1:06 AM

-  INDICATES NEGATIVE NUMBERS.
R  INDICATES RECORD HAS BEEN SET OR TIED.
MM INDICATES DATA IS MISSING.
T  INDICATES TRACE OF PRECIPITATION.

&&
-------------------------------------------------------------------

AMOUNT OF DAYLIGHT TODAY  (HOUR:MIN)........20 HOURS 32 MINUTES
GAIN/LOSS SINCE YESTERDAY (HOUR:MIN:SEC)....-0:10:03

$$
EWH JUL 14
