000
CDUS43 KDDC 231012
CLIP28


CLIMATE REPORT
NATIONAL WEATHER SERVICE DODGE CITY KS
512 AM CDT WED JUL 23 2014


...................................

...THE MEDICINE LODGE KS CLIMATE SUMMARY FOR JULY 22 2014...

CLIMATE NORMAL PERIOD 1981 TO 2010
CLIMATE RECORD PERIOD 1893 TO 2014


WEATHER ITEM   OBSERVED TIME   RECORD YEAR NORMAL DEPARTURE LAST
                VALUE   (LST)  VALUE       VALUE  FROM      YEAR
                                                  NORMAL
..................................................................
TEMPERATURE (F)
 YESTERDAY
  MAXIMUM         99    420 PM 110    1954  95      4      101
  MINIMUM         72    559 AM  52    1970  70      2       71
  AVERAGE         86                        83      3       86

PRECIPITATION (IN)
  YESTERDAY        0.00          1.40 1995   0.11  -0.11     0.00
  MONTH TO DATE    2.48                      2.54  -0.06     1.72
  SINCE JUN 1     10.37                      6.65   3.72     3.94
  SINCE JAN 1     13.26                     16.39  -3.13    14.29

SNOWFALL (IN)
  YESTERDAY        0.0          MM      MM   0.0             0.0
  MONTH TO DATE    0.0                       0.0             0.0
  SINCE JUN 1      0.0                       0.0             0.0
  SINCE JUL 1      0.0                       0.0             0.0
  SNOW DEPTH       0

DEGREE DAYS
 HEATING
  YESTERDAY        0                         0      0
  MONTH TO DATE    5                         0      5
  SINCE JUN 1      5                         3      2
  SINCE JUL 1      5                         0      5

 COOLING
  YESTERDAY       21                        18      3       21
  MONTH TO DATE  246                       370   -124      356
  SINCE JUN 1    588                       723   -135      760
  SINCE JAN 1    857                       879    -22      903
..................................................................


WIND (MPH)
  HIGHEST WIND SPEED    14   HIGHEST WIND DIRECTION     S (180)
  HIGHEST GUST SPEED    16   HIGHEST GUST DIRECTION     S (190)
  AVERAGE WIND SPEED     5.2




RELATIVE HUMIDITY (PERCENT)
 HIGHEST    93           600 AM
 LOWEST     35           400 PM
 AVERAGE    64

..........................................................


THE MEDICINE LODGE KS CLIMATE NORMALS FOR TODAY
                         NORMAL    RECORD    YEAR
 MAXIMUM TEMPERATURE (F)   95       113      1936
 MINIMUM TEMPERATURE (F)   70        51      1970


SUNRISE AND SUNSET
JULY 23 2014..........SUNRISE   632 AM CDT   SUNSET   850 PM CDT
JULY 24 2014..........SUNRISE   632 AM CDT   SUNSET   849 PM CDT


-  INDICATES NEGATIVE NUMBERS.
R  INDICATES RECORD WAS SET OR TIED.
MM INDICATES DATA IS MISSING.
T  INDICATES TRACE AMOUNT.




$$
