000
CDUS43 KDDC 221010
CLIP28


CLIMATE REPORT
NATIONAL WEATHER SERVICE DODGE CITY KS
409 AM CST SAT NOV 22 2014


...................................

...THE MEDICINE LODGE KS CLIMATE SUMMARY FOR NOVEMBER 21 2014...

CLIMATE NORMAL PERIOD 1981 TO 2010
CLIMATE RECORD PERIOD 1893 TO 2014


WEATHER ITEM   OBSERVED TIME   RECORD YEAR NORMAL DEPARTURE LAST
                VALUE   (LST)  VALUE       VALUE  FROM      YEAR
                                                  NORMAL
..................................................................
TEMPERATURE (F)
 YESTERDAY
  MAXIMUM         41   1159 PM  78    1955  55    -14       52
  MINIMUM         28    257 AM   7    1898  30     -2       24
  AVERAGE         35                        43     -8       38

PRECIPITATION (IN)
  YESTERDAY        0.00          2.21 1899   0.02  -0.02     0.24
  MONTH TO DATE    0.27                      0.73  -0.46     0.55
  SINCE SEP 1      1.82                      5.67  -3.85     3.47
  SINCE JAN 1     19.33                     26.02  -6.69    25.11

SNOWFALL (IN)
  YESTERDAY        0.0          MM      MM   0.0             0.0
  MONTH TO DATE    2.5                       0.0             0.0
  SINCE SEP 1      2.5                       0.0             0.0
  SINCE JUL 1      2.5                       0.0             0.0
  SNOW DEPTH       0

DEGREE DAYS
 HEATING
  YESTERDAY       30                        22      8
  MONTH TO DATE  524                       367    157
  SINCE SEP 1    698                       636     62
  SINCE JUL 1    703                       636     67

 COOLING
  YESTERDAY        0                         0      0        0
  MONTH TO DATE    0                         0      0        0
  SINCE SEP 1    318                       258     60      337
  SINCE JAN 1   1802                      1769     33     1786
..................................................................


WIND (MPH)
  HIGHEST WIND SPEED    12   HIGHEST WIND DIRECTION     E (90)
  HIGHEST GUST SPEED    14   HIGHEST GUST DIRECTION     E (90)
  AVERAGE WIND SPEED     2.8




RELATIVE HUMIDITY (PERCENT)
 HIGHEST   100          1100 AM
 LOWEST     64          1200 AM
 AVERAGE    82

..........................................................


THE MEDICINE LODGE KS CLIMATE NORMALS FOR TODAY
                         NORMAL    RECORD    YEAR
 MAXIMUM TEMPERATURE (F)   55        77      1966
 MINIMUM TEMPERATURE (F)   30         9      1929


SUNRISE AND SUNSET
NOVEMBER 22 2014......SUNRISE   721 AM CST   SUNSET   520 PM CST
NOVEMBER 23 2014......SUNRISE   722 AM CST   SUNSET   519 PM CST


-  INDICATES NEGATIVE NUMBERS.
R  INDICATES RECORD WAS SET OR TIED.
MM INDICATES DATA IS MISSING.
T  INDICATES TRACE AMOUNT.




$$
