000
CDUS43 KDDC 281007
CLIP28


CLIMATE REPORT
NATIONAL WEATHER SERVICE DODGE CITY KS
507 AM CDT TUE JUL 28 2015


...................................

...THE MEDICINE LODGE KS CLIMATE SUMMARY FOR JULY 27 2015...

CLIMATE NORMAL PERIOD 1981 TO 2010
CLIMATE RECORD PERIOD 1893 TO 2015


WEATHER ITEM   OBSERVED TIME   RECORD YEAR NORMAL DEPARTURE LAST
                VALUE   (LST)  VALUE       VALUE  FROM      YEAR
                                                  NORMAL
..................................................................
TEMPERATURE (F)
 YESTERDAY
  MAXIMUM         98    433 PM 112    2011  95      3       89
  MINIMUM         73    527 AM  54    1994  70      3       68
  AVERAGE         86                        83      3       79

PRECIPITATION (IN)
  YESTERDAY        0.00          1.63 1911   0.08  -0.08     0.06
  MONTH TO DATE    8.54                      2.99   5.55     2.54
  SINCE JUN 1     10.80                      7.10   3.70    10.43
  SINCE JAN 1     22.76                     16.84   5.92    13.32

SNOWFALL (IN)
  YESTERDAY        0.0          MM      MM   0.0             0.0
  MONTH TO DATE    0.0                       0.0             0.0
  SINCE JUN 1      0.0                       0.0             0.0
  SINCE JUL 1      0.0                       0.0             0.0
  SNOW DEPTH       0

DEGREE DAYS
 HEATING
  YESTERDAY        0                         0      0        0
  MONTH TO DATE    0                         0      0        5
  SINCE JUN 1      0                         3     -3        5
  SINCE JUL 1      0                         0      0        5

 COOLING
  YESTERDAY       21                        18      3       14
  MONTH TO DATE  466                       460      6      340
  SINCE JUN 1    898                       813     85      682
  SINCE JAN 1   1005                       969     36      951
..................................................................


WIND (MPH)
  HIGHEST WIND SPEED    18   HIGHEST WIND DIRECTION     S (170)
  HIGHEST GUST SPEED    25   HIGHEST GUST DIRECTION     S (180)
  AVERAGE WIND SPEED     9.5




RELATIVE HUMIDITY (PERCENT)
 HIGHEST    85           200 AM
 LOWEST     35           300 PM
 AVERAGE    60

..........................................................


THE MEDICINE LODGE KS CLIMATE NORMALS FOR TODAY
                         NORMAL    RECORD    YEAR
 MAXIMUM TEMPERATURE (F)   95       110      1910
 MINIMUM TEMPERATURE (F)   70        55      1994


SUNRISE AND SUNSET
JULY 28 2015..........SUNRISE   635 AM CDT   SUNSET   846 PM CDT
JULY 29 2015..........SUNRISE   636 AM CDT   SUNSET   845 PM CDT


-  INDICATES NEGATIVE NUMBERS.
R  INDICATES RECORD WAS SET OR TIED.
MM INDICATES DATA IS MISSING.
T  INDICATES TRACE AMOUNT.




$$
