000
CDUS43 KDDC 051427
CLIP28


CLIMATE REPORT
NATIONAL WEATHER SERVICE DODGE CITY KS
826 AM CST MON DEC 5 2016


...................................

...THE MEDICINE LODGE KS CLIMATE SUMMARY FOR DECEMBER 5 2016...
VALID AS OF 0800 AM LOCAL TIME.

CLIMATE NORMAL PERIOD 1981 TO 2010
CLIMATE RECORD PERIOD 1893 TO 2016


WEATHER ITEM   OBSERVED TIME   RECORD YEAR NORMAL DEPARTURE LAST
                VALUE   (LST)  VALUE       VALUE  FROM      YEAR
                                                  NORMAL
..................................................................
TEMPERATURE (F)
 TODAY
  MAXIMUM         36   1227 AM  75    1989  49    -13       54
  MINIMUM         27    104 AM   2    1964  25      2       36
  AVERAGE         32                        37     -5       45

PRECIPITATION (IN)
  TODAY            0.00          0.99 1913   0.03  -0.03     0.00
  MONTH TO DATE    0.27                      0.14   0.13     0.00
  SINCE DEC 1      0.27                      0.14   0.13     0.00
  SINCE JAN 1     29.91                     26.36   3.55    31.83

..................................................................


WIND (MPH)
  HIGHEST WIND SPEED    12   HIGHEST WIND DIRECTION     S (170)
  HIGHEST GUST SPEED    14   HIGHEST GUST DIRECTION     S (180)



WEATHER CONDITIONS
 THE FOLLOWING WEATHER WAS RECORDED TODAY.
  NO SIGNIFICANT WEATHER WAS OBSERVED.


RELATIVE HUMIDITY (PERCENT)
 HIGHEST    92           600 AM
 LOWEST     70          1200 AM

..........................................................


THE MEDICINE LODGE KS CLIMATE NORMALS FOR TOMORROW
                         NORMAL    RECORD    YEAR
 MAXIMUM TEMPERATURE (F)   49        78      1939
 MINIMUM TEMPERATURE (F)   25         0      1972


SUNRISE AND SUNSET
DECEMBER  5 2016......SUNRISE   734 AM CST   SUNSET   516 PM CST
DECEMBER  6 2016......SUNRISE   735 AM CST   SUNSET   516 PM CST


-  INDICATES NEGATIVE NUMBERS.
R  INDICATES RECORD WAS SET OR TIED.
MM INDICATES DATA IS MISSING.
T  INDICATES TRACE AMOUNT.




$$
