000
CDUS43 KDDC 110707
CLIP28


CLIMATE REPORT
NATIONAL WEATHER SERVICE DODGE CITY KS
106 AM CST MON DEC 11 2017


...................................

...THE MEDICINE LODGE KS CLIMATE SUMMARY FOR DECEMBER 10 2017...

CLIMATE NORMAL PERIOD 1981 TO 2010
CLIMATE RECORD PERIOD 1893 TO 2017


WEATHER ITEM   OBSERVED TIME   RECORD YEAR NORMAL DEPARTURE LAST
                VALUE   (LST)  VALUE       VALUE  FROM      YEAR
                                                  NORMAL
..................................................................
TEMPERATURE (F)
 YESTERDAY
  MAXIMUM         69    336 PM  78    1933  47     22       46
  MINIMUM         24   1225 AM  -5    1919  24      0       17
  AVERAGE         47                        36     11       32

PRECIPITATION (IN)
  YESTERDAY        0.00          1.10 1960   0.03  -0.03     0.00
  MONTH TO DATE    0.00                      0.30  -0.30     0.27
  SINCE DEC 1      0.00                      0.30  -0.30     0.27
  SINCE JAN 1     29.81                     26.52   3.29    29.91

SNOWFALL (IN)
  YESTERDAY        0.0          MM      MM   0.1             0.0
  MONTH TO DATE    0.0                       0.9             0.0
  SINCE DEC 1      0.0                       0.9             0.0
  SINCE JUL 1      0.0                       1.1             0.0
  SNOW DEPTH       0

DEGREE DAYS
 HEATING
  YESTERDAY       18                        30    -12       33
  MONTH TO DATE  236                       282    -46      320
  SINCE DEC 1    236                       282    -46      320
  SINCE JUL 1    996                      1140   -144      856

 COOLING
  YESTERDAY        0                         0      0        0
  MONTH TO DATE    0                         0      0        0
  SINCE DEC 1      0                         0      0        0
  SINCE JAN 1   1656                      1770   -114     1937
..................................................................


WIND (MPH)
  HIGHEST WIND SPEED    20   HIGHEST WIND DIRECTION     N (350)
  HIGHEST GUST SPEED    27   HIGHEST GUST DIRECTION     N (340)
  AVERAGE WIND SPEED     7.4




RELATIVE HUMIDITY (PERCENT)
 HIGHEST    74          1200 AM
 LOWEST     12           200 PM
 AVERAGE    43

..........................................................


THE MEDICINE LODGE KS CLIMATE NORMALS FOR TODAY
                         NORMAL    RECORD    YEAR
 MAXIMUM TEMPERATURE (F)   47        80      1939
 MINIMUM TEMPERATURE (F)   24         2      1914


SUNRISE AND SUNSET
DECEMBER 11 2017......SUNRISE   738 AM CST   SUNSET   517 PM CST
DECEMBER 12 2017......SUNRISE   739 AM CST   SUNSET   517 PM CST


-  INDICATES NEGATIVE NUMBERS.
R  INDICATES RECORD WAS SET OR TIED.
MM INDICATES DATA IS MISSING.
T  INDICATES TRACE AMOUNT.




$$
