000
CDUS43 KDDC 222345
CLIP28


CLIMATE REPORT
NATIONAL WEATHER SERVICE DODGE CITY KS
628 PM CDT FRI MAY 22 2015


...................................

...THE MEDICINE LODGE KS CLIMATE SUMMARY FOR MAY 22 2015...
VALID TODAY AS OF 0500 PM LOCAL TIME.

CLIMATE NORMAL PERIOD 1981 TO 2010
CLIMATE RECORD PERIOD 1893 TO 2015


WEATHER ITEM   OBSERVED TIME   RECORD YEAR NORMAL DEPARTURE LAST
                VALUE   (LST)  VALUE       VALUE  FROM      YEAR
                                                  NORMAL
..................................................................
TEMPERATURE (F)
 TODAY
  MAXIMUM         57    359 PM 103    1948  81    -24       93
  MINIMUM         50    713 AM  35    1931  57     -7       65
  AVERAGE         54                        69    -15       79

PRECIPITATION (IN)
  TODAY            0.51          2.17 1896   0.12   0.39     0.00
  MONTH TO DATE    4.90                      2.22   2.68     0.08
  SINCE MAR 1      8.76                      6.91   1.85     1.20
  SINCE JAN 1     10.07                      8.66   1.41     2.15

DEGREE DAYS
 HEATING
  TODAY           11                         1     10        0
  MONTH TO DATE   93                        64     29       84
  SINCE MAR 1    736                       920   -184     1072
  SINCE JUL 1   4310                      4449   -139     5023

 COOLING
  TODAY            0                         5     -5       14
  MONTH TO DATE   49                        73    -24      161
  SINCE MAR 1     81                        97    -16      190
  SINCE JAN 1     81                        97    -16      190
..................................................................


WIND (MPH)
  HIGHEST WIND SPEED    14   HIGHEST WIND DIRECTION    SE (150)
  HIGHEST GUST SPEED    21   HIGHEST GUST DIRECTION     S (160)
  AVERAGE WIND SPEED     6.0




RELATIVE HUMIDITY (PERCENT)
 HIGHEST   100           500 AM
 LOWEST     83          1200 AM
 AVERAGE    92

..........................................................


THE MEDICINE LODGE KS CLIMATE NORMALS FOR TOMORROW
                         NORMAL    RECORD    YEAR
 MAXIMUM TEMPERATURE (F)   82       102      1939
 MINIMUM TEMPERATURE (F)   58        38      1917


SUNRISE AND SUNSET
MAY 22 2015...........SUNRISE   621 AM CDT   SUNSET   842 PM CDT
MAY 23 2015...........SUNRISE   620 AM CDT   SUNSET   843 PM CDT


-  INDICATES NEGATIVE NUMBERS.
R  INDICATES RECORD WAS SET OR TIED.
MM INDICATES DATA IS MISSING.
T  INDICATES TRACE AMOUNT.




$$
