338
CDUS43 KDDC 302331
CLIP28


CLIMATE REPORT
NATIONAL WEATHER SERVICE DODGE CITY KS
631 PM CDT TUE AUG 30 2016


...................................

...THE MEDICINE LODGE KS CLIMATE SUMMARY FOR AUGUST 30 2016...
VALID TODAY AS OF 0500 PM LOCAL TIME.

CLIMATE NORMAL PERIOD 1981 TO 2010
CLIMATE RECORD PERIOD 1893 TO 2016


WEATHER ITEM   OBSERVED TIME   RECORD YEAR NORMAL DEPARTURE LAST
                VALUE   (LST)  VALUE       VALUE  FROM      YEAR
                                                  NORMAL
..................................................................
TEMPERATURE (F)
 TODAY
  MAXIMUM         87    111 PM 111    1939  90     -3       87
  MINIMUM         68    609 AM  44    1915  65      3       56
  AVERAGE         78                        77      1       72

PRECIPITATION (IN)
  TODAY            0.00          3.87 2003   0.11  -0.11     0.00
  MONTH TO DATE    7.16                      3.01   4.15     1.30
  SINCE JUN 1     11.65                     10.50   1.15    14.21
  SINCE JAN 1     20.43                     20.24   0.19    26.17

DEGREE DAYS
 HEATING
  TODAY            0                         0      0        0
  MONTH TO DATE    0                         0      0        0
  SINCE JUN 1      0                         3     -3        0
  SINCE JUL 1      0                         0      0        0

 COOLING
  TODAY           13                        12      1        7
  MONTH TO DATE  417                       461    -44      394
  SINCE JUN 1   1452                      1342    110     1355
  SINCE JAN 1   1589                      1498     91     1462
..................................................................


WIND (MPH)
  HIGHEST WIND SPEED    14   HIGHEST WIND DIRECTION     N (360)
  HIGHEST GUST SPEED    17   HIGHEST GUST DIRECTION     N (360)
  AVERAGE WIND SPEED     3.3




RELATIVE HUMIDITY (PERCENT)
 HIGHEST    97           200 AM
 LOWEST     59           100 PM
 AVERAGE    78

..........................................................


THE MEDICINE LODGE KS CLIMATE NORMALS FOR TOMORROW
                         NORMAL    RECORD    YEAR
 MAXIMUM TEMPERATURE (F)   90       109      2011
 MINIMUM TEMPERATURE (F)   65        45      1915


SUNRISE AND SUNSET
AUGUST 30 2016........SUNRISE   704 AM CDT   SUNSET   805 PM CDT
AUGUST 31 2016........SUNRISE   704 AM CDT   SUNSET   804 PM CDT


-  INDICATES NEGATIVE NUMBERS.
R  INDICATES RECORD WAS SET OR TIED.
MM INDICATES DATA IS MISSING.
T  INDICATES TRACE AMOUNT.




$$
