000
CDUS43 KDDC 182326
CLIP28


CLIMATE REPORT
NATIONAL WEATHER SERVICE DODGE CITY KS
525 PM CST WED JAN 18 2017


...................................

...THE MEDICINE LODGE KS CLIMATE SUMMARY FOR JANUARY 18 2017...
VALID TODAY AS OF 0500 PM LOCAL TIME.

CLIMATE NORMAL PERIOD 1981 TO 2010
CLIMATE RECORD PERIOD 1893 TO 2017


WEATHER ITEM   OBSERVED TIME   RECORD YEAR NORMAL DEPARTURE LAST
                VALUE   (LST)  VALUE       VALUE  FROM      YEAR
                                                  NORMAL
..................................................................
TEMPERATURE (F)
 TODAY
  MAXIMUM         54    359 PM  75    1951  45      9       28
  MINIMUM         32    605 AM  -5    1943  22     10       16
  AVERAGE         43                        33     10       22

PRECIPITATION (IN)
  TODAY            0.01          0.67 1979   0.02  -0.01     0.00
  MONTH TO DATE    3.46                      0.34   3.12     0.50
  SINCE DEC 1      4.16                      1.26   2.90     2.87
  SINCE JAN 1      3.46                      0.34   3.12     0.50

DEGREE DAYS
 HEATING
  TODAY           22                        32    -10       43
  MONTH TO DATE  589                       576     13      580
  SINCE DEC 1   1610                      1517     93     1320
  SINCE JUL 1   2146                      2375   -229     1915

 COOLING
  TODAY            0                         0      0        0
  MONTH TO DATE    0                         0      0        0
  SINCE DEC 1      0                         0      0        0
  SINCE JAN 1      0                         0      0        0
..................................................................


WIND (MPH)
  HIGHEST WIND SPEED    17   HIGHEST WIND DIRECTION     S (170)
  HIGHEST GUST SPEED    22   HIGHEST GUST DIRECTION     S (170)
  AVERAGE WIND SPEED     5.6




RELATIVE HUMIDITY (PERCENT)
 HIGHEST    85           500 AM
 LOWEST     59           100 PM
 AVERAGE    72

..........................................................


THE MEDICINE LODGE KS CLIMATE NORMALS FOR TOMORROW
                         NORMAL    RECORD    YEAR
 MAXIMUM TEMPERATURE (F)   46        74      2015
                                             1951
 MINIMUM TEMPERATURE (F)   22       -13      1984


SUNRISE AND SUNSET
JANUARY 18 2017.......SUNRISE   746 AM CST   SUNSET   544 PM CST
JANUARY 19 2017.......SUNRISE   746 AM CST   SUNSET   545 PM CST


-  INDICATES NEGATIVE NUMBERS.
R  INDICATES RECORD WAS SET OR TIED.
MM INDICATES DATA IS MISSING.
T  INDICATES TRACE AMOUNT.




$$
