699
CDUS43 KDDC 300711
CLIP28


CLIMATE REPORT
NATIONAL WEATHER SERVICE DODGE CITY KS
210 AM CDT THU MAR 30 2017


...................................

...THE MEDICINE LODGE KS CLIMATE SUMMARY FOR MARCH 29 2017...

CLIMATE NORMAL PERIOD 1981 TO 2010
CLIMATE RECORD PERIOD 1893 TO 2017


WEATHER ITEM   OBSERVED TIME   RECORD YEAR NORMAL DEPARTURE LAST
                VALUE   (LST)  VALUE       VALUE  FROM      YEAR
                                                  NORMAL
..................................................................
TEMPERATURE (F)
 YESTERDAY
  MAXIMUM         51    307 AM  89    1967  63    -12       68
  MINIMUM         42   1159 PM  16    1944  38      4       44
  AVERAGE         47                        51     -4       56

PRECIPITATION (IN)
  YESTERDAY        0.47          1.22 1958   0.07   0.40     0.00
  MONTH TO DATE    2.23                      2.10   0.13     0.67
  SINCE MAR 1      2.23                      2.10   0.13     0.67
  SINCE JAN 1      6.15                      3.85   2.30     1.56

SNOWFALL (IN)
  YESTERDAY        0.0          MM      MM   0.0             0.0
  MONTH TO DATE    0.0                       0.1             1.0
  SINCE MAR 1      0.0                       0.1             1.0
  SINCE JUL 1      1.4                       8.5             2.0
  SNOW DEPTH       0

DEGREE DAYS
 HEATING
  YESTERDAY       18                        15      3        9
  MONTH TO DATE  406                       541   -135      396
  SINCE MAR 1    406                       541   -135      396
  SINCE JUL 1   3407                      4070   -663     3285

 COOLING
  YESTERDAY        0                         0      0        0
  MONTH TO DATE   12                         0     12        6
  SINCE MAR 1     12                         0     12        6
  SINCE JAN 1     12                         0     12        6
..................................................................


WIND (MPH)
  HIGHEST WIND SPEED    30   HIGHEST WIND DIRECTION     N (10)
  HIGHEST GUST SPEED    39   HIGHEST GUST DIRECTION     N (10)
  AVERAGE WIND SPEED    17.8




RELATIVE HUMIDITY (PERCENT)
 HIGHEST    93          1200 AM
 LOWEST     82           800 PM
 AVERAGE    88

..........................................................


THE MEDICINE LODGE KS CLIMATE NORMALS FOR TODAY
                         NORMAL    RECORD    YEAR
 MAXIMUM TEMPERATURE (F)   64        93      1917
 MINIMUM TEMPERATURE (F)   38        19      1964


SUNRISE AND SUNSET
MARCH 30 2017.........SUNRISE   722 AM CDT   SUNSET   755 PM CDT
MARCH 31 2017.........SUNRISE   721 AM CDT   SUNSET   756 PM CDT


-  INDICATES NEGATIVE NUMBERS.
R  INDICATES RECORD WAS SET OR TIED.
MM INDICATES DATA IS MISSING.
T  INDICATES TRACE AMOUNT.




$$
