000
CDUS43 KDDC 172326
CLIP28


CLIMATE REPORT
NATIONAL WEATHER SERVICE DODGE CITY KS
526 PM CST WED DEC 17 2014


...................................

...THE MEDICINE LODGE KS CLIMATE SUMMARY FOR DECEMBER 17 2014...
VALID TODAY AS OF 0500 PM LOCAL TIME.

CLIMATE NORMAL PERIOD 1981 TO 2010
CLIMATE RECORD PERIOD 1893 TO 2014


WEATHER ITEM   OBSERVED TIME   RECORD YEAR NORMAL DEPARTURE LAST
                VALUE   (LST)  VALUE       VALUE  FROM      YEAR
                                                  NORMAL
..................................................................
TEMPERATURE (F)
 TODAY
  MAXIMUM         34    217 PM  79    1939  45    -11       59
  MINIMUM         31    950 AM   1    1979  23      8       28
  AVERAGE         33                        34     -1       44

PRECIPITATION (IN)
  TODAY            0.02          0.42 1990   0.03  -0.01     0.00
  MONTH TO DATE    0.66                      0.52   0.14     0.01
  SINCE DEC 1      0.66                      0.52   0.14     0.01
  SINCE JAN 1     20.02                     26.74  -6.72    25.24

DEGREE DAYS
 HEATING
  TODAY           32                        31      1       21
  MONTH TO DATE  417                       495    -78      582
  SINCE DEC 1    417                       495    -78      582
  SINCE JUL 1   1322                      1353    -31     1520

 COOLING
  TODAY            0                         0      0        0
  MONTH TO DATE    0                         0      0        0
  SINCE DEC 1      0                         0      0        0
  SINCE JAN 1   1802                      1770     32     1786
..................................................................


WIND (MPH)
  HIGHEST WIND SPEED    14   HIGHEST WIND DIRECTION    SE (120)
  HIGHEST GUST SPEED    20   HIGHEST GUST DIRECTION     E (110)
  AVERAGE WIND SPEED     8.2




RELATIVE HUMIDITY (PERCENT)
 HIGHEST    92           400 PM
 LOWEST     69          1200 AM
 AVERAGE    81

..........................................................


THE MEDICINE LODGE KS CLIMATE NORMALS FOR TOMORROW
                         NORMAL    RECORD    YEAR
 MAXIMUM TEMPERATURE (F)   45        70      1966
 MINIMUM TEMPERATURE (F)   22         0      1964


SUNRISE AND SUNSET
DECEMBER 17 2014......SUNRISE   742 AM CST   SUNSET   519 PM CST
DECEMBER 18 2014......SUNRISE   743 AM CST   SUNSET   519 PM CST


-  INDICATES NEGATIVE NUMBERS.
R  INDICATES RECORD WAS SET OR TIED.
MM INDICATES DATA IS MISSING.
T  INDICATES TRACE AMOUNT.




$$
