099
CDUS45 KRIW 230736
CLIP60


CLIMATE REPORT
NATIONAL WEATHER SERVICE RIVERTON WY
134 AM MDT THU MAR 23 2017


...................................

...THE LAKE YELLOWSTONE WY CLIMATE SUMMARY FOR MARCH 22 2017...

CLIMATE NORMAL PERIOD 1981 TO 2010
CLIMATE RECORD PERIOD 1998 TO 2017


WEATHER ITEM   OBSERVED TIME   RECORD YEAR NORMAL DEPARTURE LAST
                VALUE   (LST)  VALUE       VALUE  FROM      YEAR
                                                  NORMAL
..................................................................
TEMPERATURE (F)
 YESTERDAY
  MAXIMUM         45    143 PM  53    2004  39      6       32
  MINIMUM         28   1159 PM -18    2008  11     17       23
  AVERAGE         37                        25     12       28

PRECIPITATION (IN)
  YESTERDAY        0.18          0.29 2011   0.04   0.14     0.11
  MONTH TO DATE    1.85                      0.77   1.08     1.67
  SINCE MAR 1      1.85                      0.77   1.08     1.67
  SINCE JAN 1     12.09                      4.29   7.80     4.32

DEGREE DAYS
 HEATING
  YESTERDAY       28                        40    -12       37
  MONTH TO DATE  794                       952   -158      945
  SINCE MAR 1    794                       952   -158      945
  SINCE JUL 1   8852                      8889    -37     8729

 COOLING
  YESTERDAY        0                         0      0        0
  MONTH TO DATE    0                         0      0        0
  SINCE MAR 1      0                         0      0        0
  SINCE JAN 1      0                         0      0        0
..................................................................


WIND (MPH)
  HIGHEST WIND SPEED    10   HIGHEST WIND DIRECTION     W (270)
  HIGHEST GUST SPEED    17   HIGHEST GUST DIRECTION     S (200)
  AVERAGE WIND SPEED     2.0


SKY COVER
  POSSIBLE SUNSHINE  MM
  AVERAGE SKY COVER 0.0


WEATHER CONDITIONS
 THE FOLLOWING WEATHER WAS RECORDED YESTERDAY.
  LIGHT SNOW


RELATIVE HUMIDITY (PERCENT)
 HIGHEST   100          1200 AM
 LOWEST     49           100 PM
 AVERAGE    75

..........................................................


THE LAKE YELLOWSTONE WY CLIMATE NORMALS FOR TODAY
                         NORMAL    RECORD    YEAR
 MAXIMUM TEMPERATURE (F)   39        53      2004
 MINIMUM TEMPERATURE (F)   11       -19      2013


SUNRISE AND SUNSET
MARCH 23 2017.........SUNRISE   719 AM MDT   SUNSET   738 PM MDT
MARCH 24 2017.........SUNRISE   717 AM MDT   SUNSET   740 PM MDT


-  INDICATES NEGATIVE NUMBERS.
R  INDICATES RECORD WAS SET OR TIED.
MM INDICATES DATA IS MISSING.
T  INDICATES TRACE AMOUNT.




$$
