000
CDUS45 KRIW 310045
CLIP60


CLIMATE REPORT
NATIONAL WEATHER SERVICE RIVERTON WY
640 PM MDT MON MAR 30 2015


...................................

...THE LAKE YELLOWSTONE WY CLIMATE SUMMARY FOR MARCH 30 2015...
VALID TODAY AS OF 0500 PM LOCAL TIME.

CLIMATE NORMAL PERIOD 1981 TO 2010
CLIMATE RECORD PERIOD 1998 TO 2015


WEATHER ITEM   OBSERVED TIME   RECORD YEAR NORMAL DEPARTURE LAST
                VALUE   (LST)  VALUE       VALUE  FROM      YEAR
                                                  NORMAL
..................................................................
TEMPERATURE (F)
 TODAY
  MAXIMUM         52R       MM  50    2004  40     12       30
  MINIMUM         19        MM -13    2008  13      6       22
  AVERAGE         36

PRECIPITATION (IN)
  TODAY            0.00          0.38 2014   0.05  -0.05     0.38
  MONTH TO DATE    0.75                      1.16  -0.41     4.58
  SINCE MAR 1      0.75                      1.16  -0.41     4.58
  SINCE JAN 1      3.64                      4.68  -1.04     9.66

DEGREE DAYS
 HEATING
  TODAY           29                        38     -9       39
  MONTH TO DATE 1148                      1264   -116     1326
  SINCE MAR 1   1148                      1264   -116     1326
  SINCE JUL 1   8712                      9201   -489     9379

 COOLING
  TODAY            0                         0      0        0
  MONTH TO DATE    0                         0      0        0
  SINCE MAR 1      0                         0      0        0
  SINCE JAN 1      0                         0      0        0
..................................................................


WIND (MPH)
  HIGHEST WIND SPEED    10   HIGHEST WIND DIRECTION     W (280)
  HIGHEST GUST SPEED    20   HIGHEST GUST DIRECTION     W (280)
  AVERAGE WIND SPEED     2.5


SKY COVER
  POSSIBLE SUNSHINE  MM
  AVERAGE SKY COVER 0.0


WEATHER CONDITIONS
 THE FOLLOWING WEATHER WAS RECORDED TODAY.
  NO SIGNIFICANT WEATHER WAS OBSERVED.


RELATIVE HUMIDITY (PERCENT)
 HIGHEST    84           400 AM
 LOWEST     24           100 PM
 AVERAGE    54

..........................................................


THE LAKE YELLOWSTONE WY CLIMATE NORMALS FOR TOMORROW
                         NORMAL    RECORD    YEAR
 MAXIMUM TEMPERATURE (F)   41        55      2004
 MINIMUM TEMPERATURE (F)   14        -7      2005


SUNRISE AND SUNSET
MARCH 30 2015.........SUNRISE   707 AM MDT   SUNSET   746 PM MDT
MARCH 31 2015.........SUNRISE   705 AM MDT   SUNSET   748 PM MDT


-  INDICATES NEGATIVE NUMBERS.
R  INDICATES RECORD WAS SET OR TIED.
MM INDICATES DATA IS MISSING.
T  INDICATES TRACE AMOUNT.




$$
