000
CDUS45 KRIW 040744
CLIP60


CLIMATE REPORT
NATIONAL WEATHER SERVICE RIVERTON WY
1244 AM MST WED MAR 4 2015


...................................

...THE LAKE YELLOWSTONE WY CLIMATE SUMMARY FOR MARCH 3 2015...

CLIMATE NORMAL PERIOD 1981 TO 2010
CLIMATE RECORD PERIOD 1998 TO 2015


WEATHER ITEM   OBSERVED TIME   RECORD YEAR NORMAL DEPARTURE LAST
                VALUE   (LST)  VALUE       VALUE  FROM      YEAR
                                                  NORMAL
..................................................................
TEMPERATURE (F)
 YESTERDAY
  MAXIMUM         17   1201 AM  44    2006  33    -16       33
  MINIMUM         -9   1156 PM -28    2002   6    -15       27
  AVERAGE          4                        19    -15       30

PRECIPITATION (IN)
  YESTERDAY        0.06          0.57 2009   0.03   0.03     0.15
  MONTH TO DATE    0.11                      0.09   0.02     0.53
  SINCE MAR 1      0.11                      0.09   0.02     0.53
  SINCE JAN 1      3.00                      3.61  -0.61     5.61

DEGREE DAYS
 HEATING
  YESTERDAY       61                        46     15       35
  MONTH TO DATE  182                       139     43      133
  SINCE MAR 1    182                       139     43      133
  SINCE JUL 1   7746                      8076   -330     8186

 COOLING
  YESTERDAY        0                         0      0        0
  MONTH TO DATE    0                         0      0        0
  SINCE MAR 1      0                         0      0        0
  SINCE JAN 1      0                         0      0        0
..................................................................


WIND (MPH)
  HIGHEST WIND SPEED    12   HIGHEST WIND DIRECTION     W (290)
  HIGHEST GUST SPEED    18   HIGHEST GUST DIRECTION     W (290)
  AVERAGE WIND SPEED     4.4


SKY COVER
  POSSIBLE SUNSHINE  MM
  AVERAGE SKY COVER 0.0


WEATHER CONDITIONS
 THE FOLLOWING WEATHER WAS RECORDED YESTERDAY.
  NO SIGNIFICANT WEATHER WAS OBSERVED.


RELATIVE HUMIDITY (PERCENT)
 HIGHEST    83           200 AM
 LOWEST     36           200 PM
 AVERAGE    60

..........................................................


THE LAKE YELLOWSTONE WY CLIMATE NORMALS FOR TODAY
                         NORMAL    RECORD    YEAR
 MAXIMUM TEMPERATURE (F)   33        40      2010
 MINIMUM TEMPERATURE (F)    6       -11      2013


SUNRISE AND SUNSET
MARCH  4 2015.........SUNRISE   654 AM MST   SUNSET   613 PM MST
MARCH  5 2015.........SUNRISE   652 AM MST   SUNSET   615 PM MST


-  INDICATES NEGATIVE NUMBERS.
R  INDICATES RECORD WAS SET OR TIED.
MM INDICATES DATA IS MISSING.
T  INDICATES TRACE AMOUNT.




$$
