000
CDUS45 KRIW 310743
CLIP60


CLIMATE REPORT
NATIONAL WEATHER SERVICE RIVERTON WY
128 AM MDT TUE MAY 31 2016


...................................

...THE LAKE YELLOWSTONE WY CLIMATE SUMMARY FOR MAY 30 2016...

CLIMATE NORMAL PERIOD 1981 TO 2010
CLIMATE RECORD PERIOD 1998 TO 2016


WEATHER ITEM   OBSERVED TIME   RECORD YEAR NORMAL DEPARTURE LAST
                VALUE   (LST)  VALUE       VALUE  FROM      YEAR
                                                  NORMAL
..................................................................
TEMPERATURE (F)
 YESTERDAY
  MAXIMUM         56    429 PM  71    2002  56      0       63
  MINIMUM         29   1159 PM  24    2007  32     -3       31
  AVERAGE         43                        44     -1       47

PRECIPITATION (IN)
  YESTERDAY        0.02          0.41 1999   0.09  -0.07     0.13
  MONTH TO DATE    2.81                      2.18   0.63     3.11
  SINCE MAR 1      6.41                      5.47   0.94     4.85
  SINCE JAN 1      9.06                      8.99   0.07     7.74

DEGREE DAYS
 HEATING
  YESTERDAY       22                        21      1       18
  MONTH TO DATE  733                       756    -23      698
  SINCE MAR 1   2944                      3070   -126     2860
  SINCE JUL 1  10728                     11007   -279    10424

 COOLING
  YESTERDAY        0                         0      0        0
  MONTH TO DATE    0                         0      0        0
  SINCE MAR 1      0                         0      0        0
  SINCE JAN 1      0                         0      0        0
..................................................................


WIND (MPH)
  HIGHEST WIND SPEED    20   HIGHEST WIND DIRECTION     W (270)
  HIGHEST GUST SPEED    30   HIGHEST GUST DIRECTION     W (270)
  AVERAGE WIND SPEED     4.6


SKY COVER
  POSSIBLE SUNSHINE  MM
  AVERAGE SKY COVER 0.0


WEATHER CONDITIONS
 THE FOLLOWING WEATHER WAS RECORDED YESTERDAY.
  NO SIGNIFICANT WEATHER WAS OBSERVED.


RELATIVE HUMIDITY (PERCENT)
 HIGHEST    92           100 AM
 LOWEST     20           200 PM
 AVERAGE    56

..........................................................


THE LAKE YELLOWSTONE WY CLIMATE NORMALS FOR TODAY
                         NORMAL    RECORD    YEAR
 MAXIMUM TEMPERATURE (F)   56        71      2002
 MINIMUM TEMPERATURE (F)   32        25      2006


SUNRISE AND SUNSET
MAY 31 2016...........SUNRISE   540 AM MDT   SUNSET   859 PM MDT
JUNE  1 2016..........SUNRISE   540 AM MDT   SUNSET   900 PM MDT


-  INDICATES NEGATIVE NUMBERS.
R  INDICATES RECORD WAS SET OR TIED.
MM INDICATES DATA IS MISSING.
T  INDICATES TRACE AMOUNT.




$$
