000
CDUS45 KRIW 250036
CLIP60


CLIMATE REPORT
NATIONAL WEATHER SERVICE RIVERTON WY
636 PM MDT SUN JUL 24 2016


...................................

...THE LAKE YELLOWSTONE WY CLIMATE SUMMARY FOR JULY 24 2016...
VALID TODAY AS OF 0500 PM LOCAL TIME.

CLIMATE NORMAL PERIOD 1981 TO 2010
CLIMATE RECORD PERIOD 1998 TO 2016


WEATHER ITEM   OBSERVED TIME   RECORD YEAR NORMAL DEPARTURE LAST
                VALUE   (LST)  VALUE       VALUE  FROM      YEAR
                                                  NORMAL
..................................................................
TEMPERATURE (F)
 TODAY
  MAXIMUM         76        MM  80    2007  73      3       70
  MINIMUM         35        MM  33    2010  41     -6       37
  AVERAGE         56

PRECIPITATION (IN)
  TODAY            0.00          0.05 2007   0.05  -0.05     0.00
  MONTH TO DATE    0.83                      1.13  -0.30     1.01
  SINCE JUN 1      1.78                      3.13  -1.35     1.92
  SINCE JAN 1     10.84                     12.21  -1.37     9.66

DEGREE DAYS
 HEATING
  TODAY            9                         8      1       11
  MONTH TO DATE  272                       227     45      243
  SINCE JUN 1    640                       720    -80      569
  SINCE JUL 1    272                       227     45      243

 COOLING
  TODAY            0                         0      0        0
  MONTH TO DATE    0                         0      0        0
  SINCE JUN 1      0                         0      0        1
  SINCE JAN 1      0                         0      0        1
..................................................................


WIND (MPH)
  HIGHEST WIND SPEED     7   HIGHEST WIND DIRECTION     E (99)
  HIGHEST GUST SPEED    16   HIGHEST GUST DIRECTION     E (99)
  AVERAGE WIND SPEED     3.4


SKY COVER
  POSSIBLE SUNSHINE  MM
  AVERAGE SKY COVER 0.0


WEATHER CONDITIONS
 THE FOLLOWING WEATHER WAS RECORDED TODAY.
  NO SIGNIFICANT WEATHER WAS OBSERVED.


RELATIVE HUMIDITY (PERCENT)
 HIGHEST    92           500 AM
 LOWEST     13           300 PM
 AVERAGE    53

..........................................................


THE LAKE YELLOWSTONE WY CLIMATE NORMALS FOR TOMORROW
                         NORMAL    RECORD    YEAR
 MAXIMUM TEMPERATURE (F)   73        81      2011
 MINIMUM TEMPERATURE (F)   41        29      2014


SUNRISE AND SUNSET
JULY 24 2016..........SUNRISE   600 AM MDT   SUNSET   855 PM MDT
JULY 25 2016..........SUNRISE   601 AM MDT   SUNSET   854 PM MDT


-  INDICATES NEGATIVE NUMBERS.
R  INDICATES RECORD WAS SET OR TIED.
MM INDICATES DATA IS MISSING.
T  INDICATES TRACE AMOUNT.




$$
