000
CDUS45 KRIW 240817
CLIP60


CLIMATE REPORT
NATIONAL WEATHER SERVICE RIVERTON WY
116 AM MST TUE JAN 24 2017


...................................

...THE LAKE YELLOWSTONE WY CLIMATE SUMMARY FOR JANUARY 23 2017...

CLIMATE NORMAL PERIOD 1981 TO 2010
CLIMATE RECORD PERIOD 1998 TO 2017


WEATHER ITEM   OBSERVED TIME   RECORD YEAR NORMAL DEPARTURE LAST
                VALUE   (LST)  VALUE       VALUE  FROM      YEAR
                                                  NORMAL
..................................................................
TEMPERATURE (F)
 YESTERDAY
  MAXIMUM         22    530 PM  39    2005  24     -2       28
  MINIMUM          4    822 AM -14    2008   1      3       11
  AVERAGE         13                        12      1       20

PRECIPITATION (IN)
  YESTERDAY        0.00          0.16 2011   0.05  -0.05     0.03
  MONTH TO DATE    2.51                      1.75   0.76     0.64
  SINCE DEC 1      5.61                      3.25   2.36     3.68
  SINCE JAN 1      2.51                      1.75   0.76     0.64

DEGREE DAYS
 HEATING
  YESTERDAY       52                        52      0       45
  MONTH TO DATE 1387                      1196    191     1141
  SINCE DEC 1   3146                      2786    360     2746
  SINCE JUL 1   6290                      6106    184     6074

 COOLING
  YESTERDAY        0                         0      0        0
  MONTH TO DATE    0                         0      0        0
  SINCE DEC 1      0                         0      0        0
  SINCE JAN 1      0                         0      0        0
..................................................................


WIND (MPH)
  HIGHEST WIND SPEED     6   HIGHEST WIND DIRECTION    NE (60)
  HIGHEST GUST SPEED    12   HIGHEST GUST DIRECTION    NE (50)
  AVERAGE WIND SPEED     1.2


SKY COVER
  POSSIBLE SUNSHINE  MM
  AVERAGE SKY COVER 0.0


WEATHER CONDITIONS
 THE FOLLOWING WEATHER WAS RECORDED YESTERDAY.
  NO SIGNIFICANT WEATHER WAS OBSERVED.


RELATIVE HUMIDITY (PERCENT)
 HIGHEST   100           800 AM
 LOWEST     71           700 PM
 AVERAGE    86

..........................................................


THE LAKE YELLOWSTONE WY CLIMATE NORMALS FOR TODAY
                         NORMAL    RECORD    YEAR
 MAXIMUM TEMPERATURE (F)   24        34      2007
 MINIMUM TEMPERATURE (F)    1       -27      2008


SUNRISE AND SUNSET
JANUARY 24 2017.......SUNRISE   748 AM MST   SUNSET   520 PM MST
JANUARY 25 2017.......SUNRISE   747 AM MST   SUNSET   521 PM MST


-  INDICATES NEGATIVE NUMBERS.
R  INDICATES RECORD WAS SET OR TIED.
MM INDICATES DATA IS MISSING.
T  INDICATES TRACE AMOUNT.




$$
