000
CDUS45 KLKN 200026
CLIP68


CLIMATE REPORT
NATIONAL WEATHER SERVICE ELKO NV
426 PM PST SUN NOV 9  2017


...................................

...THE EUREKA AIRPORT NV CLIMATE SUMMARY FOR NOVEMBER 19 2017...
VALID TODAY AS OF 0400 PM LOCAL TIME.

CLIMATE NORMAL PERIOD 1981 TO 2010
CLIMATE RECORD PERIOD 1963 TO 2017


WEATHER ITEM   OBSERVED TIME   RECORD YEAR NORMAL DEPARTURE LAST
                VALUE   (LST)  VALUE       VALUE  FROM      YEAR
                                                  NORMAL
..................................................................
TEMPERATURE (F)
 TODAY
  MAXIMUM         51    226 PM  68    2007  48      3       59
  MINIMUM         14    549 AM  -4    1985  19     -5       35
  AVERAGE         33                        33      0       47

PRECIPITATION (IN)
  TODAY            0.00          0.35 1982   0.02  -0.02     0.00
  MONTH TO DATE    0.24                      0.53  -0.29     0.04
  SINCE OCT 1      0.52                      1.27  -0.75     0.56
  SINCE JAN 1      9.56                      8.14   1.42     9.47

DEGREE DAYS
 HEATING
  TODAY           32                        32      0       18
  MONTH TO DATE  478                       536    -58      397
  SINCE SEP 1   1341                      1336      5     1032
  SINCE JUL 1   1345                      1383    -38     1056

 COOLING
  TODAY            0                         0      0        0
  MONTH TO DATE    0                         0      0        0
  SINCE SEP 1     61                        11     50        9
  SINCE JAN 1    570                       288    282      424
..................................................................


WIND (MPH)
  HIGHEST WIND SPEED    13   HIGHEST WIND DIRECTION    SW (210)
  HIGHEST GUST SPEED    15   HIGHEST GUST DIRECTION    SW (210)




RELATIVE HUMIDITY (PERCENT)
 HIGHEST    80           600 AM
 LOWEST     24           200 PM
 AVERAGE    52

..........................................................


THE EUREKA AIRPORT NV CLIMATE NORMALS FOR TOMORROW
                         NORMAL    RECORD    YEAR
 MAXIMUM TEMPERATURE (F)   47        69      1989
 MINIMUM TEMPERATURE (F)   18         2      1994


SUNRISE AND SUNSET
NOVEMBER 19 2017......SUNRISE   633 AM PST   SUNSET   426 PM PST
NOVEMBER 20 2017......SUNRISE   634 AM PST   SUNSET   425 PM PST


-  INDICATES NEGATIVE NUMBERS.
R  INDICATES RECORD WAS SET OR TIED.
MM INDICATES DATA IS MISSING.
T  INDICATES TRACE AMOUNT.




$$
