000
CDUS45 KLKN 310931
CLIP68


CLIMATE REPORT
NATIONAL WEATHER SERVICE ELKO NV
230 AM PDT MON AUG 31 2015


...................................

...THE EUREKA AIRPORT NV CLIMATE SUMMARY FOR AUGUST 30 2015...

CLIMATE NORMAL PERIOD 1981 TO 2010
CLIMATE RECORD PERIOD 1963 TO 2015


WEATHER ITEM   OBSERVED TIME   RECORD YEAR NORMAL DEPARTURE LAST
                VALUE   (LST)  VALUE       VALUE  FROM      YEAR
                                                  NORMAL
..................................................................
TEMPERATURE (F)
 YESTERDAY
  MAXIMUM         85    439 PM  93    2011  84      1       87
                                      1998
  MINIMUM         47   1127 PM  30    1968  44      3       57
  AVERAGE         66                        64      2       72

PRECIPITATION (IN)
  YESTERDAY        0.00          0.31 2012   0.02  -0.02     0.00
  MONTH TO DATE    0.72                      0.56   0.16     1.84
  SINCE OCT 1      6.74                      8.40  -1.66     9.21
  SINCE JAN 1      5.62                      6.27  -0.65     6.81

DEGREE DAYS
 HEATING
  YESTERDAY        0                         3     -3        0
  MONTH TO DATE    7                        31    -24       23
  SINCE JUN 1     67                       204   -137      126
  SINCE JUL 1     28                        44    -16       23

 COOLING
  YESTERDAY        1                         1      0        7
  MONTH TO DATE  187                       100     87       96
  SINCE JUN 1    465                       272    193      397
  SINCE JAN 1    473                       275    198      399
..................................................................


WIND (MPH)
  HIGHEST WIND SPEED    17   HIGHEST WIND DIRECTION    NW (300)
  HIGHEST GUST SPEED    22   HIGHEST GUST DIRECTION    NW (320)
  AVERAGE WIND SPEED     5.0




RELATIVE HUMIDITY (PERCENT)
 HIGHEST    54           500 AM
 LOWEST     10           500 PM
 AVERAGE    32

..........................................................


THE EUREKA AIRPORT NV CLIMATE NORMALS FOR TODAY
                         NORMAL    RECORD    YEAR
 MAXIMUM TEMPERATURE (F)   83        92      1995
 MINIMUM TEMPERATURE (F)   44        29      2005
                                             1968


SUNRISE AND SUNSET
AUGUST 31 2015........SUNRISE   611 AM PDT   SUNSET   717 PM PDT
SEPTEMBER  1 2015.....SUNRISE   612 AM PDT   SUNSET   715 PM PDT


-  INDICATES NEGATIVE NUMBERS.
R  INDICATES RECORD WAS SET OR TIED.
MM INDICATES DATA IS MISSING.
T  INDICATES TRACE AMOUNT.




$$
