000
CDUS45 KLKN 030935
CLIP68


CLIMATE REPORT
NATIONAL WEATHER SERVICE ELKO NV
133 AM PST TUE MAR 3 2015


...................................

...THE EUREKA AIRPORT NV CLIMATE SUMMARY FOR MARCH 2 2015...

CLIMATE NORMAL PERIOD 1981 TO 2010
CLIMATE RECORD PERIOD 1963 TO 2015


WEATHER ITEM   OBSERVED TIME   RECORD YEAR NORMAL DEPARTURE LAST
                VALUE   (LST)  VALUE       VALUE  FROM      YEAR
                                                  NORMAL
..................................................................
TEMPERATURE (F)
 YESTERDAY
  MAXIMUM         35    103 PM  64    1967  47    -12       50
  MINIMUM         19    949 PM   2    2012  20     -1       26
                                      1996
  AVERAGE         27                        34     -7       38

PRECIPITATION (IN)
  YESTERDAY        0.25R         0.25 1964   0.03   0.22     0.00
  MONTH TO DATE    0.25                      0.06   0.19     0.04
  SINCE OCT 1      1.96                      3.79  -1.83     4.18
  SINCE JAN 1      0.84                      1.66  -0.82     1.78

DEGREE DAYS
 HEATING
  YESTERDAY       38                        31      7       27
  MONTH TO DATE   67                        63      4       52
  SINCE MAR 1     67                        63      4       52
  SINCE JUL 1   4110                      5348  -1238     4856

 COOLING
  YESTERDAY        0                         0      0        0
  MONTH TO DATE    0                         0      0        0
  SINCE MAR 1      0                         0      0        0
  SINCE JAN 1      0                         0      0        0
..................................................................


WIND (MPH)
  HIGHEST WIND SPEED    13   HIGHEST WIND DIRECTION     N (350)
  HIGHEST GUST SPEED    15   HIGHEST GUST DIRECTION     N (350)
  AVERAGE WIND SPEED     5.0




RELATIVE HUMIDITY (PERCENT)
 HIGHEST    92           600 AM
 LOWEST     72          1200 AM
 AVERAGE    82

..........................................................


THE EUREKA AIRPORT NV CLIMATE NORMALS FOR TODAY
                         NORMAL    RECORD    YEAR
 MAXIMUM TEMPERATURE (F)   48        65      1994
 MINIMUM TEMPERATURE (F)   20         3      1966


SUNRISE AND SUNSET
MARCH  3 2015.........SUNRISE   614 AM PST   SUNSET   538 PM PST
MARCH  4 2015.........SUNRISE   613 AM PST   SUNSET   539 PM PST


-  INDICATES NEGATIVE NUMBERS.
R  INDICATES RECORD WAS SET OR TIED.
MM INDICATES DATA IS MISSING.
T  INDICATES TRACE AMOUNT.




$$
