000
CDUS45 KLKN 030931
CLIP68


CLIMATE REPORT
NATIONAL WEATHER SERVICE ELKO NV
231 AM PDT MON AUG 3 2015


...................................

...THE EUREKA AIRPORT NV CLIMATE SUMMARY FOR AUGUST 2 2015...

CLIMATE NORMAL PERIOD 1981 TO 2010
CLIMATE RECORD PERIOD 1963 TO 2015


WEATHER ITEM   OBSERVED TIME   RECORD YEAR NORMAL DEPARTURE LAST
                VALUE   (LST)  VALUE       VALUE  FROM      YEAR
                                                  NORMAL
..................................................................
TEMPERATURE (F)
 YESTERDAY
  MAXIMUM         85   1245 PM  98    1981  90     -5       94
  MINIMUM         59    421 AM  35    1981  50      9       51
  AVERAGE         72                        70      2       73

PRECIPITATION (IN)
  YESTERDAY        0.00          0.28 1963   0.03  -0.03     0.00
  MONTH TO DATE    0.00                      0.05  -0.05     0.00
  SINCE OCT 1      6.02                      7.89  -1.87     7.37
  SINCE JAN 1      4.90                      5.76  -0.86     4.97

DEGREE DAYS
 HEATING
  YESTERDAY        0                         0      0        0
  MONTH TO DATE    0                         0      0        0
  SINCE JUN 1     60                       173   -113      103
  SINCE JUL 1     21                        13      8        0

 COOLING
  YESTERDAY        7                         5      2        8
  MONTH TO DATE   16                        10      6       12
  SINCE JUN 1    294                       182    112      313
  SINCE JAN 1    302                       185    117      315
..................................................................


WIND (MPH)
  HIGHEST WIND SPEED    18   HIGHEST WIND DIRECTION     E (80)
  HIGHEST GUST SPEED    26   HIGHEST GUST DIRECTION     E (70)
  AVERAGE WIND SPEED     5.3




RELATIVE HUMIDITY (PERCENT)
 HIGHEST    55           400 AM
 LOWEST     19           100 PM
 AVERAGE    37

..........................................................


THE EUREKA AIRPORT NV CLIMATE NORMALS FOR TODAY
                         NORMAL    RECORD    YEAR
 MAXIMUM TEMPERATURE (F)   90        97      1981
 MINIMUM TEMPERATURE (F)   50        36      1985
                                             1981


SUNRISE AND SUNSET
AUGUST  3 2015........SUNRISE   545 AM PDT   SUNSET   754 PM PDT
AUGUST  4 2015........SUNRISE   546 AM PDT   SUNSET   753 PM PDT


-  INDICATES NEGATIVE NUMBERS.
R  INDICATES RECORD WAS SET OR TIED.
MM INDICATES DATA IS MISSING.
T  INDICATES TRACE AMOUNT.




$$
