000
CDUS45 KLKN 250027
CLIP68


CLIMATE REPORT
NATIONAL WEATHER SERVICE ELKO NV
526 PM PDT THU APR 24 2014


...................................

...THE EUREKA AIRPORT NV CLIMATE SUMMARY FOR APRIL 24 2014...
VALID TODAY AS OF 500 PM LOCAL TIME.

CLIMATE NORMAL PERIOD 1981 TO 2010
CLIMATE RECORD PERIOD 1963 TO 2014


WEATHER ITEM   OBSERVED TIME   RECORD YEAR NORMAL DEPARTURE LAST
                VALUE   (LST)  VALUE       VALUE  FROM      YEAR
                                                  NORMAL
..................................................................
TEMPERATURE (F)
 TODAY
  MAXIMUM         66    209 PM  79    2012  62      4       61
  MINIMUM         27    508 AM   3    1964  30     -3       23
  AVERAGE         47                        46      1       42

PRECIPITATION (IN)
  TODAY            0.00          0.50 1994   0.03  -0.03     0.00
  MONTH TO DATE    0.18                      0.76  -0.58     0.41
  SINCE OCT 1      4.92                      5.42  -0.50     3.92
  SINCE JAN 1      2.52                      3.29  -0.77     2.48

DEGREE DAYS
 HEATING
  TODAY           18                        19     -1       23
  MONTH TO DATE  447                       538    -91      530
  SINCE MAR 1   1225                      1409   -184     1249
  SINCE JUL 1   6029                      6694   -665     6337

 COOLING
  TODAY            0                         0      0        0
  MONTH TO DATE    0                         0      0        0
  SINCE MAR 1      0                         0      0        0
  SINCE JAN 1      0                         0      0        0
..................................................................


WIND (MPH)
  HIGHEST WIND SPEED    20   HIGHEST WIND DIRECTION     W (270)
  HIGHEST GUST SPEED    28   HIGHEST GUST DIRECTION     W (270)




RELATIVE HUMIDITY (PERCENT)
 HIGHEST    63           100 AM
 LOWEST     20           100 PM
 AVERAGE    42

..........................................................


THE EUREKA AIRPORT NV CLIMATE NORMALS FOR TOMORROW
                         NORMAL    RECORD    YEAR
 MAXIMUM TEMPERATURE (F)   62        77      1987
 MINIMUM TEMPERATURE (F)   30        15      1964


SUNRISE AND SUNSET
APRIL 24 2014.........SUNRISE   554 AM PDT   SUNSET   731 PM PDT
APRIL 25 2014.........SUNRISE   553 AM PDT   SUNSET   732 PM PDT


-  INDICATES NEGATIVE NUMBERS.
R  INDICATES RECORD WAS SET OR TIED.
MM INDICATES DATA IS MISSING.
T  INDICATES TRACE AMOUNT.




$$
