000
CDUS45 KLKN 040927
CLIP68


CLIMATE REPORT
NATIONAL WEATHER SERVICE ELKO NV
126 AM PST SUN DEC 4 2016


...................................

...THE EUREKA AIRPORT NV CLIMATE SUMMARY FOR DECEMBER 3 2016...

CLIMATE NORMAL PERIOD 1981 TO 2010
CLIMATE RECORD PERIOD 1963 TO 2016


WEATHER ITEM   OBSERVED TIME   RECORD YEAR NORMAL DEPARTURE LAST
                VALUE   (LST)  VALUE       VALUE  FROM      YEAR
                                                  NORMAL
..................................................................
TEMPERATURE (F)
 YESTERDAY
  MAXIMUM         37    337 PM  58    2007  42     -5       50
                                      1998
  MINIMUM          6    101 AM -14    2004  14     -8       18
  AVERAGE         22                        28     -6       34

PRECIPITATION (IN)
  YESTERDAY        0.00          0.31 2013   0.02  -0.02     0.00
  MONTH TO DATE    0.01                      0.05  -0.04     0.00
  SINCE OCT 1      1.12                      1.57  -0.45     2.58
  SINCE JAN 1     10.03                      8.44   1.59     9.66

DEGREE DAYS
 HEATING
  YESTERDAY       43                        37      6       31
  MONTH TO DATE  131                       111     20      114
  SINCE DEC 1    131                       111     20      114
  SINCE JUL 1   1544                      1870   -326     1600

 COOLING
  YESTERDAY        0                         0      0        0
  MONTH TO DATE    0                         0      0        0
  SINCE DEC 1      0                         0      0        0
  SINCE JAN 1    424                       288    136      516
..................................................................


WIND (MPH)
  HIGHEST WIND SPEED    12   HIGHEST WIND DIRECTION    SW (210)
  HIGHEST GUST SPEED    13   HIGHEST GUST DIRECTION    SW (210)
  AVERAGE WIND SPEED     4.7




RELATIVE HUMIDITY (PERCENT)
 HIGHEST    83          1000 PM
 LOWEST     29          1200 PM
 AVERAGE    56

..........................................................


THE EUREKA AIRPORT NV CLIMATE NORMALS FOR TODAY
                         NORMAL    RECORD    YEAR
 MAXIMUM TEMPERATURE (F)   41        58      2007
 MINIMUM TEMPERATURE (F)   14       -15      2013


SUNRISE AND SUNSET
DECEMBER  4 2016......SUNRISE   648 AM PST   SUNSET   420 PM PST
DECEMBER  5 2016......SUNRISE   649 AM PST   SUNSET   420 PM PST


-  INDICATES NEGATIVE NUMBERS.
R  INDICATES RECORD WAS SET OR TIED.
MM INDICATES DATA IS MISSING.
T  INDICATES TRACE AMOUNT.




$$
