000
CDUS45 KLKN 190031
CLIP68


CLIMATE REPORT
NATIONAL WEATHER SERVICE ELKO NV
431 PM PST WED JAN 18 2017


...................................

...THE EUREKA AIRPORT NV CLIMATE SUMMARY FOR JANUARY 18 2017...
VALID TODAY AS OF 0400 PM LOCAL TIME.

CLIMATE NORMAL PERIOD 1981 TO 2010
CLIMATE RECORD PERIOD 1963 TO 2017


WEATHER ITEM   OBSERVED TIME   RECORD YEAR NORMAL DEPARTURE LAST
                VALUE   (LST)  VALUE       VALUE  FROM      YEAR
                                                  NORMAL
..................................................................
TEMPERATURE (F)
 TODAY
  MAXIMUM         40    203 PM  57    2000  37      3       40
                                      1994
  MINIMUM          6    224 AM -17    1984  10     -4       21
  AVERAGE         23                        24     -1       31

PRECIPITATION (IN)
  TODAY            0.00          0.41 1996   0.03  -0.03     0.11
  MONTH TO DATE    1.90                      0.43   1.47     0.67
  SINCE OCT 1      3.99                      2.56   1.43     4.94
  SINCE JAN 1      1.90                      0.43   1.47     0.67

DEGREE DAYS
 HEATING
  TODAY           42                        41      1       34
  MONTH TO DATE  768                       753     15      784
  SINCE DEC 1   1993                      2000     -7     2010
  SINCE JUL 1   3406                      3759   -353     3496

 COOLING
  TODAY            0                         0      0        0
  MONTH TO DATE    0                         0      0        0
  SINCE DEC 1      0                         0      0        0
  SINCE JAN 1      0                         0      0        0
..................................................................


WIND (MPH)
  HIGHEST WIND SPEED    26   HIGHEST WIND DIRECTION     S (170)
  HIGHEST GUST SPEED    31   HIGHEST GUST DIRECTION     S (170)




RELATIVE HUMIDITY (PERCENT)
 HIGHEST    83           300 AM
 LOWEST     37           100 PM
 AVERAGE    60

..........................................................


THE EUREKA AIRPORT NV CLIMATE NORMALS FOR TOMORROW
                         NORMAL    RECORD    YEAR
 MAXIMUM TEMPERATURE (F)   38        59      1994
 MINIMUM TEMPERATURE (F)   10       -18      1988


SUNRISE AND SUNSET
JANUARY 18 2017.......SUNRISE   701 AM PST   SUNSET   448 PM PST
JANUARY 19 2017.......SUNRISE   700 AM PST   SUNSET   449 PM PST


-  INDICATES NEGATIVE NUMBERS.
R  INDICATES RECORD WAS SET OR TIED.
MM INDICATES DATA IS MISSING.
T  INDICATES TRACE AMOUNT.




$$
