000
CDUS45 KLKN 180930
CLIP68


CLIMATE REPORT
NATIONAL WEATHER SERVICE ELKO NV
226 AM PDT THU SEP 18 2014


...................................

...THE EUREKA AIRPORT NV CLIMATE SUMMARY FOR SEPTEMBER 17 2014...

CLIMATE NORMAL PERIOD 1981 TO 2010
CLIMATE RECORD PERIOD 1963 TO 2014


WEATHER ITEM   OBSERVED TIME   RECORD YEAR NORMAL DEPARTURE LAST
                VALUE   (LST)  VALUE       VALUE  FROM      YEAR
                                                  NORMAL
..................................................................
TEMPERATURE (F)
 YESTERDAY
  MAXIMUM         91R   232 PM  86    2010  77     14       84
  MINIMUM         51    337 AM  21    1971  38     13       51
  AVERAGE         71                        58     13       68

PRECIPITATION (IN)
  YESTERDAY        0.00          0.32 1989   0.02  -0.02     0.00
  MONTH TO DATE    0.00                      0.33  -0.33     1.02
  SINCE OCT 1      9.21                      8.75   0.46     7.41
  SINCE JAN 1      6.81                      6.62   0.19     5.97

DEGREE DAYS
 HEATING
  YESTERDAY        0                         7     -7        0
  MONTH TO DATE   22                        84    -62       26
  SINCE SEP 1     22                        84    -62       26
  SINCE JUL 1     47                       131    -84       27

 COOLING
  YESTERDAY        6                         0      6        3
  MONTH TO DATE   28                         9     19       44
  SINCE SEP 1     28                         9     19       44
  SINCE JAN 1    427                       286    141      585
..................................................................


WIND (MPH)
  HIGHEST WIND SPEED    23   HIGHEST WIND DIRECTION     S (190)
  HIGHEST GUST SPEED    30   HIGHEST GUST DIRECTION     S (200)
  AVERAGE WIND SPEED     9.8




RELATIVE HUMIDITY (PERCENT)
 HIGHEST    50           400 AM
 LOWEST     16           300 PM
 AVERAGE    33

..........................................................


THE EUREKA AIRPORT NV CLIMATE NORMALS FOR TODAY
                         NORMAL    RECORD    YEAR
 MAXIMUM TEMPERATURE (F)   77        87      2010
                                             2009
                                             1966
 MINIMUM TEMPERATURE (F)   38        18      1988


SUNRISE AND SUNSET
SEPTEMBER 18 2014.....SUNRISE   628 AM PDT   SUNSET   647 PM PDT
SEPTEMBER 19 2014.....SUNRISE   629 AM PDT   SUNSET   646 PM PDT


-  INDICATES NEGATIVE NUMBERS.
R  INDICATES RECORD WAS SET OR TIED.
MM INDICATES DATA IS MISSING.
T  INDICATES TRACE AMOUNT.




$$
