000
CDUS45 KLKN 210945
CLIP68


CLIMATE REPORT
NATIONAL WEATHER SERVICE ELKO NV
145 AM PST SUN DEC 21 2014


...................................

...THE EUREKA AIRPORT NV CLIMATE SUMMARY FOR DECEMBER 20 2014...

CLIMATE NORMAL PERIOD 1981 TO 2010
CLIMATE RECORD PERIOD 1963 TO 2014


WEATHER ITEM   OBSERVED TIME   RECORD YEAR NORMAL DEPARTURE LAST
                VALUE   (LST)  VALUE       VALUE  FROM      YEAR
                                                  NORMAL
..................................................................
TEMPERATURE (F)
 YESTERDAY
  MAXIMUM         40   1159 PM  62    1981  37      3       27
  MINIMUM         32    127 AM -20    1990  10     22        4
  AVERAGE         36                        24     12       16

PRECIPITATION (IN)
  YESTERDAY        0.30R         0.30 2014   0.02   0.28     0.00
  MONTH TO DATE    0.60                      0.38   0.22     1.06
  SINCE OCT 1      0.93                      1.90  -0.97     2.39
  SINCE JAN 1      8.87                      8.77   0.10     8.53

DEGREE DAYS
 HEATING
  YESTERDAY       29                        41    -12       49
  MONTH TO DATE  575                       787   -212      931
  SINCE DEC 1    575                       787   -212      931
  SINCE JUL 1   1915                      2546   -631     2542

 COOLING
  YESTERDAY        0                         0      0        0
  MONTH TO DATE    0                         0      0        0
  SINCE DEC 1      0                         0      0        0
  SINCE JAN 1    436                       288    148      585
..................................................................


WIND (MPH)
  HIGHEST WIND SPEED    10   HIGHEST WIND DIRECTION     S (170)
  HIGHEST GUST SPEED    13   HIGHEST GUST DIRECTION     S (170)
  AVERAGE WIND SPEED     3.7




RELATIVE HUMIDITY (PERCENT)
 HIGHEST    96          1000 AM
 LOWEST     79          1100 PM
 AVERAGE    88

..........................................................


THE EUREKA AIRPORT NV CLIMATE NORMALS FOR TODAY
                         NORMAL    RECORD    YEAR
 MAXIMUM TEMPERATURE (F)   37        56      2005
 MINIMUM TEMPERATURE (F)   10       -24      1990


SUNRISE AND SUNSET
DECEMBER 21 2014......SUNRISE   701 AM PST   SUNSET   423 PM PST
DECEMBER 22 2014......SUNRISE   701 AM PST   SUNSET   424 PM PST


-  INDICATES NEGATIVE NUMBERS.
R  INDICATES RECORD WAS SET OR TIED.
MM INDICATES DATA IS MISSING.
T  INDICATES TRACE AMOUNT.




$$
