173
CDUS45 KLKN 090931
CLIP68


CLIMATE REPORT
NATIONAL WEATHER SERVICE ELKO NV
130 AM PST TUE FEB 9 2016


...................................

...THE EUREKA AIRPORT NV CLIMATE SUMMARY FOR FEBRUARY 8 2016...

CLIMATE NORMAL PERIOD 1981 TO 2010
CLIMATE RECORD PERIOD 1963 TO 2016


WEATHER ITEM   OBSERVED TIME   RECORD YEAR NORMAL DEPARTURE LAST
                VALUE   (LST)  VALUE       VALUE  FROM      YEAR
                                                  NORMAL
..................................................................
TEMPERATURE (F)
 YESTERDAY
  MAXIMUM         34    209 PM  63    2015  41     -7       63
  MINIMUM         -2   1156 AM -32    1989  14    -16       27
  AVERAGE         16                        27    -11       45

PRECIPITATION (IN)
  YESTERDAY        0.00          0.25 1994   0.04  -0.04     0.00
                                      1994
                                      2013
  MONTH TO DATE    0.05                      0.24  -0.19     0.00
  SINCE OCT 1      5.96                      3.11   2.85     1.38
  SINCE JAN 1      1.69                      0.98   0.71     0.26

DEGREE DAYS
 HEATING
  YESTERDAY       49                        38     11       20
  MONTH TO DATE  432                       308    124      154
  SINCE DEC 1   2967                      2832    135     2125
  SINCE JUL 1   4453                      4591   -138     3465

 COOLING
  YESTERDAY        0                         0      0        0
  MONTH TO DATE    0                         0      0        0
  SINCE DEC 1      0                         0      0        0
  SINCE JAN 1      0                         0      0        0
..................................................................


WIND (MPH)
  HIGHEST WIND SPEED    10   HIGHEST WIND DIRECTION    SW (210)
  HIGHEST GUST SPEED    13   HIGHEST GUST DIRECTION    SW (210)
  AVERAGE WIND SPEED     3.9




RELATIVE HUMIDITY (PERCENT)
 HIGHEST   100           100 AM
 LOWEST     56           200 PM
 AVERAGE    78

..........................................................


THE EUREKA AIRPORT NV CLIMATE NORMALS FOR TODAY
                         NORMAL    RECORD    YEAR
 MAXIMUM TEMPERATURE (F)   41        58      2015
                                             1991
 MINIMUM TEMPERATURE (F)   14        -4      1982


SUNRISE AND SUNSET
FEBRUARY  9 2016......SUNRISE   644 AM PST   SUNSET   513 PM PST
FEBRUARY 10 2016......SUNRISE   642 AM PST   SUNSET   514 PM PST


-  INDICATES NEGATIVE NUMBERS.
R  INDICATES RECORD WAS SET OR TIED.
MM INDICATES DATA IS MISSING.
T  INDICATES TRACE AMOUNT.




$$
