000
CDUS45 KLKN 240931
CLIP68


CLIMATE REPORT
NATIONAL WEATHER SERVICE ELKO NV
228 AM PDT FRI OCT 24 2014


...................................

...THE EUREKA AIRPORT NV CLIMATE SUMMARY FOR OCTOBER 23 2014...

CLIMATE NORMAL PERIOD 1981 TO 2010
CLIMATE RECORD PERIOD 1963 TO 2014


WEATHER ITEM   OBSERVED TIME   RECORD YEAR NORMAL DEPARTURE LAST
                VALUE   (LST)  VALUE       VALUE  FROM      YEAR
                                                  NORMAL
..................................................................
TEMPERATURE (F)
 YESTERDAY
  MAXIMUM         73    138 PM  75    2011  61     12       70
                                      1965
  MINIMUM         37    626 AM   8    1995  27     10       28
                                      1980
  AVERAGE         55                        44     11       49

PRECIPITATION (IN)
  YESTERDAY        0.00          0.29 2004   0.02  -0.02     0.00
  MONTH TO DATE    0.00                      0.51  -0.51     0.25
  SINCE OCT 1      0.00                      0.51  -0.51     0.25
  SINCE JAN 1      7.94                      7.38   0.56     6.39

DEGREE DAYS
 HEATING
  YESTERDAY       10                        21    -11       16
  MONTH TO DATE  267                       398   -131      445
  SINCE SEP 1    360                       615   -255      635
  SINCE JUL 1    385                       662   -277      636

 COOLING
  YESTERDAY        0                         0      0        0
  MONTH TO DATE    0                         0      0        0
  SINCE SEP 1     37                        11     26       44
  SINCE JAN 1    436                       288    148      585
..................................................................


WIND (MPH)
  HIGHEST WIND SPEED    24   HIGHEST WIND DIRECTION     S (160)
  HIGHEST GUST SPEED    29   HIGHEST GUST DIRECTION     S (170)
  AVERAGE WIND SPEED     6.0




RELATIVE HUMIDITY (PERCENT)
 HIGHEST    44           600 AM
 LOWEST     13          1200 PM
 AVERAGE    29

..........................................................


THE EUREKA AIRPORT NV CLIMATE NORMALS FOR TODAY
                         NORMAL    RECORD    YEAR
 MAXIMUM TEMPERATURE (F)   60        78      2007
 MINIMUM TEMPERATURE (F)   26         9      1995


SUNRISE AND SUNSET
OCTOBER 24 2014.......SUNRISE   703 AM PDT   SUNSET   552 PM PDT
OCTOBER 25 2014.......SUNRISE   704 AM PDT   SUNSET   551 PM PDT


-  INDICATES NEGATIVE NUMBERS.
R  INDICATES RECORD WAS SET OR TIED.
MM INDICATES DATA IS MISSING.
T  INDICATES TRACE AMOUNT.




$$
