000
CDUS45 KLKN 190045
CLIP68


CLIMATE REPORT
NATIONAL WEATHER SERVICE ELKO NV
445 PM PST THU JAN 18 2018


...................................

...THE EUREKA AIRPORT NV CLIMATE SUMMARY FOR JANUARY 18 2018...
VALID TODAY AS OF 0400 PM LOCAL TIME.

CLIMATE NORMAL PERIOD 1981 TO 2010
CLIMATE RECORD PERIOD 1963 TO 2018


WEATHER ITEM   OBSERVED TIME   RECORD YEAR NORMAL DEPARTURE LAST
                VALUE   (LST)  VALUE       VALUE  FROM      YEAR
                                                  NORMAL
..................................................................
TEMPERATURE (F)
 TODAY
  MAXIMUM         56   1248 PM  57    2000  37     19       40
                                      1994
  MINIMUM         31    619 AM -17    1984  10     21        6
  AVERAGE         44                        24     20       23

PRECIPITATION (IN)
  TODAY            0.00          0.41 1996   0.03  -0.03     0.01
  MONTH TO DATE    0.12                      0.43  -0.31     1.91
  SINCE OCT 1      1.31                      2.56  -1.25     4.00
  SINCE JAN 1      0.12                      0.43  -0.31     1.91

DEGREE DAYS
 HEATING
  TODAY           21                        41    -20       42
  MONTH TO DATE  503                       753   -250      768
  SINCE DEC 1   1595                      2000   -405     1993
  SINCE JUL 1   3179                      3759   -580     3406

 COOLING
  TODAY            0                         0      0        0
  MONTH TO DATE    0                         0      0        0
  SINCE DEC 1      0                         0      0        0
  SINCE JAN 1      0                         0      0        0
..................................................................


WIND (MPH)
  HIGHEST WIND SPEED    23   HIGHEST WIND DIRECTION    SE (150)
  HIGHEST GUST SPEED    29   HIGHEST GUST DIRECTION     S (160)




RELATIVE HUMIDITY (PERCENT)
 HIGHEST    78           100 AM
 LOWEST     35           100 PM
 AVERAGE    57

..........................................................


THE EUREKA AIRPORT NV CLIMATE NORMALS FOR TOMORROW
                         NORMAL    RECORD    YEAR
 MAXIMUM TEMPERATURE (F)   38        59      1994
 MINIMUM TEMPERATURE (F)   10       -18      1988


SUNRISE AND SUNSET
JANUARY 18 2018.......SUNRISE   701 AM PST   SUNSET   448 PM PST
JANUARY 19 2018.......SUNRISE   701 AM PST   SUNSET   449 PM PST


-  INDICATES NEGATIVE NUMBERS.
R  INDICATES RECORD WAS SET OR TIED.
MM INDICATES DATA IS MISSING.
T  INDICATES TRACE AMOUNT.




$$
