000
CDUS45 KLKN 200927
CLIP68


CLIMATE REPORT
NATIONAL WEATHER SERVICE ELKO NV
226 AM PDT WED AUG 20 2014


...................................

...THE EUREKA AIRPORT NV CLIMATE SUMMARY FOR AUGUST 19 2014...

CLIMATE NORMAL PERIOD 1981 TO 2010
CLIMATE RECORD PERIOD 1963 TO 2014


WEATHER ITEM   OBSERVED TIME   RECORD YEAR NORMAL DEPARTURE LAST
                VALUE   (LST)  VALUE       VALUE  FROM      YEAR
                                                  NORMAL
..................................................................
TEMPERATURE (F)
 YESTERDAY
  MAXIMUM         82   1141 AM  95    2011  87     -5       89
  MINIMUM         61   1158 PM  36    1985  47     14       63
                                      1980
  AVERAGE         72                        67      5       76

PRECIPITATION (IN)
  YESTERDAY        0.00          0.48 1990   0.01  -0.01     0.00
  MONTH TO DATE    1.69                      0.35   1.34     0.00
  SINCE OCT 1      9.06                      8.19   0.87     6.25
  SINCE JAN 1      6.66                      6.06   0.60     4.81

DEGREE DAYS
 HEATING
  YESTERDAY        0                         1     -1        0
  MONTH TO DATE    4                        12     -8        0
  SINCE JUN 1    107                       185    -78       81
  SINCE JUL 1      4                        25    -21        1

 COOLING
  YESTERDAY        7                         3      4       11
  MONTH TO DATE   72                        78     -6      107
  SINCE JUN 1    373                       250    123      473
  SINCE JAN 1    375                       253    122      474
..................................................................


WIND (MPH)
  HIGHEST WIND SPEED    22   HIGHEST WIND DIRECTION    SW (220)
  HIGHEST GUST SPEED    29   HIGHEST GUST DIRECTION    SW (230)
  AVERAGE WIND SPEED     9.7




RELATIVE HUMIDITY (PERCENT)
 HIGHEST    60           500 AM
 LOWEST     25          1200 PM
 AVERAGE    43

..........................................................


THE EUREKA AIRPORT NV CLIMATE NORMALS FOR TODAY
                         NORMAL    RECORD    YEAR
 MAXIMUM TEMPERATURE (F)   86        97      2009
 MINIMUM TEMPERATURE (F)   47        33      1980


SUNRISE AND SUNSET
AUGUST 20 2014........SUNRISE   601 AM PDT   SUNSET   733 PM PDT
AUGUST 21 2014........SUNRISE   602 AM PDT   SUNSET   731 PM PDT


-  INDICATES NEGATIVE NUMBERS.
R  INDICATES RECORD WAS SET OR TIED.
MM INDICATES DATA IS MISSING.
T  INDICATES TRACE AMOUNT.




$$
