000
CDUS45 KLKN 010927
CLIP68


CLIMATE REPORT
NATIONAL WEATHER SERVICE ELKO NV
227 AM PDT SUN MAY 1 2016


...................................

...THE EUREKA AIRPORT NV CLIMATE SUMMARY FOR APRIL 30 2016...

CLIMATE NORMAL PERIOD 1981 TO 2010
CLIMATE RECORD PERIOD 1963 TO 2016


WEATHER ITEM   OBSERVED TIME   RECORD YEAR NORMAL DEPARTURE LAST
                VALUE   (LST)  VALUE       VALUE  FROM      YEAR
                                                  NORMAL
..................................................................
TEMPERATURE (F)
 YESTERDAY
  MAXIMUM         53    302 PM  82    1981  64    -11       75
  MINIMUM         37   1159 PM  12    1991  31      6       36
  AVERAGE         45                        47     -2       56

PRECIPITATION (IN)
  YESTERDAY        0.00          0.44 1964   0.03  -0.03     0.00
  MONTH TO DATE    2.13                      0.97   1.16     0.35
  SINCE OCT 1      9.70                      5.63   4.07     2.37
  SINCE JAN 1      5.43                      3.50   1.93     1.25

DEGREE DAYS
 HEATING
  YESTERDAY       20                        18      2        9
  MONTH TO DATE  555                       649    -94      640
  SINCE MAR 1   1304                      1519   -215     1280
  SINCE JUL 1   6407                      6804   -397     5323

 COOLING
  YESTERDAY        0                         0      0        0
  MONTH TO DATE    0                         0      0        0
  SINCE MAR 1      0                         0      0        0
  SINCE JAN 1      0                         0      0        0
..................................................................


WIND (MPH)
  HIGHEST WIND SPEED    24   HIGHEST WIND DIRECTION    NE (60)
  HIGHEST GUST SPEED    33   HIGHEST GUST DIRECTION    NE (50)
  AVERAGE WIND SPEED    12.6




RELATIVE HUMIDITY (PERCENT)
 HIGHEST    92           100 AM
 LOWEST     50           200 PM
 AVERAGE    71

..........................................................


THE EUREKA AIRPORT NV CLIMATE NORMALS FOR TODAY
                         NORMAL    RECORD    YEAR
 MAXIMUM TEMPERATURE (F)   64        83      1985
 MINIMUM TEMPERATURE (F)   31        11      2008


SUNRISE AND SUNSET
MAY  1 2016...........SUNRISE   544 AM PDT   SUNSET   738 PM PDT
MAY  2 2016...........SUNRISE   543 AM PDT   SUNSET   739 PM PDT


-  INDICATES NEGATIVE NUMBERS.
R  INDICATES RECORD WAS SET OR TIED.
MM INDICATES DATA IS MISSING.
T  INDICATES TRACE AMOUNT.




$$
