000
CDUS43 KPAH 200633
CLIPAH


CLIMATE REPORT
NATIONAL WEATHER SERVICE PADUCAH KY
130 AM CDT WED SEP 20 2017


...................................

...THE PADUCAH KY CLIMATE SUMMARY FOR SEPTEMBER 19 2017...

CLIMATE NORMAL PERIOD 1981 TO 2010
CLIMATE RECORD PERIOD 1937 TO 2017


WEATHER ITEM   OBSERVED TIME   RECORD YEAR NORMAL DEPARTURE LAST
                VALUE   (LST)  VALUE       VALUE  FROM      YEAR
                                                  NORMAL
..................................................................
TEMPERATURE (F)
 YESTERDAY
  MAXIMUM         90    312 PM  97    1954  81      9       87
  MINIMUM         68    520 AM  41    1973  56     12       60
  AVERAGE         79                        69     10       74

PRECIPITATION (IN)
  YESTERDAY        0.00          1.20 1970   0.13  -0.13     0.00
  MONTH TO DATE    2.55                      2.29   0.26     0.66
  SINCE SEP 1      2.55                      2.29   0.26     0.66
  SINCE JAN 1     35.68                     34.77   0.91    43.33

SNOWFALL (IN)
  YESTERDAY        0.0           0.0  2002   0.0    0.0      0.0
                                      2001
  MONTH TO DATE    0.0                       0.0    0.0      0.0
  SINCE SEP 1      0.0                       0.0    0.0      0.0
  SINCE JUL 1      0.0                       0.0    0.0      0.0
  SNOW DEPTH       0

DEGREE DAYS
 HEATING
  YESTERDAY        0                         1     -1        0
  MONTH TO DATE   11                         7      4        0
  SINCE SEP 1     11                         7      4        0
  SINCE JUL 1     11                         8      3        0

 COOLING
  YESTERDAY       14                         5      9        9
  MONTH TO DATE  100                       145    -45      214
  SINCE SEP 1    100                       145    -45      214
  SINCE JAN 1   1474                      1458     16     1744
..................................................................


WIND (MPH)
  HIGHEST WIND SPEED    12   HIGHEST WIND DIRECTION     N (340)
  HIGHEST GUST SPEED    16   HIGHEST GUST DIRECTION     N (340)
  AVERAGE WIND SPEED     3.0


SKY COVER
  POSSIBLE SUNSHINE  MM
  AVERAGE SKY COVER 0.3


WEATHER CONDITIONS
 THE FOLLOWING WEATHER WAS RECORDED YESTERDAY.
  THUNDERSTORM
  FOG
  HAZE


RELATIVE HUMIDITY (PERCENT)
 HIGHEST    97           300 AM
 LOWEST     50           400 PM
 AVERAGE    74

..........................................................


THE PADUCAH KY CLIMATE NORMALS FOR TODAY
                         NORMAL    RECORD    YEAR
 MAXIMUM TEMPERATURE (F)   81        95      1955
 MINIMUM TEMPERATURE (F)   56        41      1991


SUNRISE AND SUNSET
SEPTEMBER 20 2017.....SUNRISE   641 AM CDT   SUNSET   655 PM CDT
SEPTEMBER 21 2017.....SUNRISE   642 AM CDT   SUNSET   653 PM CDT


-  INDICATES NEGATIVE NUMBERS.
R  INDICATES RECORD WAS SET OR TIED.
MM INDICATES DATA IS MISSING.
T  INDICATES TRACE AMOUNT.


&&

..............................................

     ***** AGRICULTURAL DATA *****

SOIL TEMPERATURES AT A DEPTH OF FOUR INCHES

UNDER GRASS... MAX: 74     MIN: 74



$$
