000
CDUS43 KPAH 070632
CLIPAH


CLIMATE REPORT
NATIONAL WEATHER SERVICE PADUCAH KY
1227 AM CST WED DEC 7 2016


...................................

...THE PADUCAH KY CLIMATE SUMMARY FOR DECEMBER 6 2016...

CLIMATE NORMAL PERIOD 1981 TO 2010
CLIMATE RECORD PERIOD 1937 TO 2016


WEATHER ITEM   OBSERVED TIME   RECORD YEAR NORMAL DEPARTURE LAST
                VALUE   (LST)  VALUE       VALUE  FROM      YEAR
                                                  NORMAL
..................................................................
TEMPERATURE (F)
 YESTERDAY
  MAXIMUM         48    212 PM  72    1998  49     -1       59
                                      1951
  MINIMUM         36   1159 PM   5    1984  31      5       30
  AVERAGE         42                        40      2       45

PRECIPITATION (IN)
  YESTERDAY        0.62          1.62 1957   0.15   0.47     0.00
  MONTH TO DATE    0.82                      0.92  -0.10     0.02
  SINCE DEC 1      0.82                      0.92  -0.10     0.02
  SINCE JAN 1     47.31                     45.41   1.90    51.77

SNOWFALL (IN)
  YESTERDAY        0.0           4.8  2013   0.0    0.0      0.0
  MONTH TO DATE    0.0                       0.2   -0.2      0.0
  SINCE DEC 1      0.0                       0.2   -0.2      0.0
  SINCE JUL 1      0.0                       0.3   -0.3      0.0
  SNOW DEPTH       0

DEGREE DAYS
 HEATING
  YESTERDAY       23                        25     -2       20
  MONTH TO DATE  147                       145      2      141
  SINCE DEC 1    147                       145      2      141
  SINCE JUL 1    648                       922   -274      685

 COOLING
  YESTERDAY        0                         0      0        0
  MONTH TO DATE    0                         0      0        0
  SINCE DEC 1      0                         0      0        0
  SINCE JAN 1   1953                      1542    411     1690
..................................................................


WIND (MPH)
  HIGHEST WIND SPEED    16   HIGHEST WIND DIRECTION     N (350)
  HIGHEST GUST SPEED    23   HIGHEST GUST DIRECTION    NW (330)
  AVERAGE WIND SPEED     7.7


SKY COVER
  POSSIBLE SUNSHINE  MM
  AVERAGE SKY COVER 0.8


WEATHER CONDITIONS
 THE FOLLOWING WEATHER WAS RECORDED YESTERDAY.
  HEAVY RAIN
  RAIN
  LIGHT RAIN
  FOG


RELATIVE HUMIDITY (PERCENT)
 HIGHEST    93           200 AM
 LOWEST     70           300 PM
 AVERAGE    82

..........................................................


THE PADUCAH KY CLIMATE NORMALS FOR TODAY
                         NORMAL    RECORD    YEAR
 MAXIMUM TEMPERATURE (F)   49        69      1980
                                             1966
                                             1946
 MINIMUM TEMPERATURE (F)   30         7      1984


SUNRISE AND SUNSET
DECEMBER  7 2016......SUNRISE   656 AM CST   SUNSET   438 PM CST
DECEMBER  8 2016......SUNRISE   656 AM CST   SUNSET   438 PM CST


-  INDICATES NEGATIVE NUMBERS.
R  INDICATES RECORD WAS SET OR TIED.
MM INDICATES DATA IS MISSING.
T  INDICATES TRACE AMOUNT.

&&

.........................................................
***** AGRICULTURAL DATA *****

SOIL TEMPERATURES AT A DEPTH OF FOUR INCHES

UNDER GRASS...  MAX: 50  MIN: 50


$$
