000
CDUS43 KPAH 220635
CLIPAH


CLIMATE REPORT
NATIONAL WEATHER SERVICE PADUCAH KY
131 AM CDT WED OCT 22 2014


...................................

...THE PADUCAH KY CLIMATE SUMMARY FOR OCTOBER 21 2014...

CLIMATE NORMAL PERIOD 1981 TO 2010
CLIMATE RECORD PERIOD 1937 TO 2014


WEATHER ITEM   OBSERVED TIME   RECORD YEAR NORMAL DEPARTURE LAST
                VALUE   (LST)  VALUE       VALUE  FROM      YEAR
                                                  NORMAL
..................................................................
TEMPERATURE (F)
 YESTERDAY
  MAXIMUM         72    117 PM  88    1953  69      3       68
  MINIMUM         44   1159 PM  26    1952  45     -1       47
  AVERAGE         58                        57      1       58

PRECIPITATION (IN)
  YESTERDAY        0.00          0.69 1983   0.13  -0.13      T
  MONTH TO DATE    3.14                      2.74   0.40     4.91
  SINCE SEP 1      4.11                      6.49  -2.38     8.01
  SINCE JAN 1     40.88                     38.97   1.91    48.78

SNOWFALL (IN)
  YESTERDAY        0.0                       0.0    0.0      0.0
  MONTH TO DATE    0.0                       0.0    0.0      0.0
  SINCE SEP 1      0.0                       0.0    0.0      0.0
  SINCE JUL 1      0.0                       0.0    0.0      0.0
  SNOW DEPTH       0

DEGREE DAYS
 HEATING
  YESTERDAY        7                         8     -1        7
  MONTH TO DATE  112                       129    -17       79
  SINCE SEP 1    133                       167    -34       84
  SINCE JUL 1    133                       168    -35       84

 COOLING
  YESTERDAY        0                         1     -1        0
  MONTH TO DATE   37                        32      5       63
  SINCE SEP 1    239                       219     20      297
  SINCE JAN 1   1710                      1532    178     1471
..................................................................


WIND (MPH)
  HIGHEST WIND SPEED    15   HIGHEST WIND DIRECTION     N (350)
  HIGHEST GUST SPEED    21   HIGHEST GUST DIRECTION     N (360)
  AVERAGE WIND SPEED     4.9


SKY COVER
  POSSIBLE SUNSHINE  MM
  AVERAGE SKY COVER 0.0


WEATHER CONDITIONS
 THE FOLLOWING WEATHER WAS RECORDED YESTERDAY.
  FOG


RELATIVE HUMIDITY (PERCENT)
 HIGHEST   100           300 AM
 LOWEST     40           400 PM
 AVERAGE    70

..........................................................


THE PADUCAH KY CLIMATE NORMALS FOR TODAY
                         NORMAL    RECORD    YEAR
 MAXIMUM TEMPERATURE (F)   69        88      1953
 MINIMUM TEMPERATURE (F)   45        23      1952


SUNRISE AND SUNSET
OCTOBER 22 2014.......SUNRISE   709 AM CDT   SUNSET   609 PM CDT
OCTOBER 23 2014.......SUNRISE   710 AM CDT   SUNSET   608 PM CDT


-  INDICATES NEGATIVE NUMBERS.
R  INDICATES RECORD WAS SET OR TIED.
MM INDICATES DATA IS MISSING.
T  INDICATES TRACE AMOUNT.

&&
..........................................................
***** AGRICULTURAL DATA *****

SOIL TEMPERATURES AT A DEPTH OF FOUR INCHES

UNDER BARE GROUND...  MAX: MM  MIN: MM
UNDER GRASS.........  MAX: 62  MIN: 61

$$
