000
CDUS43 KPAH 020632
CLIPAH


CLIMATE REPORT
NATIONAL WEATHER SERVICE PADUCAH KY
129 AM CDT THU OCT 2 2014


...................................

...THE PADUCAH KY CLIMATE SUMMARY FOR OCTOBER 1 2014...

CLIMATE NORMAL PERIOD 1981 TO 2010
CLIMATE RECORD PERIOD 1937 TO 2014


WEATHER ITEM   OBSERVED TIME   RECORD YEAR NORMAL DEPARTURE LAST
                VALUE   (LST)  VALUE       VALUE  FROM      YEAR
                                                  NORMAL
..................................................................
TEMPERATURE (F)
 YESTERDAY
  MAXIMUM         88    236 PM  93    1953  76     12       77
  MINIMUM         55    238 AM  35    1984  51      4       61
  AVERAGE         72                        64      8       69

PRECIPITATION (IN)
  YESTERDAY        0.00          1.79 1988   0.13  -0.13     0.05
  MONTH TO DATE    0.00                      0.13  -0.13     0.05
  SINCE SEP 1      0.97                      3.88  -2.91     3.15
  SINCE JAN 1     37.74                     36.36   1.38    43.92

SNOWFALL (IN)
  YESTERDAY        0.0           0.0  2002   0.0    0.0      0.0
                                      2001
  MONTH TO DATE    0.0                       0.0    0.0      0.0
  SINCE SEP 1      0.0                       0.0    0.0      0.0
  SINCE JUL 1      0.0                       0.0    0.0      0.0
  SNOW DEPTH       0

DEGREE DAYS
 HEATING
  YESTERDAY        0                         4     -4        0
  MONTH TO DATE    0                         4     -4        0
  SINCE SEP 1     21                        42    -21        5
  SINCE JUL 1     21                        43    -22        5

 COOLING
  YESTERDAY        7                         3      4        4
  MONTH TO DATE    7                         3      4        4
  SINCE SEP 1    209                       190     19      238
  SINCE JAN 1   1680                      1503    177     1412
..................................................................


WIND (MPH)
  HIGHEST WIND SPEED    13   HIGHEST WIND DIRECTION    SW (230)
  HIGHEST GUST SPEED    18   HIGHEST GUST DIRECTION    SW (230)
  AVERAGE WIND SPEED     3.9


SKY COVER
  POSSIBLE SUNSHINE  MM
  AVERAGE SKY COVER 0.2


WEATHER CONDITIONS
 THE FOLLOWING WEATHER WAS RECORDED YESTERDAY.
  FOG


RELATIVE HUMIDITY (PERCENT)
 HIGHEST   100           300 AM
 LOWEST     40           300 PM
 AVERAGE    70

..........................................................


THE PADUCAH KY CLIMATE NORMALS FOR TODAY
                         NORMAL    RECORD    YEAR
 MAXIMUM TEMPERATURE (F)   76        93      1953
 MINIMUM TEMPERATURE (F)   51        34      1985
                                             1958


SUNRISE AND SUNSET
OCTOBER  2 2014.......SUNRISE   651 AM CDT   SUNSET   637 PM CDT
OCTOBER  3 2014.......SUNRISE   652 AM CDT   SUNSET   635 PM CDT


-  INDICATES NEGATIVE NUMBERS.
R  INDICATES RECORD WAS SET OR TIED.
MM INDICATES DATA IS MISSING.
T  INDICATES TRACE AMOUNT.




$$
