000
CDUS44 KLZK 250906
CLIPBF


CLIMATE REPORT
NATIONAL WEATHER SERVICE LITTLE ROCK AR
405 AM CDT MON MAY 25 2015


...................................

...THE PINE BLUFF CLIMATE SUMMARY FOR MAY 24 2015...

CLIMATE NORMAL PERIOD 1981 TO 2010
CLIMATE RECORD PERIOD 1883 TO 2015


WEATHER ITEM   OBSERVED TIME   RECORD YEAR NORMAL DEPARTURE LAST
                VALUE   (LST)  VALUE       VALUE  FROM      YEAR
                                                  NORMAL
..................................................................
TEMPERATURE (F)
 YESTERDAY
  MAXIMUM         85    240 PM  98    1918  84      1       88
  MINIMUM         69    355 PM  47    1913  64      5       66
  AVERAGE         77                        74      3       77

PRECIPITATION (IN)
  YESTERDAY        0.15          2.43 1944   0.17  -0.02     0.01
  MONTH TO DATE    3.24                      3.96  -0.72     3.34
  SINCE MAR 1     18.95                     14.29   4.66    13.03
  SINCE JAN 1     25.88                     22.11   3.77    18.46

SNOWFALL (IN)
  YESTERDAY        0.0          MM      MM   0.0    0.0      0.0
  MONTH TO DATE    0.0                       0.0    0.0      0.0
  SINCE MAR 1      2.0                       0.0    2.0       T
  SINCE JUL 1      9.2                       3.1    6.1      3.7
  SNOW DEPTH       0

DEGREE DAYS
 HEATING
  YESTERDAY        0                         0      0        0
  MONTH TO DATE   13                        15     -2       46
  SINCE MAR 1    515                       491     24      684
  SINCE JUL 1   3249                      2879    370     3453

 COOLING
  YESTERDAY       12                         9      3       12
  MONTH TO DATE  175                       151     24      134
  SINCE MAR 1    260                       235     25      188
  SINCE JAN 1    260                       238     22      188
..................................................................


WIND (MPH)
  HIGHEST WIND SPEED    44   HIGHEST WIND DIRECTION     S (200)
  HIGHEST GUST SPEED    59   HIGHEST GUST DIRECTION     S (200)
  AVERAGE WIND SPEED    11.7


SKY COVER
  POSSIBLE SUNSHINE  MM
  AVERAGE SKY COVER 0.5


WEATHER CONDITIONS
 THE FOLLOWING WEATHER WAS RECORDED YESTERDAY.
  THUNDERSTORM
  HEAVY RAIN
  RAIN
  LIGHT RAIN
  FOG


RELATIVE HUMIDITY (PERCENT)
 HIGHEST    93           800 PM
 LOWEST     61          1200 PM
 AVERAGE    77

..........................................................


THE PINE BLUFF CLIMATE NORMALS FOR TODAY
                         NORMAL    RECORD    YEAR
 MAXIMUM TEMPERATURE (F)   84        98      1902
                                             2006
 MINIMUM TEMPERATURE (F)   64        49      1979
                                             1925


SUNRISE AND SUNSET
MAY 25 2015...........SUNRISE   600 AM CDT   SUNSET   810 PM CDT
MAY 26 2015...........SUNRISE   559 AM CDT   SUNSET   810 PM CDT


-  INDICATES NEGATIVE NUMBERS.
R  INDICATES RECORD WAS SET OR TIED.
MM INDICATES DATA IS MISSING.
T  INDICATES TRACE AMOUNT.




$$
