384
CDUS44 KLZK 170634
CLIPBF


CLIMATE REPORT
NATIONAL WEATHER SERVICE LITTLE ROCK AR
1234 AM CST FRI NOV 17 2017


...................................

...THE PINE BLUFF CLIMATE SUMMARY FOR NOVEMBER 16 2017...

CLIMATE NORMAL PERIOD 1981 TO 2010
CLIMATE RECORD PERIOD 1883 TO 2017


WEATHER ITEM   OBSERVED TIME   RECORD YEAR NORMAL DEPARTURE LAST
                VALUE   (LST)  VALUE       VALUE  FROM      YEAR
                                                  NORMAL
..................................................................
TEMPERATURE (F)
 YESTERDAY
  MAXIMUM         62    156 PM  84    1941  63     -1       82
  MINIMUM         50    712 AM  19    1916  43      7       42
  AVERAGE         56                        53      3       62

PRECIPITATION (IN)
  YESTERDAY        0.00          4.10 1987   0.16  -0.16     0.00
  MONTH TO DATE    0.24                      2.47  -2.23      T
  SINCE SEP 1      2.00                     10.16  -8.16     1.92
  SINCE JAN 1     42.51                     43.35  -0.84    45.87

SNOWFALL (IN)
  YESTERDAY        0.0           T    2014   0.0    0.0      0.0
                                      1937
  MONTH TO DATE    0.0                       0.0    0.0      0.0
  SINCE SEP 1      0.0                       0.0    0.0      0.0
  SINCE JUL 1      0.0                       0.0    0.0      0.0
  SNOW DEPTH       0

DEGREE DAYS
 HEATING
  YESTERDAY        9                        12     -3        3
  MONTH TO DATE  132                       159    -27       84
  SINCE SEP 1    271                       296    -25      112
  SINCE JUL 1    271                       296    -25      112

 COOLING
  YESTERDAY        0                         0      0        0
  MONTH TO DATE   35                        10     25       14
  SINCE SEP 1    448                       371     77      519
  SINCE JAN 1   2094                      2129    -35     2327
..................................................................


WIND (MPH)
  HIGHEST WIND SPEED    13   HIGHEST WIND DIRECTION    NE (30)
  HIGHEST GUST SPEED    16   HIGHEST GUST DIRECTION     N (20)
  AVERAGE WIND SPEED     6.3


SKY COVER
  POSSIBLE SUNSHINE  MM
  AVERAGE SKY COVER 0.9


WEATHER CONDITIONS
 THE FOLLOWING WEATHER WAS RECORDED YESTERDAY.
  FOG


RELATIVE HUMIDITY (PERCENT)
 HIGHEST   100           100 AM
 LOWEST     62          1100 AM
 AVERAGE    81

..........................................................


THE PINE BLUFF CLIMATE NORMALS FOR TODAY
                         NORMAL    RECORD    YEAR
 MAXIMUM TEMPERATURE (F)   63        82      1921
                                             1908
 MINIMUM TEMPERATURE (F)   42        20      1959


SUNRISE AND SUNSET
NOVEMBER 17 2017......SUNRISE   643 AM CST   SUNSET   502 PM CST
NOVEMBER 18 2017......SUNRISE   644 AM CST   SUNSET   502 PM CST


-  INDICATES NEGATIVE NUMBERS.
R  INDICATES RECORD WAS SET OR TIED.
MM INDICATES DATA IS MISSING.
T  INDICATES TRACE AMOUNT.




$$
