000
CDUS44 KLZK 021010
CLIPBF


CLIMATE REPORT
NATIONAL WEATHER SERVICE LITTLE ROCK AR
409 AM CST MON MAR 2 2015


...................................

...THE PINE BLUFF CLIMATE SUMMARY FOR MARCH 1 2015...

CLIMATE NORMAL PERIOD 1981 TO 2010
CLIMATE RECORD PERIOD 1883 TO 2015


WEATHER ITEM   OBSERVED TIME   RECORD YEAR NORMAL DEPARTURE LAST
                VALUE   (LST)  VALUE       VALUE  FROM      YEAR
                                                  NORMAL
..................................................................
TEMPERATURE (F)
 YESTERDAY
  MAXIMUM         40    920 PM  82    2006  60    -20       72
  MINIMUM         31    731 AM  21    1980  40     -9       44
                                      2002
  AVERAGE         36                        50    -14       58

PRECIPITATION (IN)
  YESTERDAY        0.63          1.95 1997   0.18   0.45     0.00
  MONTH TO DATE    0.63                      0.18   0.45     0.00
  SINCE MAR 1      0.63                      0.18   0.45     0.00
  SINCE JAN 1      7.56                      8.00  -0.44     5.43

SNOWFALL (IN)
  YESTERDAY        0.0           2.0  1960   0.0    0.0      0.0
  MONTH TO DATE    0.0                       0.0    0.0      0.0
  SINCE MAR 1      0.0                       0.0    0.0      0.0
  SINCE JUL 1      7.2                       3.1    4.1      3.7
  SNOW DEPTH       0

DEGREE DAYS
 HEATING
  YESTERDAY       29                        15     14        7
  MONTH TO DATE   29                        15     14        7
  SINCE MAR 1     29                        15     14        7
  SINCE JUL 1   2763                      2403    360     2776

 COOLING
  YESTERDAY        0                         0      0        0
  MONTH TO DATE    0                         0      0        0
  SINCE MAR 1      0                         0      0        0
  SINCE JAN 1      0                         3     -3        0
..................................................................


WIND (MPH)
  HIGHEST WIND SPEED    14   HIGHEST WIND DIRECTION     N (20)
  HIGHEST GUST SPEED    19   HIGHEST GUST DIRECTION     N (20)
  AVERAGE WIND SPEED     7.6


SKY COVER
  POSSIBLE SUNSHINE  MM
  AVERAGE SKY COVER 1.0


WEATHER CONDITIONS
 THE FOLLOWING WEATHER WAS RECORDED YESTERDAY.
  HEAVY RAIN
  RAIN
  LIGHT RAIN
  FREEZING RAIN
  LT FREEZING RAIN
  FOG


RELATIVE HUMIDITY (PERCENT)
 HIGHEST    92           900 AM
 LOWEST     75          1200 AM
 AVERAGE    84

..........................................................


THE PINE BLUFF CLIMATE NORMALS FOR TODAY
                         NORMAL    RECORD    YEAR
 MAXIMUM TEMPERATURE (F)   60        85      1904
 MINIMUM TEMPERATURE (F)   40        16      1980


SUNRISE AND SUNSET
MARCH  2 2015.........SUNRISE   636 AM CST   SUNSET   605 PM CST
MARCH  3 2015.........SUNRISE   634 AM CST   SUNSET   606 PM CST


-  INDICATES NEGATIVE NUMBERS.
R  INDICATES RECORD WAS SET OR TIED.
MM INDICATES DATA IS MISSING.
T  INDICATES TRACE AMOUNT.




$$
