547
CDUS44 KLZK 110646
CLIPBF


CLIMATE REPORT
NATIONAL WEATHER SERVICE LITTLE ROCK AR
1245 AM CST THU FEB 11 2016


...................................

...THE PINE BLUFF CLIMATE SUMMARY FOR FEBRUARY 10 2016...

CLIMATE NORMAL PERIOD 1981 TO 2010
CLIMATE RECORD PERIOD 1883 TO 2016


WEATHER ITEM   OBSERVED TIME   RECORD YEAR NORMAL DEPARTURE LAST
                VALUE   (LST)  VALUE       VALUE  FROM      YEAR
                                                  NORMAL
..................................................................
TEMPERATURE (F)
 YESTERDAY
  MAXIMUM         54    442 PM  84    1932  55     -1       49
  MINIMUM         26    715 AM  11    2011  35     -9       34
                                      1979
  AVERAGE         40                        45     -5       42

PRECIPITATION (IN)
  YESTERDAY        0.00          1.46 1953   0.13  -0.13     0.00
  MONTH TO DATE    0.00                      1.32  -1.32     0.58
  SINCE DEC 1      7.27                     10.52  -3.25     5.39
  SINCE JAN 1      1.93                      5.08  -3.15     4.19

SNOWFALL (IN)
  YESTERDAY        0.0           4.5  1980   0.1   -0.1      0.0
  MONTH TO DATE    0.0                       0.5   -0.5      0.0
  SINCE DEC 1      3.6                       3.0    0.6       T
  SINCE JUL 1      3.6                       3.0    0.6      0.1
  SNOW DEPTH       0

DEGREE DAYS
 HEATING
  YESTERDAY       25                        20      5       23
  MONTH TO DATE  193                       208    -15      219
  SINCE DEC 1   1297                      1562   -265     1579
  SINCE JUL 1   1636                      2066   -430     2183

 COOLING
  YESTERDAY        0                         0      0        0
  MONTH TO DATE    0                         0      0        0
  SINCE DEC 1     12                         2     10        0
  SINCE JAN 1      2                         1      1        0
..................................................................


WIND (MPH)
  HIGHEST WIND SPEED    17   HIGHEST WIND DIRECTION    SW (220)
  HIGHEST GUST SPEED    23   HIGHEST GUST DIRECTION    SW (210)
  AVERAGE WIND SPEED     6.9


SKY COVER
  POSSIBLE SUNSHINE  MM
  AVERAGE SKY COVER 0.0


WEATHER CONDITIONS
 THE FOLLOWING WEATHER WAS RECORDED YESTERDAY.
  NO SIGNIFICANT WEATHER WAS OBSERVED.


RELATIVE HUMIDITY (PERCENT)
 HIGHEST    70          1000 PM
 LOWEST     26           100 PM
 AVERAGE    48

..........................................................


THE PINE BLUFF CLIMATE NORMALS FOR TODAY
                         NORMAL    RECORD    YEAR
 MAXIMUM TEMPERATURE (F)   55        88      1918
 MINIMUM TEMPERATURE (F)   36         8      2011


SUNRISE AND SUNSET
FEBRUARY 11 2016......SUNRISE   657 AM CST   SUNSET   547 PM CST
FEBRUARY 12 2016......SUNRISE   656 AM CST   SUNSET   548 PM CST


-  INDICATES NEGATIVE NUMBERS.
R  INDICATES RECORD WAS SET OR TIED.
MM INDICATES DATA IS MISSING.
T  INDICATES TRACE AMOUNT.




$$
