000
CDUS44 KLZK 170656
CLIPBF


CLIMATE REPORT
NATIONAL WEATHER SERVICE LITTLE ROCK AR
1255 AM CST WED JAN 17 2018


...................................

...THE PINE BLUFF CLIMATE SUMMARY FOR JANUARY 16 2018...

CLIMATE NORMAL PERIOD 1981 TO 2010
CLIMATE RECORD PERIOD 1883 TO 2018


WEATHER ITEM   OBSERVED TIME   RECORD YEAR NORMAL DEPARTURE LAST
                VALUE   (LST)  VALUE       VALUE  FROM      YEAR
                                                  NORMAL
..................................................................
TEMPERATURE (F)
 YESTERDAY
  MAXIMUM         26   1224 AM  81    1943  52    -26       69
  MINIMUM         11R  1159 PM  12    1905  33    -22       47
  AVERAGE         19                        42    -23       58

PRECIPITATION (IN)
  YESTERDAY        0.08          1.76 1949   0.12  -0.04     0.34
  MONTH TO DATE    1.43                      1.89  -0.46     1.29
  SINCE DEC 1      9.71                      7.33   2.38     5.87
  SINCE JAN 1      1.43                      1.89  -0.46     1.29

SNOWFALL (IN)
  YESTERDAY        3.5           5.0  1946   0.1    3.4      0.0
  MONTH TO DATE    4.1                       0.6    3.5      1.5
  SINCE DEC 1      4.1                       0.8    3.3      1.5
  SINCE JUL 1      4.1                       0.8    3.3      1.5
  SNOW DEPTH       4

DEGREE DAYS
 HEATING
  YESTERDAY       46                        23     23        7
  MONTH TO DATE  510                       368    142      312
  SINCE DEC 1   1169                      1017    152      923
  SINCE JUL 1   1632                      1521    111     1220

 COOLING
  YESTERDAY        0                         0      0        0
  MONTH TO DATE    0                         0      0        5
  SINCE DEC 1      0                         1     -1       10
  SINCE JAN 1      0                         0      0        5
..................................................................


WIND (MPH)
  HIGHEST WIND SPEED    21   HIGHEST WIND DIRECTION     N (10)
  HIGHEST GUST SPEED    26   HIGHEST GUST DIRECTION     N (10)
  AVERAGE WIND SPEED    10.4


SKY COVER
  POSSIBLE SUNSHINE  MM
  AVERAGE SKY COVER 0.4


WEATHER CONDITIONS
 THE FOLLOWING WEATHER WAS RECORDED YESTERDAY.
  LIGHT SNOW
  FOG


RELATIVE HUMIDITY (PERCENT)
 HIGHEST    92           200 AM
 LOWEST     56           200 PM
 AVERAGE    74

..........................................................


THE PINE BLUFF CLIMATE NORMALS FOR TODAY
                         NORMAL    RECORD    YEAR
 MAXIMUM TEMPERATURE (F)   52        77      1952
 MINIMUM TEMPERATURE (F)   33         5      1982


SUNRISE AND SUNSET
JANUARY 17 2018.......SUNRISE   713 AM CST   SUNSET   523 PM CST
JANUARY 18 2018.......SUNRISE   712 AM CST   SUNSET   524 PM CST


-  INDICATES NEGATIVE NUMBERS.
R  INDICATES RECORD WAS SET OR TIED.
MM INDICATES DATA IS MISSING.
T  INDICATES TRACE AMOUNT.




$$
