000
CDUS44 KLZK 300908
CLIPBF


CLIMATE REPORT
NATIONAL WEATHER SERVICE LITTLE ROCK AR
408 AM CDT MON MAR 30 2015


...................................

...THE PINE BLUFF CLIMATE SUMMARY FOR MARCH 29 2015...

CLIMATE NORMAL PERIOD 1981 TO 2010
CLIMATE RECORD PERIOD 1883 TO 2015


WEATHER ITEM   OBSERVED TIME   RECORD YEAR NORMAL DEPARTURE LAST
                VALUE   (LST)  VALUE       VALUE  FROM      YEAR
                                                  NORMAL
..................................................................
TEMPERATURE (F)
 YESTERDAY
  MAXIMUM         76    422 PM  87    1963  69      7       63
                                      1936
  MINIMUM         38    233 AM  25    1899  47     -9       45
  AVERAGE         57                        58     -1       54

PRECIPITATION (IN)
  YESTERDAY        0.00          3.15 1908   0.17  -0.17     0.00
  MONTH TO DATE    8.04                      5.06   2.98     4.45
  SINCE MAR 1      8.04                      5.06   2.98     4.45
  SINCE JAN 1     14.97                     12.88   2.09     9.88

SNOWFALL (IN)
  YESTERDAY        0.0           2.0  1894   0.0    0.0      0.0
  MONTH TO DATE    2.0                       0.0    2.0       T
  SINCE MAR 1      2.0                       0.0    2.0       T
  SINCE JUL 1      9.2                       3.1    6.1      3.7
  SNOW DEPTH       0

DEGREE DAYS
 HEATING
  YESTERDAY        8                         8      0       11
  MONTH TO DATE  414                       333     81      466
  SINCE MAR 1    414                       333     81      466
  SINCE JUL 1   3148                      2721    427     3235

 COOLING
  YESTERDAY        0                         1     -1        0
  MONTH TO DATE    5                        14     -9        0
  SINCE MAR 1      5                        14     -9        0
  SINCE JAN 1      5                        17    -12        0
..................................................................


WIND (MPH)
  HIGHEST WIND SPEED    21   HIGHEST WIND DIRECTION     S (170)
  HIGHEST GUST SPEED    26   HIGHEST GUST DIRECTION     S (170)
  AVERAGE WIND SPEED     9.8


SKY COVER
  POSSIBLE SUNSHINE  MM
  AVERAGE SKY COVER 0.4


WEATHER CONDITIONS
 THE FOLLOWING WEATHER WAS RECORDED YESTERDAY.
  NO SIGNIFICANT WEATHER WAS OBSERVED.


RELATIVE HUMIDITY (PERCENT)
 HIGHEST    85          1200 AM
 LOWEST     46           300 PM
 AVERAGE    66

..........................................................


THE PINE BLUFF CLIMATE NORMALS FOR TODAY
                         NORMAL    RECORD    YEAR
 MAXIMUM TEMPERATURE (F)   70        89      1946
 MINIMUM TEMPERATURE (F)   47        28      1964


SUNRISE AND SUNSET
MARCH 30 2015.........SUNRISE   658 AM CDT   SUNSET   727 PM CDT
MARCH 31 2015.........SUNRISE   657 AM CDT   SUNSET   728 PM CDT


-  INDICATES NEGATIVE NUMBERS.
R  INDICATES RECORD WAS SET OR TIED.
MM INDICATES DATA IS MISSING.
T  INDICATES TRACE AMOUNT.




$$
