000
CDUS44 KLZK 310908
CLIPBF


CLIMATE REPORT
NATIONAL WEATHER SERVICE LITTLE ROCK AR
408 AM CDT FRI JUL 31 2015


...................................

...THE PINE BLUFF CLIMATE SUMMARY FOR JULY 30 2015...

CLIMATE NORMAL PERIOD 1981 TO 2010
CLIMATE RECORD PERIOD 1883 TO 2015


WEATHER ITEM   OBSERVED TIME   RECORD YEAR NORMAL DEPARTURE LAST
                VALUE   (LST)  VALUE       VALUE  FROM      YEAR
                                                  NORMAL
..................................................................
TEMPERATURE (F)
 YESTERDAY
  MAXIMUM         93    206 PM 107    1986  93      0       79
  MINIMUM         73   1133 PM  63    2014  72      1       63
  AVERAGE         83                        82      1       71

PRECIPITATION (IN)
  YESTERDAY        0.00          2.61 2009   0.12  -0.12     0.04
  MONTH TO DATE    2.61                      3.82  -1.21     1.77
  SINCE JUN 1      4.70                      7.40  -2.70     5.12
  SINCE JAN 1     32.35                     30.60   1.75    27.39

SNOWFALL (IN)
  YESTERDAY        0.0          MM      MM   0.0    0.0      0.0
  MONTH TO DATE    0.0                       0.0    0.0      0.0
  SINCE JUN 1      0.0                       0.0    0.0      0.0
  SINCE JUL 1      0.0                       0.0    0.0      0.0
  SNOW DEPTH       0

DEGREE DAYS
 HEATING
  YESTERDAY        0                         0      0        0
  MONTH TO DATE    0                         0      0        1
  SINCE JUN 1      0                         0      0        1
  SINCE JUL 1      0                         0      0        1

 COOLING
  YESTERDAY       18                        17      1        6
  MONTH TO DATE  568                       509     59      355
  SINCE JUN 1   1024                       931     93      773
  SINCE JAN 1   1353                      1238    115     1036
..................................................................


WIND (MPH)
  HIGHEST WIND SPEED    18   HIGHEST WIND DIRECTION     N (20)
  HIGHEST GUST SPEED    23   HIGHEST GUST DIRECTION    NE (30)
  AVERAGE WIND SPEED     8.4


SKY COVER
  POSSIBLE SUNSHINE  MM
  AVERAGE SKY COVER 0.1


WEATHER CONDITIONS
 THE FOLLOWING WEATHER WAS RECORDED YESTERDAY.
  NO SIGNIFICANT WEATHER WAS OBSERVED.


RELATIVE HUMIDITY (PERCENT)
 HIGHEST    91           600 AM
 LOWEST     41           400 PM
 AVERAGE    66

..........................................................


THE PINE BLUFF CLIMATE NORMALS FOR TODAY
                         NORMAL    RECORD    YEAR
 MAXIMUM TEMPERATURE (F)   93       106      1986
                                             1896
 MINIMUM TEMPERATURE (F)   72        59      1965


SUNRISE AND SUNSET
JULY 31 2015..........SUNRISE   618 AM CDT   SUNSET   810 PM CDT
AUGUST  1 2015........SUNRISE   619 AM CDT   SUNSET   809 PM CDT


-  INDICATES NEGATIVE NUMBERS.
R  INDICATES RECORD WAS SET OR TIED.
MM INDICATES DATA IS MISSING.
T  INDICATES TRACE AMOUNT.




$$
