883
CDUS44 KLZK 280635
CLIPBF


CLIMATE REPORT
NATIONAL WEATHER SERVICE LITTLE ROCK AR
135 AM CDT WED JUN 28 2017


...................................

...THE PINE BLUFF CLIMATE SUMMARY FOR JUNE 27 2017...

CLIMATE NORMAL PERIOD 1981 TO 2010
CLIMATE RECORD PERIOD 1883 TO 2017


WEATHER ITEM   OBSERVED TIME   RECORD YEAR NORMAL DEPARTURE LAST
                VALUE   (LST)  VALUE       VALUE  FROM      YEAR
                                                  NORMAL
..................................................................
TEMPERATURE (F)
 YESTERDAY
  MAXIMUM         85    511 PM 103    1954  91     -6       93
  MINIMUM         62    449 AM  57    1968  71     -9       73
  AVERAGE         74                        81     -7       83

PRECIPITATION (IN)
  YESTERDAY        0.00          1.40 1926   0.10  -0.10     0.53
  MONTH TO DATE    5.51                      3.27   2.24     3.04
  SINCE JUN 1      5.51                      3.27   2.24     3.04
  SINCE JAN 1     30.63                     26.47   4.16    34.04

SNOWFALL (IN)
  YESTERDAY        0.0          MM      MM   0.0    0.0      0.0
  MONTH TO DATE    0.0                       0.0    0.0      0.0
  SINCE JUN 1      0.0                       0.0    0.0      0.0
  SINCE JUL 1      1.5                       3.1   -1.6      3.6
  SNOW DEPTH       0

DEGREE DAYS
 HEATING
  YESTERDAY        0                         0      0        0
  MONTH TO DATE    0                         0      0        0
  SINCE JUN 1      0                         0      0        0
  SINCE JUL 1   2034                      2881   -847     2234

 COOLING
  YESTERDAY        9                        16     -7       18
  MONTH TO DATE  314                       373    -59      421
  SINCE JUN 1    314                       373    -59      421
  SINCE JAN 1    657                       680    -23      669
..................................................................


WIND (MPH)
  HIGHEST WIND SPEED    12   HIGHEST WIND DIRECTION     E (100)
  HIGHEST GUST SPEED    15   HIGHEST GUST DIRECTION     E (110)
  AVERAGE WIND SPEED     4.1


SKY COVER
  POSSIBLE SUNSHINE  MM
  AVERAGE SKY COVER 0.1


WEATHER CONDITIONS
 THE FOLLOWING WEATHER WAS RECORDED YESTERDAY.
  NO SIGNIFICANT WEATHER WAS OBSERVED.


RELATIVE HUMIDITY (PERCENT)
 HIGHEST   100           500 AM
 LOWEST     51          1200 PM
 AVERAGE    76

..........................................................


THE PINE BLUFF CLIMATE NORMALS FOR TODAY
                         NORMAL    RECORD    YEAR
 MAXIMUM TEMPERATURE (F)   91       104      1954
                                             1925
 MINIMUM TEMPERATURE (F)   71        58      1958


SUNRISE AND SUNSET
JUNE 28 2017..........SUNRISE   559 AM CDT   SUNSET   823 PM CDT
JUNE 29 2017..........SUNRISE   559 AM CDT   SUNSET   823 PM CDT


-  INDICATES NEGATIVE NUMBERS.
R  INDICATES RECORD WAS SET OR TIED.
MM INDICATES DATA IS MISSING.
T  INDICATES TRACE AMOUNT.




$$
