000
CDUS44 KLZK 022109
CLIPBF


CLIMATE REPORT
NATIONAL WEATHER SERVICE LITTLE ROCK AR
408 PM CDT TUE SEP 2 2014


...................................

...THE PINE BLUFF CLIMATE SUMMARY FOR SEPTEMBER 2 2014...
VALID TODAY AS OF 0400 PM LOCAL TIME.

CLIMATE NORMAL PERIOD 1981 TO 2010
CLIMATE RECORD PERIOD 1883 TO 2014


WEATHER ITEM   OBSERVED TIME   RECORD YEAR NORMAL DEPARTURE LAST
                VALUE   (LST)  VALUE       VALUE  FROM      YEAR
                                                  NORMAL
..................................................................
TEMPERATURE (F)
 TODAY
  MAXIMUM         85   1131 AM 106    1947  90     -5       92
                                      1925
  MINIMUM         75    119 PM  52    1886  68      7       76
  AVERAGE         80                        79      1       84

PRECIPITATION (IN)
  TODAY            0.08          2.42 1902   0.07   0.01     0.00
  MONTH TO DATE    0.08                      0.14  -0.06     0.18
  SINCE SEP 1      0.08                      0.14  -0.06     0.18
  SINCE JAN 1     29.99                     33.33  -3.34    33.81

SNOWFALL (IN)
  TODAY            0.0          MM      MM   0.0    0.0      0.0
  MONTH TO DATE    0.0                       0.0    0.0      0.0
  SINCE SEP 1      0.0                       0.0    0.0      0.0
  SINCE JUL 1      0.0                       0.0    0.0      0.0
  SNOW DEPTH       0

DEGREE DAYS
 HEATING
  TODAY            0                         0      0        0
  MONTH TO DATE    0                         0      0        0
  SINCE SEP 1      0                         0      0        0
  SINCE JUL 1      1                         0      1        0

 COOLING
  TODAY           15                        14      1       19
  MONTH TO DATE   31                        28      3       42
  SINCE SEP 1     31                        28      3       42
  SINCE JAN 1   1532                      1786   -254     1706
..................................................................


WIND (MPH)
  HIGHEST WIND SPEED    21   HIGHEST WIND DIRECTION     W (280)
  HIGHEST GUST SPEED    27   HIGHEST GUST DIRECTION     W (270)
  AVERAGE WIND SPEED     5.8


SKY COVER
  POSSIBLE SUNSHINE  MM
  AVERAGE SKY COVER 0.7


WEATHER CONDITIONS
 THE FOLLOWING WEATHER WAS RECORDED TODAY.
  THUNDERSTORM
  LIGHT RAIN
  FOG


RELATIVE HUMIDITY (PERCENT)
 HIGHEST    94           300 AM
 LOWEST     70          1100 AM
 AVERAGE    82

..........................................................


THE PINE BLUFF CLIMATE NORMALS FOR TOMORROW
                         NORMAL    RECORD    YEAR
 MAXIMUM TEMPERATURE (F)   90       107      1925
 MINIMUM TEMPERATURE (F)   67        51      1952


SUNRISE AND SUNSET
SEPTEMBER  2 2014.....SUNRISE   642 AM CDT   SUNSET   732 PM CDT
SEPTEMBER  3 2014.....SUNRISE   643 AM CDT   SUNSET   731 PM CDT


-  INDICATES NEGATIVE NUMBERS.
R  INDICATES RECORD WAS SET OR TIED.
MM INDICATES DATA IS MISSING.
T  INDICATES TRACE AMOUNT.




$$
