000
CDUS42 KMFL 302016
CLIPBI


CLIMATE REPORT
NATIONAL WEATHER SERVICE MIAMI, FL
415 PM EDT TUE JUN 30 2015


...................................

...THE WEST PALM BEACH CLIMATE SUMMARY FOR JUNE 30 2015...
VALID TODAY AS OF 0400 PM LOCAL TIME.

CLIMATE NORMAL PERIOD 1981 TO 2010
CLIMATE RECORD PERIOD 1888 TO 2015


WEATHER ITEM   OBSERVED TIME   RECORD YEAR NORMAL DEPARTURE LAST
                VALUE   (LST)  VALUE       VALUE  FROM      YEAR
                                                  NORMAL
..................................................................
TEMPERATURE (F)
 TODAY
  MAXIMUM         93   1249 PM  96    1959  89      4       89
  MINIMUM         75    609 AM  67    1911  75      0       74
  AVERAGE         84                        82      2       82

PRECIPITATION (IN)
  TODAY            0.00          4.23 1966   0.28  -0.28      T
  MONTH TO DATE    3.99                      8.30  -4.31     7.98
  SINCE JUN 1      3.99                      8.30  -4.31     7.98
  SINCE JAN 1     17.74                     27.01  -9.27    25.70

SNOWFALL (IN)
  TODAY            0.0
  MONTH TO DATE    0.0
  SINCE JUN 1      0.0
  SINCE JUL 1      0.0
  SNOW DEPTH       0

DEGREE DAYS
 HEATING
  TODAY            0                         0      0        0
  MONTH TO DATE    0                         0      0        0
  SINCE JUN 1      0                         0      0        0
  SINCE JUL 1    126                       233   -107      122

 COOLING
  TODAY           19                        17      2       17
  MONTH TO DATE  536                       490     46      488
  SINCE JUN 1    536                       490     46      488
  SINCE JAN 1   2070                      1599    471     1840
..................................................................


WIND (MPH)
  HIGHEST WIND SPEED    18   HIGHEST WIND DIRECTION     E (110)
  HIGHEST GUST SPEED    22   HIGHEST GUST DIRECTION     E (100)
  AVERAGE WIND SPEED     5.5


SKY COVER
  AVERAGE SKY COVER 0.7


WEATHER CONDITIONS
 THE FOLLOWING WEATHER WAS RECORDED TODAY.
  NO SIGNIFICANT WEATHER WAS OBSERVED.


RELATIVE HUMIDITY (PERCENT)
 HIGHEST    94
 LOWEST     47
 AVERAGE    71

..........................................................


THE WEST PALM BEACH CLIMATE NORMALS FOR TOMORROW
                         NORMAL    RECORD    YEAR
 MAXIMUM TEMPERATURE (F)   89        96      1998
 MINIMUM TEMPERATURE (F)   75        67      1911


SUNRISE AND SUNSET
JUNE 30 2015..........SUNRISE   630 AM EDT   SUNSET   818 PM EDT
JULY  1 2015..........SUNRISE   631 AM EDT   SUNSET   818 PM EDT


-  INDICATES NEGATIVE NUMBERS.
R  INDICATES RECORD WAS SET OR TIED.
MM INDICATES DATA IS MISSING.
T  INDICATES TRACE AMOUNT.




$$
