439
CDUS42 KMFL 230936
CLIPBI


CLIMATE REPORT
NATIONAL WEATHER SERVICE MIAMI, FL
435 AM EST MON JAN 23 2017


...................................

...THE WEST PALM BEACH CLIMATE SUMMARY FOR JANUARY 22 2017...

CLIMATE NORMAL PERIOD 1981 TO 2010
CLIMATE RECORD PERIOD 1888 TO 2017


WEATHER ITEM   OBSERVED TIME   RECORD YEAR NORMAL DEPARTURE LAST
                VALUE   (LST)  VALUE       VALUE  FROM      YEAR
                                                  NORMAL
..................................................................
TEMPERATURE (F)
 YESTERDAY
  MAXIMUM         86    305 PM  88    1926  75     11       73
  MINIMUM         68    109 AM  28    1985  57     11       60
  AVERAGE         77                        66     11       67

PRECIPITATION (IN)
  YESTERDAY        T             6.30 1998   0.10  -0.10     1.56
  MONTH TO DATE    0.24                      2.29  -2.05     4.37
  SINCE NOV 1      4.71                     10.42  -5.71    14.77
  SINCE JAN 1      0.24                      2.29  -2.05     4.37

SNOWFALL (IN)
  YESTERDAY        0.0
  MONTH TO DATE    0.0
  SINCE DEC 1      0.0
  SINCE JUL 1      0.0
  SNOW DEPTH      MM

DEGREE DAYS
 HEATING
  YESTERDAY        0                         3     -3        0
  MONTH TO DATE   15                        66    -51       27
  SINCE DEC 1     21                       125   -104       27
  SINCE JUL 1     22                       137   -115       27

 COOLING
  YESTERDAY       12                         3      9        2
  MONTH TO DATE  155                        73     82       68
  SINCE DEC 1    448                       228    220      424
  SINCE JAN 1    155                        73     82       68
..................................................................


WIND (MPH)
  HIGHEST WIND SPEED    31   HIGHEST WIND DIRECTION    SW (210)
  HIGHEST GUST SPEED    45   HIGHEST GUST DIRECTION     S (190)
  AVERAGE WIND SPEED    16.2


SKY COVER
  AVERAGE SKY COVER  MM


WEATHER CONDITIONS
 THE FOLLOWING WEATHER WAS RECORDED YESTERDAY.
  NO SIGNIFICANT WEATHER WAS OBSERVED.


RELATIVE HUMIDITY (PERCENT)
 HIGHEST    MM
 LOWEST     MM
 AVERAGE    MM

..........................................................


THE WEST PALM BEACH CLIMATE NORMALS FOR TODAY
                         NORMAL    RECORD    YEAR
 MAXIMUM TEMPERATURE (F)   75        87      1973
 MINIMUM TEMPERATURE (F)   57        32      1985


SUNRISE AND SUNSET
JANUARY 23 2017.......SUNRISE   709 AM EST   SUNSET   556 PM EST
JANUARY 24 2017.......SUNRISE   709 AM EST   SUNSET   557 PM EST


-  INDICATES NEGATIVE NUMBERS.
R  INDICATES RECORD WAS SET OR TIED.
MM INDICATES DATA IS MISSING.
T  INDICATES TRACE AMOUNT.




$$
