000
CDUS42 KMFL 172116
CLIPBI


CLIMATE REPORT
NATIONAL WEATHER SERVICE MIAMI, FL
416 PM EST WED JAN 17 2018


...................................

...THE WEST PALM BEACH CLIMATE SUMMARY FOR JANUARY 17 2018...
VALID TODAY AS OF 0400 PM LOCAL TIME.

CLIMATE NORMAL PERIOD 1981 TO 2010
CLIMATE RECORD PERIOD 1888 TO 2018


WEATHER ITEM   OBSERVED TIME   RECORD YEAR NORMAL DEPARTURE LAST
                VALUE   (LST)  VALUE       VALUE  FROM      YEAR
                                                  NORMAL
..................................................................
TEMPERATURE (F)
 TODAY
  MAXIMUM         70    359 PM  86    1920  74     -4       79
  MINIMUM         58    744 AM  37    1965  57      1       63
  AVERAGE         64                        66     -2       71

PRECIPITATION (IN)
  TODAY            0.00          2.44 1970   0.09  -0.09      T
  MONTH TO DATE    3.94                      1.81   2.13     0.24
  SINCE NOV 1      7.38                      9.94  -2.56     4.71
  SINCE JAN 1      3.94                      1.81   2.13     0.24

SNOWFALL (IN)
  TODAY            0.0
  MONTH TO DATE    0.0
  SINCE DEC 1      0.0
  SINCE JUL 1      0.0
  SNOW DEPTH       0

DEGREE DAYS
 HEATING
  TODAY            1                         3     -2        0
  MONTH TO DATE   54                        51      3       15
  SINCE DEC 1    103                       110     -7       21
  SINCE JUL 1    107                       122    -15       22

 COOLING
  TODAY            0                         3     -3        6
  MONTH TO DATE   40                        58    -18      119
  SINCE DEC 1    217                       213      4      412
  SINCE JAN 1     40                        58    -18      119
..................................................................


WIND (MPH)
  HIGHEST WIND SPEED    13   HIGHEST WIND DIRECTION    NW (310)
  HIGHEST GUST SPEED    13   HIGHEST GUST DIRECTION    NW (310)
  AVERAGE WIND SPEED     8.5


SKY COVER
  AVERAGE SKY COVER 0.6


WEATHER CONDITIONS
 THE FOLLOWING WEATHER WAS RECORDED TODAY.
  NO SIGNIFICANT WEATHER WAS OBSERVED.


RELATIVE HUMIDITY (PERCENT)
 HIGHEST    86
 LOWEST     53
 AVERAGE    70

..........................................................


THE WEST PALM BEACH CLIMATE NORMALS FOR TOMORROW
                         NORMAL    RECORD    YEAR
 MAXIMUM TEMPERATURE (F)   75        87      1960
 MINIMUM TEMPERATURE (F)   57        32      1977
                                             1965


SUNRISE AND SUNSET
JANUARY 17 2018.......SUNRISE   710 AM EST   SUNSET   551 PM EST
JANUARY 18 2018.......SUNRISE   710 AM EST   SUNSET   552 PM EST


-  INDICATES NEGATIVE NUMBERS.
R  INDICATES RECORD WAS SET OR TIED.
MM INDICATES DATA IS MISSING.
T  INDICATES TRACE AMOUNT.




$$
