000
CDUS42 KMFL 280825
CLIPBI


CLIMATE REPORT
NATIONAL WEATHER SERVICE MIAMI, FL
424 AM EDT SUN AUG 28 2016


...................................

...THE WEST PALM BEACH CLIMATE SUMMARY FOR AUGUST 27 2016...

CLIMATE NORMAL PERIOD 1981 TO 2010
CLIMATE RECORD PERIOD 1888 TO 2016


WEATHER ITEM   OBSERVED TIME   RECORD YEAR NORMAL DEPARTURE LAST
                VALUE   (LST)  VALUE       VALUE  FROM      YEAR
                                                  NORMAL
..................................................................
TEMPERATURE (F)
 YESTERDAY
  MAXIMUM         91    145 PM  96    2011  90      1       86
                                      1912
  MINIMUM         81   1128 PM  68    1921  76      5       73
                                      1891
  AVERAGE         86                        83      3       80

PRECIPITATION (IN)
  YESTERDAY        0.05          3.99 1964   0.28  -0.23     0.24
  MONTH TO DATE    4.05                      6.86  -2.81     4.70
  SINCE JUN 1     10.16                     20.92 -10.76    14.76
  SINCE JAN 1     31.55                     39.63  -8.08    28.51

SNOWFALL (IN)
  YESTERDAY        0.0
  MONTH TO DATE    0.0
  SINCE JUN 1      0.0
  SINCE JUL 1      0.0
  SNOW DEPTH       0

DEGREE DAYS
 HEATING
  YESTERDAY        0                         0      0        0
  MONTH TO DATE    0                         0      0        0
  SINCE JUN 1      0                         0      0        0
  SINCE JUL 1      0                         0      0        0

 COOLING
  YESTERDAY       21                        18      3       15
  MONTH TO DATE  558                       486     72      497
  SINCE JUN 1   1772                      1525    247     1612
  SINCE JAN 1   3053                      2634    419     3146
..................................................................


WIND (MPH)
  HIGHEST WIND SPEED    26   HIGHEST WIND DIRECTION     E (90)
  HIGHEST GUST SPEED    32   HIGHEST GUST DIRECTION     E (90)
  AVERAGE WIND SPEED    11.0


SKY COVER
  AVERAGE SKY COVER 0.7


WEATHER CONDITIONS
 THE FOLLOWING WEATHER WAS RECORDED YESTERDAY.
  THUNDERSTORM
  LIGHT RAIN


RELATIVE HUMIDITY (PERCENT)
 HIGHEST    79
 LOWEST     63
 AVERAGE    71

..........................................................


THE WEST PALM BEACH CLIMATE NORMALS FOR TODAY
                         NORMAL    RECORD    YEAR
 MAXIMUM TEMPERATURE (F)   90        97      1932
 MINIMUM TEMPERATURE (F)   76        68      1889


SUNRISE AND SUNSET
AUGUST 28 2016........SUNRISE   659 AM EDT   SUNSET   744 PM EDT
AUGUST 29 2016........SUNRISE   659 AM EDT   SUNSET   743 PM EDT


-  INDICATES NEGATIVE NUMBERS.
R  INDICATES RECORD WAS SET OR TIED.
MM INDICATES DATA IS MISSING.
T  INDICATES TRACE AMOUNT.




$$
