000
CDUS42 KMFL 170823
CLIPBI


CLIMATE REPORT
NATIONAL WEATHER SERVICE MIAMI, FL
423 AM EDT THU APR 17 2014


...................................

...THE WEST PALM BEACH CLIMATE SUMMARY FOR APRIL 16 2014...

CLIMATE NORMAL PERIOD 1981 TO 2010
CLIMATE RECORD PERIOD 1894 TO 2014


WEATHER ITEM   OBSERVED TIME   RECORD YEAR NORMAL DEPARTURE LAST
                VALUE   (LST)  VALUE       VALUE  FROM      YEAR
                                                  NORMAL
..................................................................
TEMPERATURE (F)
 YESTERDAY
  MAXIMUM         79    338 PM  94    1999  82     -3       84
  MINIMUM         69    732 AM  50    2007  66      3       70
                                      1980
  AVERAGE         74                        74      0       77

PRECIPITATION (IN)
  YESTERDAY        0.03          1.97 1893   0.12  -0.09     0.01
  MONTH TO DATE    0.72                      2.09  -1.37     3.31
  SINCE OCT 1     22.86                     25.89  -3.03    18.81
  SINCE JAN 1     14.60                     12.63   1.97     7.47

SNOWFALL (IN)
  YESTERDAY        0.0
  MONTH TO DATE    0.0
  SINCE MAR 1      0.0
  SINCE JUL 1      0.0
  SNOW DEPTH       0

DEGREE DAYS
 HEATING
  YESTERDAY        0                         0      0
  MONTH TO DATE    0                         0      0
  SINCE MAR 1      7                        24    -17
  SINCE JUL 1    122                       229   -107

 COOLING
  YESTERDAY        9                         9      0
  MONTH TO DATE  162                       128     34
  SINCE MAR 1    364                       321     43
  SINCE JAN 1    710                       556    154
..................................................................


WIND (MPH)
  HIGHEST WIND SPEED    22   HIGHEST WIND DIRECTION     N (350)
  HIGHEST GUST SPEED    27   HIGHEST GUST DIRECTION     N (350)
  AVERAGE WIND SPEED    12.5


SKY COVER
  AVERAGE SKY COVER 0.8


WEATHER CONDITIONS
 THE FOLLOWING WEATHER WAS RECORDED YESTERDAY.
  RAIN
  LIGHT RAIN
  FOG


RELATIVE HUMIDITY (PERCENT)
 HIGHEST    93
 LOWEST     64
 AVERAGE    79

..........................................................


THE WEST PALM BEACH CLIMATE NORMALS FOR TODAY
                         NORMAL    RECORD    YEAR
 MAXIMUM TEMPERATURE (F)   82        93      1972
                                             1908
 MINIMUM TEMPERATURE (F)   66        45      1913


SUNRISE AND SUNSET
APRIL 17 2014.........SUNRISE   655 AM EDT   SUNSET   746 PM EDT
APRIL 18 2014.........SUNRISE   654 AM EDT   SUNSET   746 PM EDT


-  INDICATES NEGATIVE NUMBERS.
R  INDICATES RECORD WAS SET OR TIED.
MM INDICATES DATA IS MISSING.
T  INDICATES TRACE AMOUNT.




$$
