000
CDUS42 KMFL 310834
CLIPBI


CLIMATE REPORT
NATIONAL WEATHER SERVICE MIAMI, FL
434 AM EDT THU JUL 31 2014


...................................

...THE WEST PALM BEACH CLIMATE SUMMARY FOR JULY 30 2014...

CLIMATE NORMAL PERIOD 1981 TO 2010
CLIMATE RECORD PERIOD 1894 TO 2014


WEATHER ITEM   OBSERVED TIME   RECORD YEAR NORMAL DEPARTURE LAST
                VALUE   (LST)  VALUE       VALUE  FROM      YEAR
                                                  NORMAL
..................................................................
TEMPERATURE (F)
 YESTERDAY
  MAXIMUM         91   1148 AM  96    2010  90      1       91
                                      1990
                                      1912
  MINIMUM         76    541 PM  68    1937  76      0       79
                                      1914
                                      1912
  AVERAGE         84                        83      1       85

PRECIPITATION (IN)
  YESTERDAY        0.27          3.25 1933   0.18   0.09     0.00
  MONTH TO DATE    7.36                      5.57   1.79     5.84
  SINCE JUN 1     15.34                     13.87   1.47    18.57
  SINCE JAN 1     33.06                     32.58   0.48    43.52

SNOWFALL (IN)
  YESTERDAY        0.0
  MONTH TO DATE    0.0
  SINCE JUN 1      0.0
  SINCE JUL 1      0.0
  SNOW DEPTH       0

DEGREE DAYS
 HEATING
  YESTERDAY        0                         0      0
  MONTH TO DATE    0                         0      0
  SINCE JUN 1      0                         0      0
  SINCE JUL 1      0                         0      0

 COOLING
  YESTERDAY       19                        18      1
  MONTH TO DATE  547                       529     18
  SINCE JUN 1   1035                      1019     16
  SINCE JAN 1   2387                      2128    259
..................................................................


WIND (MPH)
  HIGHEST WIND SPEED    25   HIGHEST WIND DIRECTION    NW (320)
  HIGHEST GUST SPEED    30   HIGHEST GUST DIRECTION    NW (300)
  AVERAGE WIND SPEED     5.3


SKY COVER
  AVERAGE SKY COVER 0.6


WEATHER CONDITIONS
 THE FOLLOWING WEATHER WAS RECORDED YESTERDAY.
  THUNDERSTORM
  RAIN
  LIGHT RAIN


RELATIVE HUMIDITY (PERCENT)
 HIGHEST    91
 LOWEST     59
 AVERAGE    75

..........................................................


THE WEST PALM BEACH CLIMATE NORMALS FOR TODAY
                         NORMAL    RECORD    YEAR
 MAXIMUM TEMPERATURE (F)   91        96      1990
                                             1907
 MINIMUM TEMPERATURE (F)   76        67      1914


SUNRISE AND SUNSET
JULY 31 2014..........SUNRISE   645 AM EDT   SUNSET   809 PM EDT
AUGUST  1 2014........SUNRISE   645 AM EDT   SUNSET   808 PM EDT


-  INDICATES NEGATIVE NUMBERS.
R  INDICATES RECORD WAS SET OR TIED.
MM INDICATES DATA IS MISSING.
T  INDICATES TRACE AMOUNT.




$$
