777
CDUS42 KMFL 240833
CLIPBI


CLIMATE REPORT
NATIONAL WEATHER SERVICE MIAMI, FL
432 AM EDT MON APR 24 2017


...................................

...THE WEST PALM BEACH CLIMATE SUMMARY FOR APRIL 23 2017...

CLIMATE NORMAL PERIOD 1981 TO 2010
CLIMATE RECORD PERIOD 1888 TO 2017


WEATHER ITEM   OBSERVED TIME   RECORD YEAR NORMAL DEPARTURE LAST
                VALUE   (LST)  VALUE       VALUE  FROM      YEAR
                                                  NORMAL
..................................................................
TEMPERATURE (F)
 YESTERDAY
  MAXIMUM         77    920 AM  95    1971  83     -6       89
  MINIMUM         66   1017 AM  47    1910  67     -1       73
  AVERAGE         72                        75     -3       81

PRECIPITATION (IN)
  YESTERDAY        3.50R         2.00 1927   0.12   3.38     0.00
  MONTH TO DATE    3.61                      2.94   0.67     0.57
  SINCE NOV 1     13.14                     21.61  -8.47    25.95
  SINCE JAN 1      8.67                     13.48  -4.81    15.55

SNOWFALL (IN)
  YESTERDAY        0.0
  MONTH TO DATE    0.0
  SINCE MAR 1      0.0
  SINCE JUL 1      0.0
  SNOW DEPTH       0

DEGREE DAYS
 HEATING
  YESTERDAY        0                         0      0        0
  MONTH TO DATE    0                         0      0        0
  SINCE MAR 1     16                        24     -8        2
  SINCE JUL 1     68                       229   -161      135

 COOLING
  YESTERDAY        7                        10     -3       16
  MONTH TO DATE  249                       193     56      247
  SINCE MAR 1    443                       386     57      562
  SINCE JAN 1    783                       621    162      764
..................................................................


WIND (MPH)
  HIGHEST WIND SPEED    28   HIGHEST WIND DIRECTION    NW (330)
  HIGHEST GUST SPEED    30   HIGHEST GUST DIRECTION    NW (330)
  AVERAGE WIND SPEED     8.8


SKY COVER
  AVERAGE SKY COVER 0.8


WEATHER CONDITIONS
 THE FOLLOWING WEATHER WAS RECORDED YESTERDAY.
  THUNDERSTORM
  HEAVY RAIN
  RAIN
  LIGHT RAIN
  FOG


RELATIVE HUMIDITY (PERCENT)
 HIGHEST   100
 LOWEST     82
 AVERAGE    91

..........................................................


THE WEST PALM BEACH CLIMATE NORMALS FOR TODAY
                         NORMAL    RECORD    YEAR
 MAXIMUM TEMPERATURE (F)   83        95      1988
 MINIMUM TEMPERATURE (F)   67        53      2012


SUNRISE AND SUNSET
APRIL 24 2017.........SUNRISE   648 AM EDT   SUNSET   749 PM EDT
APRIL 25 2017.........SUNRISE   647 AM EDT   SUNSET   750 PM EDT


-  INDICATES NEGATIVE NUMBERS.
R  INDICATES RECORD WAS SET OR TIED.
MM INDICATES DATA IS MISSING.
T  INDICATES TRACE AMOUNT.




$$
