000
CDUS42 KMFL 260935
CLIPBI


CLIMATE REPORT
NATIONAL WEATHER SERVICE MIAMI, FL
435 AM EST SUN FEB 26 2017


...................................

...THE WEST PALM BEACH CLIMATE SUMMARY FOR FEBRUARY 25 2017...

CLIMATE NORMAL PERIOD 1981 TO 2010
CLIMATE RECORD PERIOD 1888 TO 2017


WEATHER ITEM   OBSERVED TIME   RECORD YEAR NORMAL DEPARTURE LAST
                VALUE   (LST)  VALUE       VALUE  FROM      YEAR
                                                  NORMAL
..................................................................
TEMPERATURE (F)
 YESTERDAY
  MAXIMUM         85    307 PM  90    1928  77      8       68
  MINIMUM         60    654 AM  36    1989  60      0       52
  AVERAGE         73                        69      4       60

PRECIPITATION (IN)
  YESTERDAY        0.00          2.60 1893   0.12  -0.12     0.00
  MONTH TO DATE    1.73                      2.47  -0.74     2.66
  SINCE NOV 1      7.20                     13.73  -6.53    22.96
  SINCE JAN 1      2.73                      5.60  -2.87    12.56

SNOWFALL (IN)
  YESTERDAY        0.0
  MONTH TO DATE    0.0
  SINCE DEC 1      0.0
  SINCE JUL 1      0.0
  SNOW DEPTH       0

DEGREE DAYS
 HEATING
  YESTERDAY        0                         1     -1        5
  MONTH TO DATE    2                        45    -43       55
  SINCE DEC 1     51                       190   -139      121
  SINCE JUL 1     52                       202   -150      121

 COOLING
  YESTERDAY        8                         5      3        0
  MONTH TO DATE  139                       113     26      108
  SINCE DEC 1    603                       376    227      555
  SINCE JAN 1    310                       221     89      199
..................................................................


WIND (MPH)
  HIGHEST WIND SPEED    13   HIGHEST WIND DIRECTION    SE (150)
  HIGHEST GUST SPEED    MM   HIGHEST GUST DIRECTION    MM
  AVERAGE WIND SPEED     5.6


SKY COVER
  AVERAGE SKY COVER 0.4


WEATHER CONDITIONS
 THE FOLLOWING WEATHER WAS RECORDED YESTERDAY.
  FOG


RELATIVE HUMIDITY (PERCENT)
 HIGHEST   100
 LOWEST     44
 AVERAGE    72

..........................................................


THE WEST PALM BEACH CLIMATE NORMALS FOR TODAY
                         NORMAL    RECORD    YEAR
 MAXIMUM TEMPERATURE (F)   77        90      1918
 MINIMUM TEMPERATURE (F)   60        35      1967


SUNRISE AND SUNSET
FEBRUARY 26 2017......SUNRISE   647 AM EST   SUNSET   620 PM EST
FEBRUARY 27 2017......SUNRISE   646 AM EST   SUNSET   621 PM EST


-  INDICATES NEGATIVE NUMBERS.
R  INDICATES RECORD WAS SET OR TIED.
MM INDICATES DATA IS MISSING.
T  INDICATES TRACE AMOUNT.




$$
