000
CDUS42 KMFL 270843
CLIPBI


CLIMATE REPORT
NATIONAL WEATHER SERVICE MIAMI, FL
442 AM EDT WED AUG 27 2014


...................................

...THE WEST PALM BEACH CLIMATE SUMMARY FOR AUGUST 26 2014...

CLIMATE NORMAL PERIOD 1981 TO 2010
CLIMATE RECORD PERIOD 1894 TO 2014


WEATHER ITEM   OBSERVED TIME   RECORD YEAR NORMAL DEPARTURE LAST
                VALUE   (LST)  VALUE       VALUE  FROM      YEAR
                                                  NORMAL
..................................................................
TEMPERATURE (F)
 YESTERDAY
  MAXIMUM         91    123 PM  96    1946  90      1       91
                                      1911
  MINIMUM         82   1132 PM  70    2002  76      6       76
                                      1960
                                      1948
  AVERAGE         87                        83      4       84

PRECIPITATION (IN)
  YESTERDAY        0.00          5.52 2012   0.28  -0.28     0.42
  MONTH TO DATE    9.42                      6.58   2.84     3.48
  SINCE JUN 1     25.13                     20.64   4.49    22.05
  SINCE JAN 1     42.85                     39.35   3.50    47.00

SNOWFALL (IN)
  YESTERDAY        0.0
  MONTH TO DATE    0.0
  SINCE JUN 1      0.0
  SINCE JUL 1      0.0
  SNOW DEPTH       0

DEGREE DAYS
 HEATING
  YESTERDAY        0                         0      0
  MONTH TO DATE    0                         0      0
  SINCE JUN 1      0                         0      0
  SINCE JUL 1      0                         0      0

 COOLING
  YESTERDAY       22                        18      4
  MONTH TO DATE  506                       468     38
  SINCE JUN 1   1558                      1507     51
  SINCE JAN 1   2910                      2616    294
..................................................................


WIND (MPH)
  HIGHEST WIND SPEED    23   HIGHEST WIND DIRECTION    NE (50)
  HIGHEST GUST SPEED    30   HIGHEST GUST DIRECTION    NE (50)
  AVERAGE WIND SPEED    14.2


SKY COVER
  AVERAGE SKY COVER 0.6


WEATHER CONDITIONS
 THE FOLLOWING WEATHER WAS RECORDED YESTERDAY.
  NO SIGNIFICANT WEATHER WAS OBSERVED.


RELATIVE HUMIDITY (PERCENT)
 HIGHEST    70
 LOWEST     49
 AVERAGE    60

..........................................................


THE WEST PALM BEACH CLIMATE NORMALS FOR TODAY
                         NORMAL    RECORD    YEAR
 MAXIMUM TEMPERATURE (F)   90        96      2011
                                             1912
 MINIMUM TEMPERATURE (F)   76        68      1921
                                             1891


SUNRISE AND SUNSET
AUGUST 27 2014........SUNRISE   658 AM EDT   SUNSET   746 PM EDT
AUGUST 28 2014........SUNRISE   658 AM EDT   SUNSET   745 PM EDT


-  INDICATES NEGATIVE NUMBERS.
R  INDICATES RECORD WAS SET OR TIED.
MM INDICATES DATA IS MISSING.
T  INDICATES TRACE AMOUNT.




$$
