000
CDUS42 KMFL 180921
CLIPBI


CLIMATE REPORT
NATIONAL WEATHER SERVICE MIAMI, FL
420 AM EST SAT NOV 18 2017


...................................

...THE WEST PALM BEACH CLIMATE SUMMARY FOR NOVEMBER 17 2017...

CLIMATE NORMAL PERIOD 1981 TO 2010
CLIMATE RECORD PERIOD 1888 TO 2017


WEATHER ITEM   OBSERVED TIME   RECORD YEAR NORMAL DEPARTURE LAST
                VALUE   (LST)  VALUE       VALUE  FROM      YEAR
                                                  NORMAL
..................................................................
TEMPERATURE (F)
 YESTERDAY
  MAXIMUM         78    438 PM  89    2014  80     -2       80
  MINIMUM         66    744 AM  42    1970  65      1       61
                                      1901
  AVERAGE         72                        72      0       71

PRECIPITATION (IN)
  YESTERDAY        0.00          1.86 1915   0.16  -0.16     0.00
  MONTH TO DATE    1.96                      3.00  -1.04     0.97
  SINCE NOV 1      1.96                      3.00  -1.04     0.97
  SINCE JAN 1     57.65                     57.20   0.45    47.58

SNOWFALL (IN)
  YESTERDAY        0.0
  MONTH TO DATE    0.0
  SINCE SEP 1      0.0
  SINCE JUL 1      0.0
  SNOW DEPTH       0

DEGREE DAYS
 HEATING
  YESTERDAY        0                         0      0        0
  MONTH TO DATE    0                         0      0        0
  SINCE SEP 1      4                         1      3        0
  SINCE JUL 1      4                         1      3        0

 COOLING
  YESTERDAY        7                         8     -1        6
  MONTH TO DATE  189                       153     36      160
  SINCE SEP 1   1186                      1068    118     1190
  SINCE JAN 1   4247                      3774    473     4311
..................................................................


WIND (MPH)
  HIGHEST WIND SPEED    15   HIGHEST WIND DIRECTION     E (70)
  HIGHEST GUST SPEED    20   HIGHEST GUST DIRECTION    NE (60)
  AVERAGE WIND SPEED     8.3


SKY COVER
  AVERAGE SKY COVER 0.5


WEATHER CONDITIONS
 THE FOLLOWING WEATHER WAS RECORDED YESTERDAY.
  NO SIGNIFICANT WEATHER WAS OBSERVED.


RELATIVE HUMIDITY (PERCENT)
 HIGHEST    93
 LOWEST     54
 AVERAGE    74

..........................................................


THE WEST PALM BEACH CLIMATE NORMALS FOR TODAY
                         NORMAL    RECORD    YEAR
 MAXIMUM TEMPERATURE (F)   80        87      1986
 MINIMUM TEMPERATURE (F)   65        41      1901


SUNRISE AND SUNSET
NOVEMBER 18 2017......SUNRISE   642 AM EST   SUNSET   529 PM EST
NOVEMBER 19 2017......SUNRISE   643 AM EST   SUNSET   529 PM EST


-  INDICATES NEGATIVE NUMBERS.
R  INDICATES RECORD WAS SET OR TIED.
MM INDICATES DATA IS MISSING.
T  INDICATES TRACE AMOUNT.




$$
