000
CDUS42 KMFL 240929
CLIPBI


CLIMATE REPORT
NATIONAL WEATHER SERVICE MIAMI, FL
428 AM EST MON NOV 24 2014


...................................

...THE WEST PALM BEACH CLIMATE SUMMARY FOR NOVEMBER 23 2014...

CLIMATE NORMAL PERIOD 1981 TO 2010
CLIMATE RECORD PERIOD 1894 TO 2014


WEATHER ITEM   OBSERVED TIME   RECORD YEAR NORMAL DEPARTURE LAST
                VALUE   (LST)  VALUE       VALUE  FROM      YEAR
                                                  NORMAL
..................................................................
TEMPERATURE (F)
 YESTERDAY
  MAXIMUM         83    356 PM  89    1948  79      4       84
  MINIMUM         75   1220 AM  44    1944  64     11       69
  AVERAGE         79                        72      7       77

PRECIPITATION (IN)
  YESTERDAY        0.02          2.55 1977   0.13  -0.11     0.00
  MONTH TO DATE    1.79                      3.83  -2.04     1.54
  SINCE NOV 1      1.79                      3.83  -2.04     1.54
  SINCE JAN 1     59.38                     58.03   1.35    59.40

SNOWFALL (IN)
  YESTERDAY        0.0
  MONTH TO DATE    0.0
  SINCE SEP 1      0.0
  SINCE JUL 1      0.0
  SNOW DEPTH       0

DEGREE DAYS
 HEATING
  YESTERDAY        0                         1     -1
  MONTH TO DATE   10                         2      8
  SINCE SEP 1     10                         3      7
  SINCE JUL 1     10                         3      7

 COOLING
  YESTERDAY       14                         7      7
  MONTH TO DATE  157                       197    -40
  SINCE SEP 1   1085                      1112    -27
  SINCE JAN 1   4093                      3818    275
..................................................................


WIND (MPH)
  HIGHEST WIND SPEED    24   HIGHEST WIND DIRECTION    SE (140)
  HIGHEST GUST SPEED    31   HIGHEST GUST DIRECTION    SE (150)
  AVERAGE WIND SPEED    14.5


SKY COVER
  AVERAGE SKY COVER 0.7


WEATHER CONDITIONS
 THE FOLLOWING WEATHER WAS RECORDED YESTERDAY.
  LIGHT RAIN


RELATIVE HUMIDITY (PERCENT)
 HIGHEST    91
 LOWEST     74
 AVERAGE    83

..........................................................


THE WEST PALM BEACH CLIMATE NORMALS FOR TODAY
                         NORMAL    RECORD    YEAR
 MAXIMUM TEMPERATURE (F)   79        89      1948
 MINIMUM TEMPERATURE (F)   64        39      1925


SUNRISE AND SUNSET
NOVEMBER 24 2014......SUNRISE   647 AM EST   SUNSET   528 PM EST
NOVEMBER 25 2014......SUNRISE   647 AM EST   SUNSET   527 PM EST


-  INDICATES NEGATIVE NUMBERS.
R  INDICATES RECORD WAS SET OR TIED.
MM INDICATES DATA IS MISSING.
T  INDICATES TRACE AMOUNT.




$$
