000
CDUS42 KFFC 250026
CLIPDK


CLIMATE REPORT
NATIONAL WEATHER SERVICE PEACHTREE CITY GA
826 PM EDT FRI MAR 24 2017


...................................

...THE DEKALB PEACHTREE AIRPORT CLIMATE SUMMARY FOR MARCH 24 2017...
VALID AS OF 0800 PM LOCAL TIME.

CLIMATE NORMAL PERIOD 1981 TO 2010
CLIMATE RECORD PERIOD 9999 TO 9999


WEATHER ITEM   OBSERVED TIME   RECORD YEAR NORMAL DEPARTURE LAST
                VALUE   (LST)  VALUE       VALUE  FROM      YEAR
                                                  NORMAL
..................................................................
TEMPERATURE (F)
 TODAY
  MAXIMUM         73    342 PM  MM      MM  67      6       74
  MINIMUM         54    849 AM  MM      MM  44     10       49
  AVERAGE         64                        56      8       62

PRECIPITATION (IN)
  TODAY            0.00         MM      MM   0.16  -0.16     0.19
  MONTH TO DATE    2.15                      3.98  -1.83     1.38
  SINCE MAR 1      2.15                      3.98  -1.83     1.38

SNOWFALL (IN)
  TODAY            0.0          MM      MM  MM     MM       MM
  MONTH TO DATE    T                        MM     MM        0.0
  SINCE MAR 1      T                        MM     MM        0.0
  SINCE JUL 1      T                        MM     MM         T
  SNOW DEPTH       0

DEGREE DAYS
 HEATING
  TODAY            1                        10     -9        3
  MONTH TO DATE  312                       309      3      185
  SINCE MAR 1    312                       309      3      185
  SINCE JUL 1   1962                      2710   -748     2101

 COOLING
  TODAY            0                         0      0        0
  MONTH TO DATE    8                         0      8       18
  SINCE MAR 1      8                         0      8       18
  SINCE JAN 1      8                         0      8       18
..................................................................


WIND (MPH)
  RESULTANT WIND SPEED   6   RESULTANT WIND DIRECTION  SE (130)
  HIGHEST WIND SPEED    16   HIGHEST WIND DIRECTION    SE (150)
  HIGHEST GUST SPEED    23   HIGHEST GUST DIRECTION     S (170)
  AVERAGE WIND SPEED     6.9


SKY COVER
  AVERAGE SKY COVER 0.7


WEATHER CONDITIONS
 THE FOLLOWING WEATHER WAS RECORDED TODAY.
  NO SIGNIFICANT WEATHER WAS OBSERVED.


RELATIVE HUMIDITY (PERCENT)
 HIGHEST    71           800 AM
 LOWEST     41           300 PM
 AVERAGE    56

..........................................................


THE DEKALB PEACHTREE AIRPORT CLIMATE NORMALS FOR TOMORROW
                         NORMAL    RECORD    YEAR
 MAXIMUM TEMPERATURE (F)   68        MM        MM
 MINIMUM TEMPERATURE (F)   44        MM        MM


SUNRISE AND SUNSET
MARCH 24 2017.........SUNRISE   735 AM EDT   SUNSET   752 PM EDT
MARCH 25 2017.........SUNRISE   734 AM EDT   SUNSET   753 PM EDT


-  INDICATES NEGATIVE NUMBERS.
R  INDICATES RECORD WAS SET OR TIED.
MM INDICATES DATA IS MISSING.
T  INDICATES TRACE AMOUNT.




$$
