000
CDUS46 KPDT 300831
CLIPDT

CLIMATE REPORT
NATIONAL WEATHER SERVICE PENDLETON OR
131 AM PDT THU JUL 30 2015


...................................

...THE PENDLETON OR CLIMATE SUMMARY FOR JULY 29 2015...

CLIMATE NORMAL PERIOD 1981 TO 2010
CLIMATE RECORD PERIOD 1890 TO 2015


WEATHER ITEM   OBSERVED TIME   RECORD YEAR NORMAL DEPARTURE LAST
                VALUE   (LST)  VALUE       VALUE  FROM      YEAR
                                                  NORMAL
..................................................................
TEMPERATURE (F)
 YESTERDAY
  MAXIMUM         94    332 PM 104    2014  90      4      104
                                      2003
                                      1971
  MINIMUM         52    407 AM  38    1917  59     -7       66
  AVERAGE         73                        74     -1       85

PRECIPITATION (IN)
  YESTERDAY        0.00          0.82 1915   0.00   0.00     0.00
  MONTH TO DATE    T                         0.30  -0.30     0.22
  SINCE OCT 1      9.70                     11.69  -1.99     9.50
  SINCE JAN 1      5.00                      7.69  -2.69     7.71

SNOWFALL (IN)
  YESTERDAY        0.0           0.0  2002   0.0    0.0      0.0
                                      2001
                                      2000
  MONTH TO DATE    0.0                       0.0    0.0      0.0
  SINCE JAN 1      0.4                       7.7   -7.3     15.2
  SINCE JUL 1      0.0                       0.0    0.0      0.0
  SNOW DEPTH       0

DEGREE DAYS
 HEATING
  YESTERDAY        0                         0      0        0
  MONTH TO DATE    0                         7     -7        2
  SINCE JUN 1     10                        90    -80       45
  SINCE JUL 1      0                         7     -7        2

 COOLING
  YESTERDAY        8                        10     -2       20
  MONTH TO DATE  319                       227     92      362
  SINCE JUN 1    572                       306    266      422
  SINCE JAN 1    599                       329    270      444
..................................................................


WIND (MPH)
  HIGHEST WIND SPEED    16   HIGHEST WIND DIRECTION    NW (320)
  HIGHEST GUST SPEED    20   HIGHEST GUST DIRECTION    NW (310)
  AVERAGE WIND SPEED     7.3


SKY COVER
  POSSIBLE SUNSHINE  MM
  AVERAGE SKY COVER 0.0


WEATHER CONDITIONS
 THE FOLLOWING WEATHER WAS RECORDED YESTERDAY.
  NO SIGNIFICANT WEATHER WAS OBSERVED.


RELATIVE HUMIDITY (PERCENT)
 HIGHEST    54           400 AM
 LOWEST     12           300 PM
 AVERAGE    33

..........................................................


THE PENDLETON OR CLIMATE NORMALS FOR TODAY
                         NORMAL    RECORD    YEAR
 MAXIMUM TEMPERATURE (F)   90       107      1929
 MINIMUM TEMPERATURE (F)   59        40      1933


SUNRISE AND SUNSET
JULY 30 2015..........SUNRISE   536 AM PDT   SUNSET   827 PM PDT
JULY 31 2015..........SUNRISE   537 AM PDT   SUNSET   825 PM PDT


-  INDICATES NEGATIVE NUMBERS.
R  INDICATES RECORD WAS SET OR TIED.
MM INDICATES DATA IS MISSING.
T  INDICATES TRACE AMOUNT.


$$
