000
CDUS46 KPDT 190910
CLIPDT

CLIMATE REPORT
NATIONAL WEATHER SERVICE PENDLETON OR
201 AM PDT SAT AUG 19 2017


...................................

...THE PENDLETON OR CLIMATE SUMMARY FOR AUGUST 18 2017...

CLIMATE NORMAL PERIOD 1981 TO 2010
CLIMATE RECORD PERIOD 1890 TO 2017


WEATHER ITEM   OBSERVED TIME   RECORD YEAR NORMAL DEPARTURE LAST
                VALUE   (LST)  VALUE       VALUE  FROM      YEAR
                                                  NORMAL
..................................................................
TEMPERATURE (F)
 YESTERDAY
  MAXIMUM         92    327 PM 106    1897  87      5       97
  MINIMUM         55    342 AM  43    1904  57     -2       60
  AVERAGE         74                        72      2       79

PRECIPITATION (IN)
  YESTERDAY        0.00          0.55 1926   0.01  -0.01     0.00
  MONTH TO DATE    0.07                      0.20  -0.13     0.07
  SINCE OCT 1     16.89                     11.91   4.98    11.66
  SINCE JAN 1     11.37                      7.91   3.46     7.39

SNOWFALL (IN)
  YESTERDAY        0.0           0.0  2002   0.0    0.0      0.0
                                      2001
                                      1999
  MONTH TO DATE    0.0                       0.0    0.0      0.0
  SINCE JAN 1     25.9                       7.7   18.2       T
  SINCE JUL 1      0.0                       0.0    0.0      0.0
  SNOW DEPTH       0

DEGREE DAYS
 HEATING
  YESTERDAY        0                         0      0        0
  MONTH TO DATE    1                         0      1        1
  SINCE JUN 1     76                        94    -18       70
  SINCE JUL 1      1                        11    -10        1

 COOLING
  YESTERDAY        9                         7      2       14
  MONTH TO DATE  228                       150     78      141
  SINCE JUN 1    650                       475    175      484
  SINCE JAN 1    678                       498    180      502
..................................................................


WIND (MPH)
  HIGHEST WIND SPEED    28   HIGHEST WIND DIRECTION     W (260)
  HIGHEST GUST SPEED    34   HIGHEST GUST DIRECTION     W (260)
  AVERAGE WIND SPEED    12.6


SKY COVER
  POSSIBLE SUNSHINE  MM
  AVERAGE SKY COVER 0.0


WEATHER CONDITIONS
 THE FOLLOWING WEATHER WAS RECORDED YESTERDAY.
  NO SIGNIFICANT WEATHER WAS OBSERVED.


RELATIVE HUMIDITY (PERCENT)
 HIGHEST    47          1200 AM
 LOWEST     10           500 PM
 AVERAGE    29

..........................................................


THE PENDLETON OR CLIMATE NORMALS FOR TODAY
                         NORMAL    RECORD    YEAR
 MAXIMUM TEMPERATURE (F)   86       109      1897
 MINIMUM TEMPERATURE (F)   57        37      1916


SUNRISE AND SUNSET
AUGUST 19 2017........SUNRISE   601 AM PDT   SUNSET   756 PM PDT
AUGUST 20 2017........SUNRISE   602 AM PDT   SUNSET   754 PM PDT


-  INDICATES NEGATIVE NUMBERS.
R  INDICATES RECORD WAS SET OR TIED.
MM INDICATES DATA IS MISSING.
T  INDICATES TRACE AMOUNT.

$$
