000
CDUS46 KPDT 220919
CLIPDT

CLIMATE REPORT
NATIONAL WEATHER SERVICE PENDLETON OR
217 AM PDT SUN OCT 22 2017


...................................

...THE PENDLETON OR CLIMATE SUMMARY FOR OCTOBER 21 2017...

CLIMATE NORMAL PERIOD 1981 TO 2010
CLIMATE RECORD PERIOD 1890 TO 2017


WEATHER ITEM   OBSERVED TIME   RECORD YEAR NORMAL DEPARTURE LAST
                VALUE   (LST)  VALUE       VALUE  FROM      YEAR
                                                  NORMAL
..................................................................
TEMPERATURE (F)
 YESTERDAY
  MAXIMUM         61   1159 PM  88    2003  61      0       56
  MINIMUM         42    248 AM  16    1911  39      3       49
  AVERAGE         52                        50      2       53

PRECIPITATION (IN)
  YESTERDAY        0.65          0.73 1954   0.03   0.62     0.17
  MONTH TO DATE    1.38                      0.59   0.79     1.46
  SINCE OCT 1      1.38                      0.59   0.79     1.46
  SINCE JAN 1     13.67                      9.25   4.42     9.53

SNOWFALL (IN)
  YESTERDAY        0.0           0.0  2002   0.0    0.0      0.0
                                      2001
                                      1999
  MONTH TO DATE    0.0                       0.0    0.0      0.0
  SINCE JAN 1     25.9                       7.7   18.2       T
  SINCE JUL 1      0.0                       0.0    0.0      0.0
  SNOW DEPTH       0

DEGREE DAYS
 HEATING
  YESTERDAY       13                        15     -2       12
  MONTH TO DATE  276                       239     37      233
  SINCE SEP 1    391                       351     40      350
  SINCE JUL 1    393                       373     20      352

 COOLING
  YESTERDAY        0                         0      0        0
  MONTH TO DATE    0                         0      0        0
  SINCE SEP 1    113                        64     49       17
  SINCE JAN 1    894                       634    260      605
..................................................................


WIND (MPH)
  HIGHEST WIND SPEED    33   HIGHEST WIND DIRECTION     S (200)
  HIGHEST GUST SPEED    42   HIGHEST GUST DIRECTION     S (190)
  AVERAGE WIND SPEED    11.3


SKY COVER
  POSSIBLE SUNSHINE  MM
  AVERAGE SKY COVER 0.9


WEATHER CONDITIONS
 THE FOLLOWING WEATHER WAS RECORDED YESTERDAY.
  HEAVY RAIN
  RAIN
  LIGHT RAIN
  FOG


RELATIVE HUMIDITY (PERCENT)
 HIGHEST    93           100 PM
 LOWEST     49           500 AM
 AVERAGE    71

..........................................................


THE PENDLETON OR CLIMATE NORMALS FOR TODAY
                         NORMAL    RECORD    YEAR
 MAXIMUM TEMPERATURE (F)   61        82      1924
                                             1915
 MINIMUM TEMPERATURE (F)   39        16      1911


SUNRISE AND SUNSET
OCTOBER 22 2017.......SUNRISE   722 AM PDT   SUNSET   557 PM PDT
OCTOBER 23 2017.......SUNRISE   723 AM PDT   SUNSET   555 PM PDT


-  INDICATES NEGATIVE NUMBERS.
R  INDICATES RECORD WAS SET OR TIED.
MM INDICATES DATA IS MISSING.
T  INDICATES TRACE AMOUNT.

$$
