000
CDUS46 KPDT 301038
CLIPDT

CLIMATE REPORT
NATIONAL WEATHER SERVICE PENDLETON OR
337 AM PDT TUE JUN 30 2015


...................................

...THE PENDLETON OR CLIMATE SUMMARY FOR JUNE 29 2015...

CLIMATE NORMAL PERIOD 1981 TO 2010
CLIMATE RECORD PERIOD 1890 TO 2015


WEATHER ITEM   OBSERVED TIME   RECORD YEAR NORMAL DEPARTURE LAST
                VALUE   (LST)  VALUE       VALUE  FROM      YEAR
                                                  NORMAL
..................................................................
TEMPERATURE (F)
 YESTERDAY
  MAXIMUM         99    423 PM 102    2008  83     16       78
                                      1904
  MINIMUM         74    526 AM  37    1898  54     20       53
  AVERAGE         87                        68     19       66

PRECIPITATION (IN)
  YESTERDAY        T             0.66 1991   0.01  -0.01     0.00
  MONTH TO DATE    0.06                      0.96  -0.90     1.02
  SINCE OCT 1      9.70                     11.37  -1.67     9.28
  SINCE JAN 1      5.00                      7.37  -2.37     7.49

SNOWFALL (IN)
  YESTERDAY        0.0           0.0  2002   0.0    0.0      0.0
                                      2001
                                      2000
  MONTH TO DATE    0.0                       0.0    0.0      0.0
  SINCE JAN 1      0.4                       7.7   -7.3     15.2
  SINCE JUL 1      7.2                      15.2   -8.0     21.7
  SNOW DEPTH       0

DEGREE DAYS
 HEATING
  YESTERDAY        0                         1     -1        0
  MONTH TO DATE   10                        82    -72       43
  SINCE JUN 1     10                        82    -72       43
  SINCE JUL 1   4606                      5275   -669     5486

 COOLING
  YESTERDAY       22                         5     17        1
  MONTH TO DATE  234                        74    160       58
  SINCE JUN 1    234                        74    160       58
  SINCE JAN 1    261                        97    164       80
..................................................................


WIND (MPH)
  HIGHEST WIND SPEED    16   HIGHEST WIND DIRECTION    NW (300)
  HIGHEST GUST SPEED    21   HIGHEST GUST DIRECTION     W (260)
  AVERAGE WIND SPEED     7.1


SKY COVER
  POSSIBLE SUNSHINE  MM
  AVERAGE SKY COVER 0.2


WEATHER CONDITIONS
 THE FOLLOWING WEATHER WAS RECORDED YESTERDAY.
  NO SIGNIFICANT WEATHER WAS OBSERVED.


RELATIVE HUMIDITY (PERCENT)
 HIGHEST    50           500 AM
 LOWEST     22           500 PM
 AVERAGE    36

..........................................................


THE PENDLETON OR CLIMATE NORMALS FOR TODAY
                         NORMAL    RECORD    YEAR
 MAXIMUM TEMPERATURE (F)   83       108      1924
 MINIMUM TEMPERATURE (F)   54        36      1898


SUNRISE AND SUNSET
JUNE 30 2015..........SUNRISE   509 AM PDT   SUNSET   849 PM PDT
JULY  1 2015..........SUNRISE   510 AM PDT   SUNSET   848 PM PDT


-  INDICATES NEGATIVE NUMBERS.
R  INDICATES RECORD WAS SET OR TIED.
MM INDICATES DATA IS MISSING.
T  INDICATES TRACE AMOUNT.

$$
