000
CDUS46 KPDT 030847
CLIPDT

CLIMATE REPORT
NATIONAL WEATHER SERVICE PENDLETON OR
144 AM PDT WED JUN 3 2015


...................................

...THE PENDLETON OR CLIMATE SUMMARY FOR JUNE 2 2015...

CLIMATE NORMAL PERIOD 1981 TO 2010
CLIMATE RECORD PERIOD 1890 TO 2015


WEATHER ITEM   OBSERVED TIME   RECORD YEAR NORMAL DEPARTURE LAST
                VALUE   (LST)  VALUE       VALUE  FROM      YEAR
                                                  NORMAL
..................................................................
TEMPERATURE (F)
 YESTERDAY
  MAXIMUM         73    247 PM  96    1970  74     -1       88
                                      1924
                                      1913
  MINIMUM         54    545 AM  35    1917  49      5       52
                                      1908
  AVERAGE         64                        62      2       70

PRECIPITATION (IN)
  YESTERDAY        0.01          0.84 2010   0.05  -0.04      T
  MONTH TO DATE    0.05                      0.10  -0.05      T
  SINCE OCT 1      9.69                     10.51  -0.82     8.26
  SINCE JAN 1      4.99                      6.51  -1.52     6.47

SNOWFALL (IN)
  YESTERDAY        0.0           0.0  2002   0.0    0.0      0.0
                                      2001
                                      2000
  MONTH TO DATE    0.0                       0.0    0.0      0.0
  SINCE JAN 1      0.4                       7.7   -7.3     15.2
  SINCE JUL 1      7.2                      15.2   -8.0     21.7
  SNOW DEPTH       0

DEGREE DAYS
 HEATING
  YESTERDAY        1                         5     -4        0
  MONTH TO DATE    1                        10     -9        0
  SINCE JUN 1      1                        10     -9        0
  SINCE JUL 1   4597                      5203   -606     5443

 COOLING
  YESTERDAY        0                         1     -1        5
  MONTH TO DATE    2                         2      0        9
  SINCE JUN 1      2                         2      0        9
  SINCE JAN 1     29                        25      4       31
..................................................................


WIND (MPH)
  HIGHEST WIND SPEED    24   HIGHEST WIND DIRECTION     W (250)
  HIGHEST GUST SPEED    33   HIGHEST GUST DIRECTION     W (280)
  AVERAGE WIND SPEED    14.3


SKY COVER
  POSSIBLE SUNSHINE  MM
  AVERAGE SKY COVER 0.7


WEATHER CONDITIONS
 THE FOLLOWING WEATHER WAS RECORDED YESTERDAY.
  LIGHT RAIN


RELATIVE HUMIDITY (PERCENT)
 HIGHEST    77           400 AM
 LOWEST     34          1200 PM
 AVERAGE    56

..........................................................


THE PENDLETON OR CLIMATE NORMALS FOR TODAY
                         NORMAL    RECORD    YEAR
 MAXIMUM TEMPERATURE (F)   75        98      2007
                                             1970
                                             1922
 MINIMUM TEMPERATURE (F)   50        34      1918
                                             1910


SUNRISE AND SUNSET
JUNE  3 2015..........SUNRISE   508 AM PDT   SUNSET   839 PM PDT
JUNE  4 2015..........SUNRISE   508 AM PDT   SUNSET   840 PM PDT


-  INDICATES NEGATIVE NUMBERS.
R  INDICATES RECORD WAS SET OR TIED.
MM INDICATES DATA IS MISSING.
T  INDICATES TRACE AMOUNT.




$$
