000
CDUS46 KPDT 020029
CLIPDT

CLIMATE REPORT
NATIONAL WEATHER SERVICE PENDLETON OR
529 PM PDT FRI AUG 1 2014


...................................

...THE PENDLETON OR CLIMATE SUMMARY FOR AUGUST 1 2014...
VALID TODAY AS OF 0500 PM LOCAL TIME.

CLIMATE NORMAL PERIOD 1981 TO 2010
CLIMATE RECORD PERIOD 1890 TO 2014


WEATHER ITEM   OBSERVED TIME   RECORD YEAR NORMAL DEPARTURE LAST
                VALUE   (LST)  VALUE       VALUE  FROM      YEAR
                                                  NORMAL
..................................................................
TEMPERATURE (F)
 TODAY
  MAXIMUM        100    338 PM 108    2009  90     10       73
  MINIMUM         67    450 AM  41    1897  59      8       57
  AVERAGE         84                        74     10       65

PRECIPITATION (IN)
  TODAY            0.00          0.26 1960   0.01  -0.01     0.22
  MONTH TO DATE    0.00                      0.01  -0.01     0.22
  SINCE OCT 1      9.50                     11.72  -2.22     9.63
  SINCE JAN 1      7.71                      7.72  -0.01     5.19

SNOWFALL (IN)
  TODAY            0.0          99.0  2013   0.0    0.0       T
  MONTH TO DATE    0.0                       0.0    0.0       T
  SINCE JAN 1     15.2                       7.7    7.5      0.2
  SINCE JUL 1      0.0                       0.0    0.0       T
  SNOW DEPTH       0

DEGREE DAYS
 HEATING
  TODAY            0                         0      0        0
  MONTH TO DATE    0                         0      0        0
  SINCE JUN 1     45                        94    -49       80
  SINCE JUL 1      2                        11     -9        0

 COOLING
  TODAY           19                         9     10        0
  MONTH TO DATE   19                         9     10        0
  SINCE JUN 1    480                       334    146      423
  SINCE JAN 1    502                       357    145      454
..................................................................


WIND (MPH)
  HIGHEST WIND SPEED    15   HIGHEST WIND DIRECTION     W (290)
  HIGHEST GUST SPEED    20   HIGHEST GUST DIRECTION     W (280)
  AVERAGE WIND SPEED     7.6


SKY COVER
  POSSIBLE SUNSHINE  MM
  AVERAGE SKY COVER 0.0


WEATHER CONDITIONS
 THE FOLLOWING WEATHER WAS RECORDED TODAY.
  NO SIGNIFICANT WEATHER WAS OBSERVED.


RELATIVE HUMIDITY (PERCENT)
 HIGHEST    47           500 AM
 LOWEST     16           400 PM
 AVERAGE    32

..........................................................


THE PENDLETON OR CLIMATE NORMALS FOR TOMORROW
                         NORMAL    RECORD    YEAR
 MAXIMUM TEMPERATURE (F)   90       107      1898
 MINIMUM TEMPERATURE (F)   59        40      1897


SUNRISE AND SUNSET
AUGUST  1 2014........SUNRISE   539 AM PDT   SUNSET   824 PM PDT
AUGUST  2 2014........SUNRISE   540 AM PDT   SUNSET   822 PM PDT


-  INDICATES NEGATIVE NUMBERS.
R  INDICATES RECORD WAS SET OR TIED.
MM INDICATES DATA IS MISSING.
T  INDICATES TRACE AMOUNT.




$$
