000
CDUS46 KPDT 290030
CLIPDT

CLIMATE REPORT
NATIONAL WEATHER SERVICE PENDLETON OR
529 PM PDT FRI AUG 28 2015


...................................

...THE PENDLETON OR CLIMATE SUMMARY FOR AUGUST 28 2015...
VALID TODAY AS OF 0500 PM LOCAL TIME.

CLIMATE NORMAL PERIOD 1981 TO 2010
CLIMATE RECORD PERIOD 1890 TO 2015


WEATHER ITEM   OBSERVED TIME   RECORD YEAR NORMAL DEPARTURE LAST
                VALUE   (LST)  VALUE       VALUE  FROM      YEAR
                                                  NORMAL
..................................................................
TEMPERATURE (F)
 TODAY
  MAXIMUM         88    311 PM 105    1972  84      4       89
  MINIMUM         62    351 AM  37    1909  55      7       59
  AVERAGE         75                        69      6       74

PRECIPITATION (IN)
  TODAY            0.00          0.36 1927   0.01  -0.01     0.00
  MONTH TO DATE    T                         0.33  -0.33     0.59
  SINCE OCT 1      9.70                     12.04  -2.34    10.09
  SINCE JAN 1      5.00                      8.04  -3.04     8.30

SNOWFALL (IN)
  TODAY            0.0           0.0  2002   0.0    0.0      0.0
                                      2001
                                      1999
  MONTH TO DATE    0.0                       0.0    0.0      0.0
  SINCE JAN 1      0.4                       7.7   -7.3     15.2
  SINCE JUL 1      0.0                       0.0    0.0      0.0
  SNOW DEPTH       0

DEGREE DAYS
 HEATING
  TODAY            0                         1     -1        0
  MONTH TO DATE    3                         5     -2        0
  SINCE JUN 1     13                        99    -86       45
  SINCE JUL 1      3                        16    -13        2

 COOLING
  TODAY           10                         5      5        9
  MONTH TO DATE  239                       209     30      268
  SINCE JUN 1    846                       534    312      729
  SINCE JAN 1    873                       557    316      751
..................................................................


WIND (MPH)
  HIGHEST WIND SPEED    16   HIGHEST WIND DIRECTION     W (280)
  HIGHEST GUST SPEED    20   HIGHEST GUST DIRECTION     W (280)
  AVERAGE WIND SPEED     7.9


SKY COVER
  POSSIBLE SUNSHINE  MM
  AVERAGE SKY COVER 0.0


WEATHER CONDITIONS
 THE FOLLOWING WEATHER WAS RECORDED TODAY.
  NO SIGNIFICANT WEATHER WAS OBSERVED.


RELATIVE HUMIDITY (PERCENT)
 HIGHEST    43           400 AM
 LOWEST     21           100 PM
 AVERAGE    32

..........................................................


THE PENDLETON OR CLIMATE NORMALS FOR TOMORROW
                         NORMAL    RECORD    YEAR
 MAXIMUM TEMPERATURE (F)   83       106      1915
 MINIMUM TEMPERATURE (F)   54        36      1927


SUNRISE AND SUNSET
AUGUST 28 2015........SUNRISE   611 AM PDT   SUNSET   741 PM PDT
AUGUST 29 2015........SUNRISE   613 AM PDT   SUNSET   739 PM PDT


-  INDICATES NEGATIVE NUMBERS.
R  INDICATES RECORD WAS SET OR TIED.
MM INDICATES DATA IS MISSING.
T  INDICATES TRACE AMOUNT.




$$
