000
CDUS46 KPDT 100905
CLIPDT

CLIMATE REPORT
NATIONAL WEATHER SERVICE PENDLETON OR
205 AM PDT THU JUL 10 2014


...................................

...THE PENDLETON OR CLIMATE SUMMARY FOR JULY 9 2014...

CLIMATE NORMAL PERIOD 1981 TO 2010
CLIMATE RECORD PERIOD 1890 TO 2014


WEATHER ITEM   OBSERVED TIME   RECORD YEAR NORMAL DEPARTURE LAST
                VALUE   (LST)  VALUE       VALUE  FROM      YEAR
                                                  NORMAL
..................................................................
TEMPERATURE (F)
 YESTERDAY
  MAXIMUM         98    250 PM 110    1919  87     11       98
  MINIMUM         65    432 AM  42    2011  56      9       54
                                      1921
  AVERAGE         82                        71     11       76

PRECIPITATION (IN)
  YESTERDAY        0.00          0.55 1974   0.01  -0.01     0.00
  MONTH TO DATE    0.00                      0.12  -0.12      T
  SINCE OCT 1      9.28                     11.51  -2.23     9.35
  SINCE JAN 1      7.49                      7.51  -0.02     4.91

SNOWFALL (IN)
  YESTERDAY        0.0           0.0  2002   0.0    0.0      0.0
                                      2001
                                      2000
  MONTH TO DATE    0.0                       0.0    0.0      0.0
  SINCE JAN 1     15.2                       7.7    7.5      0.2
  SINCE JUL 1      0.0                       0.0    0.0      0.0
  SNOW DEPTH       0

DEGREE DAYS
 HEATING
  YESTERDAY        0                         0      0        0
  MONTH TO DATE    0                         7     -7        0
  SINCE JUN 1     43                        90    -47       80
  SINCE JUL 1      0                         7     -7        0

 COOLING
  YESTERDAY       17                         7     10       11
  MONTH TO DATE  116                        53     63      113
  SINCE JUN 1    176                       132     44      208
  SINCE JAN 1    198                       155     43      239
..................................................................


WIND (MPH)
  HIGHEST WIND SPEED    20   HIGHEST WIND DIRECTION     W (270)
  HIGHEST GUST SPEED    24   HIGHEST GUST DIRECTION     W (270)
  AVERAGE WIND SPEED     8.5


SKY COVER
  POSSIBLE SUNSHINE  MM
  AVERAGE SKY COVER 0.0


WEATHER CONDITIONS
THE FOLLOWING WEATHER WAS RECORDED YESTERDAY.
  NO SIGNIFICANT WEATHER WAS OBSERVED.


RELATIVE HUMIDITY (PERCENT)
 HIGHEST    58           600 AM
 LOWEST     12           500 PM
 AVERAGE    35

..........................................................


THE PENDLETON OR CLIMATE NORMALS FOR TODAY
                         NORMAL    RECORD    YEAR
 MAXIMUM TEMPERATURE (F)   87       106      1975
                                             1898
 MINIMUM TEMPERATURE (F)   56        40      1911


SUNRISE AND SUNSET
JULY 10 2014..........SUNRISE   516 AM PDT   SUNSET   845 PM PDT
JULY 11 2014..........SUNRISE   517 AM PDT   SUNSET   844 PM PDT


-  INDICATES NEGATIVE NUMBERS.
R  INDICATES RECORD WAS SET OR TIED.
MM INDICATES DATA IS MISSING.
T  INDICATES TRACE AMOUNT.

$$
