000
CDUS46 KPDT 290034
CLIPDT

CLIMATE REPORT
NATIONAL WEATHER SERVICE PENDLETON OR
433 PM PST WED JAN 28 2015


...................................

...THE PENDLETON OR CLIMATE SUMMARY FOR JANUARY 28 2015...
VALID TODAY AS OF 0400 PM LOCAL TIME.

CLIMATE NORMAL PERIOD 1981 TO 2010
CLIMATE RECORD PERIOD 1890 TO 2015


WEATHER ITEM   OBSERVED TIME   RECORD YEAR NORMAL DEPARTURE LAST
                VALUE   (LST)  VALUE       VALUE  FROM      YEAR
                                                  NORMAL
..................................................................
TEMPERATURE (F)
 TODAY
  MAXIMUM         52   1200 PM  67    1931  44      8       34
  MINIMUM         38    359 PM -14    1957  30      8       27
  AVERAGE         45                        37      8       31

PRECIPITATION (IN)
  TODAY            0.00          0.57 1907   0.04  -0.04     0.05
  MONTH TO DATE    0.72                      1.31  -0.59     0.43
  SINCE OCT 1      5.42                      5.31   0.11     2.22
  SINCE JAN 1      0.72                      1.31  -0.59     0.43

SNOWFALL (IN)
  TODAY            0.0           4.0  1929   0.1   -0.1      0.0
  MONTH TO DATE    0.4                       3.4   -3.0       T
  SINCE JAN 1      0.4                       3.4   -3.0       T
  SINCE JUL 1      7.2                      10.9   -3.7      6.5
  SNOW DEPTH       0

DEGREE DAYS
 HEATING
  TODAY           20                        28     -8       34
  MONTH TO DATE  796                       837    -41      849
  SINCE DEC 1   1687                      1821   -134     1924
  SINCE JUL 1   2817                      3074   -257     3307

 COOLING
  TODAY            0                         0      0        0
  MONTH TO DATE    0                         0      0        0
  SINCE DEC 1      0                         0      0        0
  SINCE JAN 1      0                         0      0        0
..................................................................


WIND (MPH)
  HIGHEST WIND SPEED    13   HIGHEST WIND DIRECTION     N (20)
  HIGHEST GUST SPEED    14   HIGHEST GUST DIRECTION    NW (300)
  AVERAGE WIND SPEED     5.6


SKY COVER
  POSSIBLE SUNSHINE  MM
  AVERAGE SKY COVER 0.3


WEATHER CONDITIONS
 THE FOLLOWING WEATHER WAS RECORDED TODAY.
  FOG


RELATIVE HUMIDITY (PERCENT)
 HIGHEST    89           900 AM
 LOWEST     71          1100 AM
 AVERAGE    80

..........................................................


THE PENDLETON OR CLIMATE NORMALS FOR TOMORROW
                         NORMAL    RECORD    YEAR
 MAXIMUM TEMPERATURE (F)   44        63      1995
                                             1967
 MINIMUM TEMPERATURE (F)   30       -17      1950


SUNRISE AND SUNSET
JANUARY 28 2015.......SUNRISE   722 AM PST   SUNSET   456 PM PST
JANUARY 29 2015.......SUNRISE   720 AM PST   SUNSET   457 PM PST


-  INDICATES NEGATIVE NUMBERS.
R  INDICATES RECORD WAS SET OR TIED.
MM INDICATES DATA IS MISSING.
T  INDICATES TRACE AMOUNT.




$$
