000
CDUS46 KPDT 250028 RRA
CLIPDT

CLIMATE REPORT
NATIONAL WEATHER SERVICE PENDLETON OR
527 PM PDT SAT JUN 24 2017


...................................

...THE PENDLETON OR CLIMATE SUMMARY FOR JUNE 24 2017...
VALID TODAY AS OF 0500 PM LOCAL TIME.

CLIMATE NORMAL PERIOD 1981 TO 2010
CLIMATE RECORD PERIOD 1890 TO 2017


WEATHER ITEM   OBSERVED TIME   RECORD YEAR NORMAL DEPARTURE LAST
                VALUE   (LST)  VALUE       VALUE  FROM      YEAR
                                                  NORMAL
..................................................................
TEMPERATURE (F)
 TODAY
  MAXIMUM         91    342 PM 102    1992  81     10       73
                                      1929
  MINIMUM         51    312 AM  30    1904  53     -2       53
  AVERAGE         71                        67      4       63

PRECIPITATION (IN)
  TODAY            0.00          0.47 1905   0.03  -0.03     0.02
  MONTH TO DATE    1.05                      0.88   0.17     0.93
  SINCE OCT 1     15.72                     11.29   4.43    10.79
  SINCE JAN 1     10.20                      7.29   2.91     6.52

SNOWFALL (IN)
  TODAY            0.0           0.0  2002   0.0    0.0      0.0
                                      2001
                                      2000
  MONTH TO DATE    0.0                       0.0    0.0      0.0
  SINCE JAN 1     25.9                       7.7   18.2       T
  SINCE JUL 1     44.4                      15.2   29.2      4.1
  SNOW DEPTH       0

DEGREE DAYS
 HEATING
  TODAY            0                         2     -2        2
  MONTH TO DATE   75                        75      0       68
  SINCE JUN 1     75                        75      0       68
  SINCE JUL 1   5670                      5268    402     4636

 COOLING
  TODAY            6                         4      2        0
  MONTH TO DATE   52                        53     -1       86
  SINCE JUN 1     52                        53     -1       86
  SINCE JAN 1     80                        76      4      104
..................................................................


WIND (MPH)
  HIGHEST WIND SPEED    15   HIGHEST WIND DIRECTION    NE (30)
  HIGHEST GUST SPEED    21   HIGHEST GUST DIRECTION     N (20)
  AVERAGE WIND SPEED     8.2


SKY COVER
  POSSIBLE SUNSHINE  MM
  AVERAGE SKY COVER 0.0


WEATHER CONDITIONS
 THE FOLLOWING WEATHER WAS RECORDED TODAY.
  NO SIGNIFICANT WEATHER WAS OBSERVED.


RELATIVE HUMIDITY (PERCENT)
 HIGHEST    71          1200 AM
 LOWEST     15          1200 PM
 AVERAGE    43

..........................................................


THE PENDLETON OR CLIMATE NORMALS FOR TOMORROW
                         NORMAL    RECORD    YEAR
 MAXIMUM TEMPERATURE (F)   81       105      1925
 MINIMUM TEMPERATURE (F)   53        35      1904


SUNRISE AND SUNSET
JUNE 24 2017..........SUNRISE   507 AM PDT   SUNSET   849 PM PDT
JUNE 25 2017..........SUNRISE   507 AM PDT   SUNSET   849 PM PDT


-  INDICATES NEGATIVE NUMBERS.
R  INDICATES RECORD WAS SET OR TIED.
MM INDICATES DATA IS MISSING.
T  INDICATES TRACE AMOUNT.




$$
