000
CDUS46 KPDT 240903
CLIPDT

CLIMATE REPORT
NATIONAL WEATHER SERVICE PENDLETON OR
140 AM PDT THU JUL 24 2014


...................................

...THE PENDLETON OR CLIMATE SUMMARY FOR JULY 23 2014...

CLIMATE NORMAL PERIOD 1981 TO 2010
CLIMATE RECORD PERIOD 1890 TO 2014


WEATHER ITEM   OBSERVED TIME   RECORD YEAR NORMAL DEPARTURE LAST
                VALUE   (LST)  VALUE       VALUE  FROM      YEAR
                                                  NORMAL
..................................................................
TEMPERATURE (F)
 YESTERDAY
  MAXIMUM         80   1206 PM 111    1928  90    -10       99
  MINIMUM         53   1159 PM  41    1924  59     -6       57
  AVERAGE         67                        74     -7       78

PRECIPITATION (IN)
  YESTERDAY        0.06          0.16 1992   0.00   0.06     0.00
  MONTH TO DATE    0.22                      0.25  -0.03     0.06
  SINCE OCT 1      9.50                     11.64  -2.14     9.41
  SINCE JAN 1      7.71                      7.64   0.07     4.97

SNOWFALL (IN)
  YESTERDAY        0.0           0.0  2002   0.0    0.0      0.0
                                      2001
                                      2000
  MONTH TO DATE    0.0                       0.0    0.0      0.0
  SINCE JAN 1     15.2                       7.7    7.5      0.2
  SINCE JUL 1      0.0                       0.0    0.0      0.0
  SNOW DEPTH       0

DEGREE DAYS
 HEATING
  YESTERDAY        0                         0      0        0
  MONTH TO DATE    0                         7     -7        0
  SINCE JUN 1     43                        90    -47       80
  SINCE JUL 1      0                         7     -7        0

 COOLING
  YESTERDAY        2                         9     -7       13
  MONTH TO DATE  304                       170    134      251
  SINCE JUN 1    364                       249    115      346
  SINCE JAN 1    386                       272    114      377
..................................................................


WIND (MPH)
  HIGHEST WIND SPEED    44   HIGHEST WIND DIRECTION     W (260)
  HIGHEST GUST SPEED    52   HIGHEST GUST DIRECTION     W (270)
  AVERAGE WIND SPEED    12.1


SKY COVER
  POSSIBLE SUNSHINE  MM
  AVERAGE SKY COVER 0.5


WEATHER CONDITIONS
 THE FOLLOWING WEATHER WAS RECORDED YESTERDAY.
  THUNDERSTORM
  RAIN
  LIGHT RAIN


RELATIVE HUMIDITY (PERCENT)
 HIGHEST    87          1200 AM
 LOWEST     42          1200 PM
 AVERAGE    65

..........................................................


THE PENDLETON OR CLIMATE NORMALS FOR TODAY
                         NORMAL    RECORD    YEAR
 MAXIMUM TEMPERATURE (F)   90       112      1928
 MINIMUM TEMPERATURE (F)   59        45      1917


SUNRISE AND SUNSET
JULY 24 2014..........SUNRISE   530 AM PDT   SUNSET   833 PM PDT
JULY 25 2014..........SUNRISE   531 AM PDT   SUNSET   832 PM PDT


-  INDICATES NEGATIVE NUMBERS.
R  INDICATES RECORD WAS SET OR TIED.
MM INDICATES DATA IS MISSING.
T  INDICATES TRACE AMOUNT.




$$
