983
CDUS46 KPDT 070826
CLIPDT

CLIMATE REPORT
NATIONAL WEATHER SERVICE PENDLETON OR
1226 AM PST SUN FEB 7 2016


...................................

...THE PENDLETON OR CLIMATE SUMMARY FOR FEBRUARY 6 2016...

CLIMATE NORMAL PERIOD 1981 TO 2010
CLIMATE RECORD PERIOD 1890 TO 2016


WEATHER ITEM   OBSERVED TIME   RECORD YEAR NORMAL DEPARTURE LAST
                VALUE   (LST)  VALUE       VALUE  FROM      YEAR
                                                  NORMAL
..................................................................
TEMPERATURE (F)
 YESTERDAY
  MAXIMUM         49   1205 PM  67    1996  45      4       66
  MINIMUM         34   1159 PM  -6    1899  30      4       50
  AVERAGE         42                        37      5       58

PRECIPITATION (IN)
  YESTERDAY        0.00          0.83 1938   0.04  -0.04      T
  MONTH TO DATE    0.22                      0.23  -0.01     0.32
  SINCE OCT 1      6.00                      5.66   0.34     5.74
  SINCE JAN 1      1.73                      1.66   0.07     1.04

SNOWFALL (IN)
  YESTERDAY        0.0           8.0  1938   0.1   -0.1      0.0
  MONTH TO DATE    0.0                       0.7   -0.7      0.0
  SINCE JAN 1      T                         4.4   -4.4      0.4
  SINCE JUL 1      4.1                      11.9   -7.8      7.2
  SNOW DEPTH       0

DEGREE DAYS
 HEATING
  YESTERDAY       23                        28     -5        7
  MONTH TO DATE  148                       168    -20      117
  SINCE DEC 1   1914                      2073   -159     1898
  SINCE JUL 1   3114                      3326   -212     3028

 COOLING
  YESTERDAY        0                         0      0        0
  MONTH TO DATE    0                         0      0        0
  SINCE DEC 1      0                         0      0        0
  SINCE JAN 1      0                         0      0        0
..................................................................


WIND (MPH)
  HIGHEST WIND SPEED    17   HIGHEST WIND DIRECTION     W (280)
  HIGHEST GUST SPEED    21   HIGHEST GUST DIRECTION     W (270)
  AVERAGE WIND SPEED     6.3


SKY COVER
  POSSIBLE SUNSHINE  MM
  AVERAGE SKY COVER 0.4


WEATHER CONDITIONS
 THE FOLLOWING WEATHER WAS RECORDED YESTERDAY.
  NO SIGNIFICANT WEATHER WAS OBSERVED.


RELATIVE HUMIDITY (PERCENT)
 HIGHEST    82          1000 PM
 LOWEST     46          1200 PM
 AVERAGE    64

..........................................................


THE PENDLETON OR CLIMATE NORMALS FOR TODAY
                         NORMAL    RECORD    YEAR
 MAXIMUM TEMPERATURE (F)   45        65      2015
 MINIMUM TEMPERATURE (F)   30       -19      1929


SUNRISE AND SUNSET
FEBRUARY  7 2016......SUNRISE   710 AM PST   SUNSET   510 PM PST
FEBRUARY  8 2016......SUNRISE   708 AM PST   SUNSET   511 PM PST


-  INDICATES NEGATIVE NUMBERS.
R  INDICATES RECORD WAS SET OR TIED.
MM INDICATES DATA IS MISSING.
T  INDICATES TRACE AMOUNT.




$$
