000
CDUS46 KPQR 271211
CLIPDX


CLIMATE REPORT
NATIONAL WEATHER SERVICE PORTLAND OREGON
511 AM PDT SAT AUG 27 2016


...................................

...THE PORTLAND OR CLIMATE SUMMARY FOR AUGUST 26 2016...

CLIMATE NORMAL PERIOD 1981 TO 2010
CLIMATE RECORD PERIOD 1940 TO 2016


WEATHER ITEM   OBSERVED TIME   RECORD YEAR NORMAL DEPARTURE LAST
                VALUE   (LST)  VALUE       VALUE  FROM      YEAR
                                                  NORMAL
..................................................................
TEMPERATURE (F)
 YESTERDAY
  MAXIMUM         97    331 PM 100    1986  80     17       90
  MINIMUM         61    501 AM  46    1962  57      4       55
  AVERAGE         79                        69     10       73

PRECIPITATION (IN)
  YESTERDAY        0.00          0.44 1953   0.02  -0.02     0.00
  MONTH TO DATE    0.09                      0.51  -0.42     0.12
  SINCE OCT 1     45.33                     34.40  10.93    30.16
  SINCE JAN 1     21.91                     20.28   1.63    15.18

DEGREE DAYS
 HEATING
  YESTERDAY        0                         0      0        0
  MONTH TO DATE    2                         0      2        0
  SINCE JUN 1     72                       108    -36       19
  SINCE JUL 1      5                        17    -12        0

 COOLING
  YESTERDAY       14                         4     10        8
  MONTH TO DATE  202                       134     68      209
  SINCE JUN 1    447                       328    119      681
  SINCE JAN 1    496                       345    151      703
..................................................................


WIND (MPH)
  HIGHEST WIND SPEED    13   HIGHEST WIND DIRECTION    NW (300)
  HIGHEST GUST SPEED    15   HIGHEST GUST DIRECTION    NW (300)
  AVERAGE WIND SPEED     4.5


SKY COVER
  POSSIBLE SUNSHINE  MM
  AVERAGE SKY COVER 0.4


WEATHER CONDITIONS
 THE FOLLOWING WEATHER WAS RECORDED YESTERDAY.
  NO SIGNIFICANT WEATHER WAS OBSERVED.


RELATIVE HUMIDITY (PERCENT)
 HIGHEST    72           500 AM
 LOWEST     13           300 PM
 AVERAGE    43

..........................................................


THE PORTLAND OR CLIMATE NORMALS FOR TODAY
                         NORMAL    RECORD    YEAR
 MAXIMUM TEMPERATURE (F)   80        97      1972
 MINIMUM TEMPERATURE (F)   57        47      1964
                                             1962


SUNRISE AND SUNSET
AUGUST 27 2016........SUNRISE   626 AM PDT   SUNSET   756 PM PDT
AUGUST 28 2016........SUNRISE   627 AM PDT   SUNSET   754 PM PDT


-  INDICATES NEGATIVE NUMBERS.
R  INDICATES RECORD WAS SET OR TIED.
MM INDICATES DATA IS MISSING.
T  INDICATES TRACE AMOUNT.




$$
