000
CDUS46 KPQR 041141
CLIPDX


CLIMATE REPORT
NATIONAL WEATHER SERVICE PORTLAND OREGON
340 AM PST WED MAR 4 2015


...................................

...THE PORTLAND OR CLIMATE SUMMARY FOR MARCH 3 2015...

CLIMATE NORMAL PERIOD 1981 TO 2010
CLIMATE RECORD PERIOD 1940 TO 2015


WEATHER ITEM   OBSERVED TIME   RECORD YEAR NORMAL DEPARTURE LAST
                VALUE   (LST)  VALUE       VALUE  FROM      YEAR
                                                  NORMAL
..................................................................
TEMPERATURE (F)
 YESTERDAY
  MAXIMUM         56    307 PM  67    1994  54      2       61
  MINIMUM         31    713 AM  19    1989  38     -7       40
  AVERAGE         44                        46     -2       51

PRECIPITATION (IN)
  YESTERDAY        0.00          1.26 1987   0.14  -0.14     0.23
  MONTH TO DATE    T                         0.42  -0.42     0.67
  SINCE OCT 1     22.02                     23.08  -1.06    14.31
  SINCE JAN 1      7.04                      8.96  -1.92     8.49

DEGREE DAYS
 HEATING
  YESTERDAY       21                        19      2       14
  MONTH TO DATE   58                        57      1       60
  SINCE MAR 1     58                        57      1       60
  SINCE JUL 1   2530                      3115   -585     3358

 COOLING
  YESTERDAY        0                         0      0        0
  MONTH TO DATE    0                         0      0        0
  SINCE MAR 1      0                         0      0        0
  SINCE JAN 1      0                         0      0        0
..................................................................


WIND (MPH)
  HIGHEST WIND SPEED    13   HIGHEST WIND DIRECTION     W (280)
  HIGHEST GUST SPEED    15   HIGHEST GUST DIRECTION     W (280)
  AVERAGE WIND SPEED     4.0


SKY COVER
  POSSIBLE SUNSHINE  MM
  AVERAGE SKY COVER 0.2


WEATHER CONDITIONS
 THE FOLLOWING WEATHER WAS RECORDED YESTERDAY.
  NO SIGNIFICANT WEATHER WAS OBSERVED.


RELATIVE HUMIDITY (PERCENT)
 HIGHEST   100           500 AM
 LOWEST     32           300 PM
 AVERAGE    66

..........................................................


THE PORTLAND OR CLIMATE NORMALS FOR TODAY
                         NORMAL    RECORD    YEAR
 MAXIMUM TEMPERATURE (F)   55        69      1987
 MINIMUM TEMPERATURE (F)   38        26      1960
                                             1954


SUNRISE AND SUNSET
MARCH  4 2015.........SUNRISE   644 AM PST   SUNSET   601 PM PST
MARCH  5 2015.........SUNRISE   642 AM PST   SUNSET   603 PM PST


-  INDICATES NEGATIVE NUMBERS.
R  INDICATES RECORD WAS SET OR TIED.
MM INDICATES DATA IS MISSING.
T  INDICATES TRACE AMOUNT.




$$
