000
CDUS46 KPQR 271141
CLIPDX


CLIMATE REPORT
NATIONAL WEATHER SERVICE PORTLAND OREGON
440 AM PDT SAT MAY 27 2017


...................................

...THE PORTLAND OR CLIMATE SUMMARY FOR MAY 26 2017...

CLIMATE NORMAL PERIOD 1981 TO 2010
CLIMATE RECORD PERIOD 1940 TO 2017


WEATHER ITEM   OBSERVED TIME   RECORD YEAR NORMAL DEPARTURE LAST
                VALUE   (LST)  VALUE       VALUE  FROM      YEAR
                                                  NORMAL
..................................................................
TEMPERATURE (F)
 YESTERDAY
  MAXIMUM         83    533 PM  92    1947  70     13       62
  MINIMUM         52    506 AM  41    1973  51      1       54
                                      1964
  AVERAGE         68                        60      8       58

PRECIPITATION (IN)
  YESTERDAY        0.00          1.03 2012   0.09  -0.09     0.00
  MONTH TO DATE    1.92                      2.05  -0.13     1.66
  SINCE OCT 1     47.93                     31.12  16.81    43.10
  SINCE JAN 1     28.18                     17.00  11.18    19.68

SNOWFALL (IN)
  YESTERDAY        0.0          MM      MM
  MONTH TO DATE    0.0
  SINCE MAR 1      T
  SINCE JUL 1     11.2

DEGREE DAYS
 HEATING
  YESTERDAY        0                         5     -5        7
  MONTH TO DATE  186                       198    -12       92
  SINCE MAR 1   1137                      1103     34      768
  SINCE JUL 1   4342                      4161    181     3371

 COOLING
  YESTERDAY        3                         1      2        0
  MONTH TO DATE   28                         7     21       25
  SINCE MAR 1     28                         8     20       43
  SINCE JAN 1     28                         8     20       43
..................................................................


WIND (MPH)
  HIGHEST WIND SPEED    13   HIGHEST WIND DIRECTION    NW (310)
  HIGHEST GUST SPEED    17   HIGHEST GUST DIRECTION     N (340)
  AVERAGE WIND SPEED     4.9


SKY COVER
  POSSIBLE SUNSHINE  MM
  AVERAGE SKY COVER 0.1


WEATHER CONDITIONS
 THE FOLLOWING WEATHER WAS RECORDED YESTERDAY.
  NO SIGNIFICANT WEATHER WAS OBSERVED.


RELATIVE HUMIDITY (PERCENT)
 HIGHEST    89           500 AM
 LOWEST     22           300 PM
 AVERAGE    56

..........................................................


THE PORTLAND OR CLIMATE NORMALS FOR TODAY
                         NORMAL    RECORD    YEAR
 MAXIMUM TEMPERATURE (F)   70        95      2005
 MINIMUM TEMPERATURE (F)   51        39      1966


SUNRISE AND SUNSET
MAY 27 2017...........SUNRISE   528 AM PDT   SUNSET   848 PM PDT
MAY 28 2017...........SUNRISE   527 AM PDT   SUNSET   849 PM PDT


-  INDICATES NEGATIVE NUMBERS.
R  INDICATES RECORD WAS SET OR TIED.
MM INDICATES DATA IS MISSING.
T  INDICATES TRACE AMOUNT.




$$
