000
CDUS46 KPQR 121145
CLIPDX


CLIMATE REPORT
NATIONAL WEATHER SERVICE PORTLAND OREGON
344 AM PST FRI FEB 12 2016


...................................

...THE PORTLAND OR CLIMATE SUMMARY FOR FEBRUARY 11 2016...

CLIMATE NORMAL PERIOD 1981 TO 2010
CLIMATE RECORD PERIOD 1940 TO 2016


WEATHER ITEM   OBSERVED TIME   RECORD YEAR NORMAL DEPARTURE LAST
                VALUE   (LST)  VALUE       VALUE  FROM      YEAR
                                                  NORMAL
..................................................................
TEMPERATURE (F)
 YESTERDAY
  MAXIMUM         58   1130 AM  62    1971  51      7       57
  MINIMUM         46    505 AM  24    1948  36     10       40
  AVERAGE         52                        43      9       49

PRECIPITATION (IN)
  YESTERDAY        0.13          0.78 1954   0.14  -0.01     0.00
  MONTH TO DATE    0.96                      1.46  -0.50     3.28
  SINCE OCT 1     31.61                     20.46  11.15    21.59
  SINCE JAN 1      8.19                      6.34   1.85     6.61

DEGREE DAYS
 HEATING
  YESTERDAY       13                        22     -9       16
  MONTH TO DATE  181                       242    -61      172
  SINCE DEC 1   1528                      1737   -209     1474
  SINCE JUL 1   2336                      2706   -370     2207

 COOLING
  YESTERDAY        0                         0      0        0
  MONTH TO DATE    0                         0      0        0
  SINCE DEC 1      0                         0      0        0
  SINCE JAN 1      0                         0      0        0
..................................................................


WIND (MPH)
  HIGHEST WIND SPEED    18   HIGHEST WIND DIRECTION     E (110)
  HIGHEST GUST SPEED    23   HIGHEST GUST DIRECTION     E (110)
  AVERAGE WIND SPEED     7.3


SKY COVER
  POSSIBLE SUNSHINE  MM
  AVERAGE SKY COVER 1.0


WEATHER CONDITIONS
 THE FOLLOWING WEATHER WAS RECORDED YESTERDAY.
  LIGHT RAIN
  FOG


RELATIVE HUMIDITY (PERCENT)
 HIGHEST    93           600 AM
 LOWEST     67          1100 AM
 AVERAGE    80

..........................................................


THE PORTLAND OR CLIMATE NORMALS FOR TODAY
                         NORMAL    RECORD    YEAR
 MAXIMUM TEMPERATURE (F)   51        63      2015
 MINIMUM TEMPERATURE (F)   36        24      1948


SUNRISE AND SUNSET
FEBRUARY 12 2016......SUNRISE   717 AM PST   SUNSET   532 PM PST
FEBRUARY 13 2016......SUNRISE   716 AM PST   SUNSET   534 PM PST


-  INDICATES NEGATIVE NUMBERS.
R  INDICATES RECORD WAS SET OR TIED.
MM INDICATES DATA IS MISSING.
T  INDICATES TRACE AMOUNT.




$$
