000
CDUS41 KPBZ 300701
CLIPHD


CLIMATE REPORT
NATIONAL WEATHER SERVICE PITTSBURGH PA
301 AM EDT MON MAY 30 2016


...................................

...THE NEW PHILADELPHIA OH CLIMATE SUMMARY FOR MAY 29 2016...

CLIMATE NORMAL PERIOD 1981 TO 2010
CLIMATE RECORD PERIOD 1946 TO 2016


WEATHER ITEM   OBSERVED TIME   RECORD YEAR NORMAL DEPARTURE LAST
                VALUE   (LST)  VALUE       VALUE  FROM      YEAR
                                                  NORMAL
..................................................................
TEMPERATURE (F)
 YESTERDAY
  MAXIMUM         84    217 PM  90    1977  76      8       87
  MINIMUM         66            35    1964  52     14       60
  AVERAGE         75                        64     11       74

PRECIPITATION (IN)
  YESTERDAY        0.00         MM      MM   0.14  -0.14     0.00
  MONTH TO DATE    3.13                      3.86  -0.73     2.79
  SINCE JUN 1     32.73                     38.59  -5.86    37.77
  SINCE JAN 1     14.65                     15.29  -0.64    13.04

DEGREE DAYS
 HEATING
  YESTERDAY        0                         4     -4        0
  MONTH TO DATE  173                       188    -15       87
  SINCE MAR 1   1197                      1396   -199     1279
  SINCE JUL 1   4811                      5603   -792     5897

 COOLING
  YESTERDAY       10                         2      8        9
  MONTH TO DATE   58                        29     29      144
  SINCE MAR 1     58                        36     22      147
  SINCE JAN 1     58                        36     22      147
..................................................................


WIND (MPH)
  HIGHEST WIND SPEED    16   HIGHEST WIND DIRECTION     S (170)
  HIGHEST GUST SPEED    25   HIGHEST GUST DIRECTION     S (180)
  AVERAGE WIND SPEED     2.2


SKY COVER
  POSSIBLE SUNSHINE  MM
  AVERAGE SKY COVER 0.1


WEATHER CONDITIONS
 THE FOLLOWING WEATHER WAS RECORDED YESTERDAY.
  FOG
  HAZE


RELATIVE HUMIDITY (PERCENT)
 HIGHEST    87           100 AM
 LOWEST     55           100 PM
 AVERAGE    71

..........................................................


THE NEW PHILADELPHIA OH CLIMATE NORMALS FOR TODAY
                         NORMAL    RECORD    YEAR
 MAXIMUM TEMPERATURE (F)   76        91      1991
 MINIMUM TEMPERATURE (F)   52        33      1961


SUNRISE AND SUNSET
MAY 30 2016...........SUNRISE   558 AM EDT   SUNSET   849 PM EDT
MAY 31 2016...........SUNRISE   558 AM EDT   SUNSET   850 PM EDT


-  INDICATES NEGATIVE NUMBERS.
R  INDICATES RECORD WAS SET OR TIED.
MM INDICATES DATA IS MISSING.
T  INDICATES TRACE AMOUNT.




$$
