000
CDUS41 KPBZ 232143
CLIPHD


CLIMATE REPORT
NATIONAL WEATHER SERVICE PITTSBURGH PA
543 PM EDT SUN APR 23 2017


...................................

...THE NEW PHILADELPHIA OH CLIMATE SUMMARY FOR APRIL 23 2017...
VALID TODAY AS OF 0500 PM LOCAL TIME.

CLIMATE NORMAL PERIOD 1981 TO 2010
CLIMATE RECORD PERIOD 1946 TO 2017


WEATHER ITEM   OBSERVED TIME   RECORD YEAR NORMAL DEPARTURE LAST
                VALUE   (LST)  VALUE       VALUE  FROM      YEAR
                                                  NORMAL
..................................................................
TEMPERATURE (F)
 TODAY
  MAXIMUM         70    355 PM  88    1985  66      4       60
  MINIMUM         34    553 AM  24    1982  41     -7       41
  AVERAGE         52                        53     -1       51

PRECIPITATION (IN)
  TODAY            0.00         MM      MM   0.11  -0.11      T
  MONTH TO DATE    2.86                      2.55   0.31     3.05
  SINCE JUN 1     34.11                     33.85   0.26    28.63
  SINCE JAN 1     13.53                     10.55   2.98    10.55

DEGREE DAYS
 HEATING
  TODAY           13                        12      1       14
  MONTH TO DATE  242                       354   -112      385
  SINCE MAR 1    995                      1133   -138      949
  SINCE JUL 1   4492                      5340   -848     4563

 COOLING
  TODAY            0                         0      0        0
  MONTH TO DATE   16                         0     16        0
  SINCE MAR 1     16                         1     15        0
  SINCE JAN 1     16                         1     15        0
..................................................................


WIND (MPH)
  HIGHEST WIND SPEED    15   HIGHEST WIND DIRECTION     E (90)
  HIGHEST GUST SPEED    19   HIGHEST GUST DIRECTION     E (100)
  AVERAGE WIND SPEED     5.6


SKY COVER
  POSSIBLE SUNSHINE  MM
  AVERAGE SKY COVER 0.0


WEATHER CONDITIONS
 THE FOLLOWING WEATHER WAS RECORDED TODAY.
  NO SIGNIFICANT WEATHER WAS OBSERVED.


RELATIVE HUMIDITY (PERCENT)
 HIGHEST   100           600 AM
 LOWEST     22           400 PM
 AVERAGE    61

..........................................................


THE NEW PHILADELPHIA OH CLIMATE NORMALS FOR TOMORROW
                         NORMAL    RECORD    YEAR
 MAXIMUM TEMPERATURE (F)   66        90      1985
 MINIMUM TEMPERATURE (F)   41        26      2015
                                             1986


SUNRISE AND SUNSET
APRIL 23 2017.........SUNRISE   635 AM EDT   SUNSET   813 PM EDT
APRIL 24 2017.........SUNRISE   634 AM EDT   SUNSET   814 PM EDT


-  INDICATES NEGATIVE NUMBERS.
R  INDICATES RECORD WAS SET OR TIED.
MM INDICATES DATA IS MISSING.
T  INDICATES TRACE AMOUNT.




$$
