000
CDUS41 KPBZ 202113
CLIPHD


CLIMATE REPORT
NATIONAL WEATHER SERVICE PITTSBURGH PA
513 PM EDT WED AUG 20 2014


...................................

...THE NEW PHILADELPHIA OH CLIMATE SUMMARY FOR AUGUST 20 2014...
VALID TODAY AS OF 0500 PM LOCAL TIME.

CLIMATE NORMAL PERIOD 1981 TO 2010
CLIMATE RECORD PERIOD 1946 TO 2014


WEATHER ITEM   OBSERVED TIME   RECORD YEAR NORMAL DEPARTURE LAST
                VALUE   (LST)  VALUE       VALUE  FROM      YEAR
                                                  NORMAL
..................................................................
TEMPERATURE (F)
 TODAY
  MAXIMUM         81    245 PM  94    1968  83     -2       84
  MINIMUM         65    557 AM  46    1964  60      5       58
  AVERAGE         73                        71      2       71

PRECIPITATION (IN)
  TODAY            1.16         MM      MM   0.13   1.03     0.00
  MONTH TO DATE    5.58                      2.16   3.42     0.99
  SINCE JUN 1     15.33                      9.92   5.41    13.11
  SINCE JAN 1     30.51                     25.52   4.99    23.15

DEGREE DAYS
 HEATING
  TODAY            0                         0      0        0
  MONTH TO DATE   13                         0     13       10
  SINCE JUN 1     42                        38      4       36
  SINCE JUL 1     32                         3     29       14

 COOLING
  TODAY            8                         6      2        6
  MONTH TO DATE   81                       140    -59       77
  SINCE JUN 1    410                       517   -107      459
  SINCE JAN 1    476                       560    -84      557
..................................................................


WIND (MPH)
  HIGHEST WIND SPEED    15   HIGHEST WIND DIRECTION    NW (310)
  HIGHEST GUST SPEED    22   HIGHEST GUST DIRECTION    NW (310)
  AVERAGE WIND SPEED     7.6


SKY COVER
  POSSIBLE SUNSHINE  MM
  AVERAGE SKY COVER 0.9


WEATHER CONDITIONS
 THE FOLLOWING WEATHER WAS RECORDED TODAY.
  THUNDERSTORM
  HEAVY RAIN
  RAIN
  LIGHT RAIN
  FOG


RELATIVE HUMIDITY (PERCENT)
 HIGHEST    93          1200 AM
 LOWEST     69           200 PM
 AVERAGE    81

..........................................................


THE NEW PHILADELPHIA OH CLIMATE NORMALS FOR TOMORROW
                         NORMAL    RECORD    YEAR
 MAXIMUM TEMPERATURE (F)   83        98      1983
 MINIMUM TEMPERATURE (F)   60        46      1969


SUNRISE AND SUNSET
AUGUST 20 2014........SUNRISE   641 AM EDT   SUNSET   816 PM EDT
AUGUST 21 2014........SUNRISE   642 AM EDT   SUNSET   815 PM EDT


-  INDICATES NEGATIVE NUMBERS.
R  INDICATES RECORD WAS SET OR TIED.
MM INDICATES DATA IS MISSING.
T  INDICATES TRACE AMOUNT.




$$
