000
CDUS41 KPBZ 240703
CLIPHD


CLIMATE REPORT
NATIONAL WEATHER SERVICE PITTSBURGH PA
302 AM EDT THU AUG 24 2017


...................................

...THE NEW PHILADELPHIA OH CLIMATE SUMMARY FOR AUGUST 23 2017...

CLIMATE NORMAL PERIOD 1981 TO 2010
CLIMATE RECORD PERIOD 1948 TO 2017


WEATHER ITEM   OBSERVED TIME   RECORD YEAR NORMAL DEPARTURE LAST
                VALUE   (LST)  VALUE       VALUE  FROM      YEAR
                                                  NORMAL
..................................................................
TEMPERATURE (F)
 YESTERDAY
  MAXIMUM         78    241 PM  95    1968  82     -4       83
  MINIMUM         58            42    1982  59     -1       56
  AVERAGE         68                        71     -3       70

PRECIPITATION (IN)
  YESTERDAY        0.00          2.47 1987   0.13  -0.13     0.00
  MONTH TO DATE    1.91                      2.54  -0.63     3.08
  SINCE JUN 1     10.11                     10.30  -0.19     6.94
  SINCE JAN 1     30.86                     25.90   4.96    21.59

DEGREE DAYS
 HEATING
  YESTERDAY        0                         0      0        0
  MONTH TO DATE    0                         0      0        0
  SINCE JUN 1     27                        38    -11        7
  SINCE JUL 1      0                         3     -3        0

 COOLING
  YESTERDAY        3                         6     -3        5
  MONTH TO DATE  138                       158    -20      275
  SINCE JUN 1    586                       535     51      942
  SINCE JAN 1    653                       578     75     1021
..................................................................


WIND (MPH)
  HIGHEST WIND SPEED    13   HIGHEST WIND DIRECTION    NW (300)
  HIGHEST GUST SPEED    19   HIGHEST GUST DIRECTION    NW (310)
  AVERAGE WIND SPEED     4.3


SKY COVER
  POSSIBLE SUNSHINE  MM
  AVERAGE SKY COVER 0.4


WEATHER CONDITIONS
 THE FOLLOWING WEATHER WAS RECORDED YESTERDAY.
  NO SIGNIFICANT WEATHER WAS OBSERVED.


RELATIVE HUMIDITY (PERCENT)
 HIGHEST    97           600 AM
 LOWEST     46           300 PM
 AVERAGE    72

..........................................................


THE NEW PHILADELPHIA OH CLIMATE NORMALS FOR TODAY
                         NORMAL    RECORD    YEAR
 MAXIMUM TEMPERATURE (F)   82        96      1968
 MINIMUM TEMPERATURE (F)   59        43      1971


SUNRISE AND SUNSET
AUGUST 24 2017........SUNRISE   645 AM EDT   SUNSET   810 PM EDT
AUGUST 25 2017........SUNRISE   646 AM EDT   SUNSET   808 PM EDT


-  INDICATES NEGATIVE NUMBERS.
R  INDICATES RECORD WAS SET OR TIED.
MM INDICATES DATA IS MISSING.
T  INDICATES TRACE AMOUNT.




$$
