000
CDUS41 KPBZ 252213
CLIPHD


CLIMATE REPORT
NATIONAL WEATHER SERVICE PITTSBURGH PA
512 PM EST THU DEC 25 2014


...................................

...THE NEW PHILADELPHIA OH CLIMATE SUMMARY FOR DECEMBER 25 2014...
VALID TODAY AS OF 0500 PM LOCAL TIME.

CLIMATE NORMAL PERIOD 1981 TO 2010
CLIMATE RECORD PERIOD 1946 TO 2014


WEATHER ITEM   OBSERVED TIME   RECORD YEAR NORMAL DEPARTURE LAST
                VALUE   (LST)  VALUE       VALUE  FROM      YEAR
                                                  NORMAL
..................................................................
TEMPERATURE (F)
 TODAY
  MAXIMUM         43   1214 AM  65    1982  38      5       30
  MINIMUM         38   1010 AM -13    1989  22     16       11
  AVERAGE         41                        30     11       21

PRECIPITATION (IN)
  TODAY            0.01         MM      MM   0.09  -0.08     0.00
  MONTH TO DATE    2.41                      2.20   0.21     3.17
  SINCE JUN 1     24.32                     22.83   1.49    24.37
  SINCE JAN 1     39.50                     38.43   1.07    34.41

DEGREE DAYS
 HEATING
  TODAY           24                        35    -11       44
  MONTH TO DATE  698                       792    -94      785
  SINCE DEC 1    698                       792    -94      785
  SINCE JUL 1   1932                      1950    -18     2021

 COOLING
  TODAY            0                         0      0        0
  MONTH TO DATE    0                         0      0        0
  SINCE DEC 1      0                         0      0        0
  SINCE JAN 1    630                       697    -67      755
..................................................................


WIND (MPH)
  HIGHEST WIND SPEED    18   HIGHEST WIND DIRECTION     W (250)
  HIGHEST GUST SPEED    27   HIGHEST GUST DIRECTION     W (250)
  AVERAGE WIND SPEED     9.9


SKY COVER
  POSSIBLE SUNSHINE  MM
  AVERAGE SKY COVER 1.0


WEATHER CONDITIONS
 THE FOLLOWING WEATHER WAS RECORDED TODAY.
  LIGHT RAIN


RELATIVE HUMIDITY (PERCENT)
 HIGHEST    85           900 AM
 LOWEST     60           100 PM
 AVERAGE    73

..........................................................


THE NEW PHILADELPHIA OH CLIMATE NORMALS FOR TOMORROW
                         NORMAL    RECORD    YEAR
 MAXIMUM TEMPERATURE (F)   38        66      1982
 MINIMUM TEMPERATURE (F)   22        -9      1983


SUNRISE AND SUNSET
DECEMBER 25 2014......SUNRISE   747 AM EST   SUNSET   504 PM EST
DECEMBER 26 2014......SUNRISE   748 AM EST   SUNSET   505 PM EST


-  INDICATES NEGATIVE NUMBERS.
R  INDICATES RECORD WAS SET OR TIED.
MM INDICATES DATA IS MISSING.
T  INDICATES TRACE AMOUNT.




$$
