000
CDUS41 KPBZ 170703
CLIPHD


CLIMATE REPORT
NATIONAL WEATHER SERVICE PITTSBURGH PA
302 AM EDT TUE OCT 17 2017


...................................

...THE NEW PHILADELPHIA OH CLIMATE SUMMARY FOR OCTOBER 16 2017...

CLIMATE NORMAL PERIOD 1981 TO 2010
CLIMATE RECORD PERIOD 1948 TO 2017


WEATHER ITEM   OBSERVED TIME   RECORD YEAR NORMAL DEPARTURE LAST
                VALUE   (LST)  VALUE       VALUE  FROM      YEAR
                                                  NORMAL
..................................................................
TEMPERATURE (F)
 YESTERDAY
  MAXIMUM         61    214 PM  82    1968  64     -3       79
  MINIMUM         38            29    1979  40     -2       57
                                      1963
  AVERAGE         50                        52     -2       68

PRECIPITATION (IN)
  YESTERDAY        0.00          0.53 2002   0.09  -0.09      T
                                      1965
  MONTH TO DATE    2.55                      1.41   1.14     0.09
  SINCE JUN 1     13.50                     16.02  -2.52    11.22
  SINCE JAN 1     34.25                     31.62   2.63    25.87

DEGREE DAYS
 HEATING
  YESTERDAY       15                        13      2        0
  MONTH TO DATE   37                       167   -130      105
  SINCE SEP 1    118                       263   -145      125
  SINCE JUL 1    128                       273   -145      125

 COOLING
  YESTERDAY        0                         0      0        3
  MONTH TO DATE   46                         9     37        6
  SINCE SEP 1    163                        75     88      190
  SINCE JAN 1    831                       697    134     1318
..................................................................


WIND (MPH)
  HIGHEST WIND SPEED    17   HIGHEST WIND DIRECTION     N (340)
  HIGHEST GUST SPEED    23   HIGHEST GUST DIRECTION    NW (330)
  AVERAGE WIND SPEED     6.1


SKY COVER
  POSSIBLE SUNSHINE  MM
  AVERAGE SKY COVER 0.5


WEATHER CONDITIONS
 THE FOLLOWING WEATHER WAS RECORDED YESTERDAY.
  NO SIGNIFICANT WEATHER WAS OBSERVED.


RELATIVE HUMIDITY (PERCENT)
 HIGHEST    92          1100 PM
 LOWEST     36           100 PM
 AVERAGE    64

..........................................................


THE NEW PHILADELPHIA OH CLIMATE NORMALS FOR TODAY
                         NORMAL    RECORD    YEAR
 MAXIMUM TEMPERATURE (F)   64        82      2016
                                             1968
 MINIMUM TEMPERATURE (F)   40        27      1982


SUNRISE AND SUNSET
OCTOBER 17 2017.......SUNRISE   739 AM EDT   SUNSET   642 PM EDT
OCTOBER 18 2017.......SUNRISE   740 AM EDT   SUNSET   641 PM EDT


-  INDICATES NEGATIVE NUMBERS.
R  INDICATES RECORD WAS SET OR TIED.
MM INDICATES DATA IS MISSING.
T  INDICATES TRACE AMOUNT.




$$
