999
CDUS41 KPBZ 102219
CLIPHD


CLIMATE REPORT
NATIONAL WEATHER SERVICE PITTSBURGH PA
518 PM EST SUN DEC 10 2017


...................................

...THE NEW PHILADELPHIA OH CLIMATE SUMMARY FOR DECEMBER 10 2017...
VALID TODAY AS OF 0500 PM LOCAL TIME.

CLIMATE NORMAL PERIOD 1981 TO 2010
CLIMATE RECORD PERIOD 1948 TO 2017


WEATHER ITEM   OBSERVED TIME   RECORD YEAR NORMAL DEPARTURE LAST
                VALUE   (LST)  VALUE       VALUE  FROM      YEAR
                                                  NORMAL
..................................................................
TEMPERATURE (F)
 TODAY
  MAXIMUM         30    359 PM  62    1987  42    -12       27
  MINIMUM         26    630 AM   0    1977  26      0       23
  AVERAGE         28                        34     -6       25

PRECIPITATION (IN)
  TODAY            0.00          0.62 2012   0.09  -0.09     0.00
  MONTH TO DATE    0.25                      0.96  -0.71     0.57
  SINCE JUN 1     19.56                     21.59  -2.03    17.51
  SINCE JAN 1     40.31                     37.19   3.12    32.16

DEGREE DAYS
 HEATING
  TODAY           37                        31      6       40
  MONTH TO DATE  304                       294     10      318
  SINCE DEC 1    304                       294     10      318
  SINCE JUL 1   1306                      1452   -146     1185

 COOLING
  TODAY            0                         0      0        0
  MONTH TO DATE    0                         0      0        0
  SINCE DEC 1      0                         0      0        0
  SINCE JAN 1    831                       697    134     1339
..................................................................


WIND (MPH)
  HIGHEST WIND SPEED    17   HIGHEST WIND DIRECTION    SW (230)
  HIGHEST GUST SPEED    27   HIGHEST GUST DIRECTION    SW (240)
  AVERAGE WIND SPEED     7.9


SKY COVER
  POSSIBLE SUNSHINE  MM
  AVERAGE SKY COVER 1.0


WEATHER CONDITIONS
 THE FOLLOWING WEATHER WAS RECORDED TODAY.
  FOG
  HAZE


RELATIVE HUMIDITY (PERCENT)
 HIGHEST    85           100 AM
 LOWEST     53           300 PM
 AVERAGE    69

..........................................................


THE NEW PHILADELPHIA OH CLIMATE NORMALS FOR TOMORROW
                         NORMAL    RECORD    YEAR
 MAXIMUM TEMPERATURE (F)   42        71      1971
 MINIMUM TEMPERATURE (F)   26         1      1977


SUNRISE AND SUNSET
DECEMBER 10 2017......SUNRISE   738 AM EST   SUNSET   459 PM EST
DECEMBER 11 2017......SUNRISE   739 AM EST   SUNSET   459 PM EST


-  INDICATES NEGATIVE NUMBERS.
R  INDICATES RECORD WAS SET OR TIED.
MM INDICATES DATA IS MISSING.
T  INDICATES TRACE AMOUNT.




$$
