000
CDUS41 KPBZ 190802
CLIPHD


CLIMATE REPORT
NATIONAL WEATHER SERVICE PITTSBURGH PA
302 AM EST THU JAN 19 2017


...................................

...THE NEW PHILADELPHIA OH CLIMATE SUMMARY FOR JANUARY 18 2017...

CLIMATE NORMAL PERIOD 1981 TO 2010
CLIMATE RECORD PERIOD 1946 TO 2017


WEATHER ITEM   OBSERVED TIME   RECORD YEAR NORMAL DEPARTURE LAST
                VALUE   (LST)  VALUE       VALUE  FROM      YEAR
                                                  NORMAL
..................................................................
TEMPERATURE (F)
 YESTERDAY
  MAXIMUM         48   1208 AM  58    1990  37     11       12
  MINIMUM         38           -18    1977  21     17        6
  AVERAGE         43                        29     14        9

PRECIPITATION (IN)
  YESTERDAY        T            MM      MM   0.08  -0.08      T
  MONTH TO DATE    2.57                      1.62   0.95     0.96
  SINCE JUN 1     23.15                     24.92  -1.77    19.04
  SINCE JAN 1      2.57                      1.62   0.95     0.96

DEGREE DAYS
 HEATING
  YESTERDAY       22                        36    -14       56
  MONTH TO DATE  592                       648    -56      680
  SINCE DEC 1   1623                      1651    -28     1317
  SINCE JUL 1   2490                      2809   -319     2213

 COOLING
  YESTERDAY        0                         0      0        0
  MONTH TO DATE    0                         0      0        0
  SINCE DEC 1      0                         0      0        0
  SINCE JAN 1      0                         0      0        0
..................................................................


WIND (MPH)
  HIGHEST WIND SPEED    15   HIGHEST WIND DIRECTION     W (290)
  HIGHEST GUST SPEED    24   HIGHEST GUST DIRECTION     W (280)
  AVERAGE WIND SPEED     6.6


SKY COVER
  POSSIBLE SUNSHINE  MM
  AVERAGE SKY COVER 1.0


WEATHER CONDITIONS
 THE FOLLOWING WEATHER WAS RECORDED YESTERDAY.
  FOG


RELATIVE HUMIDITY (PERCENT)
 HIGHEST    92           300 AM
 LOWEST     73           400 PM
 AVERAGE    83

..........................................................


THE NEW PHILADELPHIA OH CLIMATE NORMALS FOR TODAY
                         NORMAL    RECORD    YEAR
 MAXIMUM TEMPERATURE (F)   37        67      1996
 MINIMUM TEMPERATURE (F)   21       -22      1994


SUNRISE AND SUNSET
JANUARY 19 2017.......SUNRISE   745 AM EST   SUNSET   529 PM EST
JANUARY 20 2017.......SUNRISE   744 AM EST   SUNSET   530 PM EST


-  INDICATES NEGATIVE NUMBERS.
R  INDICATES RECORD WAS SET OR TIED.
MM INDICATES DATA IS MISSING.
T  INDICATES TRACE AMOUNT.




$$
