000
CDUS41 KPBZ 212216
CLIPHD


CLIMATE REPORT
NATIONAL WEATHER SERVICE PITTSBURGH PA
514 PM EST WED FEB 21 2018


...................................

...THE NEW PHILADELPHIA OH CLIMATE SUMMARY FOR FEBRUARY 21 2018...
VALID TODAY AS OF 0500 PM LOCAL TIME.

CLIMATE NORMAL PERIOD 1981 TO 2010
CLIMATE RECORD PERIOD 1948 TO 2018


WEATHER ITEM   OBSERVED TIME   RECORD YEAR NORMAL DEPARTURE LAST
                VALUE   (LST)  VALUE       VALUE  FROM      YEAR
                                                  NORMAL
..................................................................
TEMPERATURE (F)
 TODAY
  MAXIMUM         71R  1255 AM  66    2017  42     29       66
  MINIMUM         44    359 PM  -5    1968  23     21       39
  AVERAGE         58                        33     25       53

PRECIPITATION (IN)
  TODAY            0.02          0.99 1989   0.08  -0.06     0.00
  MONTH TO DATE    3.94                      1.73   2.21     1.07
  SINCE JUN 1     26.67                     27.63  -0.96    25.21
  SINCE JAN 1      6.15                      4.33   1.82     4.63

DEGREE DAYS
 HEATING
  TODAY            7                        32    -25       12
  MONTH TO DATE  635                       715    -80      565
  SINCE DEC 1   2959                      2829    130     2522
  SINCE JUL 1   3961                      3987    -26     3389

 COOLING
  TODAY            0                         0      0        0
  MONTH TO DATE    5                         0      5        0
  SINCE DEC 1      5                         0      5        0
  SINCE JAN 1      5                         0      5        0
..................................................................


WIND (MPH)
  HIGHEST WIND SPEED    21   HIGHEST WIND DIRECTION    NW (320)
  HIGHEST GUST SPEED    26   HIGHEST GUST DIRECTION    NW (310)
  AVERAGE WIND SPEED     9.5


SKY COVER
  POSSIBLE SUNSHINE  MM
  AVERAGE SKY COVER 0.8


WEATHER CONDITIONS
 THE FOLLOWING WEATHER WAS RECORDED TODAY.
  LIGHT RAIN
  FOG


RELATIVE HUMIDITY (PERCENT)
 HIGHEST    89           100 PM
 LOWEST     49           100 AM
 AVERAGE    69

..........................................................


THE NEW PHILADELPHIA OH CLIMATE NORMALS FOR TOMORROW
                         NORMAL    RECORD    YEAR
 MAXIMUM TEMPERATURE (F)   43        73      1997
 MINIMUM TEMPERATURE (F)   23        -8      1963


SUNRISE AND SUNSET
FEBRUARY 21 2018......SUNRISE   711 AM EST   SUNSET   608 PM EST
FEBRUARY 22 2018......SUNRISE   710 AM EST   SUNSET   609 PM EST


-  INDICATES NEGATIVE NUMBERS.
R  INDICATES RECORD WAS SET OR TIED.
MM INDICATES DATA IS MISSING.
T  INDICATES TRACE AMOUNT.




$$
