000
CDUS41 KPHI 300634
CLIPHL


CLIMATE REPORT
NATIONAL WEATHER SERVICE MOUNT HOLLY NJ
234 AM EDT WED JUL 30 2014


...................................

...THE PHILADELPHIA PA CLIMATE SUMMARY FOR JULY 29 2014...

CLIMATE NORMAL PERIOD 1981 TO 2010
CLIMATE RECORD PERIOD 1872 TO 2014


WEATHER ITEM   OBSERVED TIME   RECORD YEAR NORMAL DEPARTURE LAST
                VALUE   (LST)  VALUE       VALUE  FROM      YEAR
                                                  NORMAL
..................................................................
TEMPERATURE (F)
 YESTERDAY
  MAXIMUM         76    347 PM  98    2002  87    -11       84
                                      1892
  MINIMUM         64    559 AM  59    1914  70     -6       68
  AVERAGE         70                        78     -8       76

PRECIPITATION (IN)
  YESTERDAY        0.00          3.53 1980   0.14  -0.14     0.24
  MONTH TO DATE    4.30                      4.07   0.23    13.24
  SINCE JUN 1      9.76                      7.50   2.26    23.80
  SINCE JAN 1     32.26                     24.24   8.02    36.33

SNOWFALL (IN)
  YESTERDAY        0.0           0.0  1870   0.0    0.0      0.0
  MONTH TO DATE    0.0                       0.0    0.0      0.0
  SINCE JUN 1      0.0                       0.0    0.0      0.0
  SINCE JUL 1      0.0                       0.0    0.0      0.0
  SNOW DEPTH       0

DEGREE DAYS
 HEATING
  YESTERDAY        0                         0      0        0
  MONTH TO DATE    0                         0      0        0
  SINCE JUN 1      0                        11    -11        0
  SINCE JUL 1      0                         0      0        0

 COOLING
  YESTERDAY        5                        13     -8       11
  MONTH TO DATE  395                       374     21      473
  SINCE JUN 1    687                       632     55      767
  SINCE JAN 1    770                       723     47      891
..................................................................


WIND (MPH)
  HIGHEST WIND SPEED    15   HIGHEST WIND DIRECTION    NW (320)
  HIGHEST GUST SPEED    19   HIGHEST GUST DIRECTION    NW (320)
  AVERAGE WIND SPEED     7.3


SKY COVER
  POSSIBLE SUNSHINE  MM
  AVERAGE SKY COVER 0.6


WEATHER CONDITIONS
 THE FOLLOWING WEATHER WAS RECORDED YESTERDAY.
  NO SIGNIFICANT WEATHER WAS OBSERVED.


RELATIVE HUMIDITY (PERCENT)
 HIGHEST    73           500 AM
 LOWEST     46          1100 AM
 AVERAGE    60

..........................................................


THE PHILADELPHIA PA CLIMATE NORMALS FOR TODAY
                         NORMAL    RECORD    YEAR
 MAXIMUM TEMPERATURE (F)   87        98      1988
                                             1954
 MINIMUM TEMPERATURE (F)   69        58      1981
                                             1914


SUNRISE AND SUNSET
JULY 30 2014..........SUNRISE   558 AM EDT   SUNSET   816 PM EDT
JULY 31 2014..........SUNRISE   559 AM EDT   SUNSET   815 PM EDT


-  INDICATES NEGATIVE NUMBERS.
R  INDICATES RECORD WAS SET OR TIED.
MM INDICATES DATA IS MISSING.
T  INDICATES TRACE AMOUNT.




$$
