000
CDUS41 KPHI 200549
CLIPHL


CLIMATE REPORT
NATIONAL WEATHER SERVICE MOUNT HOLLY NJ
147 AM EDT WED SEP 20 2017


...................................

...THE PHILADELPHIA PA CLIMATE SUMMARY FOR SEPTEMBER 19 2017...

CLIMATE NORMAL PERIOD 1981 TO 2010
CLIMATE RECORD PERIOD 1872 TO 2017


WEATHER ITEM   OBSERVED TIME   RECORD YEAR NORMAL DEPARTURE LAST
                VALUE   (LST)  VALUE       VALUE  FROM      YEAR
                                                  NORMAL
..................................................................
TEMPERATURE (F)
 YESTERDAY
  MAXIMUM         80   1224 PM  92    1983  77      3       76
  MINIMUM         70    612 PM  43    1959  59     11       70
                                      1943
  AVERAGE         75                        68      7       73

PRECIPITATION (IN)
  YESTERDAY        0.07          1.95 1938   0.13  -0.06     1.29
  MONTH TO DATE    3.86                      2.33   1.53     1.76
  SINCE SEP 1      3.86                      2.33   1.53     1.76
  SINCE JAN 1     35.07                     30.35   4.72    26.61

SNOWFALL (IN)
  YESTERDAY        0.0           0.0    MM   0.0    0.0      0.0
  MONTH TO DATE    0.0                       0.0    0.0      0.0
  SINCE SEP 1      0.0                       0.0    0.0      0.0
  SINCE JUL 1      0.0                       0.0    0.0      0.0
  SNOW DEPTH       0

DEGREE DAYS
 HEATING
  YESTERDAY        0                         1     -1        0
  MONTH TO DATE    7                         8     -1        0
  SINCE SEP 1      7                         8     -1        0
  SINCE JUL 1      7                         9     -2        0

 COOLING
  YESTERDAY       10                         4      6        8
  MONTH TO DATE  102                       129    -27      224
  SINCE SEP 1    102                       129    -27      224
  SINCE JAN 1   1292                      1246     46     1636
..................................................................


WIND (MPH)
  HIGHEST WIND SPEED    24   HIGHEST WIND DIRECTION    NE (40)
  HIGHEST GUST SPEED    33   HIGHEST GUST DIRECTION    NE (30)
  AVERAGE WIND SPEED    13.2


SKY COVER
  POSSIBLE SUNSHINE  MM
  AVERAGE SKY COVER 1.0


WEATHER CONDITIONS
 THE FOLLOWING WEATHER WAS RECORDED YESTERDAY.
  HEAVY RAIN
  LIGHT RAIN
  FOG
  HAZE


RELATIVE HUMIDITY (PERCENT)
 HIGHEST    84          1200 AM
 LOWEST     62          1000 AM
 AVERAGE    73

..........................................................


THE PHILADELPHIA PA CLIMATE NORMALS FOR TODAY
                         NORMAL    RECORD    YEAR
 MAXIMUM TEMPERATURE (F)   77        90      1983
                                             1895
 MINIMUM TEMPERATURE (F)   59        45      1979
                                             1956


SUNRISE AND SUNSET
SEPTEMBER 20 2017.....SUNRISE   647 AM EDT   SUNSET   701 PM EDT
SEPTEMBER 21 2017.....SUNRISE   648 AM EDT   SUNSET   659 PM EDT


-  INDICATES NEGATIVE NUMBERS.
R  INDICATES RECORD WAS SET OR TIED.
MM INDICATES DATA IS MISSING.
T  INDICATES TRACE AMOUNT.




$$
