000
CDUS41 KPHI 280635
CLIPHL


CLIMATE REPORT
NATIONAL WEATHER SERVICE MOUNT HOLLY NJ
229 AM EDT SAT MAR 28 2015


...................................

...THE PHILADELPHIA PA CLIMATE SUMMARY FOR MARCH 27 2015...

CLIMATE NORMAL PERIOD 1981 TO 2010
CLIMATE RECORD PERIOD 1872 TO 2015


WEATHER ITEM   OBSERVED TIME   RECORD YEAR NORMAL DEPARTURE LAST
                VALUE   (LST)  VALUE       VALUE  FROM      YEAR
                                                  NORMAL
..................................................................
TEMPERATURE (F)
 YESTERDAY
  MAXIMUM         48    434 PM  83    1921  57     -9       45
  MINIMUM         39    716 AM  21    1894  38      1       23
  AVERAGE         44                        47     -3       34

PRECIPITATION (IN)
  YESTERDAY        0.20          1.78 1919   0.14   0.06     0.00
  MONTH TO DATE    5.43                      3.27   2.16     1.58
  SINCE MAR 1      5.43                      3.27   2.16     1.58
  SINCE JAN 1     12.31                      8.95   3.36    10.25

SNOWFALL (IN)
  YESTERDAY        0.0           1.0  1891   0.1   -0.1      0.0
  MONTH TO DATE   11.9                       2.8    9.1      8.5
  SINCE MAR 1     11.9                       2.8    9.1      8.5
  SINCE JUL 1     26.9                      21.8    5.1     68.0
  SNOW DEPTH       0

DEGREE DAYS
 HEATING
  YESTERDAY       21                        18      3       31
  MONTH TO DATE  697                       598     99      735
  SINCE MAR 1    697                       598     99      735
  SINCE JUL 1   4350                      4080    270     4391

 COOLING
  YESTERDAY        0                         0      0        0
  MONTH TO DATE    0                         0      0        0
  SINCE MAR 1      0                         0      0        0
  SINCE JAN 1      0                         0      0        0
..................................................................


WIND (MPH)
  HIGHEST WIND SPEED    21   HIGHEST WIND DIRECTION     N (350)
  HIGHEST GUST SPEED    26   HIGHEST GUST DIRECTION    NW (320)
  AVERAGE WIND SPEED    10.4


SKY COVER
  POSSIBLE SUNSHINE  MM
  AVERAGE SKY COVER 1.0


WEATHER CONDITIONS
 THE FOLLOWING WEATHER WAS RECORDED YESTERDAY.
  LIGHT RAIN
  FOG


RELATIVE HUMIDITY (PERCENT)
 HIGHEST    86          1200 AM
 LOWEST     45           300 PM
 AVERAGE    66

..........................................................


THE PHILADELPHIA PA CLIMATE NORMALS FOR TODAY
                         NORMAL    RECORD    YEAR
 MAXIMUM TEMPERATURE (F)   57        83      1945
 MINIMUM TEMPERATURE (F)   38        18      1923


SUNRISE AND SUNSET
MARCH 28 2015.........SUNRISE   652 AM EDT   SUNSET   721 PM EDT
MARCH 29 2015.........SUNRISE   650 AM EDT   SUNSET   722 PM EDT


-  INDICATES NEGATIVE NUMBERS.
R  INDICATES RECORD WAS SET OR TIED.
MM INDICATES DATA IS MISSING.
T  INDICATES TRACE AMOUNT.




$$
