000
CDUS41 KPHI 210547
CLIPHL


CLIMATE REPORT
NATIONAL WEATHER SERVICE MOUNT HOLLY NJ
1246 AM EST TUE NOV 21 2017


...................................

...THE PHILADELPHIA PA CLIMATE SUMMARY FOR NOVEMBER 20 2017...

CLIMATE NORMAL PERIOD 1981 TO 2010
CLIMATE RECORD PERIOD 1872 TO 2017


WEATHER ITEM   OBSERVED TIME   RECORD YEAR NORMAL DEPARTURE LAST
                VALUE   (LST)  VALUE       VALUE  FROM      YEAR
                                                  NORMAL
..................................................................
TEMPERATURE (F)
 YESTERDAY
  MAXIMUM         48    420 PM  76    1985  54     -6       44
  MINIMUM         37    747 AM  21    1984  38     -1       39
  AVERAGE         43                        46     -3       42

PRECIPITATION (IN)
  YESTERDAY        0.00          2.59 1876   0.10  -0.10      T
  MONTH TO DATE    1.19                      1.90  -0.71     0.42
  SINCE SEP 1      8.71                      8.86  -0.15     6.00
  SINCE JAN 1     39.92                     36.88   3.04    30.85

SNOWFALL (IN)
  YESTERDAY        0.0           3.2  1961   0.0    0.0       T
  MONTH TO DATE    0.0                       0.1   -0.1       T
  SINCE SEP 1      0.0                       0.1   -0.1       T
  SINCE JUL 1      0.0                       0.1   -0.1       T
  SNOW DEPTH       0

DEGREE DAYS
 HEATING
  YESTERDAY       22                        19      3       23
  MONTH TO DATE  327                       314     13      257
  SINCE SEP 1    446                       606   -160      446
  SINCE JUL 1    446                       607   -161      446

 COOLING
  YESTERDAY        0                         0      0        0
  MONTH TO DATE    0                         0      0        0
  SINCE SEP 1    300                       183    117      314
  SINCE JAN 1   1490                      1300    190     1726
..................................................................


WIND (MPH)
  HIGHEST WIND SPEED    23   HIGHEST WIND DIRECTION     W (280)
  HIGHEST GUST SPEED    30   HIGHEST GUST DIRECTION     W (280)
  AVERAGE WIND SPEED    14.1


SKY COVER
  POSSIBLE SUNSHINE  MM
  AVERAGE SKY COVER 0.3


WEATHER CONDITIONS
 THE FOLLOWING WEATHER WAS RECORDED YESTERDAY.
  NO SIGNIFICANT WEATHER WAS OBSERVED.


RELATIVE HUMIDITY (PERCENT)
 HIGHEST    55           900 PM
 LOWEST     34           300 PM
 AVERAGE    45

..........................................................


THE PHILADELPHIA PA CLIMATE NORMALS FOR TODAY
                         NORMAL    RECORD    YEAR
 MAXIMUM TEMPERATURE (F)   54        74      1931
                                             1900
 MINIMUM TEMPERATURE (F)   38        19      1879


SUNRISE AND SUNSET
NOVEMBER 21 2017......SUNRISE   653 AM EST   SUNSET   441 PM EST
NOVEMBER 22 2017......SUNRISE   654 AM EST   SUNSET   440 PM EST


-  INDICATES NEGATIVE NUMBERS.
R  INDICATES RECORD WAS SET OR TIED.
MM INDICATES DATA IS MISSING.
T  INDICATES TRACE AMOUNT.




$$
