000
CDUS41 KPHI 280628
CLIPHL


CLIMATE REPORT
NATIONAL WEATHER SERVICE MOUNT HOLLY NJ
128 AM EST WED JAN 28 2015


...................................

...THE PHILADELPHIA PA CLIMATE SUMMARY FOR JANUARY 27 2015...

CLIMATE NORMAL PERIOD 1981 TO 2010
CLIMATE RECORD PERIOD 1872 TO 2015


WEATHER ITEM   OBSERVED TIME   RECORD YEAR NORMAL DEPARTURE LAST
                VALUE   (LST)  VALUE       VALUE  FROM      YEAR
                                                  NORMAL
..................................................................
TEMPERATURE (F)
 YESTERDAY
  MAXIMUM         34    440 PM  69    1916  41     -7       46
  MINIMUM         21   1159 PM   4    1927  26     -5       21
  AVERAGE         28                        33     -5       34

PRECIPITATION (IN)
  YESTERDAY        0.07          1.64 1976   0.10  -0.03     0.00
  MONTH TO DATE    4.52                      2.63   1.89     3.48
  SINCE DEC 1      7.79                      6.19   1.60     8.68
  SINCE JAN 1      4.52                      2.63   1.89     3.48

SNOWFALL (IN)
  YESTERDAY        0.8           4.1  1941   0.2    0.6      0.0
  MONTH TO DATE    4.2                       5.3   -1.1     24.9
  SINCE DEC 1      4.3                       8.7   -4.4     36.1
  SINCE JUL 1      4.3                       9.0   -4.7     36.1
  SNOW DEPTH       1

DEGREE DAYS
 HEATING
  YESTERDAY       37                        32      5       31
  MONTH TO DATE  897                       862     35      957
  SINCE DEC 1   1631                      1716    -85     1764
  SINCE JUL 1   2409                      2532   -123     2570

 COOLING
  YESTERDAY        0                         0      0        0
  MONTH TO DATE    0                         0      0        0
  SINCE DEC 1      0                         0      0        0
  SINCE JAN 1      0                         0      0        0
..................................................................


WIND (MPH)
  HIGHEST WIND SPEED    25   HIGHEST WIND DIRECTION    NW (320)
  HIGHEST GUST SPEED    32   HIGHEST GUST DIRECTION    NW (320)
  AVERAGE WIND SPEED    16.3


SKY COVER
  POSSIBLE SUNSHINE  MM
  AVERAGE SKY COVER 0.8


WEATHER CONDITIONS
 THE FOLLOWING WEATHER WAS RECORDED YESTERDAY.
  LIGHT SNOW


RELATIVE HUMIDITY (PERCENT)
 HIGHEST    88           500 AM
 LOWEST     36           700 PM
 AVERAGE    62

..........................................................


THE PHILADELPHIA PA CLIMATE NORMALS FOR TODAY
                         NORMAL    RECORD    YEAR
 MAXIMUM TEMPERATURE (F)   41        67      1916
 MINIMUM TEMPERATURE (F)   26         3      1961
                                             1935
                                             1925


SUNRISE AND SUNSET
JANUARY 28 2015.......SUNRISE   713 AM EST   SUNSET   515 PM EST
JANUARY 29 2015.......SUNRISE   712 AM EST   SUNSET   517 PM EST


-  INDICATES NEGATIVE NUMBERS.
R  INDICATES RECORD WAS SET OR TIED.
MM INDICATES DATA IS MISSING.
T  INDICATES TRACE AMOUNT.




$$
