000
CDUS41 KPHI 040631
CLIPHL


CLIMATE REPORT
NATIONAL WEATHER SERVICE MOUNT HOLLY NJ
230 AM EDT SAT JUL 4 2015


...................................

...THE PHILADELPHIA PA CLIMATE SUMMARY FOR JULY 3 2015...

CLIMATE NORMAL PERIOD 1981 TO 2010
CLIMATE RECORD PERIOD 1872 TO 2015


WEATHER ITEM   OBSERVED TIME   RECORD YEAR NORMAL DEPARTURE LAST
                VALUE   (LST)  VALUE       VALUE  FROM      YEAR
                                                  NORMAL
..................................................................
TEMPERATURE (F)
 YESTERDAY
  MAXIMUM         83   1229 PM 104    1966  87     -4       92
  MINIMUM         66    430 AM  54    1957  68     -2       74
                                      1940
                                      1933
  AVERAGE         75                        77     -2       83

PRECIPITATION (IN)
  YESTERDAY        0.00          3.66 1978   0.12  -0.12     0.09
  MONTH TO DATE    0.10                      0.38  -0.28     0.30
  SINCE JUN 1      8.98                      3.81   5.17     5.76
  SINCE JAN 1     26.15                     20.55   5.60    28.26

SNOWFALL (IN)
  YESTERDAY        0.0           0.0  1870   0.0    0.0      0.0
  MONTH TO DATE    0.0                       0.0    0.0      0.0
  SINCE JUN 1      0.0                       0.0    0.0      0.0
  SINCE JUL 1      0.0                       0.0    0.0      0.0
  SNOW DEPTH       0

DEGREE DAYS
 HEATING
  YESTERDAY        0                         0      0        0
  MONTH TO DATE    0                         0      0        0
  SINCE JUN 1     12                        11      1        0
  SINCE JUL 1      0                         0      0        0

 COOLING
  YESTERDAY       10                        12     -2       18
  MONTH TO DATE   30                        36     -6       57
  SINCE JUN 1    344                       294     50      349
  SINCE JAN 1    543                       385    158      432
..................................................................


WIND (MPH)
  HIGHEST WIND SPEED    10   HIGHEST WIND DIRECTION     S (180)
  HIGHEST GUST SPEED    14   HIGHEST GUST DIRECTION    NE (30)
  AVERAGE WIND SPEED     5.2


SKY COVER
  POSSIBLE SUNSHINE  MM
  AVERAGE SKY COVER 0.7


WEATHER CONDITIONS
 THE FOLLOWING WEATHER WAS RECORDED YESTERDAY.
  NO SIGNIFICANT WEATHER WAS OBSERVED.


RELATIVE HUMIDITY (PERCENT)
 HIGHEST    87           400 AM
 LOWEST     47          1200 PM
 AVERAGE    67

..........................................................


THE PHILADELPHIA PA CLIMATE NORMALS FOR TODAY
                         NORMAL    RECORD    YEAR
 MAXIMUM TEMPERATURE (F)   87       103      1966
 MINIMUM TEMPERATURE (F)   68        52      1986


SUNRISE AND SUNSET
JULY  4 2015..........SUNRISE   538 AM EDT   SUNSET   833 PM EDT
JULY  5 2015..........SUNRISE   538 AM EDT   SUNSET   833 PM EDT


-  INDICATES NEGATIVE NUMBERS.
R  INDICATES RECORD WAS SET OR TIED.
MM INDICATES DATA IS MISSING.
T  INDICATES TRACE AMOUNT.




$$
