000
CDUS41 KPHI 290630
CLIPHL


CLIMATE REPORT
NATIONAL WEATHER SERVICE MOUNT HOLLY NJ
227 AM EDT MON MAY 29 2017


...................................

...THE PHILADELPHIA PA CLIMATE SUMMARY FOR MAY 28 2017...

CLIMATE NORMAL PERIOD 1981 TO 2010
CLIMATE RECORD PERIOD 1872 TO 2017


WEATHER ITEM   OBSERVED TIME   RECORD YEAR NORMAL DEPARTURE LAST
                VALUE   (LST)  VALUE       VALUE  FROM      YEAR
                                                  NORMAL
..................................................................
TEMPERATURE (F)
 YESTERDAY
  MAXIMUM         77    208 PM  94    1941  77      0       90
  MINIMUM         60   1159 PM  41    1961  58      2       68
  AVERAGE         69                        68      1       79

PRECIPITATION (IN)
  YESTERDAY        0.05          2.28 1982   0.12  -0.07     0.00
  MONTH TO DATE    6.17                      3.33   2.84     5.14
  SINCE MAR 1     13.58                     10.68   2.90     8.90
  SINCE JAN 1     17.79                     16.36   1.43    15.89

SNOWFALL (IN)
  YESTERDAY        0.0           0.0    MM   0.0    0.0      0.0
  MONTH TO DATE    0.0                       0.0    0.0      0.0
  SINCE MAR 1      7.0                       3.4    3.6      1.3
  SINCE JUL 1     15.0                      22.4   -7.4     27.5
  SNOW DEPTH       0

DEGREE DAYS
 HEATING
  YESTERDAY        0                         2     -2        0
  MONTH TO DATE  112                       107      5      145
  SINCE MAR 1   1015                      1115   -100      901
  SINCE JUL 1   3841                      4597   -756     3587

 COOLING
  YESTERDAY        4                         4      0       14
  MONTH TO DATE   65                        63      2       56
  SINCE MAR 1    105                        76     29       79
  SINCE JAN 1    105                        76     29       79
..................................................................


WIND (MPH)
  HIGHEST WIND SPEED    15   HIGHEST WIND DIRECTION     E (80)
  HIGHEST GUST SPEED    19   HIGHEST GUST DIRECTION     E (110)
  AVERAGE WIND SPEED     7.2


SKY COVER
  POSSIBLE SUNSHINE  MM
  AVERAGE SKY COVER 0.8


WEATHER CONDITIONS
 THE FOLLOWING WEATHER WAS RECORDED YESTERDAY.
  LIGHT RAIN
  FOG
  HAZE


RELATIVE HUMIDITY (PERCENT)
 HIGHEST    93           400 AM
 LOWEST     53           400 PM
 AVERAGE    73

..........................................................


THE PHILADELPHIA PA CLIMATE NORMALS FOR TODAY
                         NORMAL    RECORD    YEAR
 MAXIMUM TEMPERATURE (F)   78        95      1991
 MINIMUM TEMPERATURE (F)   58        42      1884


SUNRISE AND SUNSET
MAY 29 2017...........SUNRISE   536 AM EDT   SUNSET   821 PM EDT
MAY 30 2017...........SUNRISE   535 AM EDT   SUNSET   822 PM EDT


-  INDICATES NEGATIVE NUMBERS.
R  INDICATES RECORD WAS SET OR TIED.
MM INDICATES DATA IS MISSING.
T  INDICATES TRACE AMOUNT.




$$
