000
CDUS43 KUNR 030833
CLIPHP


CLIMATE REPORT
NATIONAL WEATHER SERVICE RAPID CITY SD
232 AM MDT MON AUG 3 2015


...................................

...THE PHILIP SD CLIMATE SUMMARY FOR AUGUST 2 2015...

CLIMATE NORMAL PERIOD 1981 TO 2010
CLIMATE RECORD PERIOD 9999 TO 9999


WEATHER ITEM   OBSERVED TIME   NORMAL DEPARTURE LAST
                VALUE   (LST)  VALUE  FROM      YEAR
                                      NORMAL
......................................................
TEMPERATURE (F)
 YESTERDAY
  MAXIMUM         89    313 PM  91     -2       91
  MINIMUM         60   1151 PM  61     -1       58
  AVERAGE         75            76     -1       75

PRECIPITATION (IN)
  YESTERDAY        0.00          0.05  -0.05     0.00
  MONTH TO DATE    0.11          0.11   0.00      T
  SINCE JUN 1      6.56          5.07   1.49     4.11
  SINCE JAN 1     13.54         11.99   1.55     8.93

DEGREE DAYS
 HEATING
  YESTERDAY        0             0      0        0
  MONTH TO DATE    0             0      0        0
  SINCE JUN 1     12            71    -59       94
  SINCE JUL 1      0             8     -8       16

 COOLING
  YESTERDAY       10            11     -1       10
  MONTH TO DATE   25            22      3       21
  SINCE JUN 1    416           450    -34      327
  SINCE JAN 1    422           477    -55      367
......................................................


WIND (MPH)
  HIGHEST WIND SPEED    18   HIGHEST WIND DIRECTION    NE (50)
  HIGHEST GUST SPEED    22   HIGHEST GUST DIRECTION    NW (320)
  AVERAGE WIND SPEED     8.5


SKY COVER
  AVERAGE SKY COVER 0.0


WEATHER CONDITIONS
 THE FOLLOWING WEATHER WAS RECORDED YESTERDAY.
  NO SIGNIFICANT WEATHER WAS OBSERVED.


RELATIVE HUMIDITY (PERCENT)
 HIGHEST    87           500 AM
 LOWEST     31           200 PM
 AVERAGE    59

..........................................................




SUNRISE AND SUNSET
AUGUST  3 2015........SUNRISE   536 AM MDT   SUNSET   808 PM MDT
AUGUST  4 2015........SUNRISE   537 AM MDT   SUNSET   807 PM MDT


-  INDICATES NEGATIVE NUMBERS.
R  INDICATES RECORD WAS SET OR TIED.
MM INDICATES DATA IS MISSING.
T  INDICATES TRACE AMOUNT.




$$
