000
CDUS43 KUNR 150841
CLIPHP


CLIMATE REPORT
NATIONAL WEATHER SERVICE RAPID CITY SD
238 AM MDT MON SEP 15 2014


...................................

...THE PHILIP SD CLIMATE SUMMARY FOR SEPTEMBER 14 2014...

CLIMATE NORMAL PERIOD 1981 TO 2010
CLIMATE RECORD PERIOD 9999 TO 9999


WEATHER ITEM   OBSERVED TIME   NORMAL DEPARTURE LAST
                VALUE   (LST)  VALUE  FROM      YEAR
                                      NORMAL
......................................................
TEMPERATURE (F)
 YESTERDAY
  MAXIMUM         54    413 PM  78    -24       87
  MINIMUM         33    537 AM  48    -15       63
  AVERAGE         44            63    -19       75

PRECIPITATION (IN)
  YESTERDAY        0.00          0.06  -0.06     0.00
  MONTH TO DATE    0.33          0.72  -0.39     0.38
  SINCE SEP 1      0.33          0.72  -0.39     0.38
  SINCE JAN 1     13.76         14.10  -0.34    10.79

DEGREE DAYS
 HEATING
  YESTERDAY       21             5     16        0
  MONTH TO DATE  116            44     72        0
  SINCE SEP 1    116            44     72        0
  SINCE JUL 1    135            69     66        3

 COOLING
  YESTERDAY        0             3     -3       10
  MONTH TO DATE   20            57    -37      137
  SINCE SEP 1     20            57    -37      137
  SINCE JAN 1    599           792   -193      900
......................................................


WIND (MPH)
  HIGHEST WIND SPEED    14   HIGHEST WIND DIRECTION     E (70)
  HIGHEST GUST SPEED    17   HIGHEST GUST DIRECTION     E (80)
  AVERAGE WIND SPEED     6.3


SKY COVER
  AVERAGE SKY COVER 0.7


WEATHER CONDITIONS
 THE FOLLOWING WEATHER WAS RECORDED YESTERDAY.
  NO SIGNIFICANT WEATHER WAS OBSERVED.


RELATIVE HUMIDITY (PERCENT)
 HIGHEST    96           400 AM
 LOWEST     54          1100 AM
 AVERAGE    75

..........................................................




SUNRISE AND SUNSET
SEPTEMBER 15 2014.....SUNRISE   626 AM MDT   SUNSET   657 PM MDT
SEPTEMBER 16 2014.....SUNRISE   627 AM MDT   SUNSET   655 PM MDT


-  INDICATES NEGATIVE NUMBERS.
R  INDICATES RECORD WAS SET OR TIED.
MM INDICATES DATA IS MISSING.
T  INDICATES TRACE AMOUNT.




$$
