000
CDUS43 KUNR 280831
CLIPHP


CLIMATE REPORT
NATIONAL WEATHER SERVICE RAPID CITY SD
231 AM MDT SUN AUG 28 2016


...................................

...THE PHILIP SD CLIMATE SUMMARY FOR AUGUST 27 2016...

CLIMATE NORMAL PERIOD 1981 TO 2010
CLIMATE RECORD PERIOD 9999 TO 9999


WEATHER ITEM   OBSERVED TIME   NORMAL DEPARTURE LAST
                VALUE   (LST)  VALUE  FROM      YEAR
                                      NORMAL
......................................................
TEMPERATURE (F)
 YESTERDAY
  MAXIMUM         83    413 PM  86     -3       74
  MINIMUM         54    520 AM  55     -1       59
  AVERAGE         69            71     -2       67

PRECIPITATION (IN)
  YESTERDAY        T             0.05  -0.05     0.05
  MONTH TO DATE    2.85          1.30   1.55     2.89
  SINCE JUN 1      5.29          6.26  -0.97     9.34
  SINCE JAN 1     12.01         13.18  -1.17    16.32

DEGREE DAYS
 HEATING
  YESTERDAY        0             1     -1        0
  MONTH TO DATE   15             7      8       32
  SINCE JUN 1     26            78    -52       44
  SINCE JUL 1     19            15      4       32

 COOLING
  YESTERDAY        4             7     -3        2
  MONTH TO DATE  223           254    -31      184
  SINCE JUN 1    776           682     94      575
  SINCE JAN 1    790           709     81      581
......................................................


WIND (MPH)
  HIGHEST WIND SPEED    22   HIGHEST WIND DIRECTION     W (290)
  HIGHEST GUST SPEED    26   HIGHEST GUST DIRECTION     W (290)
  AVERAGE WIND SPEED     5.5


SKY COVER
  AVERAGE SKY COVER 0.0


WEATHER CONDITIONS
 THE FOLLOWING WEATHER WAS RECORDED YESTERDAY.
  LIGHT RAIN


RELATIVE HUMIDITY (PERCENT)
 HIGHEST    90          1200 AM
 LOWEST     40           300 PM
 AVERAGE    65

..........................................................




SUNRISE AND SUNSET
AUGUST 28 2016........SUNRISE   606 AM MDT   SUNSET   728 PM MDT
AUGUST 29 2016........SUNRISE   607 AM MDT   SUNSET   727 PM MDT


-  INDICATES NEGATIVE NUMBERS.
R  INDICATES RECORD WAS SET OR TIED.
MM INDICATES DATA IS MISSING.
T  INDICATES TRACE AMOUNT.




$$
