000
CDUS43 KUNR 050838
CLIPHP


CLIMATE REPORT
NATIONAL WEATHER SERVICE RAPID CITY SD
238 AM MDT SUN JUL 5 2015


...................................

...THE PHILIP SD CLIMATE SUMMARY FOR JULY 4 2015...

CLIMATE NORMAL PERIOD 1981 TO 2010
CLIMATE RECORD PERIOD 9999 TO 9999


WEATHER ITEM   OBSERVED TIME   NORMAL DEPARTURE LAST
                VALUE   (LST)  VALUE  FROM      YEAR
                                      NORMAL
......................................................
TEMPERATURE (F)
 YESTERDAY
  MAXIMUM         95    512 PM  87      8       88
  MINIMUM         61    338 AM  58      3       66
  AVERAGE         78            72      6       77

PRECIPITATION (IN)
  YESTERDAY        0.00          0.08  -0.08     0.00
  MONTH TO DATE    T             0.30  -0.30     0.00
  SINCE JUN 1      5.83          3.23   2.60     4.00
  SINCE JAN 1     12.81         10.15   2.66     8.82

DEGREE DAYS
 HEATING
  YESTERDAY        0             0      0        0
  MONTH TO DATE    0             3     -3        6
  SINCE JUN 1     12            66    -54       84
  SINCE JUL 1      0             3     -3        6

 COOLING
  YESTERDAY       13             8      5       12
  MONTH TO DATE   33            30      3       15
  SINCE JUN 1    143           153    -10       71
  SINCE JAN 1    149           180    -31      111
......................................................


WIND (MPH)
  HIGHEST WIND SPEED    18   HIGHEST WIND DIRECTION     S (170)
  HIGHEST GUST SPEED    24   HIGHEST GUST DIRECTION     S (170)
  AVERAGE WIND SPEED     7.5


SKY COVER
  AVERAGE SKY COVER 0.0


WEATHER CONDITIONS
 THE FOLLOWING WEATHER WAS RECORDED YESTERDAY.
  FOG
  HAZE


RELATIVE HUMIDITY (PERCENT)
 HIGHEST    97           300 AM
 LOWEST     39           400 PM
 AVERAGE    68

..........................................................




SUNRISE AND SUNSET
JULY  5 2015..........SUNRISE   509 AM MDT   SUNSET   832 PM MDT
JULY  6 2015..........SUNRISE   510 AM MDT   SUNSET   832 PM MDT


-  INDICATES NEGATIVE NUMBERS.
R  INDICATES RECORD WAS SET OR TIED.
MM INDICATES DATA IS MISSING.
T  INDICATES TRACE AMOUNT.




$$
