000
CDUS43 KUNR 131207
CLIPHP


CLIMATE REPORT
NATIONAL WEATHER SERVICE RAPID CITY SD
506 AM MST SAT FEB 13 2016


...................................

...THE PHILIP SD CLIMATE SUMMARY FOR FEBRUARY 12 2016...

CLIMATE NORMAL PERIOD 1981 TO 2010
CLIMATE RECORD PERIOD 9999 TO 9999


WEATHER ITEM   OBSERVED TIME   NORMAL DEPARTURE LAST
                VALUE   (LST)  VALUE  FROM      YEAR
                                      NORMAL
......................................................
TEMPERATURE (F)
 YESTERDAY
  MAXIMUM         32   1210 AM  38     -6       50
  MINIMUM         19   1144 PM  12      7        7
  AVERAGE         26            25      1       29

PRECIPITATION (IN)
  YESTERDAY        T             0.01  -0.01     0.00
  MONTH TO DATE    0.05          0.14  -0.09     0.05
  SINCE DEC 1      1.25          0.87   0.38     0.37
  SINCE JAN 1      0.26          0.44  -0.18     0.07

DEGREE DAYS
 HEATING
  YESTERDAY       39            40     -1       36
  MONTH TO DATE  408           491    -83      411
  SINCE DEC 1   3017          3121   -104     2802
  SINCE JUL 1   4357          4756   -399     4457

 COOLING
  YESTERDAY        0             0      0        0
  MONTH TO DATE    0             0      0        0
  SINCE DEC 1      0             0      0        0
  SINCE JAN 1      0             0      0        0
......................................................


WIND (MPH)
  HIGHEST WIND SPEED    18   HIGHEST WIND DIRECTION     E (110)
  HIGHEST GUST SPEED    22   HIGHEST GUST DIRECTION    SE (120)
  AVERAGE WIND SPEED     9.9


SKY COVER
  AVERAGE SKY COVER 1.0


WEATHER CONDITIONS
 THE FOLLOWING WEATHER WAS RECORDED YESTERDAY.
  LIGHT SNOW
  FOG


RELATIVE HUMIDITY (PERCENT)
 HIGHEST    88           700 AM
 LOWEST     63           200 PM
 AVERAGE    76

..........................................................




SUNRISE AND SUNSET
FEBRUARY 13 2016......SUNRISE   649 AM MST   SUNSET   513 PM MST
FEBRUARY 14 2016......SUNRISE   648 AM MST   SUNSET   514 PM MST


-  INDICATES NEGATIVE NUMBERS.
R  INDICATES RECORD WAS SET OR TIED.
MM INDICATES DATA IS MISSING.
T  INDICATES TRACE AMOUNT.




$$
