000
CDUS43 KUNR 250832
CLIPHP


CLIMATE REPORT
NATIONAL WEATHER SERVICE RAPID CITY SD
231 AM MDT TUE APR 25 2017


...................................

...THE PHILIP SD CLIMATE SUMMARY FOR APRIL 24 2017...

CLIMATE NORMAL PERIOD 1981 TO 2010
CLIMATE RECORD PERIOD 9999 TO 9999


WEATHER ITEM   OBSERVED TIME   NORMAL DEPARTURE LAST
                VALUE   (LST)  VALUE  FROM      YEAR
                                      NORMAL
......................................................
TEMPERATURE (F)
 YESTERDAY
  MAXIMUM         60    340 PM  64     -4       68
  MINIMUM         37    933 PM  35      2       44
  AVERAGE         49            49      0       56

PRECIPITATION (IN)
  YESTERDAY        0.00          0.08  -0.08     0.25
  MONTH TO DATE    1.50          1.31   0.19     2.96
  SINCE MAR 1      2.30          2.58  -0.28     3.67
  SINCE JAN 1      3.37          3.36   0.01     4.35

DEGREE DAYS
 HEATING
  YESTERDAY       16            16      0        9
  MONTH TO DATE  364           476   -112      370
  SINCE MAR 1   1177          1414   -237     1101
  SINCE JUL 1   6237          6779   -542     5913

 COOLING
  YESTERDAY        0             0      0        0
  MONTH TO DATE    0             0      0        1
  SINCE MAR 1      0             0      0        1
  SINCE JAN 1      0             0      0        1
......................................................


WIND (MPH)
  HIGHEST WIND SPEED    22   HIGHEST WIND DIRECTION    NW (320)
  HIGHEST GUST SPEED    28   HIGHEST GUST DIRECTION    NW (330)
  AVERAGE WIND SPEED    13.0


SKY COVER
  AVERAGE SKY COVER 0.6


WEATHER CONDITIONS
 THE FOLLOWING WEATHER WAS RECORDED YESTERDAY.
  NO SIGNIFICANT WEATHER WAS OBSERVED.


RELATIVE HUMIDITY (PERCENT)
 HIGHEST    92           200 AM
 LOWEST     53           400 PM
 AVERAGE    73

..........................................................




SUNRISE AND SUNSET
APRIL 25 2017.........SUNRISE   546 AM MDT   SUNSET   743 PM MDT
APRIL 26 2017.........SUNRISE   545 AM MDT   SUNSET   744 PM MDT


-  INDICATES NEGATIVE NUMBERS.
R  INDICATES RECORD WAS SET OR TIED.
MM INDICATES DATA IS MISSING.
T  INDICATES TRACE AMOUNT.




$$
