000
CDUS43 KUNR 240834
CLIPHP


CLIMATE REPORT
NATIONAL WEATHER SERVICE RAPID CITY SD
233 AM MDT SAT SEP 24 2016


...................................

...THE PHILIP SD CLIMATE SUMMARY FOR SEPTEMBER 23 2016...

CLIMATE NORMAL PERIOD 1981 TO 2010
CLIMATE RECORD PERIOD 9999 TO 9999


WEATHER ITEM   OBSERVED TIME   NORMAL DEPARTURE LAST
                VALUE   (LST)  VALUE  FROM      YEAR
                                      NORMAL
......................................................
TEMPERATURE (F)
 YESTERDAY
  MAXIMUM         85    230 PM  74     11       78
  MINIMUM         56   1242 AM  44     12       57
  AVERAGE         71            59     12       68

PRECIPITATION (IN)
  YESTERDAY        0.05          0.05   0.00     0.00
  MONTH TO DATE    0.23          1.15  -0.92     0.16
  SINCE SEP 1      0.23          1.15  -0.92     0.16
  SINCE JAN 1     12.24         14.53  -2.29    16.49

DEGREE DAYS
 HEATING
  YESTERDAY        0             7     -7        0
  MONTH TO DATE   59            99    -40       42
  SINCE SEP 1     59            99    -40       42
  SINCE JUL 1     78           124    -46       74

 COOLING
  YESTERDAY        6             1      5        3
  MONTH TO DATE   62            73    -11       97
  SINCE SEP 1     62            73    -11       97
  SINCE JAN 1    892           808     84      718
......................................................


WIND (MPH)
  HIGHEST WIND SPEED    24   HIGHEST WIND DIRECTION     N (10)
  HIGHEST GUST SPEED    28   HIGHEST GUST DIRECTION     N (10)
  AVERAGE WIND SPEED    10.9


SKY COVER
  AVERAGE SKY COVER 0.5


WEATHER CONDITIONS
 THE FOLLOWING WEATHER WAS RECORDED YESTERDAY.
  THUNDERSTORM
  LIGHT RAIN
  FOG


RELATIVE HUMIDITY (PERCENT)
 HIGHEST   100           200 AM
 LOWEST     63           200 PM
 AVERAGE    82

..........................................................




SUNRISE AND SUNSET
SEPTEMBER 24 2016.....SUNRISE   636 AM MDT   SUNSET   639 PM MDT
SEPTEMBER 25 2016.....SUNRISE   638 AM MDT   SUNSET   637 PM MDT


-  INDICATES NEGATIVE NUMBERS.
R  INDICATES RECORD WAS SET OR TIED.
MM INDICATES DATA IS MISSING.
T  INDICATES TRACE AMOUNT.




$$
