152
CDUS43 KUNR 230847
CLIPHP


CLIMATE REPORT
NATIONAL WEATHER SERVICE RAPID CITY SD
147 AM MST TUE JAN 23 2018


...................................

...THE PHILIP SD CLIMATE SUMMARY FOR JANUARY 22 2018...

CLIMATE NORMAL PERIOD 1981 TO 2010
CLIMATE RECORD PERIOD 9999 TO 9999


WEATHER ITEM   OBSERVED TIME   NORMAL DEPARTURE LAST
                VALUE   (LST)  VALUE  FROM      YEAR
                                      NORMAL
......................................................
TEMPERATURE (F)
 YESTERDAY
  MAXIMUM         38    253 PM  35      3       37
  MINIMUM         16    723 AM  10      6       11
  AVERAGE         27            22      5       24

PRECIPITATION (IN)
  YESTERDAY        0.00          0.01  -0.01     0.00
  MONTH TO DATE    0.30          0.22   0.08     0.13
  SINCE DEC 1      0.69          0.65   0.04     0.55
  SINCE JAN 1      0.30          0.22   0.08     0.13

DEGREE DAYS
 HEATING
  YESTERDAY       38            43     -5       41
  MONTH TO DATE 1012           953     59     1168
  SINCE DEC 1   2286          2253     33     2660
  SINCE JUL 1   3735          3888   -153     3798

 COOLING
  YESTERDAY        0             0      0        0
  MONTH TO DATE    0             0      0        0
  SINCE DEC 1      0             0      0        0
  SINCE JAN 1      0             0      0        0
......................................................


WIND (MPH)
  HIGHEST WIND SPEED    20   HIGHEST WIND DIRECTION    NW (330)
  HIGHEST GUST SPEED    23   HIGHEST GUST DIRECTION    NW (310)
  AVERAGE WIND SPEED     8.7


SKY COVER
  AVERAGE SKY COVER 0.0


WEATHER CONDITIONS
 THE FOLLOWING WEATHER WAS RECORDED YESTERDAY.
  NO SIGNIFICANT WEATHER WAS OBSERVED.


RELATIVE HUMIDITY (PERCENT)
 HIGHEST    96           300 AM
 LOWEST     64           300 PM
 AVERAGE    80

..........................................................




SUNRISE AND SUNSET
JANUARY 23 2018.......SUNRISE   713 AM MST   SUNSET   444 PM MST
JANUARY 24 2018.......SUNRISE   712 AM MST   SUNSET   446 PM MST


-  INDICATES NEGATIVE NUMBERS.
R  INDICATES RECORD WAS SET OR TIED.
MM INDICATES DATA IS MISSING.
T  INDICATES TRACE AMOUNT.




$$
