000
CDUS43 KUNR 120833
CLIPHP


CLIMATE REPORT
NATIONAL WEATHER SERVICE RAPID CITY SD
231 AM MDT SAT JUL 12 2014


...................................

...THE PHILIP SD CLIMATE SUMMARY FOR JULY 11 2014...

CLIMATE NORMAL PERIOD 1981 TO 2010
CLIMATE RECORD PERIOD 9999 TO 9999


WEATHER ITEM   OBSERVED TIME   NORMAL DEPARTURE LAST
                VALUE   (LST)  VALUE  FROM      YEAR
                                      NORMAL
......................................................
TEMPERATURE (F)
 YESTERDAY
  MAXIMUM         93    121 PM  89      4      105
  MINIMUM         64    428 AM  60      4       62
  AVERAGE         79            74      5       84

PRECIPITATION (IN)
  YESTERDAY        0.01          0.08  -0.07     0.00
  MONTH TO DATE    0.01          0.87  -0.86     0.19
  SINCE JUN 1      4.01          3.80   0.21     2.09
  SINCE JAN 1      8.83         10.72  -1.89     7.65

DEGREE DAYS
 HEATING
  YESTERDAY        0             0      0        0
  MONTH TO DATE    6             3      3        0
  SINCE JUN 1     84            66     18       64
  SINCE JUL 1      6             3      3        0

 COOLING
  YESTERDAY       14             9      5       19
  MONTH TO DATE   73            91    -18      111
  SINCE JUN 1    129           214    -85      238
  SINCE JAN 1    169           241    -72      259
......................................................


WIND (MPH)
  HIGHEST WIND SPEED    17   HIGHEST WIND DIRECTION     W (260)
  HIGHEST GUST SPEED    24   HIGHEST GUST DIRECTION     N (20)
  AVERAGE WIND SPEED     7.1


SKY COVER
  AVERAGE SKY COVER 0.1


WEATHER CONDITIONS
 THE FOLLOWING WEATHER WAS RECORDED YESTERDAY.
  THUNDERSTORM
  RAIN
  LIGHT RAIN


RELATIVE HUMIDITY (PERCENT)
 HIGHEST    87           300 AM
 LOWEST     41           100 PM
 AVERAGE    64

..........................................................




SUNRISE AND SUNSET
JULY 12 2014..........SUNRISE   515 AM MDT   SUNSET   829 PM MDT
JULY 13 2014..........SUNRISE   516 AM MDT   SUNSET   828 PM MDT


-  INDICATES NEGATIVE NUMBERS.
R  INDICATES RECORD WAS SET OR TIED.
MM INDICATES DATA IS MISSING.
T  INDICATES TRACE AMOUNT.




$$
