000
CDUS45 KPSR 270825
CLIPHX

CLIMATE REPORT
NATIONAL WEATHER SERVICE PHOENIX AZ
112 AM MST TUE JAN 27 2015


...................................

...THE PHOENIX AZ CLIMATE SUMMARY FOR JANUARY 26 2015...

CLIMATE NORMAL PERIOD 1981 TO 2010
CLIMATE RECORD PERIOD 1895 TO 2015


WEATHER ITEM   OBSERVED TIME   RECORD YEAR NORMAL DEPARTURE LAST
                VALUE   (LST)  VALUE       VALUE  FROM      YEAR
                                                  NORMAL
..................................................................
TEMPERATURE (F)
 YESTERDAY
  MAXIMUM         71    213 PM  81    1987  68      3       73
  MINIMUM         53    815 AM  26    1937  46      7       50
                                      1898
  AVERAGE         62                        57      5       62

PRECIPITATION (IN)
  YESTERDAY        0.01          1.18 2013   0.03  -0.02     0.00
  MONTH TO DATE    0.15                      0.77  -0.62     0.00
  SINCE OCT 1      1.19                      2.88  -1.69     2.82
  SINCE JAN 1      0.15                      0.77  -0.62     0.00

SNOWFALL (IN)
  YESTERDAY        0.0
  MONTH TO DATE    0.0
  SINCE JAN 1      0.0
  SINCE JUL 1      0.0
  SNOW DEPTH       0

DEGREE DAYS
 HEATING
  YESTERDAY        3                         8     -5        3
  MONTH TO DATE  171                       231    -60      141
  SINCE DEC 1    399                       529   -130      403
  SINCE JUL 1    453                       632   -179      458

 COOLING
  YESTERDAY        0                         0      0        0
  MONTH TO DATE    0                         0      0        3
  SINCE DEC 1     10                         1      9        3
  SINCE JAN 1      0                         0      0        3
..................................................................


WIND (MPH)
  HIGHEST WIND SPEED    12   HIGHEST WIND DIRECTION    SW (240)
  HIGHEST GUST SPEED    15   HIGHEST GUST DIRECTION     N (340)
  AVERAGE WIND SPEED     3.4


SKY COVER
  AVERAGE SKY COVER 0.8


WEATHER CONDITIONS
 THE FOLLOWING WEATHER WAS RECORDED YESTERDAY.
  LIGHT RAIN


RELATIVE HUMIDITY (PERCENT)
 HIGHEST    60          1000 PM
 LOWEST     18           100 PM
 AVERAGE    39

..........................................................


THE PHOENIX AZ CLIMATE NORMALS FOR TODAY
                         NORMAL    RECORD    YEAR
 MAXIMUM TEMPERATURE (F)   68        82      2003
 MINIMUM TEMPERATURE (F)   47        26      1904


SUNRISE AND SUNSET
JANUARY 27 2015.......SUNRISE   727 AM MST   SUNSET   555 PM MST
JANUARY 28 2015.......SUNRISE   727 AM MST   SUNSET   556 PM MST


-  INDICATES NEGATIVE NUMBERS.
R  INDICATES RECORD WAS SET OR TIED.
MM INDICATES DATA IS MISSING.
T  INDICATES TRACE AMOUNT.

&&
.....................................................................

DEW POINT
  HIGHEST DEW POINT    49
   LOWEST DEW POINT    25
  AVERAGE DEW POINT    33
.....................................................................

$$
