000
CDUS45 KPSR 280817
CLIPHX

CDUS45 KPSR DDHHMM
CLIPHX

CLIMATE REPORT
NATIONAL WEATHER SERVICE PHOENIX AZ
114 AM MST THU JUL 28 2016


...................................

...THE PHOENIX AZ CLIMATE SUMMARY FOR JULY 27 2016...

CLIMATE NORMAL PERIOD 1981 TO 2010
CLIMATE RECORD PERIOD 1895 TO 2016


WEATHER ITEM   OBSERVED TIME   RECORD YEAR NORMAL DEPARTURE LAST
                VALUE   (LST)  VALUE       VALUE  FROM      YEAR
                                                  NORMAL
..................................................................
TEMPERATURE (F)
 YESTERDAY
  MAXIMUM        112    557 PM 118    1995 105      7      106
  MINIMUM         91    615 AM  65    1913  84      7       86
  AVERAGE        102                        95      7       96

PRECIPITATION (IN)
  YESTERDAY        0.00          1.23 1936   0.04  -0.04     0.00
  MONTH TO DATE    0.36                      0.88  -0.52     0.41
  SINCE OCT 1      3.41                      6.22  -2.81     4.20
  SINCE JAN 1      2.24                      4.11  -1.87     3.16

SNOWFALL (IN)
  YESTERDAY        0.0
  MONTH TO DATE    0.0
  SINCE JAN 1      0.0
  SINCE JUL 1      0.0
  SNOW DEPTH       0

DEGREE DAYS
 HEATING
  YESTERDAY        0                         0      0        0
  MONTH TO DATE    0                         0      0        0
  SINCE JUN 1      0                         0      0        0
  SINCE JUL 1      0                         0      0        0

 COOLING
  YESTERDAY       37                        30      7       31
  MONTH TO DATE  886                       807     79      805
  SINCE JUN 1   1786                      1581    205     1681
  SINCE JAN 1   2793                      2467    326     2706
..................................................................


WIND (MPH)
  HIGHEST WIND SPEED    23   HIGHEST WIND DIRECTION     S (170)
  HIGHEST GUST SPEED    30   HIGHEST GUST DIRECTION    SE (140)
  AVERAGE WIND SPEED     9.8


SKY COVER
  AVERAGE SKY COVER 0.4


WEATHER CONDITIONS
 THE FOLLOWING WEATHER WAS RECORDED YESTERDAY.
  HAZE
  SANDSTORM


RELATIVE HUMIDITY (PERCENT)
 HIGHEST    41           300 AM
 LOWEST     15           600 PM
 AVERAGE    28

..........................................................


THE PHOENIX AZ CLIMATE NORMALS FOR TODAY
                         NORMAL    RECORD    YEAR
 MAXIMUM TEMPERATURE (F)  105       121      1995
 MINIMUM TEMPERATURE (F)   84        66      1913


SUNRISE AND SUNSET
JULY 28 2016..........SUNRISE   538 AM MST   SUNSET   730 PM MST
JULY 29 2016..........SUNRISE   539 AM MST   SUNSET   730 PM MST


-  INDICATES NEGATIVE NUMBERS.
R  INDICATES RECORD WAS SET OR TIED.
MM INDICATES DATA IS MISSING.
T  INDICATES TRACE AMOUNT.

&&
.....................................................................

DEW POINT
  HIGHEST DEW POINT    65
   LOWEST DEW POINT    54
  AVERAGE DEW POINT    60
.....................................................................

$$
