000
CDUS45 KPSR 170018
CLIPHX

CLIMATE REPORT
NATIONAL WEATHER SERVICE PHOENIX AZ
517 PM MST MON OCT 16 2017


...................................

...THE PHOENIX AZ CLIMATE SUMMARY FOR OCTOBER 16 2017...
VALID TODAY AS OF 0500 PM LOCAL TIME.

CLIMATE NORMAL PERIOD 1981 TO 2010
CLIMATE RECORD PERIOD 1895 TO 2017


WEATHER ITEM   OBSERVED TIME   RECORD YEAR NORMAL DEPARTURE LAST
                VALUE   (LST)  VALUE       VALUE  FROM      YEAR
                                                  NORMAL
..................................................................
TEMPERATURE (F)
 TODAY
  MAXIMUM         99    432 PM 101    1991  89     10       92
  MINIMUM         69    701 AM  40    1899  65      4       66
  AVERAGE         84                        77      7       79

PRECIPITATION (IN)
  TODAY            0.00          0.32 1957   0.01  -0.01     0.00
  MONTH TO DATE    0.00                      0.30  -0.30     0.20
  SINCE OCT 1      0.00                      0.30  -0.30     0.20
  SINCE JAN 1      4.73                      6.22  -1.49     4.56

SNOWFALL (IN)
  TODAY            0.0
  MONTH TO DATE    0.0
  SINCE JAN 1      0.0
  SINCE JUL 1      0.0
  SNOW DEPTH       0

DEGREE DAYS
 HEATING
  TODAY            0                         0      0        0
  MONTH TO DATE    0                         0      0        0
  SINCE SEP 1      0                         0      0        0
  SINCE JUL 1      0                         0      0        0

 COOLING
  TODAY           19                        12      7       14
  MONTH TO DATE  272                       235     37      253
  SINCE SEP 1    966                       935     31      908
  SINCE JAN 1   4783                      4404    379     4660
..................................................................


WIND (MPH)
  HIGHEST WIND SPEED    16   HIGHEST WIND DIRECTION     E (80)
  HIGHEST GUST SPEED    20   HIGHEST GUST DIRECTION     E (80)
  AVERAGE WIND SPEED     6.0


SKY COVER
  AVERAGE SKY COVER 0.3


WEATHER CONDITIONS
 THE FOLLOWING WEATHER WAS RECORDED TODAY.
  NO SIGNIFICANT WEATHER WAS OBSERVED.


RELATIVE HUMIDITY (PERCENT)
 HIGHEST    26           700 AM
 LOWEST     11           200 PM
 AVERAGE    19

..........................................................


THE PHOENIX AZ CLIMATE NORMALS FOR TOMORROW
                         NORMAL    RECORD    YEAR
 MAXIMUM TEMPERATURE (F)   88       102      2009
 MINIMUM TEMPERATURE (F)   64        42      1938


SUNRISE AND SUNSET
OCTOBER 16 2017.......SUNRISE   634 AM MST   SUNSET   553 PM MST
OCTOBER 17 2017.......SUNRISE   634 AM MST   SUNSET   552 PM MST


-  INDICATES NEGATIVE NUMBERS.
R  INDICATES RECORD WAS SET OR TIED.
MM INDICATES DATA IS MISSING.
T  INDICATES TRACE AMOUNT.

$$
