000
CDUS45 KPSR 310013 RRA
CLIPHX

CLIMATE REPORT
NATIONAL WEATHER SERVICE PHOENIX AZ
511 PM MST MON MAY 30 2016


...................................

...THE PHOENIX AZ CLIMATE SUMMARY FOR MAY 30 2016...
VALID TODAY AS OF 0500 PM LOCAL TIME.

CLIMATE NORMAL PERIOD 1981 TO 2010
CLIMATE RECORD PERIOD 1895 TO 2016


WEATHER ITEM   OBSERVED TIME   RECORD YEAR NORMAL DEPARTURE LAST
                VALUE   (LST)  VALUE       VALUE  FROM      YEAR
                                                  NORMAL
..................................................................
TEMPERATURE (F)
 TODAY
  MAXIMUM         95    141 PM 114    1910  99     -4      105
  MINIMUM         70    608 AM  51    1918  73     -3       74
  AVERAGE         83                        86     -3       90

PRECIPITATION (IN)
  TODAY            0.00          0.01 1924   0.01  -0.01     0.00
  MONTH TO DATE    0.05                      0.11  -0.06     1.17
  SINCE OCT 1      3.04                      5.32  -2.28     3.54
  SINCE JAN 1      1.87                      3.21  -1.34     2.50

SNOWFALL (IN)
  TODAY            0.0
  MONTH TO DATE    0.0
  SINCE JAN 1      0.0
  SINCE JUL 1      0.0
  SNOW DEPTH       0

DEGREE DAYS
 HEATING
  TODAY            0                         0      0        0
  MONTH TO DATE    0                         0      0        0
  SINCE MAR 1     16                       101    -85       25
  SINCE JUL 1    829                       934   -105      520

 COOLING
  TODAY           18                        21     -3       25
  MONTH TO DATE  450                       510    -60      407
  SINCE MAR 1    875                       848     27      949
  SINCE JAN 1    988                       865    123      997
..................................................................


WIND (MPH)
  HIGHEST WIND SPEED    14   HIGHEST WIND DIRECTION     W (270)
  HIGHEST GUST SPEED    20   HIGHEST GUST DIRECTION    SW (220)
  AVERAGE WIND SPEED     4.3


SKY COVER
  AVERAGE SKY COVER 0.1


WEATHER CONDITIONS
 THE FOLLOWING WEATHER WAS RECORDED TODAY.
  NO SIGNIFICANT WEATHER WAS OBSERVED.


RELATIVE HUMIDITY (PERCENT)
 HIGHEST    20           400 AM
 LOWEST      5           200 PM
 AVERAGE    13

..........................................................


THE PHOENIX AZ CLIMATE NORMALS FOR TOMORROW
                         NORMAL    RECORD    YEAR
 MAXIMUM TEMPERATURE (F)  100       109      2012
                                             2001
 MINIMUM TEMPERATURE (F)   73        54      1918


SUNRISE AND SUNSET
MAY 30 2016...........SUNRISE   520 AM MST   SUNSET   732 PM MST
MAY 31 2016...........SUNRISE   519 AM MST   SUNSET   733 PM MST


-  INDICATES NEGATIVE NUMBERS.
R  INDICATES RECORD WAS SET OR TIED.
MM INDICATES DATA IS MISSING.
T  INDICATES TRACE AMOUNT.

$$
