000
CDUS45 KPSR 280858
CLIPHX

CLIMATE REPORT
NATIONAL WEATHER SERVICE PHOENIX AZ
155 AM MST MON JUL 28 2014


...................................

...THE PHOENIX AZ CLIMATE SUMMARY FOR JULY 27 2014...

CLIMATE NORMAL PERIOD 1981 TO 2010
CLIMATE RECORD PERIOD 1895 TO 2014


WEATHER ITEM   OBSERVED TIME   RECORD YEAR NORMAL DEPARTURE LAST
                VALUE   (LST)  VALUE       VALUE  FROM      YEAR
                                                  NORMAL
..................................................................
TEMPERATURE (F)
 YESTERDAY
  MAXIMUM        104    336 PM 118    1995 105     -1      105
  MINIMUM         83    752 AM  65    1913  84     -1       84
  AVERAGE         94                        95     -1       95

PRECIPITATION (IN)
  YESTERDAY        T             1.23 1936   0.04  -0.04     0.00
  MONTH TO DATE    0.06                      0.88  -0.82     1.77
  SINCE OCT 1      3.87                      6.22  -2.35     5.30
  SINCE JAN 1      1.05                      4.11  -3.06     4.38

SNOWFALL (IN)
  YESTERDAY        0.0
  MONTH TO DATE    0.0
  SINCE JAN 1      0.0
  SINCE JUL 1      0.0
  SNOW DEPTH       0

DEGREE DAYS
 HEATING
  YESTERDAY        0                         0      0        0
  MONTH TO DATE    0                         0      0        0
  SINCE JUN 1      0                         0      0        0
  SINCE JUL 1      0                         0      0        0

 COOLING
  YESTERDAY       29                        30     -1       30
  MONTH TO DATE  847                       807     40      828
  SINCE JUN 1   1702                      1581    121     1730
  SINCE JAN 1   2777                      2467    310     2828
..................................................................


WIND (MPH)
  HIGHEST WIND SPEED    26   HIGHEST WIND DIRECTION    SE (130)
  HIGHEST GUST SPEED    32   HIGHEST GUST DIRECTION    SE (130)
  AVERAGE WIND SPEED    10.7


SKY COVER
  AVERAGE SKY COVER 0.7


WEATHER CONDITIONS
 THE FOLLOWING WEATHER WAS RECORDED YESTERDAY.
  THUNDERSTORM
  LIGHT RAIN
  HAZE
  SANDSTORM


RELATIVE HUMIDITY (PERCENT)
 HIGHEST    51           800 AM
 LOWEST     20           400 PM
 AVERAGE    36

..........................................................


THE PHOENIX AZ CLIMATE NORMALS FOR TODAY
                         NORMAL    RECORD    YEAR
 MAXIMUM TEMPERATURE (F)  105       121      1995
 MINIMUM TEMPERATURE (F)   84        66      1913


SUNRISE AND SUNSET
JULY 28 2014..........SUNRISE   538 AM MST   SUNSET   731 PM MST
JULY 29 2014..........SUNRISE   539 AM MST   SUNSET   730 PM MST


-  INDICATES NEGATIVE NUMBERS.
R  INDICATES RECORD WAS SET OR TIED.
MM INDICATES DATA IS MISSING.
T  INDICATES TRACE AMOUNT.

&&
.....................................................................

DEW POINT
  HIGHEST DEW POINT    67
   LOWEST DEW POINT    53
  AVERAGE DEW POINT    59
.....................................................................

$$
