000
CDUS45 KPSR 050848
CLIPHX

CLIMATE REPORT
NATIONAL WEATHER SERVICE PHOENIX AZ
147 AM MST THU MAR 5 2015


...................................

...THE PHOENIX AZ CLIMATE SUMMARY FOR MARCH 4 2015...

CLIMATE NORMAL PERIOD 1981 TO 2010
CLIMATE RECORD PERIOD 1895 TO 2015


WEATHER ITEM   OBSERVED TIME   RECORD YEAR NORMAL DEPARTURE LAST
                VALUE   (LST)  VALUE       VALUE  FROM      YEAR
                                                  NORMAL
..................................................................
TEMPERATURE (F)
 YESTERDAY
  MAXIMUM         70    352 PM  88    1972  74     -4       76
                                      1925
                                      1910
  MINIMUM         47    728 AM  25    1966  52     -5       58
  AVERAGE         59                        63     -4       67

PRECIPITATION (IN)
  YESTERDAY        0.00          1.16 1941   0.04  -0.04     0.00
  MONTH TO DATE    0.30                      0.16   0.14     0.99
  SINCE OCT 1      2.16                      4.10  -1.94     3.81
  SINCE JAN 1      1.12                      1.99  -0.87     0.99

SNOWFALL (IN)
  YESTERDAY        0.0
  MONTH TO DATE    0.0
  SINCE JAN 1      0.0
  SINCE JUL 1      0.0
  SNOW DEPTH       0

DEGREE DAYS
 HEATING
  YESTERDAY        6                         4      2        0
  MONTH TO DATE   21                        16      5        7
  SINCE MAR 1     21                        16      5        7
  SINCE JUL 1    516                       849   -333      541

 COOLING
  YESTERDAY        0                         1     -1        2
  MONTH TO DATE    4                         4      0        2
  SINCE MAR 1      4                         4      0        2
  SINCE JAN 1     52                        21     31       64
..................................................................


WIND (MPH)
  HIGHEST WIND SPEED    15   HIGHEST WIND DIRECTION     W (270)
  HIGHEST GUST SPEED    20   HIGHEST GUST DIRECTION     W (280)
  AVERAGE WIND SPEED     6.1


SKY COVER
  AVERAGE SKY COVER 0.1


WEATHER CONDITIONS
 THE FOLLOWING WEATHER WAS RECORDED YESTERDAY.
  NO SIGNIFICANT WEATHER WAS OBSERVED.


RELATIVE HUMIDITY (PERCENT)
 HIGHEST    86           300 AM
 LOWEST     22           200 PM
 AVERAGE    54

..........................................................


THE PHOENIX AZ CLIMATE NORMALS FOR TODAY
                         NORMAL    RECORD    YEAR
 MAXIMUM TEMPERATURE (F)   74        93      1972
 MINIMUM TEMPERATURE (F)   52        31      1966


SUNRISE AND SUNSET
MARCH  5 2015.........SUNRISE   652 AM MST   SUNSET   628 PM MST
MARCH  6 2015.........SUNRISE   650 AM MST   SUNSET   629 PM MST


-  INDICATES NEGATIVE NUMBERS.
R  INDICATES RECORD WAS SET OR TIED.
MM INDICATES DATA IS MISSING.
T  INDICATES TRACE AMOUNT.

&&

$$
