000
CDUS45 KPSR 220010
CLIPHX

CLIMATE REPORT
NATIONAL WEATHER SERVICE PHOENIX AZ
510 PM MST TUE OCT 21 2014


...................................

...THE PHOENIX AZ CLIMATE SUMMARY FOR OCTOBER 21 2014...
VALID TODAY AS OF 0500 PM LOCAL TIME.

CLIMATE NORMAL PERIOD 1981 TO 2010
CLIMATE RECORD PERIOD 1895 TO 2014


WEATHER ITEM   OBSERVED TIME   RECORD YEAR NORMAL DEPARTURE LAST
                VALUE   (LST)  VALUE       VALUE  FROM      YEAR
                                                  NORMAL
..................................................................
TEMPERATURE (F)
 TODAY
  MAXIMUM         91    147 PM 103    2003  87      4       88
  MINIMUM         69    632 AM  39    1949  63      6       59
  AVERAGE         80                        75      5       74

PRECIPITATION (IN)
  TODAY            0.00          0.40 2000   0.02  -0.02     0.00
  MONTH TO DATE    0.13                      0.40  -0.27      T
  SINCE OCT 1      0.13                      0.40  -0.27      T
  SINCE JAN 1      7.46                      6.32   1.14     5.60

SNOWFALL (IN)
  TODAY            0.0
  MONTH TO DATE    0.0
  SINCE JAN 1      0.0
  SINCE JUL 1      0.0
  SNOW DEPTH       0

DEGREE DAYS
 HEATING
  TODAY            0                         0      0        0
  MONTH TO DATE    0                         0      0        1
  SINCE SEP 1      0                         0      0        1
  SINCE JUL 1      0                         0      0        1

 COOLING
  TODAY           15                        10      5        9
  MONTH TO DATE  320                       288     32      214
  SINCE SEP 1   1048                       988     60      933
  SINCE JAN 1   4793                      4457    336     4821
..................................................................


WIND (MPH)
  HIGHEST WIND SPEED    12   HIGHEST WIND DIRECTION     E (110)
  HIGHEST GUST SPEED    15   HIGHEST GUST DIRECTION     E (100)
  AVERAGE WIND SPEED     6.1


SKY COVER
  AVERAGE SKY COVER 0.3


WEATHER CONDITIONS
 THE FOLLOWING WEATHER WAS RECORDED TODAY.
  NO SIGNIFICANT WEATHER WAS OBSERVED.


RELATIVE HUMIDITY (PERCENT)
 HIGHEST    53          1200 AM
 LOWEST     24           400 PM
 AVERAGE    39

..........................................................


THE PHOENIX AZ CLIMATE NORMALS FOR TOMORROW
                         NORMAL    RECORD    YEAR
 MAXIMUM TEMPERATURE (F)   86       102      2003
 MINIMUM TEMPERATURE (F)   62        37      1906


SUNRISE AND SUNSET
OCTOBER 21 2014.......SUNRISE   637 AM MST   SUNSET   547 PM MST
OCTOBER 22 2014.......SUNRISE   638 AM MST   SUNSET   546 PM MST


-  INDICATES NEGATIVE NUMBERS.
R  INDICATES RECORD WAS SET OR TIED.
MM INDICATES DATA IS MISSING.
T  INDICATES TRACE AMOUNT.

$$
