000
CDUS45 KPSR 040823
CLIPHX

CDUS45 KPSR DDHHMM
CLIPHX

CLIMATE REPORT
NATIONAL WEATHER SERVICE PHOENIX AZ
120 AM MST SAT JUL 4 2015


...................................

...THE PHOENIX AZ CLIMATE SUMMARY FOR JULY 3 2015...

CLIMATE NORMAL PERIOD 1981 TO 2010
CLIMATE RECORD PERIOD 1895 TO 2015


WEATHER ITEM   OBSERVED TIME   RECORD YEAR NORMAL DEPARTURE LAST
                VALUE   (LST)  VALUE       VALUE  FROM      YEAR
                                                  NORMAL
..................................................................
TEMPERATURE (F)
 YESTERDAY
  MAXIMUM        100    526 PM 117    1907 107     -7      108
  MINIMUM         82    714 AM  64    1916  82      0       79
  AVERAGE         91                        94     -3       94

PRECIPITATION (IN)
  YESTERDAY        0.08          0.22 1927   0.02   0.06      T
  MONTH TO DATE    0.08                      0.05   0.03      T
  SINCE OCT 1      3.87                      5.39  -1.52     3.81
  SINCE JAN 1      2.83                      3.28  -0.45     0.99

SNOWFALL (IN)
  YESTERDAY        0.0
  MONTH TO DATE    0.0
  SINCE JAN 1      0.0
  SINCE JUL 1      0.0
  SNOW DEPTH       0

DEGREE DAYS
 HEATING
  YESTERDAY        0                         0      0        0
  MONTH TO DATE    0                         0      0        0
  SINCE JUN 1      0                         0      0        0
  SINCE JUL 1      0                         0      0        0

 COOLING
  YESTERDAY       26                        29     -3       29
  MONTH TO DATE   88                        87      1       95
  SINCE JUN 1    964                       861    103      950
  SINCE JAN 1   1989                      1747    242     2025
..................................................................


WIND (MPH)
  HIGHEST WIND SPEED    22   HIGHEST WIND DIRECTION     N (10)
  HIGHEST GUST SPEED    27   HIGHEST GUST DIRECTION    SE (120)
  AVERAGE WIND SPEED     7.3


SKY COVER
  AVERAGE SKY COVER 0.8


WEATHER CONDITIONS
 THE FOLLOWING WEATHER WAS RECORDED YESTERDAY.
  THUNDERSTORM
  LIGHT RAIN


RELATIVE HUMIDITY (PERCENT)
 HIGHEST    55           800 AM
 LOWEST     24           500 PM
 AVERAGE    40

..........................................................


THE PHOENIX AZ CLIMATE NORMALS FOR TODAY
                         NORMAL    RECORD    YEAR
 MAXIMUM TEMPERATURE (F)  107       118      1989
 MINIMUM TEMPERATURE (F)   83        63      1912


SUNRISE AND SUNSET
JULY  4 2015..........SUNRISE   523 AM MST   SUNSET   742 PM MST
JULY  5 2015..........SUNRISE   524 AM MST   SUNSET   741 PM MST


-  INDICATES NEGATIVE NUMBERS.
R  INDICATES RECORD WAS SET OR TIED.
MM INDICATES DATA IS MISSING.
T  INDICATES TRACE AMOUNT.

&&
.....................................................................

DEW POINT
  HIGHEST DEW POINT    69
   LOWEST DEW POINT    55
  AVERAGE DEW POINT    61
.....................................................................

$$
