000
CDUS43 KILX 310630
CLIPIA


CLIMATE REPORT
NATIONAL WEATHER SERVICE LINCOLN IL
129 AM CDT WED AUG 31 2016


...................................

...THE PEORIA IL CLIMATE SUMMARY FOR AUGUST 30 2016...

CLIMATE NORMAL PERIOD 1981 TO 2010
CLIMATE RECORD PERIOD 1883 TO 2016


WEATHER ITEM   OBSERVED TIME   RECORD YEAR NORMAL DEPARTURE LAST
                VALUE   (LST)  VALUE       VALUE  FROM      YEAR
                                                  NORMAL
..................................................................
TEMPERATURE (F)
 YESTERDAY
  MAXIMUM         82    459 PM  99    2013  82      0       85
  MINIMUM         70    823 AM  44    1915  62      8       68
  AVERAGE         76                        72      4       77

PRECIPITATION (IN)
  YESTERDAY        0.76          2.62 1965   0.11   0.65     0.00
  MONTH TO DATE    7.45                      3.13   4.32     2.03
  SINCE JUN 1     15.90                     10.51   5.39    19.47
  SINCE JAN 1     25.01                     24.84   0.17    32.24

SNOWFALL (IN)
  YESTERDAY        0.0           0.0    MM   0.0    0.0      0.0
  MONTH TO DATE    0.0                       0.0    0.0      0.0
  SINCE JUN 1      0.0                       0.0    0.0      0.0
  SINCE JUL 1      0.0                       0.0    0.0      0.0
  SNOW DEPTH       0

DEGREE DAYS
 HEATING
  YESTERDAY        0                         0      0        0
  MONTH TO DATE    0                         0      0        0
  SINCE JUN 1      4                        19    -15       12
  SINCE JUL 1      4                         1      3        5

 COOLING
  YESTERDAY       11                         7      4       12
  MONTH TO DATE  352                       270     82      288
  SINCE JUN 1   1043                       820    223      944
  SINCE JAN 1   1149                       901    248     1098
..................................................................


WIND (MPH)
  HIGHEST WIND SPEED    14   HIGHEST WIND DIRECTION    SW (220)
  HIGHEST GUST SPEED    17   HIGHEST GUST DIRECTION    SW (220)
  AVERAGE WIND SPEED     5.2


SKY COVER
  POSSIBLE SUNSHINE  MM
  AVERAGE SKY COVER 0.3


WEATHER CONDITIONS
 THE FOLLOWING WEATHER WAS RECORDED YESTERDAY.
  THUNDERSTORM
  HEAVY RAIN
  RAIN
  LIGHT RAIN
  FOG


RELATIVE HUMIDITY (PERCENT)
 HIGHEST   100          1200 AM
 LOWEST     79          1200 PM
 AVERAGE    90

..........................................................


THE PEORIA IL CLIMATE NORMALS FOR TODAY
                         NORMAL    RECORD    YEAR
 MAXIMUM TEMPERATURE (F)   82        96      2000
                                             1953
                                             1943
 MINIMUM TEMPERATURE (F)   61        41      1915


SUNRISE AND SUNSET
AUGUST 31 2016........SUNRISE   625 AM CDT   SUNSET   732 PM CDT
SEPTEMBER  1 2016.....SUNRISE   626 AM CDT   SUNSET   730 PM CDT


-  INDICATES NEGATIVE NUMBERS.
R  INDICATES RECORD WAS SET OR TIED.
MM INDICATES DATA IS MISSING.
T  INDICATES TRACE AMOUNT.




$$
