000
CDUS43 KILX 182244
CLIPIA


CLIMATE REPORT
NATIONAL WEATHER SERVICE LINCOLN IL
433 PM CST THU JAN 18 2018


...................................

...THE PEORIA IL CLIMATE SUMMARY FOR JANUARY 18 2018...
VALID TODAY AS OF 0400 PM LOCAL TIME.

CLIMATE NORMAL PERIOD 1981 TO 2010
CLIMATE RECORD PERIOD 1883 TO 2018


WEATHER ITEM   OBSERVED TIME   RECORD YEAR NORMAL DEPARTURE LAST
                VALUE   (LST)  VALUE       VALUE  FROM      YEAR
                                                  NORMAL
..................................................................
TEMPERATURE (F)
 TODAY
  MAXIMUM         37    359 PM  59    1951  33      4       40
                                      1933
  MINIMUM         14    751 AM -19    1930  17     -3       31
  AVERAGE         26                        25      1       36

PRECIPITATION (IN)
  TODAY            0.00          1.01 1949   0.05  -0.05     0.00
  MONTH TO DATE    0.56                      1.10  -0.54     1.45
  SINCE DEC 1      1.36                      3.52  -2.16     2.67
  SINCE JAN 1      0.56                      1.10  -0.54     1.45

SNOWFALL (IN)
  TODAY            0.0           9.0  1918   0.2   -0.2      0.0
  MONTH TO DATE    3.4                       4.0   -0.6      0.4
  SINCE DEC 1     10.8                      11.1   -0.3      5.9
  SINCE JUL 1     10.8                      12.2   -1.4      5.9
  SNOW DEPTH       2

DEGREE DAYS
 HEATING
  TODAY           39                        40     -1       29
  MONTH TO DATE  907                       720    187      690
  SINCE DEC 1   2034                      1850    184     1818
  SINCE JUL 1   3021                      2998     23     2556

 COOLING
  TODAY            0                         0      0        0
  MONTH TO DATE    0                         0      0        0
  SINCE DEC 1      0                         0      0        0
  SINCE JAN 1      0                         0      0        0
..................................................................


WIND (MPH)
  HIGHEST WIND SPEED    23   HIGHEST WIND DIRECTION    SW (220)
  HIGHEST GUST SPEED    30   HIGHEST GUST DIRECTION    SW (220)
  AVERAGE WIND SPEED    14.1


SKY COVER
  POSSIBLE SUNSHINE  MM
  AVERAGE SKY COVER 0.0


WEATHER CONDITIONS
 THE FOLLOWING WEATHER WAS RECORDED TODAY.
  NO SIGNIFICANT WEATHER WAS OBSERVED.


RELATIVE HUMIDITY (PERCENT)
 HIGHEST    80           700 AM
 LOWEST     47           200 PM
 AVERAGE    64

..........................................................


THE PEORIA IL CLIMATE NORMALS FOR TOMORROW
                         NORMAL    RECORD    YEAR
 MAXIMUM TEMPERATURE (F)   33        63      1952
 MINIMUM TEMPERATURE (F)   17       -21      1994


SUNRISE AND SUNSET
JANUARY 18 2018.......SUNRISE   719 AM CST   SUNSET   500 PM CST
JANUARY 19 2018.......SUNRISE   719 AM CST   SUNSET   501 PM CST


-  INDICATES NEGATIVE NUMBERS.
R  INDICATES RECORD WAS SET OR TIED.
MM INDICATES DATA IS MISSING.
T  INDICATES TRACE AMOUNT.




$$
