000
CDUS43 KILX 160658
CLIPIA


CLIMATE REPORT
NATIONAL WEATHER SERVICE LINCOLN IL
1256 AM CST MON JAN 16 2017


...................................

...THE PEORIA IL CLIMATE SUMMARY FOR JANUARY 15 2017...

CLIMATE NORMAL PERIOD 1981 TO 2010
CLIMATE RECORD PERIOD 1883 TO 2017


WEATHER ITEM   OBSERVED TIME   RECORD YEAR NORMAL DEPARTURE LAST
                VALUE   (LST)  VALUE       VALUE  FROM      YEAR
                                                  NORMAL
..................................................................
TEMPERATURE (F)
 YESTERDAY
  MAXIMUM         35    239 PM  63    1949  33      2       44
  MINIMUM         26    106 AM -22    1979  17      9       26
  AVERAGE         31                        25      6       35

PRECIPITATION (IN)
  YESTERDAY        0.01          0.65 1885   0.06  -0.05      T
  MONTH TO DATE    0.58                      0.93  -0.35     0.53
  SINCE DEC 1      1.80                      3.35  -1.55     6.84
  SINCE JAN 1      0.58                      0.93  -0.35     0.53

SNOWFALL (IN)
  YESTERDAY        0.0           3.9  1992   0.2   -0.2       T
  MONTH TO DATE    0.4                       3.4   -3.0      3.2
  SINCE DEC 1      5.9                      10.5   -4.6      5.7
  SINCE JUL 1      5.9                      11.6   -5.7     10.3
  SNOW DEPTH       0

DEGREE DAYS
 HEATING
  YESTERDAY       34                        40     -6       30
  MONTH TO DATE  614                       600     14      558
  SINCE DEC 1   1742                      1730     12     1289
  SINCE JUL 1   2480                      2878   -398     2046

 COOLING
  YESTERDAY        0                         0      0        0
  MONTH TO DATE    0                         0      0        0
  SINCE DEC 1      0                         0      0        0
  SINCE JAN 1      0                         0      0        0
..................................................................


WIND (MPH)
  HIGHEST WIND SPEED     7   HIGHEST WIND DIRECTION     E (100)
  HIGHEST GUST SPEED     9   HIGHEST GUST DIRECTION     E (80)
  AVERAGE WIND SPEED     2.3


SKY COVER
  POSSIBLE SUNSHINE  MM
  AVERAGE SKY COVER 0.8


WEATHER CONDITIONS
 THE FOLLOWING WEATHER WAS RECORDED YESTERDAY.
  LIGHT RAIN
  FOG
  HAZE


RELATIVE HUMIDITY (PERCENT)
 HIGHEST    92          1200 AM
 LOWEST     69           300 PM
 AVERAGE    81

..........................................................


THE PEORIA IL CLIMATE NORMALS FOR TODAY
                         NORMAL    RECORD    YEAR
 MAXIMUM TEMPERATURE (F)   33        62      1990
 MINIMUM TEMPERATURE (F)   17       -21      2009


SUNRISE AND SUNSET
JANUARY 16 2017.......SUNRISE   720 AM CST   SUNSET   458 PM CST
JANUARY 17 2017.......SUNRISE   719 AM CST   SUNSET   459 PM CST


-  INDICATES NEGATIVE NUMBERS.
R  INDICATES RECORD WAS SET OR TIED.
MM INDICATES DATA IS MISSING.
T  INDICATES TRACE AMOUNT.




$$
