000
CDUS43 KILX 280640
CLIPIA


CLIMATE REPORT
NATIONAL WEATHER SERVICE LINCOLN IL
140 AM CDT WED JUN 28 2017


...................................

...THE PEORIA IL CLIMATE SUMMARY FOR JUNE 27 2017...

CLIMATE NORMAL PERIOD 1981 TO 2010
CLIMATE RECORD PERIOD 1883 TO 2017


WEATHER ITEM   OBSERVED TIME   RECORD YEAR NORMAL DEPARTURE LAST
                VALUE   (LST)  VALUE       VALUE  FROM      YEAR
                                                  NORMAL
..................................................................
TEMPERATURE (F)
 YESTERDAY
  MAXIMUM         77    359 PM 104    1934  85     -8       91
  MINIMUM         49    458 AM  47    1905  65    -16       66
  AVERAGE         63                        75    -12       79

PRECIPITATION (IN)
  YESTERDAY        0.00          1.63 1985   0.12  -0.12     0.00
  MONTH TO DATE    1.61                      3.18  -1.57     3.13
  SINCE JUN 1      1.61                      3.18  -1.57     3.13
  SINCE JAN 1     20.10                     17.51   2.59    12.24

SNOWFALL (IN)
  YESTERDAY        0.0           0.0    MM   0.0    0.0      0.0
  MONTH TO DATE    0.0                       0.0    0.0      0.0
  SINCE JUN 1      0.0                       0.0    0.0      0.0
  SINCE JUL 1     13.9                      24.6  -10.7     15.3
  SNOW DEPTH       0

DEGREE DAYS
 HEATING
  YESTERDAY        2                         0      2        0
  MONTH TO DATE    6                        17    -11        0
  SINCE JUN 1      6                        17    -11        0
  SINCE JUL 1   4707                      5830  -1123     4641

 COOLING
  YESTERDAY        0                        10    -10       14
  MONTH TO DATE  230                       192     38      318
  SINCE JUN 1    230                       192     38      318
  SINCE JAN 1    311                       273     38      424
..................................................................


WIND (MPH)
  HIGHEST WIND SPEED    13   HIGHEST WIND DIRECTION     S (190)
  HIGHEST GUST SPEED    17   HIGHEST GUST DIRECTION    SW (210)
  AVERAGE WIND SPEED     3.4


SKY COVER
  POSSIBLE SUNSHINE  MM
  AVERAGE SKY COVER 0.0


WEATHER CONDITIONS
 THE FOLLOWING WEATHER WAS RECORDED YESTERDAY.
  NO SIGNIFICANT WEATHER WAS OBSERVED.


RELATIVE HUMIDITY (PERCENT)
 HIGHEST   100           100 AM
 LOWEST     29           200 PM
 AVERAGE    65

..........................................................


THE PEORIA IL CLIMATE NORMALS FOR TODAY
                         NORMAL    RECORD    YEAR
 MAXIMUM TEMPERATURE (F)   85       104      1934
 MINIMUM TEMPERATURE (F)   65        49      1968


SUNRISE AND SUNSET
JUNE 28 2017..........SUNRISE   530 AM CDT   SUNSET   834 PM CDT
JUNE 29 2017..........SUNRISE   531 AM CDT   SUNSET   834 PM CDT


-  INDICATES NEGATIVE NUMBERS.
R  INDICATES RECORD WAS SET OR TIED.
MM INDICATES DATA IS MISSING.
T  INDICATES TRACE AMOUNT.




$$
