000
CDUS43 KILX 130658
CLIPIA


CLIMATE REPORT
NATIONAL WEATHER SERVICE LINCOLN IL
1246 AM CST SAT FEB 13 2016


...................................

...THE PEORIA IL CLIMATE SUMMARY FOR FEBRUARY 12 2016...

CLIMATE NORMAL PERIOD 1981 TO 2010
CLIMATE RECORD PERIOD 1883 TO 2016


WEATHER ITEM   OBSERVED TIME   RECORD YEAR NORMAL DEPARTURE LAST
                VALUE   (LST)  VALUE       VALUE  FROM      YEAR
                                                  NORMAL
..................................................................
TEMPERATURE (F)
 YESTERDAY
  MAXIMUM         29    110 PM  69    1938  37     -8       21
  MINIMUM         10   1159 PM -16    1905  20    -10       11
  AVERAGE         20                        28     -8       16

PRECIPITATION (IN)
  YESTERDAY        T             1.08 1884   0.07  -0.07      T
  MONTH TO DATE    0.41                      0.68  -0.27     1.24
  SINCE DEC 1      7.48                      4.88   2.60     4.69
  SINCE JAN 1      1.17                      2.46  -1.29     3.46

SNOWFALL (IN)
  YESTERDAY        T             8.0  1896   0.3   -0.3       T
  MONTH TO DATE    0.7                       2.9   -2.2      9.3
  SINCE DEC 1      8.4                      16.9   -8.5     19.5
  SINCE JUL 1     13.0                      18.0   -5.0     20.8
  SNOW DEPTH       0

DEGREE DAYS
 HEATING
  YESTERDAY       45                        37      8       49
  MONTH TO DATE  444                       456    -12      495
  SINCE DEC 1   2357                      2829   -472     2669
  SINCE JUL 1   3114                      3977   -863     3910

 COOLING
  YESTERDAY        0                         0      0        0
  MONTH TO DATE    0                         0      0        0
  SINCE DEC 1      0                         0      0        0
  SINCE JAN 1      0                         0      0        0
..................................................................


WIND (MPH)
  HIGHEST WIND SPEED    23   HIGHEST WIND DIRECTION    NW (310)
  HIGHEST GUST SPEED    35   HIGHEST GUST DIRECTION    NW (300)
  AVERAGE WIND SPEED    10.1


SKY COVER
  POSSIBLE SUNSHINE  MM
  AVERAGE SKY COVER 0.6


WEATHER CONDITIONS
 THE FOLLOWING WEATHER WAS RECORDED YESTERDAY.
  LIGHT SNOW


RELATIVE HUMIDITY (PERCENT)
 HIGHEST    84           600 AM
 LOWEST     34           500 PM
 AVERAGE    59

..........................................................


THE PEORIA IL CLIMATE NORMALS FOR TODAY
                         NORMAL    RECORD    YEAR
 MAXIMUM TEMPERATURE (F)   37        65      1938
                                             1921
 MINIMUM TEMPERATURE (F)   21       -26      1905


SUNRISE AND SUNSET
FEBRUARY 13 2016......SUNRISE   656 AM CST   SUNSET   531 PM CST
FEBRUARY 14 2016......SUNRISE   654 AM CST   SUNSET   532 PM CST


-  INDICATES NEGATIVE NUMBERS.
R  INDICATES RECORD WAS SET OR TIED.
MM INDICATES DATA IS MISSING.
T  INDICATES TRACE AMOUNT.




$$
