549
CDUS43 KILX 230723
CLIPIA


CLIMATE REPORT
NATIONAL WEATHER SERVICE LINCOLN IL
150 AM CDT MON OCT 23 2017


...................................

...THE PEORIA IL CLIMATE SUMMARY FOR OCTOBER 22 2017...

CLIMATE NORMAL PERIOD 1981 TO 2010
CLIMATE RECORD PERIOD 1883 TO 2017


WEATHER ITEM   OBSERVED TIME   RECORD YEAR NORMAL DEPARTURE LAST
                VALUE   (LST)  VALUE       VALUE  FROM      YEAR
                                                  NORMAL
..................................................................
TEMPERATURE (F)
 YESTERDAY
  MAXIMUM         71   1234 AM  84    1927  62      9       65
  MINIMUM         51   1159 PM  22    1976  42      9       37
  AVERAGE         61                        52      9       51

PRECIPITATION (IN)
  YESTERDAY        0.54          1.89 2009   0.10   0.44     0.00
  MONTH TO DATE    5.09                      1.96   3.13     3.68
  SINCE SEP 1      5.63                      5.11   0.52     7.75
  SINCE JAN 1     31.36                     30.06   1.30    32.76

SNOWFALL (IN)
  YESTERDAY        0.0           T    1989   0.0    0.0      0.0
                                      1937
                                      1936
  MONTH TO DATE    0.0                       0.0    0.0      0.0
  SINCE SEP 1      0.0                       0.0    0.0      0.0
  SINCE JUL 1      0.0                       0.0    0.0      0.0
  SNOW DEPTH       0

DEGREE DAYS
 HEATING
  YESTERDAY        4                        13     -9       14
  MONTH TO DATE   61                       223   -162      119
  SINCE SEP 1     94                       307   -213      138
  SINCE JUL 1     94                       313   -219      142

 COOLING
  YESTERDAY        0                         0      0        0
  MONTH TO DATE   48                        12     36       44
  SINCE SEP 1    231                       129    102      256
  SINCE JAN 1   1157                      1036    121     1413
..................................................................


WIND (MPH)
  HIGHEST WIND SPEED    22   HIGHEST WIND DIRECTION     S (170)
  HIGHEST GUST SPEED    32   HIGHEST GUST DIRECTION    NW (330)
  AVERAGE WIND SPEED     8.2


SKY COVER
  POSSIBLE SUNSHINE  MM
  AVERAGE SKY COVER 0.9


WEATHER CONDITIONS
 THE FOLLOWING WEATHER WAS RECORDED YESTERDAY.
  THUNDERSTORM
  RAIN
  LIGHT RAIN
  FOG


RELATIVE HUMIDITY (PERCENT)
 HIGHEST   100          1100 AM
 LOWEST     70          1200 AM
 AVERAGE    85

..........................................................


THE PEORIA IL CLIMATE NORMALS FOR TODAY
                         NORMAL    RECORD    YEAR
 MAXIMUM TEMPERATURE (F)   62        84      1899
 MINIMUM TEMPERATURE (F)   42        23      1981


SUNRISE AND SUNSET
OCTOBER 23 2017.......SUNRISE   719 AM CDT   SUNSET   606 PM CDT
OCTOBER 24 2017.......SUNRISE   720 AM CDT   SUNSET   605 PM CDT


-  INDICATES NEGATIVE NUMBERS.
R  INDICATES RECORD WAS SET OR TIED.
MM INDICATES DATA IS MISSING.
T  INDICATES TRACE AMOUNT.




$$
