000
CDUS45 KPIH 250740
CLIPIH


CLIMATE REPORT
NATIONAL WEATHER SERVICE POCATELLO ID
138 AM MDT MON JUL 25 2016


...................................

...THE POCATELLO ID CLIMATE SUMMARY FOR JULY 24 2016...

CLIMATE NORMAL PERIOD 1981 TO 2010
CLIMATE RECORD PERIOD 1939 TO 2016


WEATHER ITEM   OBSERVED TIME   RECORD YEAR NORMAL DEPARTURE LAST
                VALUE   (LST)  VALUE       VALUE  FROM      YEAR
                                                  NORMAL
..................................................................
TEMPERATURE (F)
 YESTERDAY
  MAXIMUM         90    437 PM 100    2003  90      0       84
  MINIMUM         54    539 AM  44    2010  53      1       55
                                      1970
  AVERAGE         72                        71      1       70

PRECIPITATION (IN)
  YESTERDAY        0.00          0.36 1982   0.02  -0.02     0.31
  MONTH TO DATE    0.14                      0.49  -0.35     1.19
  SINCE OCT 1     10.90                     10.53   0.37     8.49
  SINCE JAN 1      7.33                      7.31   0.02     6.10

SNOWFALL (IN)
  YESTERDAY        0.0
  MONTH TO DATE    0.0
  SINCE JUN 1      0.0
  SINCE JUL 1      0.0
  SNOW DEPTH       0

DEGREE DAYS
 HEATING
  YESTERDAY        0                         0      0        0
  MONTH TO DATE   17                        17      0        2
  SINCE JUN 1     60                       148    -88       30
  SINCE JUL 1     17                        17      0        2

 COOLING
  YESTERDAY        7                         6      1        5
  MONTH TO DATE  125                       124      1      145
  SINCE JUN 1    215                       170     45      280
  SINCE JAN 1    215                       175     40      284
..................................................................


WIND (MPH)
  HIGHEST WIND SPEED    15   HIGHEST WIND DIRECTION    SW (210)
  HIGHEST GUST SPEED    22   HIGHEST GUST DIRECTION     W (270)
  AVERAGE WIND SPEED     7.1


SKY COVER
  POSSIBLE SUNSHINE  MM
  AVERAGE SKY COVER 0.0


WEATHER CONDITIONS
 THE FOLLOWING WEATHER WAS RECORDED YESTERDAY.
  NO SIGNIFICANT WEATHER WAS OBSERVED.


RELATIVE HUMIDITY (PERCENT)
 HIGHEST    32           600 AM
 LOWEST      9           500 PM
 AVERAGE    21

..........................................................


THE POCATELLO ID CLIMATE NORMALS FOR TODAY
                         NORMAL    RECORD    YEAR
 MAXIMUM TEMPERATURE (F)   90        99      1994
 MINIMUM TEMPERATURE (F)   53        44      2010
                                             1964


SUNRISE AND SUNSET
JULY 25 2016..........SUNRISE   615 AM MDT   SUNSET   858 PM MDT
JULY 26 2016..........SUNRISE   616 AM MDT   SUNSET   857 PM MDT


-  INDICATES NEGATIVE NUMBERS.
R  INDICATES RECORD WAS SET OR TIED.
MM INDICATES DATA IS MISSING.
T  INDICATES TRACE AMOUNT.




$$
