000
CDUS45 KPIH 040738
CLIPIH


CLIMATE REPORT
NATIONAL WEATHER SERVICE POCATELLO ID
136 AM MDT FRI SEP 4 2015


...................................

...THE POCATELLO ID CLIMATE SUMMARY FOR SEPTEMBER 3 2015...

CLIMATE NORMAL PERIOD 1981 TO 2010
CLIMATE RECORD PERIOD 1939 TO 2015


WEATHER ITEM   OBSERVED TIME   RECORD YEAR NORMAL DEPARTURE LAST
                VALUE   (LST)  VALUE       VALUE  FROM      YEAR
                                                  NORMAL
..................................................................
TEMPERATURE (F)
 YESTERDAY
  MAXIMUM         81    305 PM  96    2007  82     -1       71
                                      1950
  MINIMUM         56   1159 PM  31    1964  46     10       46
  AVERAGE         69                        64      5       59

PRECIPITATION (IN)
  YESTERDAY        0.02          0.61 1971   0.03  -0.01     0.00
  MONTH TO DATE    0.04                      0.08  -0.04     0.00
  SINCE OCT 1      9.35                     11.37  -2.02    10.15
  SINCE JAN 1      6.96                      8.15  -1.19     8.78

SNOWFALL (IN)
  YESTERDAY        0.0
  MONTH TO DATE    0.0
  SINCE SEP 1      0.0
  SINCE JUL 1      0.0
  SNOW DEPTH       0

DEGREE DAYS
 HEATING
  YESTERDAY        0                         3     -3        6
  MONTH TO DATE    0                         8     -8       14
  SINCE SEP 1      0                         8     -8       14
  SINCE JUL 1     39                        54    -15       49

 COOLING
  YESTERDAY        4                         2      2        0
  MONTH TO DATE   17                         6     11        0
  SINCE SEP 1     17                         6     11        0
  SINCE JAN 1    478                       376    102      386
..................................................................


WIND (MPH)
  HIGHEST WIND SPEED    33   HIGHEST WIND DIRECTION    SW (240)
  HIGHEST GUST SPEED    38   HIGHEST GUST DIRECTION    SW (230)
  AVERAGE WIND SPEED    12.8


SKY COVER
  POSSIBLE SUNSHINE  MM
  AVERAGE SKY COVER 0.2


WEATHER CONDITIONS
 THE FOLLOWING WEATHER WAS RECORDED YESTERDAY.
  LIGHT RAIN


RELATIVE HUMIDITY (PERCENT)
 HIGHEST    72           700 PM
 LOWEST     21           200 PM
 AVERAGE    47

..........................................................


THE POCATELLO ID CLIMATE NORMALS FOR TODAY
                         NORMAL    RECORD    YEAR
 MAXIMUM TEMPERATURE (F)   81        96      1998
 MINIMUM TEMPERATURE (F)   46        31      1965


SUNRISE AND SUNSET
SEPTEMBER  4 2015.....SUNRISE   658 AM MDT   SUNSET   800 PM MDT
SEPTEMBER  5 2015.....SUNRISE   659 AM MDT   SUNSET   758 PM MDT


-  INDICATES NEGATIVE NUMBERS.
R  INDICATES RECORD WAS SET OR TIED.
MM INDICATES DATA IS MISSING.
T  INDICATES TRACE AMOUNT.




$$
