000
CDUS45 KPIH 030735
CLIPIH


CLIMATE REPORT
NATIONAL WEATHER SERVICE POCATELLO ID
131 AM MDT TUE MAY 3 2016


...................................

...THE POCATELLO ID CLIMATE SUMMARY FOR MAY 2 2016...

CLIMATE NORMAL PERIOD 1981 TO 2010
CLIMATE RECORD PERIOD 1939 TO 2016


WEATHER ITEM   OBSERVED TIME   RECORD YEAR NORMAL DEPARTURE LAST
                VALUE   (LST)  VALUE       VALUE  FROM      YEAR
                                                  NORMAL
..................................................................
TEMPERATURE (F)
 YESTERDAY
  MAXIMUM         67    537 PM  88    1947  64      3       82
  MINIMUM         32    540 AM  22    2013  36     -4       38
                                      2001
  AVERAGE         50                        50      0       60

PRECIPITATION (IN)
  YESTERDAY        0.00          0.57 1991   0.05  -0.05     0.00
  MONTH TO DATE    0.00                      0.10  -0.10     0.00
  SINCE OCT 1      9.43                      7.69   1.74     4.15
  SINCE JAN 1      5.86                      4.47   1.39     1.76

SNOWFALL (IN)
  YESTERDAY        0.0
  MONTH TO DATE    0.0
  SINCE MAR 1      5.3
  SINCE JUL 1     33.5
  SNOW DEPTH       0

DEGREE DAYS
 HEATING
  YESTERDAY       15                        15      0        5
  MONTH TO DATE   29                        30     -1       17
  SINCE MAR 1   1202                      1451   -249     1207
  SINCE JUL 1   6044                      6724   -680     5548

 COOLING
  YESTERDAY        0                         0      0        0
  MONTH TO DATE    0                         0      0        0
  SINCE MAR 1      0                         0      0        0
  SINCE JAN 1      0                         0      0        0
..................................................................


WIND (MPH)
  HIGHEST WIND SPEED    14   HIGHEST WIND DIRECTION     W (290)
  HIGHEST GUST SPEED    17   HIGHEST GUST DIRECTION     W (280)
  AVERAGE WIND SPEED     5.2


SKY COVER
  POSSIBLE SUNSHINE  MM
  AVERAGE SKY COVER 0.1


WEATHER CONDITIONS
 THE FOLLOWING WEATHER WAS RECORDED YESTERDAY.
  NO SIGNIFICANT WEATHER WAS OBSERVED.


RELATIVE HUMIDITY (PERCENT)
 HIGHEST    70           200 AM
 LOWEST     22           200 PM
 AVERAGE    46

..........................................................


THE POCATELLO ID CLIMATE NORMALS FOR TODAY
                         NORMAL    RECORD    YEAR
 MAXIMUM TEMPERATURE (F)   64        88      1947
 MINIMUM TEMPERATURE (F)   37        26      2006


SUNRISE AND SUNSET
MAY  3 2016...........SUNRISE   621 AM MDT   SUNSET   834 PM MDT
MAY  4 2016...........SUNRISE   620 AM MDT   SUNSET   835 PM MDT


-  INDICATES NEGATIVE NUMBERS.
R  INDICATES RECORD WAS SET OR TIED.
MM INDICATES DATA IS MISSING.
T  INDICATES TRACE AMOUNT.




$$
