000
CDUS45 KPIH 220732
CLIPIH


CLIMATE REPORT
NATIONAL WEATHER SERVICE POCATELLO ID
1230 AM MST MON JAN 22 2018


...................................

...THE POCATELLO ID CLIMATE SUMMARY FOR JANUARY 21 2018...

CLIMATE NORMAL PERIOD 1981 TO 2010
CLIMATE RECORD PERIOD 1939 TO 2018


WEATHER ITEM   OBSERVED TIME   RECORD YEAR NORMAL DEPARTURE LAST
                VALUE   (LST)  VALUE       VALUE  FROM      YEAR
                                                  NORMAL
..................................................................
TEMPERATURE (F)
 YESTERDAY
  MAXIMUM         34    430 PM  50    1994  33      1       34
                                      1943
  MINIMUM         23    149 AM -25    1962  16      7       26
  AVERAGE         29                        24      5       30

PRECIPITATION (IN)
  YESTERDAY        0.00          0.52 2012   0.03  -0.03     0.01
  MONTH TO DATE    0.67                      0.71  -0.04     1.99
  SINCE OCT 1      3.46                      3.93  -0.47     8.55
  SINCE JAN 1      0.67                      0.71  -0.04     1.99

SNOWFALL (IN)
  YESTERDAY        0.0
  MONTH TO DATE    T
  SINCE DEC 1     12.8
  SINCE JUL 1     13.8
  SNOW DEPTH       0

DEGREE DAYS
 HEATING
  YESTERDAY       36                        40     -4       35
  MONTH TO DATE  662                       860   -198     1035
  SINCE DEC 1   1877                      2117   -240     2432
  SINCE JUL 1   3511                      3845   -334     3867

 COOLING
  YESTERDAY        0                         0      0        0
  MONTH TO DATE    0                         0      0        0
  SINCE DEC 1      0                         0      0        0
  SINCE JAN 1      0                         0      0        0
..................................................................


WIND (MPH)
  HIGHEST WIND SPEED    20   HIGHEST WIND DIRECTION    SW (230)
  HIGHEST GUST SPEED    23   HIGHEST GUST DIRECTION    SW (240)
  AVERAGE WIND SPEED    11.3


SKY COVER
  POSSIBLE SUNSHINE  MM
  AVERAGE SKY COVER 0.4


WEATHER CONDITIONS
 THE FOLLOWING WEATHER WAS RECORDED YESTERDAY.
  NO SIGNIFICANT WEATHER WAS OBSERVED.


RELATIVE HUMIDITY (PERCENT)
 HIGHEST    88           600 AM
 LOWEST     56           200 PM
 AVERAGE    72

..........................................................


THE POCATELLO ID CLIMATE NORMALS FOR TODAY
                         NORMAL    RECORD    YEAR
 MAXIMUM TEMPERATURE (F)   33        49      1994
                                             1981
 MINIMUM TEMPERATURE (F)   16       -30      1962


SUNRISE AND SUNSET
JANUARY 22 2018.......SUNRISE   754 AM MST   SUNSET   530 PM MST
JANUARY 23 2018.......SUNRISE   753 AM MST   SUNSET   532 PM MST


-  INDICATES NEGATIVE NUMBERS.
R  INDICATES RECORD WAS SET OR TIED.
MM INDICATES DATA IS MISSING.
T  INDICATES TRACE AMOUNT.




$$
