000
CDUS45 KPIH 270745
CLIPIH


CLIMATE REPORT
NATIONAL WEATHER SERVICE POCATELLO ID
136 AM MDT WED AUG 27 2014


...................................

...THE POCATELLO ID CLIMATE SUMMARY FOR AUGUST 26 2014...

CLIMATE NORMAL PERIOD 1981 TO 2010
CLIMATE RECORD PERIOD 1939 TO 2014


WEATHER ITEM   OBSERVED TIME   RECORD YEAR NORMAL DEPARTURE LAST
                VALUE   (LST)  VALUE       VALUE  FROM      YEAR
                                                  NORMAL
..................................................................
TEMPERATURE (F)
 YESTERDAY
  MAXIMUM         79    507 PM 100    2010  85     -6       85
  MINIMUM         46    336 AM  31    1992  49     -3       60
  AVERAGE         63                        67     -4       73

PRECIPITATION (IN)
  YESTERDAY        0.00          0.12 1977   0.02  -0.02     0.00
  MONTH TO DATE    2.18                      0.50   1.68     0.09
  SINCE OCT 1     10.15                     11.18  -1.03     8.07
  SINCE JAN 1      8.78                      7.96   0.82     3.91

SNOWFALL (IN)
  YESTERDAY        0.0
  MONTH TO DATE    0.0
  SINCE JUN 1      0.0
  SINCE JUL 1      0.0
  SNOW DEPTH       0

DEGREE DAYS
 HEATING
  YESTERDAY        2                         1      1        0
  MONTH TO DATE   29                        13     16        0
  SINCE JUN 1    141                       164    -23       90
  SINCE JUL 1     31                        33     -2        0

 COOLING
  YESTERDAY        0                         3     -3        8
  MONTH TO DATE  109                       131    -22      198
  SINCE JUN 1    376                       349     27      583
  SINCE JAN 1    376                       354     22      592
..................................................................


WIND (MPH)
  HIGHEST WIND SPEED    14   HIGHEST WIND DIRECTION    SW (240)
  HIGHEST GUST SPEED    17   HIGHEST GUST DIRECTION    SW (230)
  AVERAGE WIND SPEED     5.1


SKY COVER
  POSSIBLE SUNSHINE  MM
  AVERAGE SKY COVER 0.3


WEATHER CONDITIONS
 THE FOLLOWING WEATHER WAS RECORDED YESTERDAY.
  FOG


RELATIVE HUMIDITY (PERCENT)
 HIGHEST   100           200 AM
 LOWEST     28           400 PM
 AVERAGE    64

..........................................................


THE POCATELLO ID CLIMATE NORMALS FOR TODAY
                         NORMAL    RECORD    YEAR
 MAXIMUM TEMPERATURE (F)   84        96      2012
 MINIMUM TEMPERATURE (F)   49        34      1993


SUNRISE AND SUNSET
AUGUST 27 2014........SUNRISE   650 AM MDT   SUNSET   813 PM MDT
AUGUST 28 2014........SUNRISE   651 AM MDT   SUNSET   812 PM MDT


-  INDICATES NEGATIVE NUMBERS.
R  INDICATES RECORD WAS SET OR TIED.
MM INDICATES DATA IS MISSING.
T  INDICATES TRACE AMOUNT.




$$
