000
CDUS45 KPIH 170739
CLIPIH


CLIMATE REPORT
NATIONAL WEATHER SERVICE POCATELLO ID
1234 AM MST FRI NOV 17 2017


...................................

...THE POCATELLO ID CLIMATE SUMMARY FOR NOVEMBER 16 2017...

CLIMATE NORMAL PERIOD 1981 TO 2010
CLIMATE RECORD PERIOD 1939 TO 2017


WEATHER ITEM   OBSERVED TIME   RECORD YEAR NORMAL DEPARTURE LAST
                VALUE   (LST)  VALUE       VALUE  FROM      YEAR
                                                  NORMAL
..................................................................
TEMPERATURE (F)
 YESTERDAY
  MAXIMUM         50    420 AM  63    1999  44      6       49
  MINIMUM         36    812 PM -13    1955  24     12       32
  AVERAGE         43                        34      9       41

PRECIPITATION (IN)
  YESTERDAY        0.64R         0.51 1962   0.04   0.60      T
  MONTH TO DATE    0.94                      0.54   0.40     0.02
  SINCE OCT 1      1.43                      1.41   0.02     3.25
  SINCE JAN 1     15.93                     10.32   5.61    12.93

SNOWFALL (IN)
  YESTERDAY        0.0
  MONTH TO DATE    0.4
  SINCE SEP 1      0.5
  SINCE JUL 1      0.5
  SNOW DEPTH       0

DEGREE DAYS
 HEATING
  YESTERDAY       22                        31     -9       24
  MONTH TO DATE  396                       439    -43      311
  SINCE SEP 1   1282                      1200     82      977
  SINCE JUL 1   1286                      1246     40     1015

 COOLING
  YESTERDAY        0                         0      0        0
  MONTH TO DATE    0                         0      0        0
  SINCE SEP 1     66                        22     44       17
  SINCE JAN 1    575                       392    183      416
..................................................................


WIND (MPH)
  HIGHEST WIND SPEED    31   HIGHEST WIND DIRECTION     S (190)
  HIGHEST GUST SPEED    40   HIGHEST GUST DIRECTION     S (190)
  AVERAGE WIND SPEED    14.6


SKY COVER
  POSSIBLE SUNSHINE  MM
  AVERAGE SKY COVER 1.0


WEATHER CONDITIONS
 THE FOLLOWING WEATHER WAS RECORDED YESTERDAY.
  LIGHT RAIN
  FOG


RELATIVE HUMIDITY (PERCENT)
 HIGHEST   100           600 PM
 LOWEST     52           400 AM
 AVERAGE    76

..........................................................


THE POCATELLO ID CLIMATE NORMALS FOR TODAY
                         NORMAL    RECORD    YEAR
 MAXIMUM TEMPERATURE (F)   44        61      1995
 MINIMUM TEMPERATURE (F)   24        -1      2014


SUNRISE AND SUNSET
NOVEMBER 17 2017......SUNRISE   725 AM MST   SUNSET   505 PM MST
NOVEMBER 18 2017......SUNRISE   727 AM MST   SUNSET   504 PM MST


-  INDICATES NEGATIVE NUMBERS.
R  INDICATES RECORD WAS SET OR TIED.
MM INDICATES DATA IS MISSING.
T  INDICATES TRACE AMOUNT.




$$
