000
CDUS45 KPIH 260734
CLIPIH


CLIMATE REPORT
NATIONAL WEATHER SERVICE POCATELLO ID
1233 AM MST FRI DEC 26 2014


...................................

...THE POCATELLO ID CLIMATE SUMMARY FOR DECEMBER 25 2014...

CLIMATE NORMAL PERIOD 1981 TO 2010
CLIMATE RECORD PERIOD 1939 TO 2014


WEATHER ITEM   OBSERVED TIME   RECORD YEAR NORMAL DEPARTURE LAST
                VALUE   (LST)  VALUE       VALUE  FROM      YEAR
                                                  NORMAL
..................................................................
TEMPERATURE (F)
 YESTERDAY
  MAXIMUM         31    256 PM  52    1955  32     -1       32
  MINIMUM         21   1159 PM -15    1990  15      6       12
  AVERAGE         26                        23      3       22

PRECIPITATION (IN)
  YESTERDAY        0.34          0.62 2008   0.04   0.30     0.00
  MONTH TO DATE    0.76                      1.01  -0.25     0.43
  SINCE OCT 1      2.38                      2.99  -0.61     1.37
  SINCE JAN 1     12.64                     11.90   0.74     6.17

SNOWFALL (IN)
  YESTERDAY        5.6
  MONTH TO DATE    6.8
  SINCE DEC 1      6.8
  SINCE JUL 1     11.4
  SNOW DEPTH       3

DEGREE DAYS
 HEATING
  YESTERDAY       39                        42     -3       43
  MONTH TO DATE  696                      1009   -313     1155
  SINCE DEC 1    696                      1009   -313     1155
  SINCE JUL 1   2223                      2737   -514     2767

 COOLING
  YESTERDAY        0                         0      0        0
  MONTH TO DATE    0                         0      0        0
  SINCE DEC 1      0                         0      0        0
  SINCE JAN 1    421                       392     29      688
..................................................................


WIND (MPH)
  HIGHEST WIND SPEED    32   HIGHEST WIND DIRECTION    SW (220)
  HIGHEST GUST SPEED    40   HIGHEST GUST DIRECTION    SW (230)
  AVERAGE WIND SPEED    14.6


SKY COVER
  POSSIBLE SUNSHINE  MM
  AVERAGE SKY COVER 1.0


WEATHER CONDITIONS
 THE FOLLOWING WEATHER WAS RECORDED YESTERDAY.
  SNOW
  LIGHT SNOW
  FOG
  HAZE


RELATIVE HUMIDITY (PERCENT)
 HIGHEST   100           200 AM
 LOWEST     63           300 PM
 AVERAGE    82

..........................................................


THE POCATELLO ID CLIMATE NORMALS FOR TODAY
                         NORMAL    RECORD    YEAR
 MAXIMUM TEMPERATURE (F)   32        57      1980
 MINIMUM TEMPERATURE (F)   15        -9      2001


SUNRISE AND SUNSET
DECEMBER 26 2014......SUNRISE   800 AM MST   SUNSET   502 PM MST
DECEMBER 27 2014......SUNRISE   801 AM MST   SUNSET   503 PM MST


-  INDICATES NEGATIVE NUMBERS.
R  INDICATES RECORD WAS SET OR TIED.
MM INDICATES DATA IS MISSING.
T  INDICATES TRACE AMOUNT.




$$
