000
CDUS45 KPIH 270730
CLIPIH


CLIMATE REPORT
NATIONAL WEATHER SERVICE POCATELLO ID
130 AM MDT MON MAR 27 2017


...................................

...THE POCATELLO ID CLIMATE SUMMARY FOR MARCH 26 2017...

CLIMATE NORMAL PERIOD 1981 TO 2010
CLIMATE RECORD PERIOD 1939 TO 2017


WEATHER ITEM   OBSERVED TIME   RECORD YEAR NORMAL DEPARTURE LAST
                VALUE   (LST)  VALUE       VALUE  FROM      YEAR
                                                  NORMAL
..................................................................
TEMPERATURE (F)
 YESTERDAY
  MAXIMUM         53    401 PM  69    2007  52      1       45
                                      1960
  MINIMUM         27    558 AM  12    1955  30     -3       21
  AVERAGE         40                        41     -1       33

PRECIPITATION (IN)
  YESTERDAY        T             0.52 2004   0.04  -0.04     0.00
  MONTH TO DATE    0.60                      1.07  -0.47     2.42
  SINCE OCT 1     13.11                      6.25   6.86     7.60
  SINCE JAN 1      6.55                      3.03   3.52     4.03

SNOWFALL (IN)
  YESTERDAY        0.0
  MONTH TO DATE    2.9
  SINCE MAR 1      2.9
  SINCE JUL 1     86.4
  SNOW DEPTH       0

DEGREE DAYS
 HEATING
  YESTERDAY       25                        24      1       32
  MONTH TO DATE  563                       721   -158      598
  SINCE MAR 1    563                       721   -158      598
  SINCE JUL 1   5812                      5994   -182     5440

 COOLING
  YESTERDAY        0                         0      0        0
  MONTH TO DATE    0                         0      0        0
  SINCE MAR 1      0                         0      0        0
  SINCE JAN 1      0                         0      0        0
..................................................................


WIND (MPH)
  HIGHEST WIND SPEED    32   HIGHEST WIND DIRECTION     W (250)
  HIGHEST GUST SPEED    39   HIGHEST GUST DIRECTION    SW (240)
  AVERAGE WIND SPEED     6.9


SKY COVER
  POSSIBLE SUNSHINE  MM
  AVERAGE SKY COVER 0.5


WEATHER CONDITIONS
 THE FOLLOWING WEATHER WAS RECORDED YESTERDAY.
  LIGHT RAIN


RELATIVE HUMIDITY (PERCENT)
 HIGHEST    93           800 PM
 LOWEST     38           400 PM
 AVERAGE    66

..........................................................


THE POCATELLO ID CLIMATE NORMALS FOR TODAY
                         NORMAL    RECORD    YEAR
 MAXIMUM TEMPERATURE (F)   53        74      2015
 MINIMUM TEMPERATURE (F)   30        11      1975


SUNRISE AND SUNSET
MARCH 27 2017.........SUNRISE   721 AM MDT   SUNSET   751 PM MDT
MARCH 28 2017.........SUNRISE   719 AM MDT   SUNSET   752 PM MDT


-  INDICATES NEGATIVE NUMBERS.
R  INDICATES RECORD WAS SET OR TIED.
MM INDICATES DATA IS MISSING.
T  INDICATES TRACE AMOUNT.




$$
