000
CDUS45 KPIH 230731
CLIPIH


CLIMATE REPORT
NATIONAL WEATHER SERVICE POCATELLO ID
1230 AM MST MON JAN 23 2017


...................................

...THE POCATELLO ID CLIMATE SUMMARY FOR JANUARY 22 2017...

CLIMATE NORMAL PERIOD 1981 TO 2010
CLIMATE RECORD PERIOD 1939 TO 2017


WEATHER ITEM   OBSERVED TIME   RECORD YEAR NORMAL DEPARTURE LAST
                VALUE   (LST)  VALUE       VALUE  FROM      YEAR
                                                  NORMAL
..................................................................
TEMPERATURE (F)
 YESTERDAY
  MAXIMUM         37    200 PM  49    1994  33      4       34
                                      1981
  MINIMUM         32   1155 PM -30    1962  16     16       14
  AVERAGE         35                        25     10       24

PRECIPITATION (IN)
  YESTERDAY        0.01          0.35 1972   0.03  -0.02     0.00
  MONTH TO DATE    2.00                      0.74   1.26     0.71
  SINCE OCT 1      8.56                      3.96   4.60     4.28
  SINCE JAN 1      2.00                      0.74   1.26     0.71

SNOWFALL (IN)
  YESTERDAY        0.3
  MONTH TO DATE   18.0
  SINCE DEC 1     46.5
  SINCE JUL 1     49.1
  SNOW DEPTH       6

DEGREE DAYS
 HEATING
  YESTERDAY       30                        40    -10       41
  MONTH TO DATE 1065                       900    165      862
  SINCE DEC 1   2462                      2157    305     2097
  SINCE JUL 1   3897                      3885     12     3541

 COOLING
  YESTERDAY        0                         0      0        0
  MONTH TO DATE    0                         0      0        0
  SINCE DEC 1      0                         0      0        0
  SINCE JAN 1      0                         0      0        0
..................................................................


WIND (MPH)
  HIGHEST WIND SPEED    30   HIGHEST WIND DIRECTION     S (170)
  HIGHEST GUST SPEED    37   HIGHEST GUST DIRECTION     S (160)
  AVERAGE WIND SPEED    16.1


SKY COVER
  POSSIBLE SUNSHINE  MM
  AVERAGE SKY COVER 0.9


WEATHER CONDITIONS
 THE FOLLOWING WEATHER WAS RECORDED YESTERDAY.
  LIGHT SNOW
  FOG


RELATIVE HUMIDITY (PERCENT)
 HIGHEST    89          1100 PM
 LOWEST     52          1100 AM
 AVERAGE    71

..........................................................


THE POCATELLO ID CLIMATE NORMALS FOR TODAY
                         NORMAL    RECORD    YEAR
 MAXIMUM TEMPERATURE (F)   33        55      1994
                                             1970
 MINIMUM TEMPERATURE (F)   16       -27      1962


SUNRISE AND SUNSET
JANUARY 23 2017.......SUNRISE   753 AM MST   SUNSET   532 PM MST
JANUARY 24 2017.......SUNRISE   752 AM MST   SUNSET   533 PM MST


-  INDICATES NEGATIVE NUMBERS.
R  INDICATES RECORD WAS SET OR TIED.
MM INDICATES DATA IS MISSING.
T  INDICATES TRACE AMOUNT.




$$
