000
CDUS43 KABR 022238
CLIPIR


CLIMATE REPORT
NATIONAL WEATHER SERVICE ABERDEEN SD
537 PM CDT MON MAY 2 2016


...................................

...THE PIERRE SD CLIMATE SUMMARY FOR MAY 2 2016...
VALID TODAY AS OF 0500 PM LOCAL TIME.

CLIMATE NORMAL PERIOD 1981 TO 2010
CLIMATE RECORD PERIOD 1892 TO 2016


WEATHER ITEM   OBSERVED TIME   RECORD YEAR NORMAL DEPARTURE LAST
                VALUE   (LST)  VALUE       VALUE  FROM      YEAR
                                                  NORMAL
..................................................................
TEMPERATURE (F)
 TODAY
  MAXIMUM         65   1237 PM  92    1955  67     -2       89
  MINIMUM         36    518 AM  22    2013  41     -5       46
  AVERAGE         51                        54     -3       68

PRECIPITATION (IN)
  TODAY            T             1.76 1964   0.09  -0.09     0.00
  MONTH TO DATE    T                         0.18  -0.18     0.00
  SINCE MAR 1      5.24                      3.22   2.02     0.82
  SINCE JAN 1      6.24                      4.23   2.01     1.17

DEGREE DAYS
 COOLING
  TODAY            0                         0      0        3
  MONTH TO DATE    0                         0      0        3
  SINCE MAR 1      6                         4      2        8
  SINCE JAN 1      6                         4      2        8
..................................................................


WIND (MPH)
  HIGHEST GUST SPEED    28   HIGHEST GUST DIRECTION     N (360)




..........................................................


THE PIERRE SD CLIMATE NORMALS FOR TOMORROW
                         NORMAL    RECORD    YEAR
 MAXIMUM TEMPERATURE (F)   67        94      1982
 MINIMUM TEMPERATURE (F)   41        21      2013


SUNRISE AND SUNSET
MAY  2 2016...........SUNRISE   630 AM CDT   SUNSET   847 PM CDT
MAY  3 2016...........SUNRISE   628 AM CDT   SUNSET   848 PM CDT


-  INDICATES NEGATIVE NUMBERS.
R  INDICATES RECORD WAS SET OR TIED.
MM INDICATES DATA IS MISSING.
T  INDICATES TRACE AMOUNT.




$$
