000
CDUS43 KABR 022240
CLIPIR


CLIMATE REPORT
NATIONAL WEATHER SERVICE ABERDEEN SD
538 PM CDT TUE JUN 2 2015


...................................

...THE PIERRE SD CLIMATE SUMMARY FOR JUNE 2 2015...
VALID TODAY AS OF 0500 PM LOCAL TIME.

CLIMATE NORMAL PERIOD 1981 TO 2010
CLIMATE RECORD PERIOD 1892 TO 2015


WEATHER ITEM   OBSERVED TIME   RECORD YEAR NORMAL DEPARTURE LAST
                VALUE   (LST)  VALUE       VALUE  FROM      YEAR
                                                  NORMAL
..................................................................
TEMPERATURE (F)
 TODAY
  MAXIMUM         89    319 PM  95    1940  75     14       74
  MINIMUM         63    621 AM  35    1969  51     12       52
  AVERAGE         76                        63     13       63

PRECIPITATION (IN)
  TODAY            0.01          3.32 2008   0.13  -0.12     0.00
  MONTH TO DATE    0.01                      0.26  -0.25     0.03
  SINCE JUN 1      0.01                      0.26  -0.25     0.03
  SINCE JAN 1      7.36                      7.46  -0.10     7.96

DEGREE DAYS
 COOLING
  TODAY           11                         2      9        0
  MONTH TO DATE   14                         4     10        0
  SINCE JUN 1     14                         4     10        0
  SINCE JAN 1     28                        36     -8       48
..................................................................


WIND (MPH)
  HIGHEST GUST SPEED    28   HIGHEST GUST DIRECTION     S (180)




..........................................................


THE PIERRE SD CLIMATE NORMALS FOR TOMORROW
                         NORMAL    RECORD    YEAR
 MAXIMUM TEMPERATURE (F)   75        98      1968
 MINIMUM TEMPERATURE (F)   52        34      1998


SUNRISE AND SUNSET
JUNE  2 2015..........SUNRISE   600 AM CDT   SUNSET   919 PM CDT
JUNE  3 2015..........SUNRISE   559 AM CDT   SUNSET   920 PM CDT


-  INDICATES NEGATIVE NUMBERS.
R  INDICATES RECORD WAS SET OR TIED.
MM INDICATES DATA IS MISSING.
T  INDICATES TRACE AMOUNT.




$$
