000
CDUS43 KABR 051034
CLIPIR


CLIMATE REPORT
NATIONAL WEATHER SERVICE ABERDEEN SD
434 AM CST MON DEC 5 2016


...................................

...THE PIERRE SD CLIMATE SUMMARY FOR DECEMBER 4 2016...

CLIMATE NORMAL PERIOD 1981 TO 2010
CLIMATE RECORD PERIOD 1892 TO 2016


WEATHER ITEM   OBSERVED TIME   RECORD YEAR NORMAL DEPARTURE LAST
                VALUE   (LST)  VALUE       VALUE  FROM      YEAR
                                                  NORMAL
..................................................................
TEMPERATURE (F)
 YESTERDAY
  MAXIMUM         40    316 PM  66    1975  34      6       43
  MINIMUM         24    840 AM  -5    2002  15      9       15
  AVERAGE         32                        25      7       29

PRECIPITATION (IN)
  YESTERDAY        0.00          0.33 1972   0.02  -0.02     0.00
  MONTH TO DATE    T                         0.08  -0.08     0.07
  SINCE DEC 1      T                         0.08  -0.08     0.07
  SINCE JAN 1     19.31                     19.54  -0.23    21.56

SNOWFALL (IN)
  YESTERDAY        0.0           3.3  1972   0.2   -0.2      0.0
  MONTH TO DATE    T                         0.7   -0.7      0.8
  SINCE OCT 1     10.1                       7.0    3.1      5.9
  SINCE JUL 1     10.1                       7.0    3.1      5.9
  SNOW DEPTH       1

DEGREE DAYS
 HEATING
  YESTERDAY       33                        40     -7       36
  MONTH TO DATE  148                       159    -11      150
  SINCE DEC 1    148                       159    -11      150
  SINCE JUL 1   1285                      1779   -494     1447

 COOLING
  YESTERDAY        0                         0      0        0
  MONTH TO DATE    0                         0      0        0
  SINCE DEC 1      0                         0      0        0
  SINCE JAN 1    961                       868     93      839
..................................................................


WIND (MPH)
  RESULTANT WIND SPEED   5   RESULTANT WIND DIRECTION  SW (240)
  HIGHEST WIND SPEED    16   HIGHEST WIND DIRECTION     W (270)
  HIGHEST GUST SPEED    18   HIGHEST GUST DIRECTION     W (270)
  AVERAGE WIND SPEED     7.1




RELATIVE HUMIDITY (PERCENT)
 HIGHEST    85           800 PM
 LOWEST     59           300 PM
 AVERAGE    72

..........................................................


THE PIERRE SD CLIMATE NORMALS FOR TODAY
                         NORMAL    RECORD    YEAR
 MAXIMUM TEMPERATURE (F)   34        70      1939
 MINIMUM TEMPERATURE (F)   15       -15      1950


SUNRISE AND SUNSET
DECEMBER  5 2016......SUNRISE   802 AM CST   SUNSET   502 PM CST
DECEMBER  6 2016......SUNRISE   803 AM CST   SUNSET   502 PM CST


-  INDICATES NEGATIVE NUMBERS.
R  INDICATES RECORD WAS SET OR TIED.
MM INDICATES DATA IS MISSING.
T  INDICATES TRACE AMOUNT.




$$
