000
CDUS43 KABR 302236
CLIPIR


CLIMATE REPORT
NATIONAL WEATHER SERVICE ABERDEEN SD
534 PM CDT SUN APR 30 2017


...................................

...THE PIERRE SD CLIMATE SUMMARY FOR APRIL 30 2017...
VALID TODAY AS OF 0500 PM LOCAL TIME.

CLIMATE NORMAL PERIOD 1981 TO 2010
CLIMATE RECORD PERIOD 1892 TO 2017


WEATHER ITEM   OBSERVED TIME   RECORD YEAR NORMAL DEPARTURE LAST
                VALUE   (LST)  VALUE       VALUE  FROM      YEAR
                                                  NORMAL
..................................................................
TEMPERATURE (F)
 TODAY
  MAXIMUM         59    245 PM  96    1992  66     -7       54
  MINIMUM         28    326 AM  23    1966  40    -12       39
  AVERAGE         44                        53     -9       47

PRECIPITATION (IN)
  TODAY            0.00          1.00 1942   0.08  -0.08     0.00
  MONTH TO DATE    1.78                      1.81  -0.03     3.92
  SINCE MAR 1      2.12                      3.04  -0.92     5.24
  SINCE JAN 1      3.35                      4.05  -0.70     6.24

SNOWFALL (IN)
  TODAY            0.0
  MONTH TO DATE    T
  SINCE OCT 1     32.6
  SINCE JUL 1     32.6
  SNOW DEPTH       0

DEGREE DAYS
 HEATING
  TODAY           21                        13      8       18
  MONTH TO DATE  527                       546    -19      509
  SINCE MAR 1   1397                      1492    -95     1265
  SINCE JUL 1   6553                      6990   -437     6099

 COOLING
  TODAY            0                         0      0        0
  MONTH TO DATE    1                         4     -3        6
  SINCE MAR 1      1                         4     -3        6
  SINCE JAN 1      1                         4     -3        6
..................................................................


WIND (MPH)
  HIGHEST GUST SPEED    28   HIGHEST GUST DIRECTION     N (20)




..........................................................


THE PIERRE SD CLIMATE NORMALS FOR TOMORROW
                         NORMAL    RECORD    YEAR
 MAXIMUM TEMPERATURE (F)   66        98      1959
 MINIMUM TEMPERATURE (F)   40        22      1961


SUNRISE AND SUNSET
APRIL 30 2017.........SUNRISE   633 AM CDT   SUNSET   844 PM CDT
MAY  1 2017...........SUNRISE   631 AM CDT   SUNSET   846 PM CDT


-  INDICATES NEGATIVE NUMBERS.
R  INDICATES RECORD WAS SET OR TIED.
MM INDICATES DATA IS MISSING.
T  INDICATES TRACE AMOUNT.




$$
