000
CDUS43 KABR 241036
CLIPIR


CLIMATE REPORT
NATIONAL WEATHER SERVICE ABERDEEN SD
536 AM CDT THU APR 24 2014


...................................

...THE PIERRE SD CLIMATE SUMMARY FOR APRIL 23 2014...

CLIMATE NORMAL PERIOD 1981 TO 2010
CLIMATE RECORD PERIOD 1892 TO 2014


WEATHER ITEM   OBSERVED TIME   RECORD YEAR NORMAL DEPARTURE LAST
                VALUE   (LST)  VALUE       VALUE  FROM      YEAR
                                                  NORMAL
..................................................................
TEMPERATURE (F)
 YESTERDAY
  MAXIMUM         73    311 PM  88    2009  63     10       44
  MINIMUM         44   1059 PM  16    2013  37      7       16
  AVERAGE         59                        50      9       30

PRECIPITATION (IN)
  YESTERDAY        T             1.06 1965   0.07  -0.07     0.00
  MONTH TO DATE    0.07                      1.28  -1.21     2.88
  SINCE MAR 1      1.06                      2.51  -1.45     3.03
  SINCE JAN 1      1.63                      3.52  -1.89     4.69

SNOWFALL (IN)
  YESTERDAY        0.0           5.0  2001   0.1   -0.1      0.0
  MONTH TO DATE    T                         3.6   -3.6     20.8
  SINCE OCT 1     34.6                      31.4    3.2     55.5
  SINCE JUL 1     34.6                      31.4    3.2     55.5
  SNOW DEPTH       0

DEGREE DAYS
 HEATING
  YESTERDAY        6                        15     -9       35
  MONTH TO DATE  483                       450     33      734
  SINCE MAR 1   1556                      1397    159     1835
  SINCE JUL 1   7551                      6895    656     7259

 COOLING
  YESTERDAY        0                         0      0        0
  MONTH TO DATE    0                         0      0        0
  SINCE MAR 1      0                         0      0        0
  SINCE JAN 1      0                         0      0        0
..................................................................


WIND (MPH)
  RESULTANT WIND SPEED   9   RESULTANT WIND DIRECTION   E (110)
  HIGHEST WIND SPEED    39   HIGHEST WIND DIRECTION    NW (320)
  HIGHEST GUST SPEED    48   HIGHEST GUST DIRECTION    NW (320)
  AVERAGE WIND SPEED    19.8




RELATIVE HUMIDITY (PERCENT)
 HIGHEST    70          1100 PM
 LOWEST     35           300 PM
 AVERAGE    53

..........................................................


THE PIERRE SD CLIMATE NORMALS FOR TODAY
                         NORMAL    RECORD    YEAR
 MAXIMUM TEMPERATURE (F)   64        93      1962
 MINIMUM TEMPERATURE (F)   37        25      1934


SUNRISE AND SUNSET
APRIL 24 2014.........SUNRISE   642 AM CDT   SUNSET   837 PM CDT
APRIL 25 2014.........SUNRISE   641 AM CDT   SUNSET   838 PM CDT


-  INDICATES NEGATIVE NUMBERS.
R  INDICATES RECORD WAS SET OR TIED.
MM INDICATES DATA IS MISSING.
T  INDICATES TRACE AMOUNT.




$$
