000
CDUS43 KABR 230918
CLIPIR


CLIMATE REPORT
NATIONAL WEATHER SERVICE ABERDEEN SD
417 AM CDT SAT JUL 23 2016


...................................

...THE PIERRE SD CLIMATE SUMMARY FOR JULY 22 2016...

CLIMATE NORMAL PERIOD 1981 TO 2010
CLIMATE RECORD PERIOD 1892 TO 2016


WEATHER ITEM   OBSERVED TIME   RECORD YEAR NORMAL DEPARTURE LAST
                VALUE   (LST)  VALUE       VALUE  FROM      YEAR
                                                  NORMAL
..................................................................
TEMPERATURE (F)
 YESTERDAY
  MAXIMUM        101    342 PM 108    1941  90     11       88
  MINIMUM         75    458 AM  49    1961  63     12       67
  AVERAGE         88                        76     12       78

PRECIPITATION (IN)
  YESTERDAY        T             1.08 1975   0.09  -0.09      T
  MONTH TO DATE    2.10                      1.85   0.25     1.79
  SINCE JUN 1      3.93                      5.42  -1.49     7.95
  SINCE JAN 1     11.37                     12.62  -1.25    15.30

DEGREE DAYS
 HEATING
  YESTERDAY        0                         0      0        0
  MONTH TO DATE    4                         0      4        2
  SINCE JUN 1     16                        53    -37        7
  SINCE JUL 1      4                         0      4        2

 COOLING
  YESTERDAY       23                        11     12       13
  MONTH TO DATE  245                       223     22      192
  SINCE JUN 1    472                       357    115      327
  SINCE JAN 1    495                       389    106      341
..................................................................


WIND (MPH)
  RESULTANT WIND SPEED  11   RESULTANT WIND DIRECTION  SE (120)
  HIGHEST WIND SPEED    35   HIGHEST WIND DIRECTION     E (90)
  HIGHEST GUST SPEED    44   HIGHEST GUST DIRECTION     E (70)
  AVERAGE WIND SPEED    12.5




RELATIVE HUMIDITY (PERCENT)
 HIGHEST   100           400 AM
 LOWEST     29           300 PM
 AVERAGE    65

..........................................................


THE PIERRE SD CLIMATE NORMALS FOR TODAY
                         NORMAL    RECORD    YEAR
 MAXIMUM TEMPERATURE (F)   90       115      1940
 MINIMUM TEMPERATURE (F)   63        49      2004


SUNRISE AND SUNSET
JULY 23 2016..........SUNRISE   619 AM CDT   SUNSET   915 PM CDT
JULY 24 2016..........SUNRISE   620 AM CDT   SUNSET   914 PM CDT


-  INDICATES NEGATIVE NUMBERS.
R  INDICATES RECORD WAS SET OR TIED.
MM INDICATES DATA IS MISSING.
T  INDICATES TRACE AMOUNT.




$$
