000
CDUS43 KABR 231451
CLIPIR


CLIMATE REPORT
NATIONAL WEATHER SERVICE ABERDEEN SD
951 AM CDT THU MAR 23 2017


...................................

...THE PIERRE SD CLIMATE SUMMARY FOR MARCH 22 2017...

CLIMATE NORMAL PERIOD 1981 TO 2010
CLIMATE RECORD PERIOD 1892 TO 2017


WEATHER ITEM   OBSERVED TIME   RECORD YEAR NORMAL DEPARTURE LAST
                VALUE   (LST)  VALUE       VALUE  FROM      YEAR
                                                  NORMAL
..................................................................
TEMPERATURE (F)
 YESTERDAY
  MAXIMUM         56    348 PM  84    1939  48      8       51
  MINIMUM         27    427 AM  -3    2002  26      1       29
  AVERAGE         42                        37      5       40

PRECIPITATION (IN)
  YESTERDAY        0.05          0.52 1894   0.04   0.01      T
                                      2001
  MONTH TO DATE    0.33                      0.79  -0.46     0.94
  SINCE MAR 1      0.33                      0.79  -0.46     0.94
  SINCE JAN 1      1.56                      1.80  -0.24     1.94

SNOWFALL (IN)
  YESTERDAY        0.5           8.0  1936   0.2    0.3      0.0
  MONTH TO DATE    4.5                       4.6   -0.1      1.5
  SINCE OCT 1     32.6                      26.4    6.2     28.7
  SINCE JUL 1     32.6                      26.4    6.2     28.7
  SNOW DEPTH       T

DEGREE DAYS
 HEATING
  YESTERDAY       23                        28     -5       25
  MONTH TO DATE  692                       711    -19      532
  SINCE MAR 1    692                       711    -19      532
  SINCE JUL 1   5848                      6209   -361     5366

 COOLING
  YESTERDAY        0                         0      0        0
  MONTH TO DATE    0                         0      0        0
  SINCE MAR 1      0                         0      0        0
  SINCE JAN 1      0                         0      0        0
..................................................................


WIND (MPH)
  RESULTANT WIND SPEED  21   RESULTANT WIND DIRECTION  SE (150)
  HIGHEST WIND SPEED    36   HIGHEST WIND DIRECTION    SE (150)
  HIGHEST GUST SPEED    42   HIGHEST GUST DIRECTION    SE (150)
  AVERAGE WIND SPEED    21.3




RELATIVE HUMIDITY (PERCENT)
 HIGHEST    92           300 AM
 LOWEST     38           400 PM
 AVERAGE    65

..........................................................


THE PIERRE SD CLIMATE NORMALS FOR TODAY
                         NORMAL    RECORD    YEAR
 MAXIMUM TEMPERATURE (F)   48        84      1939
 MINIMUM TEMPERATURE (F)   26        -5      1965


SUNRISE AND SUNSET
MARCH 23 2017.........SUNRISE   738 AM CDT   SUNSET   758 PM CDT
MARCH 24 2017.........SUNRISE   736 AM CDT   SUNSET   759 PM CDT


-  INDICATES NEGATIVE NUMBERS.
R  INDICATES RECORD WAS SET OR TIED.
MM INDICATES DATA IS MISSING.
T  INDICATES TRACE AMOUNT.




$$
