000
CDUS41 KPBZ 260807
CLIPIT


CLIMATE REPORT
NATIONAL WEATHER SERVICE PITTSBURGH PA
306 AM EST WED NOV 26 2014


...................................

...THE PITTSBURGH PA CLIMATE SUMMARY FOR NOVEMBER 25 2014...

CLIMATE NORMAL PERIOD 1981 TO 2010
CLIMATE RECORD PERIOD 1871 TO 2014


WEATHER ITEM   OBSERVED TIME   RECORD YEAR NORMAL DEPARTURE LAST
                VALUE   (LST)  VALUE       VALUE  FROM      YEAR
                                                  NORMAL
..................................................................
TEMPERATURE (F)
 YESTERDAY
  MAXIMUM         49    202 PM  71    1908  47      2       37
                                      1896
  MINIMUM         28   1159 PM   7    1950  32     -4       15
  AVERAGE         39                        40     -1       26

PRECIPITATION (IN)
  YESTERDAY        0.00          1.89 2010   0.11  -0.11     0.01
  MONTH TO DATE    1.80                      2.69  -0.89     2.11
  SINCE JUN 1     18.95                     19.70  -0.75    20.19
  SINCE JAN 1     34.04                     34.80  -0.76    32.53

SNOWFALL (IN)
  YESTERDAY        0.0          10.1  1950   0.1   -0.1      0.1
  MONTH TO DATE    0.5                       1.5   -1.0      4.9
  SINCE OCT 1      0.5                       1.9   -1.4      5.0
  SINCE JUL 1      0.5                       1.9   -1.4      5.0
  SNOW DEPTH       0

DEGREE DAYS
 HEATING
  YESTERDAY       26                        26      0       39
  MONTH TO DATE  639                       528    111      580
  SINCE SEP 1   1078                      1016     62      975
  SINCE JUL 1   1099                      1029     70      986

 COOLING
  YESTERDAY        0                         0      0        0
  MONTH TO DATE    0                         0      0        0
  SINCE SEP 1     79                        84     -5      112
  SINCE JAN 1    700                       736    -36      831
..................................................................


WIND (MPH)
  HIGHEST WIND SPEED    22   HIGHEST WIND DIRECTION    SW (230)
  HIGHEST GUST SPEED    31   HIGHEST GUST DIRECTION    SW (240)
  AVERAGE WIND SPEED    10.0


SKY COVER
  POSSIBLE SUNSHINE  MM
  AVERAGE SKY COVER 0.4


WEATHER CONDITIONS
 THE FOLLOWING WEATHER WAS RECORDED YESTERDAY.
  NO SIGNIFICANT WEATHER WAS OBSERVED.


RELATIVE HUMIDITY (PERCENT)
 HIGHEST    85          1100 PM
 LOWEST     45           100 PM
 AVERAGE    65

..........................................................


THE PITTSBURGH PA CLIMATE NORMALS FOR TODAY
                         NORMAL    RECORD    YEAR
 MAXIMUM TEMPERATURE (F)   47        74      1896
 MINIMUM TEMPERATURE (F)   32         9      1950


SUNRISE AND SUNSET
NOVEMBER 26 2014......SUNRISE   720 AM EST   SUNSET   456 PM EST
NOVEMBER 27 2014......SUNRISE   721 AM EST   SUNSET   456 PM EST


-  INDICATES NEGATIVE NUMBERS.
R  INDICATES RECORD WAS SET OR TIED.
MM INDICATES DATA IS MISSING.
T  INDICATES TRACE AMOUNT.





&&
SNOW DEPTH IS MEASURED AT 7 AM EST OR 8 AM EDT.
$$
