000
CDUS41 KPBZ 022121
CLIPIT

CLIMATE REPORT
NATIONAL WEATHER SERVICE PITTSBURGH PA
521 PM EDT MON MAY 2 2016

...................................

...THE PITTSBURGH PA CLIMATE SUMMARY FOR MAY 2 2016...
VALID TODAY AS OF 0500 PM LOCAL TIME.

CLIMATE NORMAL PERIOD 1981 TO 2010
CLIMATE RECORD PERIOD 1871 TO 2016

WEATHER ITEM   OBSERVED TIME   RECORD YEAR NORMAL DEPARTURE LAST
                VALUE   (LST)  VALUE       VALUE  FROM      YEAR
                                                  NORMAL
..................................................................
TEMPERATURE (F)
 TODAY
  MAXIMUM         67   1236 PM  95    1887  67      0       74
  MINIMUM         53    601 AM  26    1963  45      8       43
  AVERAGE         60                        56      4       59

PRECIPITATION (IN)
  TODAY            0.67          1.73 1985   0.11   0.56     0.00
  MONTH TO DATE    0.95                      0.21   0.74     0.01
  SINCE JUN 1     37.04                     34.45   2.59    33.52
  SINCE JAN 1     10.96                     11.36  -0.40    11.77

SNOWFALL (IN)
  TODAY            0.0           T    1909   0.0    0.0      0.0
  MONTH TO DATE    0.0                       0.0    0.0      0.0
  SINCE OCT 1     29.6                      41.9  -12.3     47.5
  SINCE JUL 1     29.6                      41.9  -12.3     47.5
  SNOW DEPTH       0

DEGREE DAYS
 HEATING
  TODAY            5                         9     -4        6
  MONTH TO DATE    6                        19    -13       13
  SINCE MAR 1    932                      1238   -306     1270
  SINCE JUL 1   4498                      5495   -997     5938

 COOLING
  TODAY            0                         1     -1        0
  MONTH TO DATE    0                         1     -1        0
  SINCE MAR 1      3                        11     -8        1
  SINCE JAN 1      3                        11     -8        1
..................................................................

WIND (MPH)
  HIGHEST WIND SPEED    18   HIGHEST WIND DIRECTION    NW (310)
  HIGHEST GUST SPEED    22   HIGHEST GUST DIRECTION    SW (240)
  AVERAGE WIND SPEED    10.1


SKY COVER
  POSSIBLE SUNSHINE  MM
  AVERAGE SKY COVER 0.9


WEATHER CONDITIONS
 THE FOLLOWING WEATHER WAS RECORDED TODAY.
  THUNDERSTORM
  HEAVY RAIN
  LIGHT RAIN
  HAIL
  FOG


RELATIVE HUMIDITY (PERCENT)
 HIGHEST    93           400 AM
 LOWEST     60           400 PM
 AVERAGE    77

..........................................................


THE PITTSBURGH PA CLIMATE NORMALS FOR TOMORROW
                         NORMAL    RECORD    YEAR
 MAXIMUM TEMPERATURE (F)   67        95      1887
 MINIMUM TEMPERATURE (F)   46        32      1986
                                             1981
                                             1978


SUNRISE AND SUNSET
MAY  2 2016...........SUNRISE   618 AM EDT   SUNSET   818 PM EDT
MAY  3 2016...........SUNRISE   617 AM EDT   SUNSET   819 PM EDT


-  INDICATES NEGATIVE NUMBERS.
R  INDICATES RECORD WAS SET OR TIED.
MM INDICATES DATA IS MISSING.
T  INDICATES TRACE AMOUNT.

&&

SNOW DEPTH IS MEASURED AT 7 AM EST OR 8 AM EDT.

$$
