000
CDUS41 KRLX 220816
CLIPKB


CLIMATE REPORT
NATIONAL WEATHER SERVICE CHARLESTON WV
316 AM EST THU FEB 22 2018


...................................

...THE PARKERSBURG WV CLIMATE SUMMARY FOR FEBRUARY 21 2018...

CLIMATE NORMAL PERIOD 1981 TO 2010
CLIMATE RECORD PERIOD 1889 TO 2018


WEATHER ITEM   OBSERVED TIME   RECORD YEAR NORMAL DEPARTURE LAST
                VALUE   (LST)  VALUE       VALUE  FROM      YEAR
                                                  NORMAL
..................................................................
TEMPERATURE (F)
 YESTERDAY
  MAXIMUM         74R  1135 AM  72    2017  46     28       72
                                      1997
  MINIMUM         43   1159 PM   0    2008  27     16       41
  AVERAGE         59                        36     23       57

PRECIPITATION (IN)
  YESTERDAY        0.24          1.21 2011   0.10   0.14     0.00
  MONTH TO DATE    4.76                      2.00   2.76     2.16
  SINCE JAN 1      8.20                      4.95   3.25     6.72

SNOWFALL (IN)
  YESTERDAY       MM
  MONTH TO DATE   MM
  SINCE SEP 1     MM
  SNOW DEPTH      MM

DEGREE DAYS
 HEATING
  YESTERDAY        6                        29    -23        8
  MONTH TO DATE  532                       651   -119      496
  SINCE DEC 1   2646                      2611     35     2179
  SINCE JUL 1   3546                      3596    -50     2933

 COOLING
  YESTERDAY        0                         0      0        0
  MONTH TO DATE    6                         0      6        0
  SINCE DEC 1      6                         0      6        0
  SINCE JAN 1      6                         0      6        0
..................................................................


WIND (MPH)
  HIGHEST WIND SPEED    18   HIGHEST WIND DIRECTION    NW (310)
  HIGHEST GUST SPEED    26   HIGHEST GUST DIRECTION    SW (220)
  AVERAGE WIND SPEED    10.5


SKY COVER
  POSSIBLE SUNSHINE  MM
  AVERAGE SKY COVER 0.8


WEATHER CONDITIONS
 THE FOLLOWING WEATHER WAS RECORDED YESTERDAY.
  RAIN
  LIGHT RAIN
  FOG


RELATIVE HUMIDITY (PERCENT)
 HIGHEST    89          1100 PM
 LOWEST     47           100 AM
 AVERAGE    68

..........................................................


THE PARKERSBURG WV CLIMATE NORMALS FOR TODAY
                         NORMAL    RECORD    YEAR
 MAXIMUM TEMPERATURE (F)   46        71      1975
                                             1930
 MINIMUM TEMPERATURE (F)   27        -3      1963


SUNRISE AND SUNSET
FEBRUARY 22 2018......SUNRISE   708 AM EST   SUNSET   610 PM EST
FEBRUARY 23 2018......SUNRISE   707 AM EST   SUNSET   612 PM EST


-  INDICATES NEGATIVE NUMBERS.
R  INDICATES RECORD WAS SET OR TIED.
MM INDICATES DATA IS MISSING.
T  INDICATES TRACE AMOUNT.




$$
