000
CDUS41 KRLX 292118
CLIPKB


CLIMATE REPORT
NATIONAL WEATHER SERVICE CHARLESTON WV
518 PM EDT FRI AUG 29 2014


...................................

...THE PARKERSBURG WV CLIMATE SUMMARY FOR AUGUST 29 2014...
VALID TODAY AS OF 0500 PM LOCAL TIME.

CLIMATE NORMAL PERIOD 1981 TO 2010
CLIMATE RECORD PERIOD 1889 TO 2014


WEATHER ITEM   OBSERVED TIME   RECORD YEAR NORMAL DEPARTURE LAST
                VALUE   (LST)  VALUE       VALUE  FROM      YEAR
                                                  NORMAL
..................................................................
TEMPERATURE (F)
 TODAY
  MAXIMUM         85    353 PM  99    1953  83      2       87
  MINIMUM         54    632 AM  40    1986  61     -7       69
  AVERAGE         70                        72     -2       78

PRECIPITATION (IN)
  TODAY            0.00          0.59 2003   0.11  -0.11     0.00
  MONTH TO DATE    3.05                      3.38  -0.33     6.11
  SINCE JUN 1      7.53                     11.61  -4.08    19.53
  SINCE JAN 1     16.42                     28.56 -12.14    32.35

DEGREE DAYS
 HEATING
  TODAY            0                         0      0        0
  MONTH TO DATE    1                         0      1        5
  SINCE JUN 1      2                        20    -18       11
  SINCE JUL 1      2                         1      1        5

 COOLING
  TODAY            5                         7     -2       13
  MONTH TO DATE  209                       247    -38      196
  SINCE JUN 1    456                       730   -274      676
  SINCE JAN 1    461                       814   -353      802
..................................................................


WIND (MPH)
  HIGHEST WIND SPEED     8   HIGHEST WIND DIRECTION     E (80)
  HIGHEST GUST SPEED    14   HIGHEST GUST DIRECTION    NE (40)
  AVERAGE WIND SPEED     2.6


SKY COVER
  POSSIBLE SUNSHINE  MM
  AVERAGE SKY COVER 0.1


WEATHER CONDITIONS
 THE FOLLOWING WEATHER WAS RECORDED TODAY.
  FOG
  FOG W/VISIBILITY <= 1/4 MILE


RELATIVE HUMIDITY (PERCENT)
 HIGHEST   100           400 AM
 LOWEST     40           300 PM
 AVERAGE    70

..........................................................


THE PARKERSBURG WV CLIMATE NORMALS FOR TOMORROW
                         NORMAL    RECORD    YEAR
 MAXIMUM TEMPERATURE (F)   83       100      1953
 MINIMUM TEMPERATURE (F)   61        44      1986


SUNRISE AND SUNSET
AUGUST 29 2014........SUNRISE   651 AM EDT   SUNSET   801 PM EDT
AUGUST 30 2014........SUNRISE   652 AM EDT   SUNSET   800 PM EDT


-  INDICATES NEGATIVE NUMBERS.
R  INDICATES RECORD WAS SET OR TIED.
MM INDICATES DATA IS MISSING.
T  INDICATES TRACE AMOUNT.




$$
