000
CDUS41 KRLX 250824
CLIPKB


CLIMATE REPORT
NATIONAL WEATHER SERVICE CHARLESTON WV
323 AM EST SAT FEB 25 2017


...................................

...THE PARKERSBURG WV CLIMATE SUMMARY FOR FEBRUARY 24 2017...

CLIMATE NORMAL PERIOD 1981 TO 2010
CLIMATE RECORD PERIOD 1889 TO 2017


WEATHER ITEM   OBSERVED TIME   RECORD YEAR NORMAL DEPARTURE LAST
                VALUE   (LST)  VALUE       VALUE  FROM      YEAR
                                                  NORMAL
..................................................................
TEMPERATURE (F)
 YESTERDAY
  MAXIMUM         79R   430 PM  73    1961  47     32       68
  MINIMUM         59    732 AM  -8    2015  27     32       41
  AVERAGE         69                        37     32       55

PRECIPITATION (IN)
  YESTERDAY        0.00          0.93 2016   0.10  -0.10     0.93
  MONTH TO DATE    2.16                      2.30  -0.14     3.66
  SINCE JAN 1      6.72                      5.25   1.47     5.41

SNOWFALL (IN)
  YESTERDAY       MM
  MONTH TO DATE   MM
  SINCE SEP 1     MM
  SNOW DEPTH      MM

DEGREE DAYS
 HEATING
  YESTERDAY        0                        28    -28       10
  MONTH TO DATE  506                       736   -230      706
  SINCE DEC 1   2189                      2696   -507     2334
  SINCE JUL 1   2943                      3681   -738     3096

 COOLING
  YESTERDAY        4                         0      4        0
  MONTH TO DATE    4                         0      4        0
  SINCE DEC 1      4                         0      4        0
  SINCE JAN 1      4                         0      4        0
..................................................................


WIND (MPH)
  HIGHEST WIND SPEED    20   HIGHEST WIND DIRECTION     S (200)
  HIGHEST GUST SPEED    29   HIGHEST GUST DIRECTION    SW (230)
  AVERAGE WIND SPEED     9.3


SKY COVER
  POSSIBLE SUNSHINE  MM
  AVERAGE SKY COVER 0.2


WEATHER CONDITIONS
 THE FOLLOWING WEATHER WAS RECORDED YESTERDAY.
  NO SIGNIFICANT WEATHER WAS OBSERVED.


RELATIVE HUMIDITY (PERCENT)
 HIGHEST    75           500 AM
 LOWEST     32           500 PM
 AVERAGE    54

..........................................................


THE PARKERSBURG WV CLIMATE NORMALS FOR TODAY
                         NORMAL    RECORD    YEAR
 MAXIMUM TEMPERATURE (F)   47        77      2000
 MINIMUM TEMPERATURE (F)   27        -7      1914


SUNRISE AND SUNSET
FEBRUARY 25 2017......SUNRISE   704 AM EST   SUNSET   614 PM EST
FEBRUARY 26 2017......SUNRISE   702 AM EST   SUNSET   615 PM EST


-  INDICATES NEGATIVE NUMBERS.
R  INDICATES RECORD WAS SET OR TIED.
MM INDICATES DATA IS MISSING.
T  INDICATES TRACE AMOUNT.




$$
