000
CDUS41 KRLX 122224
CLIPKB


CLIMATE REPORT
NATIONAL WEATHER SERVICE CHARLESTON WV
523 PM EST FRI FEB 12 2016


...................................

...THE PARKERSBURG WV CLIMATE SUMMARY FOR FEBRUARY 12 2016...
VALID TODAY AS OF 0500 PM LOCAL TIME.

CLIMATE NORMAL PERIOD 1981 TO 2010
CLIMATE RECORD PERIOD 1889 TO 2016


WEATHER ITEM   OBSERVED TIME   RECORD YEAR NORMAL DEPARTURE LAST
                VALUE   (LST)  VALUE       VALUE  FROM      YEAR
                                                  NORMAL
..................................................................
TEMPERATURE (F)
 TODAY
  MAXIMUM         24    359 PM  73    1984  43    -19       33
  MINIMUM          2    555 AM  -8    1981  25    -23       10
  AVERAGE         13                        34    -21       22

PRECIPITATION (IN)
  TODAY            T   R         T    2006   0.09  -0.09     0.06
                                      2006
                                      2012
  MONTH TO DATE    1.10                      1.15  -0.05     0.73
  SINCE DEC 1      7.49                      7.20   0.29     6.36
  SINCE JAN 1      2.85                      4.10  -1.25     2.96

DEGREE DAYS
 HEATING
  TODAY           52                        31     21       43
  MONTH TO DATE  384                       382      2      390
  SINCE DEC 1   2012                      2342   -330     2320
  SINCE JUL 1   2774                      3327   -553     3431

 COOLING
  TODAY            0                         0      0        0
  MONTH TO DATE    0                         0      0        0
  SINCE DEC 1      0                         0      0        0
  SINCE JAN 1      0                         0      0        0
..................................................................


WIND (MPH)
  HIGHEST WIND SPEED    13   HIGHEST WIND DIRECTION    SW (210)
  HIGHEST GUST SPEED    17   HIGHEST GUST DIRECTION     S (200)
  AVERAGE WIND SPEED     2.2


SKY COVER
  POSSIBLE SUNSHINE  MM
  AVERAGE SKY COVER 0.6


WEATHER CONDITIONS
 THE FOLLOWING WEATHER WAS RECORDED TODAY.
  LIGHT SNOW
  FOG
  HAZE


RELATIVE HUMIDITY (PERCENT)
 HIGHEST    92          1000 AM
 LOWEST     55           100 PM
 AVERAGE    74

..........................................................


THE PARKERSBURG WV CLIMATE NORMALS FOR TOMORROW
                         NORMAL    RECORD    YEAR
 MAXIMUM TEMPERATURE (F)   43        72      1990
 MINIMUM TEMPERATURE (F)   25        -8      1899


SUNRISE AND SUNSET
FEBRUARY 12 2016......SUNRISE   722 AM EST   SUNSET   559 PM EST
FEBRUARY 13 2016......SUNRISE   721 AM EST   SUNSET   600 PM EST


-  INDICATES NEGATIVE NUMBERS.
R  INDICATES RECORD WAS SET OR TIED.
MM INDICATES DATA IS MISSING.
T  INDICATES TRACE AMOUNT.




$$
