000
CDUS41 KRLX 232219
CLIPKB


CLIMATE REPORT
NATIONAL WEATHER SERVICE CHARLESTON WV
519 PM EST THU NOV 23 2017


...................................

...THE PARKERSBURG WV CLIMATE SUMMARY FOR NOVEMBER 23 2017...
VALID TODAY AS OF 0500 PM LOCAL TIME.

CLIMATE NORMAL PERIOD 1981 TO 2010
CLIMATE RECORD PERIOD 1889 TO 2017


WEATHER ITEM   OBSERVED TIME   RECORD YEAR NORMAL DEPARTURE LAST
                VALUE   (LST)  VALUE       VALUE  FROM      YEAR
                                                  NORMAL
..................................................................
TEMPERATURE (F)
 TODAY
  MAXIMUM         43    337 PM  74    1979  52     -9       47
  MINIMUM         21    753 AM  13    1956  33    -12       24
  AVERAGE         32                        43    -11       36

PRECIPITATION (IN)
  TODAY            0.00          1.00 1961   0.12  -0.12      T
  MONTH TO DATE    4.06                      2.57   1.49     0.56
  SINCE SEP 1      9.19                      8.51   0.68     5.61
  SINCE JAN 1     48.66                     37.30  11.36    31.50

DEGREE DAYS
 HEATING
  TODAY           33                        22     11       29
  MONTH TO DATE  467                       424     43      412
  SINCE SEP 1    764                       813    -49      627
  SINCE JUL 1    766                       818    -52      627

 COOLING
  TODAY            0                         0      0        0
  MONTH TO DATE    2                         0      2        2
  SINCE SEP 1    173                       123     50      274
  SINCE JAN 1    975                       953     22     1352
..................................................................


WIND (MPH)
  HIGHEST WIND SPEED     8   HIGHEST WIND DIRECTION     W (260)
  HIGHEST GUST SPEED    13   HIGHEST GUST DIRECTION    SW (240)
  AVERAGE WIND SPEED     1.2


SKY COVER
  POSSIBLE SUNSHINE  MM
  AVERAGE SKY COVER 0.2


WEATHER CONDITIONS
 THE FOLLOWING WEATHER WAS RECORDED TODAY.
  FOG
  HAZE


RELATIVE HUMIDITY (PERCENT)
 HIGHEST    92           400 AM
 LOWEST     39           400 PM
 AVERAGE    66

..........................................................


THE PARKERSBURG WV CLIMATE NORMALS FOR TOMORROW
                         NORMAL    RECORD    YEAR
 MAXIMUM TEMPERATURE (F)   51        73      2001
 MINIMUM TEMPERATURE (F)   33        10      1956
                                             1950


SUNRISE AND SUNSET
NOVEMBER 23 2017......SUNRISE   718 AM EST   SUNSET   506 PM EST
NOVEMBER 24 2017......SUNRISE   720 AM EST   SUNSET   505 PM EST


-  INDICATES NEGATIVE NUMBERS.
R  INDICATES RECORD WAS SET OR TIED.
MM INDICATES DATA IS MISSING.
T  INDICATES TRACE AMOUNT.




$$
