000
CDUS41 KRLX 280717
CLIPKB


CLIMATE REPORT
NATIONAL WEATHER SERVICE CHARLESTON WV
316 AM EDT SUN AUG 28 2016


...................................

...THE PARKERSBURG WV CLIMATE SUMMARY FOR AUGUST 27 2016...

CLIMATE NORMAL PERIOD 1981 TO 2010
CLIMATE RECORD PERIOD 1889 TO 2016


WEATHER ITEM   OBSERVED TIME   RECORD YEAR NORMAL DEPARTURE LAST
                VALUE   (LST)  VALUE       VALUE  FROM      YEAR
                                                  NORMAL
..................................................................
TEMPERATURE (F)
 YESTERDAY
  MAXIMUM         96    352 PM 100    1948  83     13       77
  MINIMUM         70    603 AM  47    1945  61      9       51
  AVERAGE         83                        72     11       64

PRECIPITATION (IN)
  YESTERDAY        0.00          1.42 2008   0.11  -0.11     0.00
  MONTH TO DATE    1.28                      3.16  -1.88     2.74
  SINCE JAN 1     25.84                     28.34  -2.50    27.97

SNOWFALL (IN)
  YESTERDAY       MM
  MONTH TO DATE   MM
  SINCE SEP 1     MM
  SNOW DEPTH      MM

DEGREE DAYS
 HEATING
  YESTERDAY        0                         0      0        1
  MONTH TO DATE    0                         0      0        3
  SINCE JUN 1      7                        20    -13       18
  SINCE JUL 1      0                         1     -1        3

 COOLING
  YESTERDAY       18                         7     11        0
  MONTH TO DATE  357                       233    124      182
  SINCE JUN 1    935                       716    219      684
  SINCE JAN 1   1023                       800    223      845
..................................................................


WIND (MPH)
  HIGHEST WIND SPEED    12   HIGHEST WIND DIRECTION     S (160)
  HIGHEST GUST SPEED    16   HIGHEST GUST DIRECTION    SE (150)
  AVERAGE WIND SPEED     2.3


SKY COVER
  POSSIBLE SUNSHINE  MM
  AVERAGE SKY COVER 0.1


WEATHER CONDITIONS
 THE FOLLOWING WEATHER WAS RECORDED YESTERDAY.
  FOG


RELATIVE HUMIDITY (PERCENT)
 HIGHEST   100           200 AM
 LOWEST     39           400 PM
 AVERAGE    70

..........................................................


THE PARKERSBURG WV CLIMATE NORMALS FOR TODAY
                         NORMAL    RECORD    YEAR
 MAXIMUM TEMPERATURE (F)   83        98      1948
 MINIMUM TEMPERATURE (F)   61        42      1965


SUNRISE AND SUNSET
AUGUST 28 2016........SUNRISE   651 AM EDT   SUNSET   802 PM EDT
AUGUST 29 2016........SUNRISE   652 AM EDT   SUNSET   800 PM EDT


-  INDICATES NEGATIVE NUMBERS.
R  INDICATES RECORD WAS SET OR TIED.
MM INDICATES DATA IS MISSING.
T  INDICATES TRACE AMOUNT.




$$
