000
CDUS41 KRLX 302130
CLIPKB


CLIMATE REPORT
NATIONAL WEATHER SERVICE CHARLESTON WV
530 PM EDT FRI SEP 30 2016


...................................

...THE PARKERSBURG WV CLIMATE SUMMARY FOR SEPTEMBER 30 2016...
VALID TODAY AS OF 0500 PM LOCAL TIME.

CLIMATE NORMAL PERIOD 1981 TO 2010
CLIMATE RECORD PERIOD 1889 TO 2016


WEATHER ITEM   OBSERVED TIME   RECORD YEAR NORMAL DEPARTURE LAST
                VALUE   (LST)  VALUE       VALUE  FROM      YEAR
                                                  NORMAL
..................................................................
TEMPERATURE (F)
 TODAY
  MAXIMUM         71   1251 PM  95    1953  72     -1       66
  MINIMUM         60    106 AM  33    1935  49     11       59
  AVERAGE         66                        61      5       63

PRECIPITATION (IN)
  TODAY            0.18R         0.17 2006   0.10   0.08     0.07
  MONTH TO DATE    1.74                      3.08  -1.34     5.97
  SINCE SEP 1      1.74                      3.08  -1.34     5.97
  SINCE JAN 1     27.63                     31.87  -4.24    33.94

DEGREE DAYS
 HEATING
  TODAY            0                         6     -6        2
  MONTH TO DATE   11                        72    -61       31
  SINCE SEP 1     11                        71    -60       31
  SINCE JUL 1     11                        76    -65       34

 COOLING
  TODAY            1                         1      0        0
  MONTH TO DATE  235                       106    129      161
  SINCE SEP 1    235                       106    129      161
  SINCE JAN 1   1313                       936    377     1037
..................................................................


WIND (MPH)
  HIGHEST WIND SPEED    23   HIGHEST WIND DIRECTION     E (70)
  HIGHEST GUST SPEED    30   HIGHEST GUST DIRECTION    NE (60)
  AVERAGE WIND SPEED     8.6


SKY COVER
  POSSIBLE SUNSHINE  MM
  AVERAGE SKY COVER 0.7


WEATHER CONDITIONS
 THE FOLLOWING WEATHER WAS RECORDED TODAY.
  THUNDERSTORM
  RAIN
  LIGHT RAIN
  FOG


RELATIVE HUMIDITY (PERCENT)
 HIGHEST   100           200 AM
 LOWEST     73           100 PM
 AVERAGE    87

..........................................................


THE PARKERSBURG WV CLIMATE NORMALS FOR TOMORROW
                         NORMAL    RECORD    YEAR
 MAXIMUM TEMPERATURE (F)   71        91      1927
 MINIMUM TEMPERATURE (F)   49        28      1895


SUNRISE AND SUNSET
SEPTEMBER 30 2016.....SUNRISE   721 AM EDT   SUNSET   709 PM EDT
OCTOBER  1 2016.......SUNRISE   722 AM EDT   SUNSET   707 PM EDT


-  INDICATES NEGATIVE NUMBERS.
R  INDICATES RECORD WAS SET OR TIED.
MM INDICATES DATA IS MISSING.
T  INDICATES TRACE AMOUNT.




$$
