000
CDUS41 KRLX 030717
CLIPKB


CLIMATE REPORT
NATIONAL WEATHER SERVICE CHARLESTON WV
316 AM EDT THU SEP 3 2015


...................................

...THE PARKERSBURG WV CLIMATE SUMMARY FOR SEPTEMBER 2 2015...

CLIMATE NORMAL PERIOD 1981 TO 2010
CLIMATE RECORD PERIOD 1889 TO 2015


WEATHER ITEM   OBSERVED TIME   RECORD YEAR NORMAL DEPARTURE LAST
                VALUE   (LST)  VALUE       VALUE  FROM      YEAR
                                                  NORMAL
..................................................................
TEMPERATURE (F)
 YESTERDAY
  MAXIMUM         90    210 PM 101    1953  82      8       86
  MINIMUM         67    634 AM  43    1967  60      7       71
  AVERAGE         79                        71      8       79

PRECIPITATION (IN)
  YESTERDAY        0.78          1.88 2012   0.11   0.67     0.08
  MONTH TO DATE    0.78                      0.22   0.56     0.20
  SINCE JAN 1     28.75                     29.01  -0.26       MM

SNOWFALL (IN)
  YESTERDAY        0.0
  MONTH TO DATE    0.0
  SINCE SEP 1      0.0
  SINCE JUL 1      0.0
  SNOW DEPTH       0

DEGREE DAYS
 HEATING
  YESTERDAY        0                         0      0        0
  MONTH TO DATE    0                         0      0        0
  SINCE SEP 1      0                         0      0       MM
  SINCE JUL 1      3                         5     -2       MM

 COOLING
  YESTERDAY       14                         6      8       14
  MONTH TO DATE   27                        13     14       28
  SINCE SEP 1     27                        13     14       MM
  SINCE JAN 1    903                       843     60       MM
..................................................................


WIND (MPH)
  HIGHEST WIND SPEED    25   HIGHEST WIND DIRECTION     S (200)
  HIGHEST GUST SPEED    31   HIGHEST GUST DIRECTION     S (200)
  AVERAGE WIND SPEED     2.2


SKY COVER
  POSSIBLE SUNSHINE  MM
  AVERAGE SKY COVER 0.3


WEATHER CONDITIONS
 THE FOLLOWING WEATHER WAS RECORDED YESTERDAY.
  THUNDERSTORM
  HEAVY RAIN
  RAIN
  LIGHT RAIN
  FOG
  HAZE


RELATIVE HUMIDITY (PERCENT)
 HIGHEST    97           800 PM
 LOWEST     48           200 PM
 AVERAGE    73

..........................................................


THE PARKERSBURG WV CLIMATE NORMALS FOR TODAY
                         NORMAL    RECORD    YEAR
 MAXIMUM TEMPERATURE (F)   82       102      1953
 MINIMUM TEMPERATURE (F)   59        43      1893


SUNRISE AND SUNSET
SEPTEMBER  3 2015.....SUNRISE   656 AM EDT   SUNSET   754 PM EDT
SEPTEMBER  4 2015.....SUNRISE   657 AM EDT   SUNSET   752 PM EDT


-  INDICATES NEGATIVE NUMBERS.
R  INDICATES RECORD WAS SET OR TIED.
MM INDICATES DATA IS MISSING.
T  INDICATES TRACE AMOUNT.




$$
