000
CDUS41 KRLX 310821
CLIPKB


CLIMATE REPORT
NATIONAL WEATHER SERVICE CHARLESTON WV
318 AM EST SAT JAN 31 2015


...................................

...THE PARKERSBURG WV CLIMATE SUMMARY FOR JANUARY 30 2015...

CLIMATE NORMAL PERIOD 1981 TO 2010
CLIMATE RECORD PERIOD 1889 TO 2015


WEATHER ITEM   OBSERVED TIME   RECORD YEAR NORMAL DEPARTURE LAST
                VALUE   (LST)  VALUE       VALUE  FROM      YEAR
                                                  NORMAL
..................................................................
TEMPERATURE (F)
 YESTERDAY
  MAXIMUM         33    306 AM  71    1947  41     -8       MM
  MINIMUM         13   1159 PM  -2    1966  24    -11       MM
  AVERAGE         23                        32     -9       MM

PRECIPITATION (IN)
  YESTERDAY        0.12          1.27 2013   0.10   0.02     0.00
  MONTH TO DATE    2.23                      2.85  -0.62     2.26
  SINCE JAN 1      2.23                      2.85  -0.62     2.26

SNOWFALL (IN)
  YESTERDAY       MM
  MONTH TO DATE   MM
  SINCE SEP 1     MM
  SINCE JUL 1     MM
  SNOW DEPTH      MM

DEGREE DAYS
 HEATING
  YESTERDAY       42                        33      9       MM
  MONTH TO DATE 1068                      1005     63     1145
  SINCE DEC 1   1886                      1930    -44     1993
  SINCE JUL 1     MM                      2915     MM     3095

 COOLING
  YESTERDAY        0                         0      0       MM
  MONTH TO DATE    0                         0      0        0
  SINCE DEC 1      0                         0      0        0
  SINCE JAN 1      0                         0      0        0
..................................................................


WIND (MPH)
  HIGHEST WIND SPEED    23   HIGHEST WIND DIRECTION    NW (300)
  HIGHEST GUST SPEED    32   HIGHEST GUST DIRECTION    NW (300)
  AVERAGE WIND SPEED     9.0


SKY COVER
  POSSIBLE SUNSHINE  MM
  AVERAGE SKY COVER 0.7


WEATHER CONDITIONS
 THE FOLLOWING WEATHER WAS RECORDED YESTERDAY.
  SNOW
  LIGHT SNOW
  FOG
  HAZE


RELATIVE HUMIDITY (PERCENT)
 HIGHEST    92           700 AM
 LOWEST     46           400 PM
 AVERAGE    69

..........................................................


THE PARKERSBURG WV CLIMATE NORMALS FOR TODAY
                         NORMAL    RECORD    YEAR
 MAXIMUM TEMPERATURE (F)   41        75      2002
 MINIMUM TEMPERATURE (F)   24        -2      1936


SUNRISE AND SUNSET
JANUARY 31 2015.......SUNRISE   734 AM EST   SUNSET   545 PM EST
FEBRUARY  1 2015......SUNRISE   733 AM EST   SUNSET   546 PM EST


-  INDICATES NEGATIVE NUMBERS.
R  INDICATES RECORD WAS SET OR TIED.
MM INDICATES DATA IS MISSING.
T  INDICATES TRACE AMOUNT.




$$
