000
CDUS41 KRLX 222141
CLIPKB


CLIMATE REPORT
NATIONAL WEATHER SERVICE CHARLESTON WV
540 PM EDT MON MAY 22 2017


...................................

...THE PARKERSBURG WV CLIMATE SUMMARY FOR MAY 22 2017...
VALID TODAY AS OF 0500 PM LOCAL TIME.

CLIMATE NORMAL PERIOD 1981 TO 2010
CLIMATE RECORD PERIOD 1889 TO 2017


WEATHER ITEM   OBSERVED TIME   RECORD YEAR NORMAL DEPARTURE LAST
                VALUE   (LST)  VALUE       VALUE  FROM      YEAR
                                                  NORMAL
..................................................................
TEMPERATURE (F)
 TODAY
  MAXIMUM         71    330 PM  93    1941  75     -4       74
  MINIMUM         60    910 AM  30    2002  52      8       48
  AVERAGE         66                        64      2       61

PRECIPITATION (IN)
  TODAY            T             0.96 1983   0.15  -0.15     0.04
  MONTH TO DATE    1.93                      2.97  -1.04     3.69
  SINCE MAR 1     11.38                      9.97   1.41    10.87
  SINCE JAN 1     19.93                     15.62   4.31    16.41

DEGREE DAYS
 HEATING
  TODAY            0                         4     -4        4
  MONTH TO DATE  113                       121     -8      157
  SINCE MAR 1    932                      1137   -205      926
  SINCE JUL 1   3963                      4927   -964     4139

 COOLING
  TODAY            1                         3     -2        0
  MONTH TO DATE   50                        34     16       14
  SINCE MAR 1     89                        55     34       34
  SINCE JAN 1     93                        55     38       34
..................................................................


WIND (MPH)
  HIGHEST WIND SPEED    16   HIGHEST WIND DIRECTION     W (280)
  HIGHEST GUST SPEED    21   HIGHEST GUST DIRECTION     W (290)
  AVERAGE WIND SPEED     8.5


SKY COVER
  POSSIBLE SUNSHINE  MM
  AVERAGE SKY COVER 0.5


WEATHER CONDITIONS
 THE FOLLOWING WEATHER WAS RECORDED TODAY.
  LIGHT RAIN


RELATIVE HUMIDITY (PERCENT)
 HIGHEST    93          1200 AM
 LOWEST     45           400 PM
 AVERAGE    69

..........................................................


THE PARKERSBURG WV CLIMATE NORMALS FOR TOMORROW
                         NORMAL    RECORD    YEAR
 MAXIMUM TEMPERATURE (F)   76        90      1966
                                             1939
 MINIMUM TEMPERATURE (F)   53        34      2006


SUNRISE AND SUNSET
MAY 22 2017...........SUNRISE   606 AM EDT   SUNSET   839 PM EDT
MAY 23 2017...........SUNRISE   606 AM EDT   SUNSET   840 PM EDT


-  INDICATES NEGATIVE NUMBERS.
R  INDICATES RECORD WAS SET OR TIED.
MM INDICATES DATA IS MISSING.
T  INDICATES TRACE AMOUNT.




$$
