000
CDUS46 KLOX 270138
CLIPMD


CLIMATE REPORT
NATIONAL WEATHER SERVICE LOS ANGELES/OXNARD CA
637 PM PDT MON JUN 26 2017


...................................

...THE PALMDALE AIRPORT CA CLIMATE SUMMARY FOR JUNE 26 2017...
VALID TODAY AS OF 600 PM LOCAL TIME.

CLIMATE NORMAL PERIOD 1981 TO 2010
CLIMATE RECORD PERIOD 1931 TO 2017


WEATHER ITEM   OBSERVED TIME   RECORD YEAR NORMAL DEPARTURE LAST
                VALUE   (LST)  VALUE       VALUE  FROM      YEAR
                                                  NORMAL
..................................................................
TEMPERATURE (F)
 TODAY
  MAXIMUM        103    234 PM 107    1968  94      9      105
  MINIMUM         69    427 AM  44    1965  61      8       64
  AVERAGE         86                        77      9       85

PRECIPITATION (IN)
  TODAY            0.00          0.00   MM   0.00   0.00     0.00
  MONTH TO DATE    0.00                      0.09  -0.09     0.00
  SINCE OCT 1      5.93                      7.77  -1.84     4.28
  SINCE JAN 1      4.14                      5.32  -1.18     2.47

SNOWFALL (IN)
  TODAY            0.0           0.0  1973  MM               0.0
  MONTH TO DATE    0.0                      MM               0.0
  SINCE JUN 1      0.0                      MM               0.0
  SINCE JUL 1      0.0                      MM                T
  SNOW DEPTH       0

DEGREE DAYS
 HEATING
  TODAY            0                         0      0        0
  MONTH TO DATE    7                         6      1        0
  SINCE JUN 1      7                         6      1        0
  SINCE JUL 1   2331                      2924   -593     2605

 COOLING
  TODAY           21                        12      9       20
  MONTH TO DATE  390                       253    137      396
  SINCE JUN 1    390                       253    137      396
  SINCE JAN 1    571                       423    148      540
..................................................................


WIND (MPH)
  HIGHEST WIND SPEED    35   HIGHEST WIND DIRECTION    SW (240)
  HIGHEST GUST SPEED    41   HIGHEST GUST DIRECTION    SW (240)
  AVERAGE WIND SPEED    14.3


SKY COVER
  POSSIBLE SUNSHINE  MM
  AVERAGE SKY COVER 0.0


WEATHER CONDITIONS
 THE FOLLOWING WEATHER WAS RECORDED TODAY.
  NO SIGNIFICANT WEATHER WAS OBSERVED.


RELATIVE HUMIDITY (PERCENT)
 HIGHEST    25           500 AM
 LOWEST      6          1000 AM
 AVERAGE    16

..........................................................


THE PALMDALE AIRPORT CA CLIMATE NORMALS FOR TOMORROW
                         NORMAL    RECORD    YEAR
 MAXIMUM TEMPERATURE (F)   94       109      1973
 MINIMUM TEMPERATURE (F)   61        45      1965


SUNRISE AND SUNSET
JUNE 26 2017..........SUNRISE   541 AM PDT   SUNSET   809 PM PDT
JUNE 27 2017..........SUNRISE   542 AM PDT   SUNSET   809 PM PDT


-  INDICATES NEGATIVE NUMBERS.
R  INDICATES RECORD WAS SET OR TIED.
MM INDICATES DATA IS MISSING.
T  INDICATES TRACE AMOUNT.




$$
