000
CDUS46 KLOX 290908
CLIPMD


CLIMATE REPORT
NATIONAL WEATHER SERVICE LOS ANGELES/OXNARD CA
108 AM PST THU JAN 29 2015


...................................

...THE PALMDALE AIRPORT CA CLIMATE SUMMARY FOR JANUARY 28 2015...

CLIMATE NORMAL PERIOD 1981 TO 2010
CLIMATE RECORD PERIOD 1931 TO 2015


WEATHER ITEM   OBSERVED TIME   RECORD YEAR NORMAL DEPARTURE LAST
                VALUE   (LST)  VALUE       VALUE  FROM      YEAR
                                                  NORMAL
..................................................................
TEMPERATURE (F)
 YESTERDAY
  MAXIMUM         60    301 PM  73    1947  59      1       69
  MINIMUM         41    757 AM   4    1957  32      9       38
  AVERAGE         51                        46      5       54

PRECIPITATION (IN)
  YESTERDAY        0.00          0.49 1981   0.03  -0.03     0.00
  MONTH TO DATE    0.68                      1.40  -0.72     0.00
  SINCE OCT 1      3.25                      3.85  -0.60     1.94
  SINCE JAN 1      0.68                      1.40  -0.72     0.00

SNOWFALL (IN)
  YESTERDAY        0.0           2.0  1957  MM               0.0
  MONTH TO DATE    0.0                      MM               0.0
  SINCE DEC 1      0.0                      MM               0.0
  SINCE JUL 1      0.0                      MM               0.0
  SNOW DEPTH       0

DEGREE DAYS
 HEATING
  YESTERDAY       14                        19     -5       11
  MONTH TO DATE  485                       564    -79      421
  SINCE DEC 1   1020                      1201   -181     1044
  SINCE JUL 1   1334                      1728   -394     1557

 COOLING
  YESTERDAY        0                         0      0        0
  MONTH TO DATE    0                         0      0        0
  SINCE DEC 1      0                         0      0        0
  SINCE JAN 1      0                         0      0        0
..................................................................


WIND (MPH)
  HIGHEST WIND SPEED    13   HIGHEST WIND DIRECTION     E (80)
  HIGHEST GUST SPEED    15   HIGHEST GUST DIRECTION    NE (40)
  AVERAGE WIND SPEED     4.6


SKY COVER
  POSSIBLE SUNSHINE  MM
  AVERAGE SKY COVER 0.1


WEATHER CONDITIONS
 THE FOLLOWING WEATHER WAS RECORDED YESTERDAY.
  FOG
  FOG W/VISIBILITY <= 1/4 MILE


RELATIVE HUMIDITY (PERCENT)
 HIGHEST   100           100 AM
 LOWEST     57           400 PM
 AVERAGE    79

..........................................................


THE PALMDALE AIRPORT CA CLIMATE NORMALS FOR TODAY
                         NORMAL    RECORD    YEAR
 MAXIMUM TEMPERATURE (F)   60        76      2014
 MINIMUM TEMPERATURE (F)   33        13      1948


SUNRISE AND SUNSET
JANUARY 29 2015.......SUNRISE   653 AM PST   SUNSET   519 PM PST
JANUARY 30 2015.......SUNRISE   652 AM PST   SUNSET   520 PM PST


-  INDICATES NEGATIVE NUMBERS.
R  INDICATES RECORD WAS SET OR TIED.
MM INDICATES DATA IS MISSING.
T  INDICATES TRACE AMOUNT.




$$
