000
CDUS46 KLOX 220901
CLIPMD


CLIMATE REPORT
NATIONAL WEATHER SERVICE LOS ANGELES/OXNARD CA
101 AM PST THU FEB 22 2018


...................................

...THE PALMDALE AIRPORT CA CLIMATE SUMMARY FOR FEBRUARY 21 2018...

CLIMATE NORMAL PERIOD 1981 TO 2010
CLIMATE RECORD PERIOD 1931 TO 2018


WEATHER ITEM   OBSERVED TIME   RECORD YEAR NORMAL DEPARTURE LAST
                VALUE   (LST)  VALUE       VALUE  FROM      YEAR
                                                  NORMAL
..................................................................
TEMPERATURE (F)
 YESTERDAY
  MAXIMUM         52    338 PM  77    1991  63    -11       61
  MINIMUM         28   1259 AM  11    1953  37     -9       50
  AVERAGE         40                        50    -10       56

PRECIPITATION (IN)
  YESTERDAY        0.00          1.62 1944   0.06  -0.06     0.00
                                      1962
  MONTH TO DATE    T                         1.32  -1.32     1.71
  SINCE OCT 1      0.60                      5.34  -4.74     5.82
  SINCE JAN 1      0.60                      2.89  -2.29     4.03

SNOWFALL (IN)
  YESTERDAY        0.0           T    1962  MM               0.0
  MONTH TO DATE    0.0                      MM               0.0
  SINCE DEC 1      0.0                      MM               0.0
  SINCE JUL 1      0.0                      MM               0.0
  SNOW DEPTH       0

DEGREE DAYS
 HEATING
  YESTERDAY       25                        15     10        9
  MONTH TO DATE  280                       358    -78      215
  SINCE DEC 1   1233                      1615   -382     1385
  SINCE JUL 1   1518                      2142   -624     1768

 COOLING
  YESTERDAY        0                         0      0        0
  MONTH TO DATE    0                         0      0        0
  SINCE DEC 1      0                         0      0        0
  SINCE JAN 1      0                         0      0        0
..................................................................


WIND (MPH)
  HIGHEST WIND SPEED    23   HIGHEST WIND DIRECTION    NW (310)
  HIGHEST GUST SPEED    27   HIGHEST GUST DIRECTION    NW (310)
  AVERAGE WIND SPEED     8.9


SKY COVER
  POSSIBLE SUNSHINE  MM
  AVERAGE SKY COVER 0.2


WEATHER CONDITIONS
 THE FOLLOWING WEATHER WAS RECORDED YESTERDAY.
  NO SIGNIFICANT WEATHER WAS OBSERVED.


RELATIVE HUMIDITY (PERCENT)
 HIGHEST    44          1000 PM
 LOWEST     17           300 PM
 AVERAGE    31

..........................................................


THE PALMDALE AIRPORT CA CLIMATE NORMALS FOR TODAY
                         NORMAL    RECORD    YEAR
 MAXIMUM TEMPERATURE (F)   63        76      2012
                                             1995
 MINIMUM TEMPERATURE (F)   37        16      1953


SUNRISE AND SUNSET
FEBRUARY 22 2018......SUNRISE   630 AM PST   SUNSET   542 PM PST
FEBRUARY 23 2018......SUNRISE   629 AM PST   SUNSET   543 PM PST


-  INDICATES NEGATIVE NUMBERS.
R  INDICATES RECORD WAS SET OR TIED.
MM INDICATES DATA IS MISSING.
T  INDICATES TRACE AMOUNT.




$$
