000
CDUS46 KLOX 230916
CLIPMD


CLIMATE REPORT
NATIONAL WEATHER SERVICE LOS ANGELES/OXNARD CA
115 AM PST THU FEB 23 2017


...................................

...THE PALMDALE AIRPORT CA CLIMATE SUMMARY FOR FEBRUARY 22 2017...

CLIMATE NORMAL PERIOD 1981 TO 2010
CLIMATE RECORD PERIOD 1931 TO 2017


WEATHER ITEM   OBSERVED TIME   RECORD YEAR NORMAL DEPARTURE LAST
                VALUE   (LST)  VALUE       VALUE  FROM      YEAR
                                                  NORMAL
..................................................................
TEMPERATURE (F)
 YESTERDAY
  MAXIMUM         55   1158 AM  76    2012  63     -8       73
                                      1995
  MINIMUM         41   1157 PM  16    1953  37      4       41
  AVERAGE         48                        50     -2       57

PRECIPITATION (IN)
  YESTERDAY        0.00          2.43 1944   0.07  -0.07     0.00
  MONTH TO DATE    1.71                      1.39   0.32     0.09
  SINCE OCT 1      5.82                      5.41   0.41     3.26
  SINCE JAN 1      4.03                      2.96   1.07     1.45

SNOWFALL (IN)
  YESTERDAY        0.0           T    1969  MM               0.0
  MONTH TO DATE    0.0                      MM               0.0
  SINCE DEC 1      0.0                      MM                T
  SINCE JUL 1      0.0                      MM                T
  SNOW DEPTH       0

DEGREE DAYS
 HEATING
  YESTERDAY       17                        15      2        8
  MONTH TO DATE  232                       373   -141      312
  SINCE DEC 1   1402                      1630   -228     1581
  SINCE JUL 1   1785                      2157   -372     2104

 COOLING
  YESTERDAY        0                         0      0        0
  MONTH TO DATE    0                         0      0        0
  SINCE DEC 1      0                         0      0        0
  SINCE JAN 1      0                         0      0        0
..................................................................


WIND (MPH)
  HIGHEST WIND SPEED    32   HIGHEST WIND DIRECTION    NW (300)
  HIGHEST GUST SPEED    39   HIGHEST GUST DIRECTION     W (290)
  AVERAGE WIND SPEED    19.2


SKY COVER
  POSSIBLE SUNSHINE  MM
  AVERAGE SKY COVER 0.0


WEATHER CONDITIONS
 THE FOLLOWING WEATHER WAS RECORDED YESTERDAY.
  NO SIGNIFICANT WEATHER WAS OBSERVED.


RELATIVE HUMIDITY (PERCENT)
 HIGHEST    86           300 AM
 LOWEST     50          1100 AM
 AVERAGE    68

..........................................................


THE PALMDALE AIRPORT CA CLIMATE NORMALS FOR TODAY
                         NORMAL    RECORD    YEAR
 MAXIMUM TEMPERATURE (F)   63        78      1995
 MINIMUM TEMPERATURE (F)   37        22      1984


SUNRISE AND SUNSET
FEBRUARY 23 2017......SUNRISE   628 AM PST   SUNSET   543 PM PST
FEBRUARY 24 2017......SUNRISE   627 AM PST   SUNSET   544 PM PST


-  INDICATES NEGATIVE NUMBERS.
R  INDICATES RECORD WAS SET OR TIED.
MM INDICATES DATA IS MISSING.
T  INDICATES TRACE AMOUNT.




$$
