084
CDUS46 KLOX 300922
CLIPMD


CLIMATE REPORT
NATIONAL WEATHER SERVICE LOS ANGELES/OXNARD CA
217 AM PDT SAT JUL 30 2016


...................................

...THE PALMDALE AIRPORT CA CLIMATE SUMMARY FOR JULY 29 2016...

CLIMATE NORMAL PERIOD 1981 TO 2010
CLIMATE RECORD PERIOD 1931 TO 2016


WEATHER ITEM   OBSERVED TIME   RECORD YEAR NORMAL DEPARTURE LAST
                VALUE   (LST)  VALUE       VALUE  FROM      YEAR
                                                  NORMAL
..................................................................
TEMPERATURE (F)
 YESTERDAY
  MAXIMUM        108   1249 PM 111    1995  99      9      100
  MINIMUM         77    446 AM  52    1941  67     10       68
  AVERAGE         93                        83     10       84

PRECIPITATION (IN)
  YESTERDAY        0.00          0.65 2015   0.00   0.00     0.65
  MONTH TO DATE    0.00                      0.09  -0.09     1.60
  SINCE OCT 1      4.28                      7.86  -3.58     5.85
  SINCE JAN 1      2.47                      5.41  -2.94     3.28

SNOWFALL (IN)
  YESTERDAY        0.0           0.0  1973  MM               0.0
  MONTH TO DATE    0.0                      MM               0.0
  SINCE JUN 1      0.0                      MM               0.0
  SINCE JUL 1      0.0                      MM               0.0
  SNOW DEPTH       0

DEGREE DAYS
 HEATING
  YESTERDAY        0                         0      0        0
  MONTH TO DATE    0                         0      0        0
  SINCE JUN 1      0                         7     -7        0
  SINCE JUL 1      0                         0      0        0

 COOLING
  YESTERDAY       28                        18     10       19
  MONTH TO DATE  543                       468     75      389
  SINCE JUN 1   1031                       774    257      837
  SINCE JAN 1   1175                       944    231      962
..................................................................


WIND (MPH)
  HIGHEST WIND SPEED    28   HIGHEST WIND DIRECTION    SW (230)
  HIGHEST GUST SPEED    33   HIGHEST GUST DIRECTION    SW (230)
  AVERAGE WIND SPEED    11.5


SKY COVER
  POSSIBLE SUNSHINE  MM
  AVERAGE SKY COVER 0.0


WEATHER CONDITIONS
 THE FOLLOWING WEATHER WAS RECORDED YESTERDAY.
  NO SIGNIFICANT WEATHER WAS OBSERVED.


RELATIVE HUMIDITY (PERCENT)
 HIGHEST    33           100 AM
 LOWEST     12          1200 PM
 AVERAGE    23

..........................................................


THE PALMDALE AIRPORT CA CLIMATE NORMALS FOR TODAY
                         NORMAL    RECORD    YEAR
 MAXIMUM TEMPERATURE (F)   99       110      1995
 MINIMUM TEMPERATURE (F)   67        55      1975


SUNRISE AND SUNSET
JULY 30 2016..........SUNRISE   601 AM PDT   SUNSET   756 PM PDT
JULY 31 2016..........SUNRISE   602 AM PDT   SUNSET   755 PM PDT


-  INDICATES NEGATIVE NUMBERS.
R  INDICATES RECORD WAS SET OR TIED.
MM INDICATES DATA IS MISSING.
T  INDICATES TRACE AMOUNT.




$$
