000
CDUS46 KLOX 110905
CLIPMD


CLIMATE REPORT
NATIONAL WEATHER SERVICE LOS ANGELES/OXNARD CA
105 AM PST MON DEC 11 2017


...................................

...THE PALMDALE AIRPORT CA CLIMATE SUMMARY FOR DECEMBER 10 2017...

CLIMATE NORMAL PERIOD 1981 TO 2010
CLIMATE RECORD PERIOD 1931 TO 2017


WEATHER ITEM   OBSERVED TIME   RECORD YEAR NORMAL DEPARTURE LAST
                VALUE   (LST)  VALUE       VALUE  FROM      YEAR
                                                  NORMAL
..................................................................
TEMPERATURE (F)
 YESTERDAY
  MAXIMUM         66    310 PM  76    1975  59      7       71
  MINIMUM         29    720 AM  15    1956  31     -2       43
  AVERAGE         48                        45      3       57

PRECIPITATION (IN)
  YESTERDAY        0.00          0.70 1943   0.01  -0.01     0.00
  MONTH TO DATE    0.00                      0.14  -0.14     0.00
  SINCE OCT 1      T                         1.44  -1.44     0.32
  SINCE JAN 1      4.56                      7.29  -2.73     2.79

SNOWFALL (IN)
  YESTERDAY        0.0           T    1972  MM               0.0
  MONTH TO DATE    0.0                      MM               0.0
  SINCE DEC 1      0.0                      MM               0.0
  SINCE JUL 1      0.0                      MM               0.0
  SNOW DEPTH       0

DEGREE DAYS
 HEATING
  YESTERDAY       17                        20     -3        8
  MONTH TO DATE  165                       196    -31      157
  SINCE DEC 1    165                       196    -31      157
  SINCE JUL 1    450                       723   -273      540

 COOLING
  YESTERDAY        0                         0      0        0
  MONTH TO DATE    0                         0      0        0
  SINCE DEC 1      0                         0      0        0
  SINCE JAN 1   2269                      1815    454     2086
..................................................................


WIND (MPH)
  HIGHEST WIND SPEED    12   HIGHEST WIND DIRECTION    NE (30)
  HIGHEST GUST SPEED    19   HIGHEST GUST DIRECTION    NW (330)
  AVERAGE WIND SPEED     3.7


SKY COVER
  POSSIBLE SUNSHINE  MM
  AVERAGE SKY COVER 0.0


WEATHER CONDITIONS
 THE FOLLOWING WEATHER WAS RECORDED YESTERDAY.
  NO SIGNIFICANT WEATHER WAS OBSERVED.


RELATIVE HUMIDITY (PERCENT)
 HIGHEST    36           700 AM
 LOWEST      8           300 PM
 AVERAGE    22

..........................................................


THE PALMDALE AIRPORT CA CLIMATE NORMALS FOR TODAY
                         NORMAL    RECORD    YEAR
 MAXIMUM TEMPERATURE (F)   58        72      1977
 MINIMUM TEMPERATURE (F)   31        12      1972


SUNRISE AND SUNSET
DECEMBER 11 2017......SUNRISE   649 AM PST   SUNSET   442 PM PST
DECEMBER 12 2017......SUNRISE   650 AM PST   SUNSET   442 PM PST


-  INDICATES NEGATIVE NUMBERS.
R  INDICATES RECORD WAS SET OR TIED.
MM INDICATES DATA IS MISSING.
T  INDICATES TRACE AMOUNT.




$$
