000
CDUS44 KMOB 250645
CLIPNS


CLIMATE REPORT
NATIONAL WEATHER SERVICE MOBILE AL
145 AM CDT THU MAY 25 2017


...................................

...THE PENSACOLA CLIMATE SUMMARY FOR MAY 24 2017...

CLIMATE NORMAL PERIOD 1981 TO 2010
CLIMATE RECORD PERIOD 1879 TO 2017


WEATHER ITEM   OBSERVED TIME   RECORD YEAR NORMAL DEPARTURE LAST
                VALUE   (LST)  VALUE       VALUE  FROM      YEAR
                                                  NORMAL
..................................................................
TEMPERATURE (F)
 YESTERDAY
  MAXIMUM         83   1140 AM  97    2005  85     -2       86
  MINIMUM         65   1159 PM  54    1967  68     -3       63
                                      1883
  AVERAGE         74                        77     -3       75

PRECIPITATION (IN)
  YESTERDAY        0.66          1.68 1969   0.14   0.52     0.00
  MONTH TO DATE    5.92                      3.18   2.74     1.88
  SINCE MAR 1     11.99                     13.31  -1.32    15.53
  SINCE JAN 1     27.34                     23.00   4.34    24.18

DEGREE DAYS
 COOLING
  YESTERDAY        9                        12     -3       10
  MONTH TO DATE  253                       210     43      247
  SINCE MAR 1    591                       344    247      474
  SINCE JAN 1    701                       358    343      492
..................................................................


WIND (MPH)
  HIGHEST WIND SPEED    23   HIGHEST WIND DIRECTION     W (280)
  HIGHEST GUST SPEED    33   HIGHEST GUST DIRECTION     W (280)
  AVERAGE WIND SPEED    10.4


SKY COVER
  POSSIBLE SUNSHINE  MM
  AVERAGE SKY COVER 0.2


WEATHER CONDITIONS
 THE FOLLOWING WEATHER WAS RECORDED YESTERDAY.
  THUNDERSTORM
  HEAVY RAIN
  RAIN
  LIGHT RAIN
  FOG


RELATIVE HUMIDITY (PERCENT)
 HIGHEST    90           500 AM
 LOWEST     33           400 PM
 AVERAGE    62

..........................................................


THE PENSACOLA CLIMATE NORMALS FOR TODAY
                         NORMAL    RECORD    YEAR
 MAXIMUM TEMPERATURE (F)   85        94      2012
                                             1996
                                             1953
 MINIMUM TEMPERATURE (F)   68        53      1979


SUNRISE AND SUNSET
MAY 25 2017...........SUNRISE   549 AM CDT   SUNSET   743 PM CDT
MAY 26 2017...........SUNRISE   549 AM CDT   SUNSET   743 PM CDT


-  INDICATES NEGATIVE NUMBERS.
R  INDICATES RECORD WAS SET OR TIED.
MM INDICATES DATA IS MISSING.
T  INDICATES TRACE AMOUNT.




$$
