000
CDUS44 KMOB 140645
CLIPNS


CLIMATE REPORT
NATIONAL WEATHER SERVICE MOBILE AL
145 AM CDT MON JUL 14 2014


...................................

...THE PENSACOLA CLIMATE SUMMARY FOR JULY 13 2014...

CLIMATE NORMAL PERIOD 1981 TO 2010
CLIMATE RECORD PERIOD 1879 TO 2014


WEATHER ITEM   OBSERVED TIME   RECORD YEAR NORMAL DEPARTURE LAST
                VALUE   (LST)  VALUE       VALUE  FROM      YEAR
                                                  NORMAL
..................................................................
TEMPERATURE (F)
 YESTERDAY
  MAXIMUM         88    239 PM 104    1980  90     -2       87
  MINIMUM         73    339 AM  65    1898  75     -2       72
  AVERAGE         81                        82     -1       80

PRECIPITATION (IN)
  YESTERDAY        0.05          2.73 1998   0.24  -0.19     0.06
  MONTH TO DATE    0.78                      3.07  -2.29    11.02
  SINCE MAR 1     49.19                     23.98  25.21    27.14
  SINCE JAN 1     60.52                     33.67  26.85    41.41

DEGREE DAYS
 COOLING
  YESTERDAY       16                        17     -1       15
  MONTH TO DATE  227                       221      6      192
  SINCE JUN 1    706                       686     20      706
  SINCE JAN 1   1157                      1134     23     1148
..................................................................


WIND (MPH)
  HIGHEST WIND SPEED    16   HIGHEST WIND DIRECTION     S (180)
  HIGHEST GUST SPEED    20   HIGHEST GUST DIRECTION     S (190)
  AVERAGE WIND SPEED     6.3


SKY COVER
  POSSIBLE SUNSHINE  MM
  AVERAGE SKY COVER 0.2


WEATHER CONDITIONS
 THE FOLLOWING WEATHER WAS RECORDED YESTERDAY.
  RAIN
  FOG


RELATIVE HUMIDITY (PERCENT)
 HIGHEST   100           500 AM
 LOWEST     55           300 PM
 AVERAGE    78

..........................................................


THE PENSACOLA CLIMATE NORMALS FOR TODAY
                         NORMAL    RECORD    YEAR
 MAXIMUM TEMPERATURE (F)   90       106      1980
 MINIMUM TEMPERATURE (F)   75        65      1967


SUNRISE AND SUNSET
JULY 14 2014..........SUNRISE   556 AM CDT   SUNSET   753 PM CDT
JULY 15 2014..........SUNRISE   557 AM CDT   SUNSET   752 PM CDT


-  INDICATES NEGATIVE NUMBERS.
R  INDICATES RECORD WAS SET OR TIED.
MM INDICATES DATA IS MISSING.
T  INDICATES TRACE AMOUNT.




$$
