000
CDUS44 KMOB 070645
CLIPNS


CLIMATE REPORT
NATIONAL WEATHER SERVICE MOBILE AL
1245 AM CST SUN FEB 7 2016


...................................

...THE PENSACOLA CLIMATE SUMMARY FOR FEBRUARY 6 2016...

CLIMATE NORMAL PERIOD 1981 TO 2010
CLIMATE RECORD PERIOD 1879 TO 2016


WEATHER ITEM   OBSERVED TIME   RECORD YEAR NORMAL DEPARTURE LAST
                VALUE   (LST)  VALUE       VALUE  FROM      YEAR
                                                  NORMAL
..................................................................
TEMPERATURE (F)
 YESTERDAY
  MAXIMUM         59    255 PM  77    1948  62     -3       56
  MINIMUM         35    641 AM  25    1984  44     -9       32
  AVERAGE         47                        53     -6       44

PRECIPITATION (IN)
  YESTERDAY        0.00          3.69 1967   0.17  -0.17     0.00
  MONTH TO DATE    1.59                      1.05   0.54     1.45
  SINCE MAR 1     70.80                     61.26   9.54    79.76
  SINCE JAN 1      5.53                      5.68  -0.15     7.92

SNOWFALL (IN)
  YESTERDAY        0.0          MM      MM   0.0    0.0      0.0
  MONTH TO DATE    0.0                       0.0    0.0      0.0
  SINCE MAR 1      0.0                       0.0    0.0      0.0
  SINCE JUL 1      0.0                       0.0    0.0      0.0
  SNOW DEPTH       0

DEGREE DAYS
 HEATING
  YESTERDAY       18                        12      6       21
  MONTH TO DATE   53                        75    -22       98
  SINCE DEC 1    605                       874   -269      796
  SINCE JUL 1    682                      1086   -404     1123

 COOLING
  YESTERDAY        0                         0      0        0
  MONTH TO DATE    8                         0      8        0
  SINCE DEC 1     83                        19     64       16
  SINCE JAN 1      8                         6      2        3
..................................................................


WIND (MPH)
  HIGHEST WIND SPEED    13   HIGHEST WIND DIRECTION    NW (330)
  HIGHEST GUST SPEED    31   HIGHEST GUST DIRECTION    NW (330)
  AVERAGE WIND SPEED     6.1


SKY COVER
  POSSIBLE SUNSHINE  MM
  AVERAGE SKY COVER 0.0


WEATHER CONDITIONS
 THE FOLLOWING WEATHER WAS RECORDED YESTERDAY.
  NO SIGNIFICANT WEATHER WAS OBSERVED.


RELATIVE HUMIDITY (PERCENT)
 HIGHEST    64           700 AM
 LOWEST     21           300 PM
 AVERAGE    43

..........................................................


THE PENSACOLA CLIMATE NORMALS FOR TODAY
                         NORMAL    RECORD    YEAR
 MAXIMUM TEMPERATURE (F)   62        79      1999
 MINIMUM TEMPERATURE (F)   44        18      1895


SUNRISE AND SUNSET
FEBRUARY  7 2016......SUNRISE   636 AM CST   SUNSET   530 PM CST
FEBRUARY  8 2016......SUNRISE   635 AM CST   SUNSET   531 PM CST


-  INDICATES NEGATIVE NUMBERS.
R  INDICATES RECORD WAS SET OR TIED.
MM INDICATES DATA IS MISSING.
T  INDICATES TRACE AMOUNT.




$$
