000
CDUS44 KMOB 222314
CLIPNS


CLIMATE REPORT
NATIONAL WEATHER SERVICE MOBILE AL
613 PM CDT FRI SEP 22 2017


...................................

...THE PENSACOLA CLIMATE SUMMARY FOR SEPTEMBER 22 2017...
VALID TODAY AS OF 0500 PM LOCAL TIME.

CLIMATE NORMAL PERIOD 1981 TO 2010
CLIMATE RECORD PERIOD 1879 TO 2017


WEATHER ITEM   OBSERVED TIME   RECORD YEAR NORMAL DEPARTURE LAST
                VALUE   (LST)  VALUE       VALUE  FROM      YEAR
                                                  NORMAL
..................................................................
TEMPERATURE (F)
 TODAY
  MAXIMUM         90    122 PM  96    1990  85      5       95
                                      1925
  MINIMUM         75    537 AM  49    1983  69      6       74
  AVERAGE         83                        77      6       85

PRECIPITATION (IN)
  TODAY            0.00          3.52 1975   0.21  -0.21      T
  MONTH TO DATE    2.72                      4.42  -1.70     3.31
  SINCE MAR 1     62.22                     39.50  22.72    45.44
  SINCE JAN 1     77.57                     49.19  28.38    54.09

DEGREE DAYS
 HEATING
  TODAY            0                         0      0        0
  MONTH TO DATE    0                         0      0        0
  SINCE SEP 1      0                         0      0        0
  SINCE JUL 1      0                         0      0        0

 COOLING
  TODAY           18                        12      6       20
  MONTH TO DATE  331                       316     15      388
  SINCE SEP 1    331                       316     15      388
  SINCE JAN 1   2810                      2283    527     2691
..................................................................


WIND (MPH)
  HIGHEST WIND SPEED    13   HIGHEST WIND DIRECTION    SE (150)
  HIGHEST GUST SPEED    16   HIGHEST GUST DIRECTION    SE (150)
  AVERAGE WIND SPEED     5.1


SKY COVER
  POSSIBLE SUNSHINE  MM
  AVERAGE SKY COVER 0.1


WEATHER CONDITIONS
 THE FOLLOWING WEATHER WAS RECORDED TODAY.
  FOG


RELATIVE HUMIDITY (PERCENT)
 HIGHEST    94           500 AM
 LOWEST     52          1200 PM
 AVERAGE    73

..........................................................


THE PENSACOLA CLIMATE NORMALS FOR TOMORROW
                         NORMAL    RECORD    YEAR
 MAXIMUM TEMPERATURE (F)   85        94      2016
                                             1998
                                             1993
 MINIMUM TEMPERATURE (F)   68        51      1982


SUNRISE AND SUNSET
SEPTEMBER 22 2017.....SUNRISE   637 AM CDT   SUNSET   645 PM CDT
SEPTEMBER 23 2017.....SUNRISE   638 AM CDT   SUNSET   644 PM CDT


-  INDICATES NEGATIVE NUMBERS.
R  INDICATES RECORD WAS SET OR TIED.
MM INDICATES DATA IS MISSING.
T  INDICATES TRACE AMOUNT.




$$
