000
CDUS44 KMOB 210634
CLIPNS


CLIMATE REPORT
NATIONAL WEATHER SERVICE MOBILE AL
1234 AM CST SUN DEC 21 2014


...................................

...THE PENSACOLA CLIMATE SUMMARY FOR DECEMBER 20 2014...

CLIMATE NORMAL PERIOD 1981 TO 2010
CLIMATE RECORD PERIOD 1879 TO 2014


WEATHER ITEM   OBSERVED TIME   RECORD YEAR NORMAL DEPARTURE LAST
                VALUE   (LST)  VALUE       VALUE  FROM      YEAR
                                                  NORMAL
..................................................................
TEMPERATURE (F)
 YESTERDAY
  MAXIMUM         52    447 PM  79    1992  62    -10       73
  MINIMUM         45    457 AM  20    2000  44      1       58
                                      1945
                                      1929
  AVERAGE         49                        53     -4       66

PRECIPITATION (IN)
  YESTERDAY        0.59          4.15 2011   0.14   0.45      T
  MONTH TO DATE    1.39                      3.00  -1.61     1.29
  SINCE MAR 1     69.73                     54.03  15.70    57.87
  SINCE JAN 1     81.06                     63.72  17.34    72.14

SNOWFALL (IN)
  YESTERDAY        0.0           0.0  2001   0.0    0.0      0.0
                                      2000
  MONTH TO DATE    0.0                       0.0    0.0      0.0
  SINCE MAR 1      0.0                       0.0    0.0      0.0
  SINCE JUL 1      0.0                       0.0    0.0      0.0
  SNOW DEPTH       0

DEGREE DAYS
 HEATING
  YESTERDAY       16                        13      3        0
  MONTH TO DATE  173                       221    -48      145
  SINCE DEC 1    173                       221    -48      145
  SINCE JUL 1    500                       433     67      350

 COOLING
  YESTERDAY        0                         0      0        1
  MONTH TO DATE    6                         7     -1       31
  SINCE DEC 1      6                         7     -1       31
  SINCE JAN 1   2550                      2603    -53     2749
..................................................................


WIND (MPH)
  HIGHEST WIND SPEED    15   HIGHEST WIND DIRECTION     N (10)
  HIGHEST GUST SPEED    22   HIGHEST GUST DIRECTION    NE (40)
  AVERAGE WIND SPEED     8.0


SKY COVER
  POSSIBLE SUNSHINE  MM
  AVERAGE SKY COVER 0.7


WEATHER CONDITIONS
 THE FOLLOWING WEATHER WAS RECORDED YESTERDAY.
  HEAVY RAIN
  RAIN
  LIGHT RAIN
  FOG


RELATIVE HUMIDITY (PERCENT)
 HIGHEST   100           600 AM
 LOWEST     89           600 PM
 AVERAGE    95

..........................................................


THE PENSACOLA CLIMATE NORMALS FOR TODAY
                         NORMAL    RECORD    YEAR
 MAXIMUM TEMPERATURE (F)   62        78      1970
 MINIMUM TEMPERATURE (F)   43        17      1901


SUNRISE AND SUNSET
DECEMBER 21 2014......SUNRISE   642 AM CST   SUNSET   452 PM CST
DECEMBER 22 2014......SUNRISE   642 AM CST   SUNSET   453 PM CST


-  INDICATES NEGATIVE NUMBERS.
R  INDICATES RECORD WAS SET OR TIED.
MM INDICATES DATA IS MISSING.
T  INDICATES TRACE AMOUNT.




$$
