000
CDUS44 KMOB 042236
CLIPNS


CLIMATE REPORT
NATIONAL WEATHER SERVICE MOBILE AL
533 PM CDT FRI SEP 4 2015


...................................

...THE PENSACOLA CLIMATE SUMMARY FOR SEPTEMBER 4 2015...
VALID TODAY AS OF 0500 PM LOCAL TIME.

CLIMATE NORMAL PERIOD 1981 TO 2010
CLIMATE RECORD PERIOD 1879 TO 2015


WEATHER ITEM   OBSERVED TIME   RECORD YEAR NORMAL DEPARTURE LAST
                VALUE   (LST)  VALUE       VALUE  FROM      YEAR
                                                  NORMAL
..................................................................
TEMPERATURE (F)
 TODAY
  MAXIMUM         91   1213 PM  98    1990  88      3       85
  MINIMUM         74    608 AM  62    1952  73      1       73
  AVERAGE         83                        81      2       79

PRECIPITATION (IN)
  TODAY            0.00          2.96 1948   0.20  -0.20     0.02
  MONTH TO DATE    0.00                      0.82  -0.82     0.07
  SINCE MAR 1     35.30                     35.90  -0.60    57.49
  SINCE JAN 1     45.71                     45.59   0.12    68.82

DEGREE DAYS
 HEATING
  TODAY            0                         0      0        0
  MONTH TO DATE    0                         0      0        0
  SINCE SEP 1      0                         0      0        0
  SINCE JUL 1      0                         0      0        0

 COOLING
  TODAY           18                        16      2       14
  MONTH TO DATE   75                        64     11       68
  SINCE SEP 1     75                        64     11       68
  SINCE JAN 1   2375                      2031    344     2024
..................................................................


WIND (MPH)
  HIGHEST WIND SPEED    14   HIGHEST WIND DIRECTION     S (190)
  HIGHEST GUST SPEED    17   HIGHEST GUST DIRECTION    SE (150)
  AVERAGE WIND SPEED     6.0


SKY COVER
  POSSIBLE SUNSHINE  MM
  AVERAGE SKY COVER 0.1


WEATHER CONDITIONS
 THE FOLLOWING WEATHER WAS RECORDED TODAY.
  NO SIGNIFICANT WEATHER WAS OBSERVED.


RELATIVE HUMIDITY (PERCENT)
 HIGHEST   100           500 AM
 LOWEST     55           100 PM
 AVERAGE    78

..........................................................


THE PENSACOLA CLIMATE NORMALS FOR TOMORROW
                         NORMAL    RECORD    YEAR
 MAXIMUM TEMPERATURE (F)   88       102      1925
 MINIMUM TEMPERATURE (F)   73        64      1934
                                             1891


SUNRISE AND SUNSET
SEPTEMBER  4 2015.....SUNRISE   627 AM CDT   SUNSET   708 PM CDT
SEPTEMBER  5 2015.....SUNRISE   627 AM CDT   SUNSET   707 PM CDT


-  INDICATES NEGATIVE NUMBERS.
R  INDICATES RECORD WAS SET OR TIED.
MM INDICATES DATA IS MISSING.
T  INDICATES TRACE AMOUNT.




$$
