000
CDUS44 KMOB 282353
CLIPNS


CLIMATE REPORT
NATIONAL WEATHER SERVICE MOBILE AL
551 PM CST WED JAN 28 2015


...................................

...THE PENSACOLA CLIMATE SUMMARY FOR JANUARY 28 2015...
VALID TODAY AS OF 0500 PM LOCAL TIME.

CLIMATE NORMAL PERIOD 1981 TO 2010
CLIMATE RECORD PERIOD 1879 TO 2015


WEATHER ITEM   OBSERVED TIME   RECORD YEAR NORMAL DEPARTURE LAST
                VALUE   (LST)  VALUE       VALUE  FROM      YEAR
                                                  NORMAL
..................................................................
TEMPERATURE (F)
 TODAY
  MAXIMUM         64    404 PM  79    1974  61      3       49
  MINIMUM         42    710 AM  17    1897  43     -1       26
  AVERAGE         53                        52      1       38

PRECIPITATION (IN)
  TODAY            0.00          3.27 1903   0.17  -0.17     0.44
  MONTH TO DATE    6.47                      4.14   2.33     3.41
  SINCE MAR 1     78.31                     59.72  18.59    63.75
  SINCE JAN 1      6.47                      4.14   2.33     3.41

DEGREE DAYS
 HEATING
  TODAY           12                        13     -1       27
  MONTH TO DATE  388                       389     -1      490
  SINCE DEC 1    661                       759    -98      780
  SINCE JUL 1    988                       971     17      985
..................................................................


WIND (MPH)
  HIGHEST WIND SPEED    13   HIGHEST WIND DIRECTION     S (170)
  HIGHEST GUST SPEED    14   HIGHEST GUST DIRECTION     S (180)
  AVERAGE WIND SPEED     6.5


SKY COVER
  POSSIBLE SUNSHINE  MM
  AVERAGE SKY COVER 0.0


WEATHER CONDITIONS
 THE FOLLOWING WEATHER WAS RECORDED TODAY.
  NO SIGNIFICANT WEATHER WAS OBSERVED.


RELATIVE HUMIDITY (PERCENT)
 HIGHEST    70           600 AM
 LOWEST     26           300 PM
 AVERAGE    48

..........................................................


THE PENSACOLA CLIMATE NORMALS FOR TOMORROW
                         NORMAL    RECORD    YEAR
 MAXIMUM TEMPERATURE (F)   61        79      1974
 MINIMUM TEMPERATURE (F)   43        17      1966


SUNRISE AND SUNSET
JANUARY 28 2015.......SUNRISE   642 AM CST   SUNSET   522 PM CST
JANUARY 29 2015.......SUNRISE   642 AM CST   SUNSET   522 PM CST


-  INDICATES NEGATIVE NUMBERS.
R  INDICATES RECORD WAS SET OR TIED.
MM INDICATES DATA IS MISSING.
T  INDICATES TRACE AMOUNT.




$$
