211
CDUS44 KMOB 292237
CLIPNS


CLIMATE REPORT
NATIONAL WEATHER SERVICE MOBILE AL
536 PM CDT WED MAR 29 2017


...................................

...THE PENSACOLA CLIMATE SUMMARY FOR MARCH 29 2017...
VALID TODAY AS OF 0500 PM LOCAL TIME.

CLIMATE NORMAL PERIOD 1981 TO 2010
CLIMATE RECORD PERIOD 1879 TO 2017


WEATHER ITEM   OBSERVED TIME   RECORD YEAR NORMAL DEPARTURE LAST
                VALUE   (LST)  VALUE       VALUE  FROM      YEAR
                                                  NORMAL
..................................................................
TEMPERATURE (F)
 TODAY
  MAXIMUM         80    302 PM  83    1974  72      8       77
                                      1884
  MINIMUM         68    529 AM  34    1955  54     14       60
  AVERAGE         74                        63     11       69

PRECIPITATION (IN)
  TODAY            0.00          3.22 1980   0.19  -0.19     0.00
  MONTH TO DATE    1.79                      5.46  -3.67     7.65
  SINCE MAR 1      1.79                      5.46  -3.67     7.65
  SINCE JAN 1     17.14                     15.15   1.99    16.30

DEGREE DAYS
 HEATING
  TODAY            0                         4     -4        0
  MONTH TO DATE   92                       170    -78       72
  SINCE MAR 1     92                       170    -78       72
  SINCE JUL 1    625                      1478   -853      954

 COOLING
  TODAY            9                         2      7        4
  MONTH TO DATE  112                        30     82       75
  SINCE MAR 1    112                        30     82       75
  SINCE JAN 1    222                        44    178       93
..................................................................


WIND (MPH)
  HIGHEST WIND SPEED    16   HIGHEST WIND DIRECTION     S (180)
  HIGHEST GUST SPEED    21   HIGHEST GUST DIRECTION    SE (140)
  AVERAGE WIND SPEED     8.8


SKY COVER
  POSSIBLE SUNSHINE  MM
  AVERAGE SKY COVER 0.3


WEATHER CONDITIONS
 THE FOLLOWING WEATHER WAS RECORDED TODAY.
  FOG


RELATIVE HUMIDITY (PERCENT)
 HIGHEST    90          1200 AM
 LOWEST     54           200 PM
 AVERAGE    72

..........................................................


THE PENSACOLA CLIMATE NORMALS FOR TOMORROW
                         NORMAL    RECORD    YEAR
 MAXIMUM TEMPERATURE (F)   72        88      1946
 MINIMUM TEMPERATURE (F)   54        36      1894


SUNRISE AND SUNSET
MARCH 29 2017.........SUNRISE   641 AM CDT   SUNSET   706 PM CDT
MARCH 30 2017.........SUNRISE   640 AM CDT   SUNSET   707 PM CDT


-  INDICATES NEGATIVE NUMBERS.
R  INDICATES RECORD WAS SET OR TIED.
MM INDICATES DATA IS MISSING.
T  INDICATES TRACE AMOUNT.




$$
