000
CDUS44 KMOB 250636
CLIPNS


CLIMATE REPORT
NATIONAL WEATHER SERVICE MOBILE AL
125 AM CDT MON MAY 25 2015


...................................

...THE PENSACOLA CLIMATE SUMMARY FOR MAY 24 2015...

CLIMATE NORMAL PERIOD 1981 TO 2010
CLIMATE RECORD PERIOD 1879 TO 2015


WEATHER ITEM   OBSERVED TIME   RECORD YEAR NORMAL DEPARTURE LAST
                VALUE   (LST)  VALUE       VALUE  FROM      YEAR
                                                  NORMAL
..................................................................
TEMPERATURE (F)
 YESTERDAY
  MAXIMUM         84    155 PM  97    2005  85     -1       89
  MINIMUM         74    606 AM  54    1967  68      6       71
                                      1883
  AVERAGE         79                        77      2       80

PRECIPITATION (IN)
  YESTERDAY        0.17          1.68 1969   0.14   0.03     0.00
  MONTH TO DATE    2.63                      3.18  -0.55     2.55
  SINCE MAR 1     14.99                     13.31   1.68    41.86
  SINCE JAN 1     25.40                     23.00   2.40    53.19

DEGREE DAYS
 COOLING
  YESTERDAY       14                        12      2       15
  MONTH TO DATE  262                       210     52      210
  SINCE MAR 1    563                       344    219      344
  SINCE JAN 1    570                       358    212      359
..................................................................


WIND (MPH)
  HIGHEST WIND SPEED    25   HIGHEST WIND DIRECTION    SE (130)
  HIGHEST GUST SPEED    35   HIGHEST GUST DIRECTION    SE (140)
  AVERAGE WIND SPEED    14.5


SKY COVER
  POSSIBLE SUNSHINE  MM
  AVERAGE SKY COVER 0.7


WEATHER CONDITIONS
 THE FOLLOWING WEATHER WAS RECORDED YESTERDAY.
  THUNDERSTORM
  FOG


RELATIVE HUMIDITY (PERCENT)
 HIGHEST    94           200 AM
 LOWEST     70           200 PM
 AVERAGE    82

..........................................................


THE PENSACOLA CLIMATE NORMALS FOR TODAY
                         NORMAL    RECORD    YEAR
 MAXIMUM TEMPERATURE (F)   85        94      2012
                                             1996
                                             1953
 MINIMUM TEMPERATURE (F)   68        53      1979


SUNRISE AND SUNSET
MAY 25 2015...........SUNRISE   549 AM CDT   SUNSET   742 PM CDT
MAY 26 2015...........SUNRISE   549 AM CDT   SUNSET   743 PM CDT


-  INDICATES NEGATIVE NUMBERS.
R  INDICATES RECORD WAS SET OR TIED.
MM INDICATES DATA IS MISSING.
T  INDICATES TRACE AMOUNT.




$$
