000
CDUS41 KALY 222040
CLIPOU


CLIMATE REPORT
NATIONAL WEATHER SERVICE ALBANY NY
439 PM EDT SUN OCT 22 2017


...................................

...THE POUGHKEEPSIE NY CLIMATE SUMMARY FOR OCTOBER 22 2017...
VALID TODAY AS OF 0400 PM LOCAL TIME.

CLIMATE NORMAL PERIOD 1981 TO 2010
CLIMATE RECORD PERIOD 1949 TO 2017


WEATHER ITEM   OBSERVED TIME   RECORD YEAR NORMAL DEPARTURE LAST
                VALUE   (LST)  VALUE       VALUE  FROM      YEAR
                                                  NORMAL
..................................................................
TEMPERATURE (F)
 TODAY
  MAXIMUM         77        MM  85    1979  61     16       57
  MINIMUM         39        MM  22    1983  37      2       44
  AVERAGE         58                        49      9       51

PRECIPITATION (IN)
  TODAY            0.00          1.13 2005   0.14  -0.14     0.92
  MONTH TO DATE    1.23                      3.26  -2.03     1.45
  SINCE SEP 1      2.98                      7.54  -4.56     2.38
  SINCE JAN 1     32.08                     38.32  -6.24    24.70

DEGREE DAYS
 HEATING
  TODAY            7                        16     -9       14
  MONTH TO DATE  141                       279   -138      205
  SINCE SEP 1    234                       402   -168      276
  SINCE JUL 1    254                       419   -165      278

 COOLING
  TODAY            0                         0      0        0
  MONTH TO DATE   27                         0     27        4
  SINCE SEP 1    141                        64     77      111
  SINCE JAN 1    715                       668     47     1053
..................................................................


WIND (MPH)
  HIGHEST WIND SPEED     9   HIGHEST WIND DIRECTION    SE (150)
  HIGHEST GUST SPEED    MM   HIGHEST GUST DIRECTION    MM
  AVERAGE WIND SPEED     1.6


SKY COVER
  AVERAGE SKY COVER 0.0



RELATIVE HUMIDITY (PERCENT)
 HIGHEST    96           200 AM
 LOWEST     26           200 PM
 AVERAGE    61

..........................................................


THE POUGHKEEPSIE NY CLIMATE NORMALS FOR TOMORROW
                         NORMAL    RECORD    YEAR
 MAXIMUM TEMPERATURE (F)   61        78      1979
 MINIMUM TEMPERATURE (F)   37        22      1982


SUNRISE AND SUNSET
OCTOBER 22 2017.......SUNRISE   716 AM EDT   SUNSET   603 PM EDT
OCTOBER 23 2017.......SUNRISE   717 AM EDT   SUNSET   602 PM EDT


-  INDICATES NEGATIVE NUMBERS.
R  INDICATES RECORD WAS SET OR TIED.
MM INDICATES DATA IS MISSING.
T  INDICATES TRACE AMOUNT.




RECORDS FOR KPOU DATE BACK TO 1949...
HOWEVER...DATA IS MISSING FROM JANUARY 1993 - JULY 2000.
$$
