000
CDUS41 KALY 240622
CLIPOU


CLIMATE REPORT
NATIONAL WEATHER SERVICE ALBANY NY
221 AM EDT THU JUL 24 2014




THE POUGHKEEPSIE NY CLIMATE SUMMARY FOR JULY 23 2014...

CLIMATE NORMAL PERIOD 1981 TO 2010
CLIMATE RECORD PERIOD 1949 TO 2014


WEATHER ITEM   OBSERVED TIME   RECORD YEAR NORMAL DEPARTURE LAST
                VALUE   (LST)  VALUE       VALUE  FROM      YEAR
                                                  NORMAL

TEMPERATURE (F)
 YESTERDAY
  MAXIMUM         90    428 PM  98    1955  85      5       89
  MINIMUM         70    439 AM  48    1977  61      9       70
  AVERAGE         80                        73      7       80

PRECIPITATION (IN)
  YESTERDAY        0.33          2.08 2004   0.16   0.17     1.36
  MONTH TO DATE    4.48                      3.33   1.15     2.90
  SINCE JUN 1      6.77                      7.76  -0.99    12.72
  SINCE JAN 1     20.80                     25.26  -4.46    23.37

DEGREE DAYS
 HEATING
  YESTERDAY        0                         0      0        0
  MONTH TO DATE    0                         0      0        0
  SINCE JUN 1      7                        49    -42       31
  SINCE JUL 1      0                         0      0        0

 COOLING
  YESTERDAY       15                         8      7       15
  MONTH TO DATE  220                       176     44      342
  SINCE JUN 1    358                       303     55      496
  SINCE JAN 1    391                       339     52      549



WIND (MPH)
  HIGHEST WIND SPEED    18   HIGHEST WIND DIRECTION     N (340)
  HIGHEST GUST SPEED    26   HIGHEST GUST DIRECTION     N (340)
  AVERAGE WIND SPEED     4.6


SKY COVER
  AVERAGE SKY COVER 0.2



RELATIVE HUMIDITY (PERCENT)
 HIGHEST    93          1000 PM
 LOWEST     52           400 PM
 AVERAGE    73




THE POUGHKEEPSIE NY CLIMATE NORMALS FOR TODAY
                         NORMAL    RECORD    YEAR
 MAXIMUM TEMPERATURE (F)   85        96      2001
 MINIMUM TEMPERATURE (F)   61        48      1985


SUNRISE AND SUNSET
JULY 24 2014..........SUNRISE   542 AM EDT   SUNSET   821 PM EDT
JULY 25 2014..........SUNRISE   543 AM EDT   SUNSET   820 PM EDT


-  INDICATES NEGATIVE NUMBERS.
R  INDICATES RECORD WAS SET OR TIED.
MM INDICATES DATA IS MISSING.
T  INDICATES TRACE AMOUNT.





RECORDS FOR KPOU DATE BACK TO 1949...
HOWEVER...DATA IS MISSING FROM JANUARY 1993 - JULY 2000.
$$
