034
CDUS46 KLOX 240111
CLIPRB


CLIMATE REPORT
NATIONAL WEATHER SERVICE LOS ANGELES/OXNARD CA
611 PM PDT MON MAY 23 2016


...................................

...THE PASO ROBLES AIRPORT CA CLIMATE SUMMARY FOR MAY 23 2016...
VALID TODAY AS OF 0600 PM LOCAL TIME.

CLIMATE NORMAL PERIOD 1981 TO 2010
CLIMATE RECORD PERIOD 1948 TO 2016


WEATHER ITEM   OBSERVED TIME   RECORD YEAR NORMAL DEPARTURE LAST
                VALUE   (LST)  VALUE       VALUE  FROM      YEAR
                                                  NORMAL
..................................................................
TEMPERATURE (F)
 TODAY
  MAXIMUM         75    207 PM 103    2000  82     -7       74
  MINIMUM         44    454 AM  36    1960  47     -3       50
  AVERAGE         60                        65     -5       62

PRECIPITATION (IN)
  TODAY            0.00          0.03 1990   0.01  -0.01     0.00
  MONTH TO DATE    T                         0.23  -0.23     0.15
  SINCE OCT 1      8.06                     12.40  -4.34     8.63
  SINCE JAN 1      6.00                      8.74  -2.74     2.91

SNOWFALL (IN)
  TODAY            0.0
  MONTH TO DATE    0.0
  SINCE MAR 1      0.0
  SINCE JUL 1      0.0

DEGREE DAYS
 HEATING
  TODAY            5                         3      2        3
  MONTH TO DATE   64                        91    -27      111
  SINCE MAR 1    466                       710   -244      439
  SINCE JUL 1   2253                      2803   -550     1799

 COOLING
  TODAY            0                         2     -2        0
  MONTH TO DATE   28                        36     -8        7
  SINCE MAR 1     33                        45    -12       47
  SINCE JAN 1     33                        45    -12       47
..................................................................


WIND (MPH)
  HIGHEST WIND SPEED    20   HIGHEST WIND DIRECTION    SW (230)
  HIGHEST GUST SPEED    26   HIGHEST GUST DIRECTION    SW (210)
  AVERAGE WIND SPEED     8.2


SKY COVER
  POSSIBLE SUNSHINE  MM
  AVERAGE SKY COVER 0.0


WEATHER CONDITIONS
 THE FOLLOWING WEATHER WAS RECORDED TODAY.
  NO SIGNIFICANT WEATHER WAS OBSERVED.


RELATIVE HUMIDITY (PERCENT)
 HIGHEST    86           600 AM
 LOWEST     27           300 PM
 AVERAGE    57

..........................................................


THE PASO ROBLES AIRPORT CA CLIMATE NORMALS FOR TOMORROW
                         NORMAL    RECORD    YEAR
 MAXIMUM TEMPERATURE (F)   83        99      2001
 MINIMUM TEMPERATURE (F)   47        35      1980


SUNRISE AND SUNSET
MAY 23 2016...........SUNRISE   552 AM PDT   SUNSET   807 PM PDT
MAY 24 2016...........SUNRISE   551 AM PDT   SUNSET   808 PM PDT


-  INDICATES NEGATIVE NUMBERS.
R  INDICATES RECORD WAS SET OR TIED.
MM INDICATES DATA IS MISSING.
T  INDICATES TRACE AMOUNT.




$$
