000
CDUS46 KLOX 270953
CLIPRB


CLIMATE REPORT
NATIONAL WEATHER SERVICE LOS ANGELES/OXNARD CA
253 AM PDT MON MAR 27 2017


...................................

...THE PASO ROBLES AIRPORT CA CLIMATE SUMMARY FOR MARCH 26 2017...

CLIMATE NORMAL PERIOD 1981 TO 2010
CLIMATE RECORD PERIOD 1948 TO 2017


WEATHER ITEM   OBSERVED TIME   RECORD YEAR NORMAL DEPARTURE LAST
                VALUE   (LST)  VALUE       VALUE  FROM      YEAR
                                                  NORMAL
..................................................................
TEMPERATURE (F)
 YESTERDAY
  MAXIMUM         68    439 PM  91    2015  68      0       78
  MINIMUM         42    615 AM  29    1976  40      2       39
  AVERAGE         55                        54      1       59

PRECIPITATION (IN)
  YESTERDAY        T             0.63 1979   0.05  -0.05     0.00
  MONTH TO DATE    0.53                      2.22  -1.69     2.03
  SINCE OCT 1     15.01                     11.22   3.79     7.90
  SINCE JAN 1     11.33                      7.56   3.77     5.84

SNOWFALL (IN)
  YESTERDAY       MM
  MONTH TO DATE    0.0
  SINCE MAR 1      0.0
  SINCE JUL 1      0.0

DEGREE DAYS
 HEATING
  YESTERDAY       10                        11     -1        6
  MONTH TO DATE  246                       312    -66      217
  SINCE MAR 1    246                       312    -66      217
  SINCE JUL 1   2047                      2405   -358     2004

 COOLING
  YESTERDAY        0                         0      0        0
  MONTH TO DATE    0                         0      0        0
  SINCE MAR 1      0                         0      0        0
  SINCE JAN 1      0                         0      0        0
..................................................................


WIND (MPH)
  HIGHEST WIND SPEED    12   HIGHEST WIND DIRECTION    NW (320)
  HIGHEST GUST SPEED    23   HIGHEST GUST DIRECTION     S (160)
  AVERAGE WIND SPEED     4.5


SKY COVER
  POSSIBLE SUNSHINE  MM
  AVERAGE SKY COVER 0.5


WEATHER CONDITIONS
 THE FOLLOWING WEATHER WAS RECORDED YESTERDAY.
  FOG
  FOG W/VISIBILITY <= 1/4 MILE


RELATIVE HUMIDITY (PERCENT)
 HIGHEST   100           300 AM
 LOWEST     29           300 PM
 AVERAGE    65

..........................................................


THE PASO ROBLES AIRPORT CA CLIMATE NORMALS FOR TODAY
                         NORMAL    RECORD    YEAR
 MAXIMUM TEMPERATURE (F)   68        93      2015
 MINIMUM TEMPERATURE (F)   40        25      1972


SUNRISE AND SUNSET
MARCH 27 2017.........SUNRISE   656 AM PDT   SUNSET   720 PM PDT
MARCH 28 2017.........SUNRISE   654 AM PDT   SUNSET   721 PM PDT


-  INDICATES NEGATIVE NUMBERS.
R  INDICATES RECORD WAS SET OR TIED.
MM INDICATES DATA IS MISSING.
T  INDICATES TRACE AMOUNT.




$$
