000
CDUS46 KLOX 220902
CLIPRB


CLIMATE REPORT
NATIONAL WEATHER SERVICE LOS ANGELES/OXNARD CA
202 AM PDT WED OCT 22 2014


...................................

...THE PASO ROBLES AIRPORT CA CLIMATE SUMMARY FOR OCTOBER 21 2014...

CLIMATE NORMAL PERIOD 1981 TO 2010
CLIMATE RECORD PERIOD 1948 TO 2014


WEATHER ITEM   OBSERVED TIME   RECORD YEAR NORMAL DEPARTURE LAST
                VALUE   (LST)  VALUE       VALUE  FROM      YEAR
                                                  NORMAL
..................................................................
TEMPERATURE (F)
 YESTERDAY
  MAXIMUM         76    414 PM  98    2003  77     -1       87
  MINIMUM         54   1153 PM  27    1949  43     11       38
  AVERAGE         65                        60      5       63

PRECIPITATION (IN)
  YESTERDAY        0.00          0.43 1985   0.02  -0.02     0.00
  MONTH TO DATE    0.00                      0.33  -0.33     0.02
  SINCE JUL 1      T                         0.66  -0.66     0.02
  SINCE JAN 1      4.46                      9.45  -4.99     1.48

SNOWFALL (IN)
  YESTERDAY        0.0
  MONTH TO DATE    0.0
  SINCE SEP 1      0.0
  SINCE JUL 1      0.0

DEGREE DAYS
 HEATING
  YESTERDAY        0                         5     -5        2
  MONTH TO DATE   11                        72    -61       80
  SINCE SEP 1     12                        96    -84       91
  SINCE JUL 1     12                       104    -92       91

 COOLING
  YESTERDAY        0                         0      0        0
  MONTH TO DATE  103                        34     69        5
  SINCE SEP 1    348                       192    156      199
  SINCE JAN 1   1355                       925    430     1173
..................................................................


WIND (MPH)
  HIGHEST WIND SPEED    16   HIGHEST WIND DIRECTION     N (340)
  HIGHEST GUST SPEED    19   HIGHEST GUST DIRECTION    NW (330)
  AVERAGE WIND SPEED     6.9


SKY COVER
  POSSIBLE SUNSHINE  MM
  AVERAGE SKY COVER 0.3


WEATHER CONDITIONS
 THE FOLLOWING WEATHER WAS RECORDED YESTERDAY.
  NO SIGNIFICANT WEATHER WAS OBSERVED.


RELATIVE HUMIDITY (PERCENT)
 HIGHEST    86           200 AM
 LOWEST     23           400 PM
 AVERAGE    55

..........................................................


THE PASO ROBLES AIRPORT CA CLIMATE NORMALS FOR TODAY
                         NORMAL    RECORD    YEAR
 MAXIMUM TEMPERATURE (F)   77        94      1965
 MINIMUM TEMPERATURE (F)   43        28      1996


SUNRISE AND SUNSET
OCTOBER 22 2014.......SUNRISE   715 AM PDT   SUNSET   618 PM PDT
OCTOBER 23 2014.......SUNRISE   716 AM PDT   SUNSET   617 PM PDT


-  INDICATES NEGATIVE NUMBERS.
R  INDICATES RECORD WAS SET OR TIED.
MM INDICATES DATA IS MISSING.
T  INDICATES TRACE AMOUNT.




$$
