000
CDUS46 KLOX 290930
CLIPRB


CLIMATE REPORT
NATIONAL WEATHER SERVICE LOS ANGELES/OXNARD CA
230 AM PDT MON JUN 29 2015


...................................

...THE PASO ROBLES AIRPORT CA CLIMATE SUMMARY FOR JUNE 28 2015...

CLIMATE NORMAL PERIOD 1981 TO 2010
CLIMATE RECORD PERIOD 1948 TO 2015


WEATHER ITEM   OBSERVED TIME   RECORD YEAR NORMAL DEPARTURE LAST
                VALUE   (LST)  VALUE       VALUE  FROM      YEAR
                                                  NORMAL
..................................................................
TEMPERATURE (F)
 YESTERDAY
  MAXIMUM         93   1246 PM 110    1994  90      3       97
  MINIMUM         57    527 AM  45    1996  52      5       61
  AVERAGE         75                        71      4       79

PRECIPITATION (IN)
  YESTERDAY        0.00          0.02 1991   0.00   0.00     0.00
  MONTH TO DATE    0.18                      0.02   0.16     0.00
  SINCE OCT 1      8.81                     12.45  -3.64     4.92
  SINCE JAN 1      3.09                      8.79  -5.70     4.46

SNOWFALL (IN)
  YESTERDAY        0.0
  MONTH TO DATE    0.0
  SINCE JUN 1      0.0
  SINCE JUL 1      0.0

DEGREE DAYS
 HEATING
  YESTERDAY        0                         0      0        0
  MONTH TO DATE    8                        27    -19       11
  SINCE JUN 1      8                        27    -19       11
  SINCE JUL 1   1811                      2849  -1038     2117

 COOLING
  YESTERDAY       10                         7      3       14
  MONTH TO DATE  227                       128     99      187
  SINCE JUN 1    227                       128     99      187
  SINCE JAN 1    298                       196    102      340
..................................................................


WIND (MPH)
  HIGHEST WIND SPEED    23   HIGHEST WIND DIRECTION     S (190)
  HIGHEST GUST SPEED    27   HIGHEST GUST DIRECTION     S (190)
  AVERAGE WIND SPEED     9.2


SKY COVER
  POSSIBLE SUNSHINE  MM
  AVERAGE SKY COVER 0.0


WEATHER CONDITIONS
 THE FOLLOWING WEATHER WAS RECORDED YESTERDAY.
  NO SIGNIFICANT WEATHER WAS OBSERVED.


RELATIVE HUMIDITY (PERCENT)
 HIGHEST    87           600 AM
 LOWEST     26           100 PM
 AVERAGE    57

..........................................................


THE PASO ROBLES AIRPORT CA CLIMATE NORMALS FOR TODAY
                         NORMAL    RECORD    YEAR
 MAXIMUM TEMPERATURE (F)   91       111      2013
 MINIMUM TEMPERATURE (F)   53        43      1989


SUNRISE AND SUNSET
JUNE 29 2015..........SUNRISE   549 AM PDT   SUNSET   822 PM PDT
JUNE 30 2015..........SUNRISE   550 AM PDT   SUNSET   822 PM PDT


-  INDICATES NEGATIVE NUMBERS.
R  INDICATES RECORD WAS SET OR TIED.
MM INDICATES DATA IS MISSING.
T  INDICATES TRACE AMOUNT.




$$
