000
CDUS46 KLOX 260934
CLIPRB


CLIMATE REPORT
NATIONAL WEATHER SERVICE LOS ANGELES/OXNARD CA
234 AM PDT THU MAR 26 2015


...................................

...THE PASO ROBLES AIRPORT CA CLIMATE SUMMARY FOR MARCH 25 2015...

CLIMATE NORMAL PERIOD 1981 TO 2010
CLIMATE RECORD PERIOD 1948 TO 2015


WEATHER ITEM   OBSERVED TIME   RECORD YEAR NORMAL DEPARTURE LAST
                VALUE   (LST)  VALUE       VALUE  FROM      YEAR
                                                  NORMAL
..................................................................
TEMPERATURE (F)
 YESTERDAY
  MAXIMUM         82    251 PM  86    1997  68     14       74
  MINIMUM         42    549 AM  30    1964  40      2       40
  AVERAGE         62                        54      8       57

PRECIPITATION (IN)
  YESTERDAY        0.00          1.50 1993   0.06  -0.06      T
  MONTH TO DATE    0.02                      2.17  -2.15     0.77
  SINCE OCT 1      8.05                     11.17  -3.12     3.89
  SINCE JAN 1      2.33                      7.51  -5.18     3.43

SNOWFALL (IN)
  YESTERDAY        0.0
  MONTH TO DATE    0.0
  SINCE MAR 1      0.0
  SINCE JUL 1      0.0

DEGREE DAYS
 HEATING
  YESTERDAY        3                        11     -8        8
  MONTH TO DATE  141                       301   -160      171
  SINCE MAR 1    141                       301   -160      171
  SINCE JUL 1   1501                      2394   -893     1876

 COOLING
  YESTERDAY        0                         0      0        0
  MONTH TO DATE   10                         0     10        0
  SINCE MAR 1     10                         0     10        0
  SINCE JAN 1     10                         0     10        0
..................................................................


WIND (MPH)
  HIGHEST WIND SPEED    16   HIGHEST WIND DIRECTION     E (90)
  HIGHEST GUST SPEED    21   HIGHEST GUST DIRECTION    SE (130)
  AVERAGE WIND SPEED     5.7


SKY COVER
  POSSIBLE SUNSHINE  MM
  AVERAGE SKY COVER 0.2


WEATHER CONDITIONS
 THE FOLLOWING WEATHER WAS RECORDED YESTERDAY.
  FOG
  FOG W/VISIBILITY <= 1/4 MILE


RELATIVE HUMIDITY (PERCENT)
 HIGHEST    96           600 AM
 LOWEST     21           300 PM
 AVERAGE    59

..........................................................


THE PASO ROBLES AIRPORT CA CLIMATE NORMALS FOR TODAY
                         NORMAL    RECORD    YEAR
 MAXIMUM TEMPERATURE (F)   68        88      1988
 MINIMUM TEMPERATURE (F)   40        29      1976


SUNRISE AND SUNSET
MARCH 26 2015.........SUNRISE   658 AM PDT   SUNSET   719 PM PDT
MARCH 27 2015.........SUNRISE   656 AM PDT   SUNSET   720 PM PDT


-  INDICATES NEGATIVE NUMBERS.
R  INDICATES RECORD WAS SET OR TIED.
MM INDICATES DATA IS MISSING.
T  INDICATES TRACE AMOUNT.




$$
