000
CDUS45 KFGZ 310742
CLIPRC
CLIMATE REPORT
NATIONAL WEATHER SERVICE FLAGSTAFF, AZ
1241 AM MST FRI JUL 31 2015


...................................

...THE PRESCOTT AZ AIRPORT CLIMATE SUMMARY FOR JULY 30 2015...

CLIMATE NORMAL PERIOD 1981 TO 2010
CLIMATE RECORD PERIOD 1948 TO 2015


WEATHER ITEM   OBSERVED TIME   RECORD YEAR NORMAL DEPARTURE LAST
                VALUE   (LST)  VALUE       VALUE  FROM      YEAR
                                                  NORMAL
..................................................................
TEMPERATURE (F)
 YESTERDAY
  MAXIMUM         86    235 PM  99    1978  88     -2       92
  MINIMUM         66    559 AM  56    1958  62      4       64
  AVERAGE         76                        75      1

PRECIPITATION (IN)
  YESTERDAY        T             0.81 1976   0.09  -0.09     0.00
  MONTH TO DATE    3.17                      2.02   1.15     1.78
  SINCE SEP 1     15.14                     11.26   3.88     7.47
  SINCE JAN 1     10.46                      6.95   3.51     2.75

DEGREE DAYS
 HEATING
  YESTERDAY        0                                0
  MONTH TO DATE    0                                0
  SINCE JUL 1      0                                0

 COOLING
  YESTERDAY       11                                1
  MONTH TO DATE  277                              -42
  SINCE JAN 1    591                               44
..................................................................


WIND (MPH)
  HIGHEST WIND SPEED    14   HIGHEST WIND DIRECTION     N (20)
  HIGHEST GUST SPEED    17   HIGHEST GUST DIRECTION     E (100)
  AVERAGE WIND SPEED     4.8


SKY COVER
  AVERAGE SKY COVER 0.4


WEATHER CONDITIONS
 THE FOLLOWING WEATHER WAS RECORDED YESTERDAY.
  LIGHT RAIN


RELATIVE HUMIDITY (PERCENT)
 HIGHEST    73
 LOWEST     37

..........................................................


THE PRESCOTT AZ AIRPORT CLIMATE NORMALS FOR TODAY
                         NORMAL    RECORD    YEAR
 MAXIMUM TEMPERATURE (F)   88       100      1977
 MINIMUM TEMPERATURE (F)   62        55      1979


SUNRISE AND SUNSET
JULY 31 2015..........SUNRISE   539 AM MST   SUNSET   733 PM MST
AUGUST  1 2015........SUNRISE   540 AM MST   SUNSET   732 PM MST


-  INDICATES NEGATIVE NUMBERS.
R  INDICATES RECORD WAS SET OR TIED.
MM INDICATES DATA IS MISSING.
T  INDICATES TRACE AMOUNT.




$$
