000
CDUS45 KFGZ 280734
CLIPRC
CLIMATE REPORT
NATIONAL WEATHER SERVICE FLAGSTAFF, AZ
1233 AM MST SAT MAR 28 2015


...................................

...THE PRESCOTT AZ AIRPORT CLIMATE SUMMARY FOR MARCH 27 2015...

CLIMATE NORMAL PERIOD 1981 TO 2010
CLIMATE RECORD PERIOD 1948 TO 2015


WEATHER ITEM   OBSERVED TIME   RECORD YEAR NORMAL DEPARTURE LAST
                VALUE   (LST)  VALUE       VALUE  FROM      YEAR
                                                  NORMAL
..................................................................
TEMPERATURE (F)
 YESTERDAY
  MAXIMUM         80R   301 PM  79    1986  62     18       57
  MINIMUM         36    545 AM  20    1995  34      2       35
  AVERAGE         58                        48     10

PRECIPITATION (IN)
  YESTERDAY        0.00          0.22 1973   0.03  -0.03     0.00
  MONTH TO DATE    1.54                      0.97   0.57     0.51
  SINCE SEP 1      8.42                      7.79   0.63     5.40
  SINCE JAN 1      3.74                      3.48   0.26     0.68

DEGREE DAYS
 HEATING
  YESTERDAY        7                              -10
  MONTH TO DATE  377                             -134
  SINCE JUL 1   2913                             -770

 COOLING
  YESTERDAY        0                                0
  MONTH TO DATE    0                                0
  SINCE JAN 1      0                                0
..................................................................


WIND (MPH)
  HIGHEST WIND SPEED    17   HIGHEST WIND DIRECTION     W (260)
  HIGHEST GUST SPEED    22   HIGHEST GUST DIRECTION     W (250)
  AVERAGE WIND SPEED     5.8


SKY COVER
  AVERAGE SKY COVER 0.0


WEATHER CONDITIONS
 THE FOLLOWING WEATHER WAS RECORDED YESTERDAY.
  NO SIGNIFICANT WEATHER WAS OBSERVED.


RELATIVE HUMIDITY (PERCENT)
 HIGHEST    54
 LOWEST     11

..........................................................


THE PRESCOTT AZ AIRPORT CLIMATE NORMALS FOR TODAY
                         NORMAL    RECORD    YEAR
 MAXIMUM TEMPERATURE (F)   63        77      1986
 MINIMUM TEMPERATURE (F)   34        13      1975


SUNRISE AND SUNSET
MARCH 28 2015.........SUNRISE   623 AM MST   SUNSET   648 PM MST
MARCH 29 2015.........SUNRISE   621 AM MST   SUNSET   648 PM MST


-  INDICATES NEGATIVE NUMBERS.
R  INDICATES RECORD WAS SET OR TIED.
MM INDICATES DATA IS MISSING.
T  INDICATES TRACE AMOUNT.




$$
