000
CDUS45 KFGZ 270828
CLIPRC
CLIMATE REPORT
NATIONAL WEATHER SERVICE FLAGSTAFF, AZ
126 AM MST FRI MAY 27 2016


...................................

...THE PRESCOTT AZ AIRPORT CLIMATE SUMMARY FOR MAY 26 2016...

CLIMATE NORMAL PERIOD 1981 TO 2010
CLIMATE RECORD PERIOD 1948 TO 2016


WEATHER ITEM   OBSERVED TIME   RECORD YEAR NORMAL DEPARTURE LAST
                VALUE   (LST)  VALUE       VALUE  FROM      YEAR
                                                  NORMAL
..................................................................
TEMPERATURE (F)
 YESTERDAY
  MAXIMUM         71    406 PM  97    1951  80     -9       78
  MINIMUM         41    532 AM  33    1996  49     -8       50
  AVERAGE         56                        65     -9

PRECIPITATION (IN)
  YESTERDAY        0.00          0.18 1964   0.02  -0.02     0.00
  MONTH TO DATE    0.48                      0.39   0.09     1.03
  SINCE SEP 1      7.27                      8.78  -1.51     9.80
  SINCE JAN 1      3.78                      4.47  -0.69     5.12

DEGREE DAYS
 HEATING
  YESTERDAY        9                                6
  MONTH TO DATE  159                               25
  SINCE JUL 1   3802                             -451

 COOLING
  YESTERDAY        0                               -2
  MONTH TO DATE   10                              -17
  SINCE JAN 1     10                              -19
..................................................................


WIND (MPH)
  HIGHEST WIND SPEED    21   HIGHEST WIND DIRECTION     W (290)
  HIGHEST GUST SPEED    26   HIGHEST GUST DIRECTION     W (270)
  AVERAGE WIND SPEED     7.4


SKY COVER
  AVERAGE SKY COVER 0.4


WEATHER CONDITIONS
 THE FOLLOWING WEATHER WAS RECORDED YESTERDAY.
  NO SIGNIFICANT WEATHER WAS OBSERVED.


RELATIVE HUMIDITY (PERCENT)
 HIGHEST    54
 LOWEST     18

..........................................................


THE PRESCOTT AZ AIRPORT CLIMATE NORMALS FOR TODAY
                         NORMAL    RECORD    YEAR
 MAXIMUM TEMPERATURE (F)   80        96      2003
 MINIMUM TEMPERATURE (F)   49        35      1987


SUNRISE AND SUNSET
MAY 27 2016...........SUNRISE   520 AM MST   SUNSET   735 PM MST
MAY 28 2016...........SUNRISE   519 AM MST   SUNSET   735 PM MST


-  INDICATES NEGATIVE NUMBERS.
R  INDICATES RECORD WAS SET OR TIED.
MM INDICATES DATA IS MISSING.
T  INDICATES TRACE AMOUNT.




$$
