000
CDUS45 KFGZ 230744
CLIPRC
CLIMATE REPORT
NATIONAL WEATHER SERVICE FLAGSTAFF, AZ
1243 AM MST MON JAN 23 2017


...................................

...THE PRESCOTT AZ AIRPORT CLIMATE SUMMARY FOR JANUARY 22 2017...

CLIMATE NORMAL PERIOD 1981 TO 2010
CLIMATE RECORD PERIOD 1948 TO 2017


WEATHER ITEM   OBSERVED TIME   RECORD YEAR NORMAL DEPARTURE LAST
                VALUE   (LST)  VALUE       VALUE  FROM      YEAR
                                                  NORMAL
..................................................................
TEMPERATURE (F)
 YESTERDAY
  MAXIMUM         40   1005 PM  67    1950  52    -12       61
  MINIMUM         27    308 AM  11    1966  26      1       23
  AVERAGE         34                        39     -5

PRECIPITATION (IN)
  YESTERDAY        T             0.30 2010   0.03  -0.03     0.00
  MONTH TO DATE    1.61                      0.82   0.79     1.08
  SINCE SEP 1      8.36                      5.13   3.23     4.57
  SINCE JAN 1      1.61                      0.82   0.79     1.08

DEGREE DAYS
 HEATING
  YESTERDAY       31                                5
  MONTH TO DATE  526                              -58
  SINCE JUL 1   1913                             -374

 COOLING
  YESTERDAY        0                                0
  MONTH TO DATE    0                                0
  SINCE JAN 1      0                                0
..................................................................


WIND (MPH)
  HIGHEST WIND SPEED    17   HIGHEST WIND DIRECTION    SE (130)
  HIGHEST GUST SPEED    22   HIGHEST GUST DIRECTION    SE (130)
  AVERAGE WIND SPEED     8.3


SKY COVER
  AVERAGE SKY COVER 0.8


WEATHER CONDITIONS
 THE FOLLOWING WEATHER WAS RECORDED YESTERDAY.
  FOG
  HAZE


RELATIVE HUMIDITY (PERCENT)
 HIGHEST    96
 LOWEST     64

..........................................................


THE PRESCOTT AZ AIRPORT CLIMATE NORMALS FOR TODAY
                         NORMAL    RECORD    YEAR
 MAXIMUM TEMPERATURE (F)   52        66      1999
 MINIMUM TEMPERATURE (F)   26         9      1996


SUNRISE AND SUNSET
JANUARY 23 2017.......SUNRISE   733 AM MST   SUNSET   550 PM MST
JANUARY 24 2017.......SUNRISE   733 AM MST   SUNSET   551 PM MST


-  INDICATES NEGATIVE NUMBERS.
R  INDICATES RECORD WAS SET OR TIED.
MM INDICATES DATA IS MISSING.
T  INDICATES TRACE AMOUNT.




$$
