000
CDUS45 KFGZ 310105
CLIPRC
CLIMATE REPORT
NATIONAL WEATHER SERVICE FLAGSTAFF, AZ
603 PM MST FRI JAN 30 2015


...................................

...THE PRESCOTT AZ AIRPORT CLIMATE SUMMARY FOR JANUARY 30 2015...
VALID TODAY AS OF 0500 PM LOCAL TIME.

CLIMATE NORMAL PERIOD 1981 TO 2010
CLIMATE RECORD PERIOD 1948 TO 2015


WEATHER ITEM   OBSERVED TIME   RECORD YEAR NORMAL DEPARTURE LAST
                VALUE   (LST)  VALUE       VALUE  FROM      YEAR
                                                  NORMAL
..................................................................
TEMPERATURE (F)
 TODAY
  MAXIMUM         48    310 PM  70    1971  53     -5       61
  MINIMUM         45    820 AM  -5    1949  27     18       41
  AVERAGE         47                        40      7

PRECIPITATION (IN)
  TODAY            0.41          0.71 1980   0.04   0.37
  MONTH TO DATE    1.44                      1.08   0.36
  SINCE SEP 1      6.12                      5.39   0.73
  SINCE JAN 1      1.44                      1.08   0.36

DEGREE DAYS
 HEATING
  TODAY           18                        25     -7
  SINCE JUL 1   2072                      2491   -419

 COOLING
  TODAY            0                         0      0
  SINCE JAN 1      0                         0      0
..................................................................


WIND (MPH)
  HIGHEST WIND SPEED    16   HIGHEST WIND DIRECTION    SE (130)
  HIGHEST GUST SPEED    22   HIGHEST GUST DIRECTION    SE (130)
  AVERAGE WIND SPEED     9.6


SKY COVER
  POSSIBLE SUNSHINE  MM
  AVERAGE SKY COVER 1.0


WEATHER CONDITIONS
 THE FOLLOWING WEATHER WAS RECORDED TODAY.
  HEAVY RAIN
  LIGHT RAIN
  FOG


RELATIVE HUMIDITY (PERCENT)
 HIGHEST    93          1200 AM
 LOWEST     86           400 AM

..........................................................


THE PRESCOTT AZ AIRPORT CLIMATE NORMALS FOR TOMORROW
                         NORMAL    RECORD    YEAR
 MAXIMUM TEMPERATURE (F)   53        72      2012
 MINIMUM TEMPERATURE (F)   27         5      1949


SUNRISE AND SUNSET
JANUARY 30 2015.......SUNRISE   729 AM MST   SUNSET   557 PM MST
JANUARY 31 2015.......SUNRISE   729 AM MST   SUNSET   558 PM MST


-  INDICATES NEGATIVE NUMBERS.
R  INDICATES RECORD WAS SET OR TIED.
MM INDICATES DATA IS MISSING.
T  INDICATES TRACE AMOUNT.




$$
