670
CDUS45 KFGZ 240751
CLIPRC
CLIMATE REPORT
NATIONAL WEATHER SERVICE FLAGSTAFF, AZ
1250 AM MST SAT JUN 24 2017


...................................

...THE PRESCOTT AZ AIRPORT CLIMATE SUMMARY FOR JUNE 23 2017...

CLIMATE NORMAL PERIOD 1981 TO 2010
CLIMATE RECORD PERIOD 1948 TO 2017


WEATHER ITEM   OBSERVED TIME   RECORD YEAR NORMAL DEPARTURE LAST
                VALUE   (LST)  VALUE       VALUE  FROM      YEAR
                                                  NORMAL
..................................................................
TEMPERATURE (F)
 YESTERDAY
  MAXIMUM        101R   319 PM  98    2006  89     12       95
  MINIMUM         67    526 AM  45    1948  57     10       66
  AVERAGE         84                        73     11

PRECIPITATION (IN)
  YESTERDAY        0.00          1.76 2005   0.01  -0.01     0.00
  MONTH TO DATE    0.00                      0.24  -0.24     0.04
  SINCE SEP 1     11.65                      9.09   2.56     7.31
  SINCE JAN 1      4.90                      4.78   0.12     3.82

DEGREE DAYS
 HEATING
  YESTERDAY        0                                0
  MONTH TO DATE    6                              -10
  SINCE JUL 1   3543                             -736

 COOLING
  YESTERDAY       19                               11
  MONTH TO DATE  223                              100
  SINCE JAN 1    256                               91
..................................................................


WIND (MPH)
  HIGHEST WIND SPEED    23   HIGHEST WIND DIRECTION     W (250)
  HIGHEST GUST SPEED    29   HIGHEST GUST DIRECTION     W (250)
  AVERAGE WIND SPEED     8.7


SKY COVER
  AVERAGE SKY COVER 0.0


WEATHER CONDITIONS
 THE FOLLOWING WEATHER WAS RECORDED YESTERDAY.
  NO SIGNIFICANT WEATHER WAS OBSERVED.


RELATIVE HUMIDITY (PERCENT)
 HIGHEST    42
 LOWEST      8

..........................................................


THE PRESCOTT AZ AIRPORT CLIMATE NORMALS FOR TODAY
                         NORMAL    RECORD    YEAR
 MAXIMUM TEMPERATURE (F)   89       100      1994
 MINIMUM TEMPERATURE (F)   58        48      1965


SUNRISE AND SUNSET
JUNE 24 2017..........SUNRISE   518 AM MST   SUNSET   747 PM MST
JUNE 25 2017..........SUNRISE   518 AM MST   SUNSET   747 PM MST


-  INDICATES NEGATIVE NUMBERS.
R  INDICATES RECORD WAS SET OR TIED.
MM INDICATES DATA IS MISSING.
T  INDICATES TRACE AMOUNT.




$$
