000
CDUS45 KFGZ 070751
CLIPRC
CLIMATE REPORT
NATIONAL WEATHER SERVICE FLAGSTAFF, AZ
1249 AM MST WED DEC 7 2016


...................................

...THE PRESCOTT AZ AIRPORT CLIMATE SUMMARY FOR DECEMBER 6 2016...

CLIMATE NORMAL PERIOD 1981 TO 2010
CLIMATE RECORD PERIOD 1948 TO 2016


WEATHER ITEM   OBSERVED TIME   RECORD YEAR NORMAL DEPARTURE LAST
                VALUE   (LST)  VALUE       VALUE  FROM      YEAR
                                                  NORMAL
..................................................................
TEMPERATURE (F)
 YESTERDAY
  MAXIMUM         52    240 PM  68    1977  53     -1       53
  MINIMUM         34    220 AM   3    1978  26      8       23
  AVERAGE         43                        39      4

PRECIPITATION (IN)
  YESTERDAY        0.00          0.83 1966   0.03  -0.03     0.00
  MONTH TO DATE    0.00                      0.18  -0.18     0.00
  SINCE SEP 1      4.09                      3.53   0.56     3.19
  SINCE JAN 1     14.85                     13.19   1.66    15.53

DEGREE DAYS
 HEATING
  YESTERDAY       22                               -4
  MONTH TO DATE  153                                3
  SINCE JUL 1    788                             -236

 COOLING
  YESTERDAY        0                                0
  MONTH TO DATE    0                                0
  SINCE JAN 1   1092                              151
..................................................................


WIND (MPH)
  HIGHEST WIND SPEED    21   HIGHEST WIND DIRECTION    SW (210)
  HIGHEST GUST SPEED    28   HIGHEST GUST DIRECTION    SW (210)
  AVERAGE WIND SPEED     8.3


SKY COVER
  AVERAGE SKY COVER 0.1


WEATHER CONDITIONS
 THE FOLLOWING WEATHER WAS RECORDED YESTERDAY.
  NO SIGNIFICANT WEATHER WAS OBSERVED.


RELATIVE HUMIDITY (PERCENT)
 HIGHEST    92
 LOWEST     30

..........................................................


THE PRESCOTT AZ AIRPORT CLIMATE NORMALS FOR TODAY
                         NORMAL    RECORD    YEAR
 MAXIMUM TEMPERATURE (F)   52        69      1958
 MINIMUM TEMPERATURE (F)   26        -4      1978


SUNRISE AND SUNSET
DECEMBER  7 2016......SUNRISE   724 AM MST   SUNSET   519 PM MST
DECEMBER  8 2016......SUNRISE   725 AM MST   SUNSET   519 PM MST


-  INDICATES NEGATIVE NUMBERS.
R  INDICATES RECORD WAS SET OR TIED.
MM INDICATES DATA IS MISSING.
T  INDICATES TRACE AMOUNT.




$$
