000
CDUS45 KFGZ 170830
CLIPRC
CLIMATE REPORT
NATIONAL WEATHER SERVICE FLAGSTAFF, AZ
128 AM MST WED SEP 17 2014


...................................

...THE PRESCOTT AZ AIRPORT CLIMATE SUMMARY FOR SEPTEMBER 16 2014...

CLIMATE NORMAL PERIOD 1981 TO 2010
CLIMATE RECORD PERIOD 1948 TO 2014


WEATHER ITEM   OBSERVED TIME   RECORD YEAR NORMAL DEPARTURE LAST
                VALUE   (LST)  VALUE       VALUE  FROM      YEAR
                                                  NORMAL
..................................................................
TEMPERATURE (F)
 YESTERDAY
  MAXIMUM         82    134 PM  94    1956  82      0       86
  MINIMUM         57    541 AM  41    1970  53      4       55
  AVERAGE         70                        68      2

PRECIPITATION (IN)
  YESTERDAY        0.00          0.78 1999   0.04  -0.04     0.00
  MONTH TO DATE    1.23                      0.87   0.36     2.48
  SINCE SEP 1      1.23                      0.87   0.36     2.48
  SINCE JAN 1      8.70                     10.53  -1.83    10.70

DEGREE DAYS
 HEATING
  YESTERDAY        0                               -1
  MONTH TO DATE    0                               -5
  SINCE JUL 1      3                               -3

 COOLING
  YESTERDAY        5                                1
  MONTH TO DATE   89                                4
  SINCE JAN 1    983                               77
..................................................................


WIND (MPH)
  HIGHEST WIND SPEED    14   HIGHEST WIND DIRECTION    SE (150)
  HIGHEST GUST SPEED    19   HIGHEST GUST DIRECTION    SE (140)
  AVERAGE WIND SPEED     4.4


SKY COVER
  AVERAGE SKY COVER 0.3


WEATHER CONDITIONS
 THE FOLLOWING WEATHER WAS RECORDED YESTERDAY.
  THUNDERSTORM
  HAZE


RELATIVE HUMIDITY (PERCENT)
 HIGHEST    84
 LOWEST     42

..........................................................


THE PRESCOTT AZ AIRPORT CLIMATE NORMALS FOR TODAY
                         NORMAL    RECORD    YEAR
 MAXIMUM TEMPERATURE (F)   82        94      1962
 MINIMUM TEMPERATURE (F)   53        40      1968


SUNRISE AND SUNSET
SEPTEMBER 17 2014.....SUNRISE   614 AM MST   SUNSET   634 PM MST
SEPTEMBER 18 2014.....SUNRISE   615 AM MST   SUNSET   632 PM MST


-  INDICATES NEGATIVE NUMBERS.
R  INDICATES RECORD WAS SET OR TIED.
MM INDICATES DATA IS MISSING.
T  INDICATES TRACE AMOUNT.




$$
