342
CDUS45 KFGZ 300754
CLIPRC
CLIMATE REPORT
NATIONAL WEATHER SERVICE FLAGSTAFF, AZ
1253 AM MST SUN APR 30 2017


...................................

...THE PRESCOTT AZ AIRPORT CLIMATE SUMMARY FOR APRIL 29 2017...

CLIMATE NORMAL PERIOD 1981 TO 2010
CLIMATE RECORD PERIOD 1948 TO 2017


WEATHER ITEM   OBSERVED TIME   RECORD YEAR NORMAL DEPARTURE LAST
                VALUE   (LST)  VALUE       VALUE  FROM      YEAR
                                                  NORMAL
..................................................................
TEMPERATURE (F)
 YESTERDAY
  MAXIMUM         64    331 PM  86    2013  71     -7       63
  MINIMUM         32    451 AM  24    1970  42    -10       39
  AVERAGE         48                        56     -8

PRECIPITATION (IN)
  YESTERDAY        0.00          0.61 1951   0.02  -0.02     0.06
  MONTH TO DATE    0.11                      0.49  -0.38     1.26
  SINCE SEP 1     11.00                      8.38   2.62     6.39
  SINCE JAN 1      4.25                      4.07   0.18     2.90

DEGREE DAYS
 HEATING
  YESTERDAY       17                                8
  MONTH TO DATE  273                              -90
  SINCE JUL 1   3375                             -735

 COOLING
  YESTERDAY        0                                0
  MONTH TO DATE    0                                0
  SINCE JAN 1      0                                0
..................................................................


WIND (MPH)
  HIGHEST WIND SPEED    29   HIGHEST WIND DIRECTION     N (360)
  HIGHEST GUST SPEED    42   HIGHEST GUST DIRECTION     N (360)
  AVERAGE WIND SPEED    11.5


SKY COVER
  AVERAGE SKY COVER 0.2


WEATHER CONDITIONS
 THE FOLLOWING WEATHER WAS RECORDED YESTERDAY.
  NO SIGNIFICANT WEATHER WAS OBSERVED.


RELATIVE HUMIDITY (PERCENT)
 HIGHEST    51
 LOWEST     12

..........................................................


THE PRESCOTT AZ AIRPORT CLIMATE NORMALS FOR TODAY
                         NORMAL    RECORD    YEAR
 MAXIMUM TEMPERATURE (F)   71        86      1996
 MINIMUM TEMPERATURE (F)   42        24      1967


SUNRISE AND SUNSET
APRIL 30 2017.........SUNRISE   540 AM MST   SUNSET   714 PM MST
MAY  1 2017...........SUNRISE   539 AM MST   SUNSET   715 PM MST


-  INDICATES NEGATIVE NUMBERS.
R  INDICATES RECORD WAS SET OR TIED.
MM INDICATES DATA IS MISSING.
T  INDICATES TRACE AMOUNT.




$$
