000
CDUS45 KFGZ 220939
CLIPRC
CLIMATE REPORT
NATIONAL WEATHER SERVICE FLAGSTAFF, AZ
238 AM MST FRI MAY 22 2015


...................................

...THE PRESCOTT AZ AIRPORT CLIMATE SUMMARY FOR MAY 21 2015...

CLIMATE NORMAL PERIOD 1981 TO 2010
CLIMATE RECORD PERIOD 1948 TO 2015


WEATHER ITEM   OBSERVED TIME   RECORD YEAR NORMAL DEPARTURE LAST
                VALUE   (LST)  VALUE       VALUE  FROM      YEAR
                                                  NORMAL
..................................................................
TEMPERATURE (F)
 YESTERDAY
  MAXIMUM         72    221 PM  91    2005  78     -6       73
  MINIMUM         50    610 AM  33    1962  48      2       49
  AVERAGE         61                        63     -2

PRECIPITATION (IN)
  YESTERDAY        0.00          0.94 1997   0.01  -0.01     0.00
  MONTH TO DATE    1.03                      0.31   0.72      T
  SINCE SEP 1      9.80                      8.70   1.10     5.69
  SINCE JAN 1      5.12                      4.39   0.73     0.97

DEGREE DAYS
 HEATING
  YESTERDAY        4                                1
  MONTH TO DATE  185                               66
  SINCE JUL 1   3444                             -794

 COOLING
  YESTERDAY        0                               -2
  MONTH TO DATE    2                              -15
  SINCE JAN 1      3                              -16
..................................................................


WIND (MPH)
  HIGHEST WIND SPEED    26   HIGHEST WIND DIRECTION    SE (130)
  HIGHEST GUST SPEED    34   HIGHEST GUST DIRECTION    SE (140)
  AVERAGE WIND SPEED    10.5


SKY COVER
  AVERAGE SKY COVER 0.1


WEATHER CONDITIONS
 THE FOLLOWING WEATHER WAS RECORDED YESTERDAY.
  NO SIGNIFICANT WEATHER WAS OBSERVED.


RELATIVE HUMIDITY (PERCENT)
 HIGHEST    50
 LOWEST     17

..........................................................


THE PRESCOTT AZ AIRPORT CLIMATE NORMALS FOR TODAY
                         NORMAL    RECORD    YEAR
 MAXIMUM TEMPERATURE (F)   79        93      2005
 MINIMUM TEMPERATURE (F)   48        33      1975


SUNRISE AND SUNSET
MAY 22 2015...........SUNRISE   522 AM MST   SUNSET   731 PM MST
MAY 23 2015...........SUNRISE   522 AM MST   SUNSET   731 PM MST


-  INDICATES NEGATIVE NUMBERS.
R  INDICATES RECORD WAS SET OR TIED.
MM INDICATES DATA IS MISSING.
T  INDICATES TRACE AMOUNT.




$$
