000
CDUS45 KFGZ 190104
CLIPRC
CLIMATE REPORT
NATIONAL WEATHER SERVICE FLAGSTAFF, AZ
600 PM MST WED OCT 18 2017


...................................

...THE PRESCOTT AZ AIRPORT CLIMATE SUMMARY FOR OCTOBER 18 2017...
VALID TODAY AS OF 0500 PM LOCAL TIME.

CLIMATE NORMAL PERIOD 1981 TO 2010
CLIMATE RECORD PERIOD 1948 TO 2017


WEATHER ITEM   OBSERVED TIME   RECORD YEAR NORMAL DEPARTURE LAST
                VALUE   (LST)  VALUE       VALUE  FROM      YEAR
                                                  NORMAL
..................................................................
TEMPERATURE (F)
 TODAY
  MAXIMUM         80    206 PM  86    2003  71      9       75
  MINIMUM         47    634 AM  29    1984  41      6       45
  AVERAGE         64                        56      8

PRECIPITATION (IN)
  TODAY            0.00          1.32 1972   0.03  -0.03
  MONTH TO DATE    0.00                      0.57  -0.57
  SINCE SEP 1      0.53                      2.08  -1.55
  SINCE JAN 1     12.38                     11.74   0.64

DEGREE DAYS
 HEATING
  TODAY            1                         9     -8
  SINCE JUL 1    142                       155    -13

 COOLING
  TODAY            0                         0      0
  SINCE JAN 1   1144                       940    204
..................................................................


WIND (MPH)
  HIGHEST WIND SPEED    18   HIGHEST WIND DIRECTION     W (260)
  HIGHEST GUST SPEED    23   HIGHEST GUST DIRECTION     W (280)
  AVERAGE WIND SPEED     5.5


SKY COVER
  POSSIBLE SUNSHINE  MM
  AVERAGE SKY COVER 0.1


WEATHER CONDITIONS
 THE FOLLOWING WEATHER WAS RECORDED TODAY.
  HAZE


RELATIVE HUMIDITY (PERCENT)
 HIGHEST    56           700 AM
 LOWEST     17           100 PM

..........................................................


THE PRESCOTT AZ AIRPORT CLIMATE NORMALS FOR TOMORROW
                         NORMAL    RECORD    YEAR
 MAXIMUM TEMPERATURE (F)   71        87      2003
 MINIMUM TEMPERATURE (F)   40        27      1971


SUNRISE AND SUNSET
OCTOBER 18 2017.......SUNRISE   638 AM MST   SUNSET   551 PM MST
OCTOBER 19 2017.......SUNRISE   639 AM MST   SUNSET   550 PM MST


-  INDICATES NEGATIVE NUMBERS.
R  INDICATES RECORD WAS SET OR TIED.
MM INDICATES DATA IS MISSING.
T  INDICATES TRACE AMOUNT.




$$
