000
CDUS45 KFGZ 300748
CLIPRC
CLIMATE REPORT
NATIONAL WEATHER SERVICE FLAGSTAFF, AZ
1246 AM MST SAT APR 30 2016


...................................

...THE PRESCOTT AZ AIRPORT CLIMATE SUMMARY FOR APRIL 29 2016...

CLIMATE NORMAL PERIOD 1981 TO 2010
CLIMATE RECORD PERIOD 1948 TO 2016


WEATHER ITEM   OBSERVED TIME   RECORD YEAR NORMAL DEPARTURE LAST
                VALUE   (LST)  VALUE       VALUE  FROM      YEAR
                                                  NORMAL
..................................................................
TEMPERATURE (F)
 YESTERDAY
  MAXIMUM         63    318 PM  86    2013  71     -8       78
  MINIMUM         39    123 AM  24    1970  42     -3       46
  AVERAGE         51                        56     -5

PRECIPITATION (IN)
  YESTERDAY        0.06          0.61 1951   0.02   0.04     0.00
  MONTH TO DATE    1.26                      0.49   0.77     0.35
  SINCE SEP 1      6.39                      8.38  -1.99     8.77
  SINCE JAN 1      2.90                      4.07  -1.17     4.09

DEGREE DAYS
 HEATING
  YESTERDAY       14                                5
  MONTH TO DATE  298                              -65
  SINCE JUL 1   3627                             -483

 COOLING
  YESTERDAY        0                                0
  MONTH TO DATE    0                                0
  SINCE JAN 1      0                                0
..................................................................


WIND (MPH)
  HIGHEST WIND SPEED    23   HIGHEST WIND DIRECTION     W (270)
  HIGHEST GUST SPEED    29   HIGHEST GUST DIRECTION     W (250)
  AVERAGE WIND SPEED     5.3


SKY COVER
  AVERAGE SKY COVER 0.7


WEATHER CONDITIONS
 THE FOLLOWING WEATHER WAS RECORDED YESTERDAY.
  LIGHT RAIN


RELATIVE HUMIDITY (PERCENT)
 HIGHEST   100
 LOWEST     39

..........................................................


THE PRESCOTT AZ AIRPORT CLIMATE NORMALS FOR TODAY
                         NORMAL    RECORD    YEAR
 MAXIMUM TEMPERATURE (F)   71        86      1996
 MINIMUM TEMPERATURE (F)   42        24      1967


SUNRISE AND SUNSET
APRIL 30 2016.........SUNRISE   540 AM MST   SUNSET   714 PM MST
MAY  1 2016...........SUNRISE   539 AM MST   SUNSET   715 PM MST


-  INDICATES NEGATIVE NUMBERS.
R  INDICATES RECORD WAS SET OR TIED.
MM INDICATES DATA IS MISSING.
T  INDICATES TRACE AMOUNT.




$$
