000
CDUS46 KPDT 230844 RRA
CLIPSC

CLIMATE REPORT
NATIONAL WEATHER SERVICE PENDLETON OR
144 AM PDT SUN JUL 23 2017


...................................

...THE PASCO WA CLIMATE SUMMARY FOR JULY 22 2017...

CLIMATE NORMAL PERIOD 1981 TO 2010
CLIMATE RECORD PERIOD 1948 TO 2017


WEATHER ITEM   OBSERVED TIME   RECORD YEAR NORMAL DEPARTURE LAST
                VALUE   (LST)  VALUE       VALUE  FROM      YEAR
                                                  NORMAL
..................................................................
TEMPERATURE (F)
 YESTERDAY
  MAXIMUM         97    417 PM 109    2006  93      4       88
                                      1905
  MINIMUM         54    513 AM  47    2011  57     -3       62
                                      1921
  AVERAGE         76                        75      1       75

PRECIPITATION (IN)
  YESTERDAY        0.00          0.09 1992   0.00   0.00      T
  MONTH TO DATE    T                         0.24  -0.24     0.33
  SINCE OCT 1      9.94                      8.12   1.82     8.10
  SINCE JAN 1      6.17                      5.17   1.00     5.34

SNOWFALL (IN)
  YESTERDAY        0.0
  SNOW DEPTH       0

DEGREE DAYS
 HEATING
  YESTERDAY        0                         0      0        0
  MONTH TO DATE    0                         1     -1        0
  SINCE JUN 1     26                        33     -7       30
  SINCE JUL 1      0                         1     -1        0

 COOLING
  YESTERDAY       11                        10      1       10
  MONTH TO DATE  246                       177     69      154
  SINCE JUN 1    392                       286    106      330
  SINCE JAN 1    441                       319    122      363
..................................................................


WIND (MPH)
  RESULTANT WIND SPEED   2   RESULTANT WIND DIRECTION  NE (30)
  HIGHEST WIND SPEED    10   HIGHEST WIND DIRECTION    NE (30)
  HIGHEST GUST SPEED    15   HIGHEST GUST DIRECTION     N (340)


SKY COVER
  POSSIBLE SUNSHINE  MM
  AVERAGE SKY COVER 0.0


WEATHER CONDITIONS
 THE FOLLOWING WEATHER WAS RECORDED YESTERDAY.
  NO SIGNIFICANT WEATHER WAS OBSERVED.


RELATIVE HUMIDITY (PERCENT)
 HIGHEST    93
 LOWEST     18
 AVERAGE    56

..........................................................


THE PASCO WA CLIMATE NORMALS FOR TODAY
                         NORMAL    RECORD    YEAR
 MAXIMUM TEMPERATURE (F)   93       112      2006
 MINIMUM TEMPERATURE (F)   57        46      1920


SUNRISE AND SUNSET
JULY 23 2017..........SUNRISE   528 AM PDT   SUNSET   837 PM PDT
JULY 24 2017..........SUNRISE   529 AM PDT   SUNSET   836 PM PDT


-  INDICATES NEGATIVE NUMBERS.
R  INDICATES RECORD WAS SET OR TIED.
MM INDICATES DATA IS MISSING.
T  INDICATES TRACE AMOUNT.

$$
