979
CDUS46 KPDT 201040
CLIPSC

CLIMATE REPORT
NATIONAL WEATHER SERVICE PENDLETON OR
240 AM PST FRI JAN 20 2017


...................................

...THE PASCO WA CLIMATE SUMMARY FOR JANUARY 19 2017...

CLIMATE NORMAL PERIOD 1981 TO 2010
CLIMATE RECORD PERIOD 1948 TO 2017


WEATHER ITEM   OBSERVED TIME   RECORD YEAR NORMAL DEPARTURE LAST
                VALUE   (LST)  VALUE       VALUE  FROM      YEAR
                                                  NORMAL
..................................................................
TEMPERATURE (F)
 YESTERDAY
  MAXIMUM         41    405 PM  59    2005  42     -1       41
  MINIMUM         19   1107 PM  13    2007  29    -10       33
  AVERAGE         30                        35     -5       37

PRECIPITATION (IN)
  YESTERDAY        0.00          0.39 1950   0.03  -0.03     0.23
  MONTH TO DATE    0.87                      0.86   0.01     0.83
  SINCE OCT 1      4.64                      3.81   0.83     3.59
  SINCE JAN 1      0.87                      0.86   0.01     0.83

SNOWFALL (IN)
  YESTERDAY        0.0
  SNOW DEPTH      MM

DEGREE DAYS
 HEATING
  YESTERDAY       35                        30      5       28
  MONTH TO DATE  928                       590    338      631
  SINCE DEC 1   2069                      1577    492     1514
  SINCE JUL 1   3015                      2806    209     2616

 COOLING
  YESTERDAY        0                         0      0        0
  MONTH TO DATE    0                         0      0        0
  SINCE DEC 1      0                         0      0        0
  SINCE JAN 1      0                         0      0        0
..................................................................


WIND (MPH)
  RESULTANT WIND SPEED   1   RESULTANT WIND DIRECTION   N (10)
  HIGHEST WIND SPEED     9   HIGHEST WIND DIRECTION    SE (130)
  HIGHEST GUST SPEED    11   HIGHEST GUST DIRECTION     N (350)


SKY COVER
  POSSIBLE SUNSHINE  MM
  AVERAGE SKY COVER 0.1


WEATHER CONDITIONS
 THE FOLLOWING WEATHER WAS RECORDED YESTERDAY.
  FOG
  HAZE


RELATIVE HUMIDITY (PERCENT)
 HIGHEST   100
 LOWEST     85
 AVERAGE    93

..........................................................


THE PASCO WA CLIMATE NORMALS FOR TODAY
                         NORMAL    RECORD    YEAR
 MAXIMUM TEMPERATURE (F)   42        59      2005
 MINIMUM TEMPERATURE (F)   29         9      2007


SUNRISE AND SUNSET
JANUARY 20 2017.......SUNRISE   731 AM PST   SUNSET   444 PM PST
JANUARY 21 2017.......SUNRISE   731 AM PST   SUNSET   446 PM PST


-  INDICATES NEGATIVE NUMBERS.
R  INDICATES RECORD WAS SET OR TIED.
MM INDICATES DATA IS MISSING.
T  INDICATES TRACE AMOUNT.

$$
