000
CDUS46 KPDT 180908 RRA
CLIPSC

CLIMATE REPORT
NATIONAL WEATHER SERVICE PENDLETON OR
1250 AM PST SAT NOV 18 2017


...................................

...THE PASCO WA CLIMATE SUMMARY FOR NOVEMBER 17 2017...

CLIMATE NORMAL PERIOD 1981 TO 2010
CLIMATE RECORD PERIOD 1948 TO 2017


WEATHER ITEM   OBSERVED TIME   RECORD YEAR NORMAL DEPARTURE LAST
                VALUE   (LST)  VALUE       VALUE  FROM      YEAR
                                                  NORMAL
..................................................................
TEMPERATURE (F)
 YESTERDAY
  MAXIMUM         54    245 PM  66    2015  49      5       53
                                      2009
                                      1976
  MINIMUM         41    737 AM   9    1916  32      9       28
  AVERAGE         48                        41      7       41

PRECIPITATION (IN)
  YESTERDAY        0.00          0.51 1979   0.04  -0.04      T
  MONTH TO DATE    0.72                      0.57   0.15     0.39
  SINCE OCT 1      1.39                      1.22   0.17     2.97
  SINCE JAN 1      7.74                      7.10   0.64     8.59

SNOWFALL (IN)
  YESTERDAY       MM
  SNOW DEPTH       0

DEGREE DAYS
 HEATING
  YESTERDAY       17                        24     -7       24
  MONTH TO DATE  376                       363     13      247
  SINCE SEP 1    877                       869      8      655
  SINCE JUL 1    877                       881     -4      655

 COOLING
  YESTERDAY        0                         0      0        0
  MONTH TO DATE    0                         0      0        0
  SINCE SEP 1    103                        53     50       27
  SINCE JAN 1    981                       710    271      778
..................................................................


WIND (MPH)
  RESULTANT WIND SPEED  18   RESULTANT WIND DIRECTION  SW (230)
  HIGHEST WIND SPEED    28   HIGHEST WIND DIRECTION    SW (230)
  HIGHEST GUST SPEED    36   HIGHEST GUST DIRECTION    SW (230)


SKY COVER
  POSSIBLE SUNSHINE  MM
  AVERAGE SKY COVER 0.0


WEATHER CONDITIONS
 THE FOLLOWING WEATHER WAS RECORDED YESTERDAY.
  NO SIGNIFICANT WEATHER WAS OBSERVED.


RELATIVE HUMIDITY (PERCENT)
 HIGHEST    76
 LOWEST     41
 AVERAGE    59

..........................................................


THE PASCO WA CLIMATE NORMALS FOR TODAY
                         NORMAL    RECORD    YEAR
 MAXIMUM TEMPERATURE (F)   49        78      1897
 MINIMUM TEMPERATURE (F)   32        14      1916


SUNRISE AND SUNSET
NOVEMBER 18 2017......SUNRISE   702 AM PST   SUNSET   421 PM PST
NOVEMBER 19 2017......SUNRISE   704 AM PST   SUNSET   420 PM PST


-  INDICATES NEGATIVE NUMBERS.
R  INDICATES RECORD WAS SET OR TIED.
MM INDICATES DATA IS MISSING.
T  INDICATES TRACE AMOUNT.




$$
