000
CDUS46 KPDT 280904
CLIPSC

CLIMATE REPORT
NATIONAL WEATHER SERVICE PENDLETON OR
204 AM PDT TUE MAR 28 2017


...................................

...THE PASCO WA CLIMATE SUMMARY FOR MARCH 27 2017...

CLIMATE NORMAL PERIOD 1981 TO 2010
CLIMATE RECORD PERIOD 1948 TO 2017


WEATHER ITEM   OBSERVED TIME   RECORD YEAR NORMAL DEPARTURE LAST
                VALUE   (LST)  VALUE       VALUE  FROM      YEAR
                                                  NORMAL
..................................................................
TEMPERATURE (F)
 YESTERDAY
  MAXIMUM         62    227 PM  79    2015  62      0       62
  MINIMUM         40    526 AM  27    1996  36      4       38
  AVERAGE         51                        49      2       50

PRECIPITATION (IN)
  YESTERDAY        T             0.34 1981   0.03  -0.03      T
  MONTH TO DATE    1.43                      0.69   0.74     1.18
  SINCE OCT 1      7.77                      5.72   2.05     5.51
  SINCE JAN 1      4.00                      2.77   1.23     2.75

SNOWFALL (IN)
  YESTERDAY        0.0
  SNOW DEPTH       0

DEGREE DAYS
 HEATING
  YESTERDAY       14                        16     -2       15
  MONTH TO DATE  486                       519    -33      464
  SINCE MAR 1    486                       519    -33      464
  SINCE JUL 1   4808                      4402    406     3982

 COOLING
  YESTERDAY        0                         0      0        0
  MONTH TO DATE    0                         0      0        0
  SINCE MAR 1      0                         0      0        0
  SINCE JAN 1      0                         0      0        0
..................................................................


WIND (MPH)
  RESULTANT WIND SPEED  11   RESULTANT WIND DIRECTION  SW (230)
  HIGHEST WIND SPEED    23   HIGHEST WIND DIRECTION    SW (230)
  HIGHEST GUST SPEED    30   HIGHEST GUST DIRECTION    SW (220)


SKY COVER
  POSSIBLE SUNSHINE  MM
  AVERAGE SKY COVER 0.2


WEATHER CONDITIONS
 THE FOLLOWING WEATHER WAS RECORDED YESTERDAY.
  NO SIGNIFICANT WEATHER WAS OBSERVED.


RELATIVE HUMIDITY (PERCENT)
 HIGHEST    86
 LOWEST     32
 AVERAGE    59

..........................................................


THE PASCO WA CLIMATE NORMALS FOR TODAY
                         NORMAL    RECORD    YEAR
 MAXIMUM TEMPERATURE (F)   63        77      1994
 MINIMUM TEMPERATURE (F)   37        24      2008
                                             1998


SUNRISE AND SUNSET
MARCH 28 2017.........SUNRISE   643 AM PDT   SUNSET   720 PM PDT
MARCH 29 2017.........SUNRISE   641 AM PDT   SUNSET   722 PM PDT


-  INDICATES NEGATIVE NUMBERS.
R  INDICATES RECORD WAS SET OR TIED.
MM INDICATES DATA IS MISSING.
T  INDICATES TRACE AMOUNT.


$$
