108
CDUS46 KPDT 260841 RRA
CLIPSC

CLIMATE REPORT
NATIONAL WEATHER SERVICE PENDLETON OR

129 AM PDT TUE JUL 26 2016


...................................

...THE PASCO WA CLIMATE SUMMARY FOR JULY 25 2016...

CLIMATE NORMAL PERIOD 1981 TO 2010
CLIMATE RECORD PERIOD 1948 TO 2016


WEATHER ITEM   OBSERVED TIME   RECORD YEAR NORMAL DEPARTURE LAST
                VALUE   (LST)  VALUE       VALUE  FROM      YEAR
                                                  NORMAL
..................................................................
TEMPERATURE (F)
 YESTERDAY
  MAXIMUM        100    319 PM 104    1998  93      7       88
  MINIMUM         53    455 AM  52    2014  57     -4       60
                                      2007
  AVERAGE         77                        75      2       74

PRECIPITATION (IN)
  YESTERDAY        0.00          0.04 1991   0.01  -0.01     0.00
  MONTH TO DATE    0.33                      0.26   0.07      T
  SINCE OCT 1      8.10                      8.14  -0.04     5.57
  SINCE JAN 1      5.34                      5.19   0.15     3.20

SNOWFALL (IN)
  YESTERDAY        0.0
  SNOW DEPTH       0

DEGREE DAYS
 HEATING
  YESTERDAY        0                         0      0        0
  MONTH TO DATE    0                         1     -1        0
  SINCE JUN 1     30                        33     -3        1
  SINCE JUL 1      0                         1     -1        0

 COOLING
  YESTERDAY       12                        10      2        9
  MONTH TO DATE  180                       207    -27      349
  SINCE JUN 1    356                       316     40      665
  SINCE JAN 1    389                       349     40      747
..................................................................


WIND (MPH)
  RESULTANT WIND SPEED   2   RESULTANT WIND DIRECTION   N (10)
  HIGHEST WIND SPEED    13   HIGHEST WIND DIRECTION    NW (320)
  HIGHEST GUST SPEED    14   HIGHEST GUST DIRECTION    NW (320)


SKY COVER
  POSSIBLE SUNSHINE  MM
  AVERAGE SKY COVER 0.0


WEATHER CONDITIONS
 THE FOLLOWING WEATHER WAS RECORDED YESTERDAY.
  NO SIGNIFICANT WEATHER WAS OBSERVED.


RELATIVE HUMIDITY (PERCENT)
 HIGHEST    89
 LOWEST     15
 AVERAGE    52

..........................................................


THE PASCO WA CLIMATE NORMALS FOR TODAY
                         NORMAL    RECORD    YEAR
 MAXIMUM TEMPERATURE (F)   93       109      1998
 MINIMUM TEMPERATURE (F)   57        49      1999


SUNRISE AND SUNSET
JULY 26 2016..........SUNRISE   532 AM PDT   SUNSET   833 PM PDT
JULY 27 2016..........SUNRISE   533 AM PDT   SUNSET   832 PM PDT


-  INDICATES NEGATIVE NUMBERS.
R  INDICATES RECORD WAS SET OR TIED.
MM INDICATES DATA IS MISSING.
T  INDICATES TRACE AMOUNT.




$$
