000
CDUS46 KPDT 260922
CLIPSC

CLIMATE REPORT
NATIONAL WEATHER SERVICE PENDLETON OR
122 AM PST SUN FEB 26 2017


...................................

...THE PASCO WA CLIMATE SUMMARY FOR FEBRUARY 25 2017...

CLIMATE NORMAL PERIOD 1981 TO 2010
CLIMATE RECORD PERIOD 1948 TO 2017


WEATHER ITEM   OBSERVED TIME   RECORD YEAR NORMAL DEPARTURE LAST
                VALUE   (LST)  VALUE       VALUE  FROM      YEAR
                                                  NORMAL
..................................................................
TEMPERATURE (F)
 YESTERDAY
  MAXIMUM         47    349 PM  62    1995  53     -6       59
  MINIMUM         21    630 AM   7    2011  29     -8       27
                                      1993
  AVERAGE         34                        41     -7       43

PRECIPITATION (IN)
  YESTERDAY        0.00          0.17 1996   0.03  -0.03     0.00
  MONTH TO DATE    1.50                      0.77   0.73     0.33
  SINCE OCT 1      6.22                      4.94   1.28     4.28
  SINCE JAN 1      2.45                      1.99   0.46     1.52

SNOWFALL (IN)
  YESTERDAY        0.0
  SNOW DEPTH       0

DEGREE DAYS
 HEATING
  YESTERDAY       31                        24      7       22
  MONTH TO DATE  817                       661    156      547
  SINCE DEC 1   3298                      2583    715     2346
  SINCE JUL 1   4244                      3812    432     3448

 COOLING
  YESTERDAY        0                         0      0        0
  MONTH TO DATE    0                         0      0        0
  SINCE DEC 1      0                         0      0        0
  SINCE JAN 1      0                         0      0        0
..................................................................


WIND (MPH)
  RESULTANT WIND SPEED   5   RESULTANT WIND DIRECTION  SW (240)
  HIGHEST WIND SPEED    18   HIGHEST WIND DIRECTION    SW (210)
  HIGHEST GUST SPEED    22   HIGHEST GUST DIRECTION    SW (210)


SKY COVER
  POSSIBLE SUNSHINE  MM
  AVERAGE SKY COVER 0.1


WEATHER CONDITIONS
 THE FOLLOWING WEATHER WAS RECORDED YESTERDAY.
  NO SIGNIFICANT WEATHER WAS OBSERVED.


RELATIVE HUMIDITY (PERCENT)
 HIGHEST    92
 LOWEST     37
 AVERAGE    65

..........................................................


THE PASCO WA CLIMATE NORMALS FOR TODAY
                         NORMAL    RECORD    YEAR
 MAXIMUM TEMPERATURE (F)   53        62      2005
 MINIMUM TEMPERATURE (F)   29         0      1989


SUNRISE AND SUNSET
FEBRUARY 26 2017......SUNRISE   640 AM PST   SUNSET   539 PM PST
FEBRUARY 27 2017......SUNRISE   639 AM PST   SUNSET   540 PM PST


-  INDICATES NEGATIVE NUMBERS.
R  INDICATES RECORD WAS SET OR TIED.
MM INDICATES DATA IS MISSING.
T  INDICATES TRACE AMOUNT.

$$
