000
CDUS46 KPDT 301040
CLIPSC

CLIMATE REPORT
NATIONAL WEATHER SERVICE PENDLETON OR
340 AM PDT TUE JUN 30 2015


...................................

...THE PASCO WA CLIMATE SUMMARY FOR JUNE 29 2015...

CLIMATE NORMAL PERIOD 1981 TO 2010
CLIMATE RECORD PERIOD 1948 TO 2015


WEATHER ITEM   OBSERVED TIME   RECORD YEAR NORMAL DEPARTURE LAST
                VALUE   (LST)  VALUE       VALUE  FROM      YEAR
                                                  NORMAL
..................................................................
TEMPERATURE (F)
 YESTERDAY
  MAXIMUM        100    531 PM 105    2008  87     13       83
  MINIMUM         77   1109 PM  47    1996  53     24       54
  AVERAGE         89                        70     19       69

PRECIPITATION (IN)
  YESTERDAY        T             0.61 1982   0.01  -0.01     0.00
  MONTH TO DATE    T                         0.67  -0.67     0.18
  SINCE OCT 1      5.57                      7.87  -2.30     3.14
  SINCE JAN 1      3.20                      4.92  -1.72     2.56

SNOWFALL (IN)
  YESTERDAY        0.0
  SNOW DEPTH       0

DEGREE DAYS
 HEATING
  YESTERDAY        0                         1     -1        0
  MONTH TO DATE    1                        37    -36       18
  SINCE JUN 1      1                        37    -36       18
  SINCE JUL 1   4392                      5027   -635     5225

 COOLING
  YESTERDAY       24                         6     18        4
  MONTH TO DATE  296                       103    193      109
  SINCE JUN 1    296                       103    193      109
  SINCE JAN 1    378                       136    242      143
..................................................................


WIND (MPH)
  RESULTANT WIND SPEED   2   RESULTANT WIND DIRECTION   S (190)
  HIGHEST WIND SPEED    24   HIGHEST WIND DIRECTION     S (200)
  HIGHEST GUST SPEED    31   HIGHEST GUST DIRECTION     S (190)


SKY COVER
  POSSIBLE SUNSHINE  MM
  AVERAGE SKY COVER 0.1


WEATHER CONDITIONS
 THE FOLLOWING WEATHER WAS RECORDED YESTERDAY.
  NO SIGNIFICANT WEATHER WAS OBSERVED.


RELATIVE HUMIDITY (PERCENT)
 HIGHEST    67
 LOWEST     28
 AVERAGE    48

..........................................................


THE PASCO WA CLIMATE NORMALS FOR TODAY
                         NORMAL    RECORD    YEAR
 MAXIMUM TEMPERATURE (F)   87       104      2008
 MINIMUM TEMPERATURE (F)   53        44      2010


SUNRISE AND SUNSET
JUNE 30 2015..........SUNRISE   508 AM PDT   SUNSET   852 PM PDT
JULY  1 2015..........SUNRISE   508 AM PDT   SUNSET   852 PM PDT


-  INDICATES NEGATIVE NUMBERS.
R  INDICATES RECORD WAS SET OR TIED.
MM INDICATES DATA IS MISSING.
T  INDICATES TRACE AMOUNT.

$$
