000
CDUS46 KPDT 220835
CLIPSC

CLIMATE REPORT
NATIONAL WEATHER SERVICE PENDLETON OR
133 AM PDT FRI AUG 22 2014


...................................

...THE PASCO WA CLIMATE SUMMARY FOR AUGUST 21 2014...

CLIMATE NORMAL PERIOD 1981 TO 2010
CLIMATE RECORD PERIOD 1948 TO 2014


WEATHER ITEM   OBSERVED TIME   RECORD YEAR NORMAL DEPARTURE LAST
                VALUE   (LST)  VALUE       VALUE  FROM      YEAR
                                                  NORMAL
..................................................................
TEMPERATURE (F)
 YESTERDAY
  MAXIMUM         86    254 PM 101    1991  89     -3       91
  MINIMUM         58    436 AM  46    1996  55      3       50
  AVERAGE         72                        72      0       71

PRECIPITATION (IN)
  YESTERDAY        0.00          0.22 2002   0.01  -0.01     0.00
  MONTH TO DATE    0.47                      0.16   0.31     0.09
  SINCE OCT 1      3.64                      8.32  -4.68     6.39
  SINCE JAN 1      3.06                      5.37  -2.31     3.03

SNOWFALL (IN)
  YESTERDAY        0.0
  SNOW DEPTH       0

DEGREE DAYS
 HEATING
  YESTERDAY        0                         0      0        0
  MONTH TO DATE    0                         0      0        0
  SINCE JUN 1     18                        37    -19       19
  SINCE JUL 1      0                         5     -5        0

 COOLING
  YESTERDAY        7                         7      0        6
  MONTH TO DATE  271                       188     83      224
  SINCE JUN 1    818                       565    253      719
  SINCE JAN 1    852                       598    254      765
..................................................................


WIND (MPH)
  RESULTANT WIND SPEED   7   RESULTANT WIND DIRECTION   S (200)
  HIGHEST WIND SPEED    16   HIGHEST WIND DIRECTION     S (180)
  HIGHEST GUST SPEED    20   HIGHEST GUST DIRECTION     S (200)


SKY COVER
  POSSIBLE SUNSHINE  MM
  AVERAGE SKY COVER 0.0


WEATHER CONDITIONS
THE FOLLOWING WEATHER WAS RECORDED YESTERDAY.
  NO SIGNIFICANT WEATHER WAS OBSERVED.


RELATIVE HUMIDITY (PERCENT)
 HIGHEST    65
 LOWEST     15
 AVERAGE    40

..........................................................


THE PASCO WA CLIMATE NORMALS FOR TODAY
                         NORMAL    RECORD    YEAR
 MAXIMUM TEMPERATURE (F)   89       103      1991
 MINIMUM TEMPERATURE (F)   54        46      2008


SUNRISE AND SUNSET
AUGUST 22 2014........SUNRISE   604 AM PDT   SUNSET   753 PM PDT
AUGUST 23 2014........SUNRISE   606 AM PDT   SUNSET   752 PM PDT


-  INDICATES NEGATIVE NUMBERS.
R  INDICATES RECORD WAS SET OR TIED.
MM INDICATES DATA IS MISSING.
T  INDICATES TRACE AMOUNT.




$$
