000
CDUS46 KPDT 260853
CLIPSC

CLIMATE REPORT
NATIONAL WEATHER SERVICE PENDLETON OR
153 AM PDT FRI AUG 26 2016


...................................

...THE PASCO WA CLIMATE SUMMARY FOR AUGUST 25 2016...

CLIMATE NORMAL PERIOD 1981 TO 2010
CLIMATE RECORD PERIOD 1948 TO 2016


WEATHER ITEM   OBSERVED TIME   RECORD YEAR NORMAL DEPARTURE LAST
                VALUE   (LST)  VALUE       VALUE  FROM      YEAR
                                                  NORMAL
..................................................................
TEMPERATURE (F)
 YESTERDAY
  MAXIMUM         89    404 PM 101    1996  88      1       90
  MINIMUM         53    537 AM  43    2012  54     -1       56
  AVERAGE         71                        71      0       73

PRECIPITATION (IN)
  YESTERDAY        0.00          0.26 2013   0.01  -0.01     0.00
  MONTH TO DATE    0.04                      0.20  -0.16     0.03
  SINCE OCT 1      8.14                      8.36  -0.22     5.60
  SINCE JAN 1      5.38                      5.41  -0.03     3.23

SNOWFALL (IN)
  YESTERDAY        0.0
  SNOW DEPTH       0

DEGREE DAYS
 HEATING
  YESTERDAY        0                         0      0        0
  MONTH TO DATE    0                         0      0        0
  SINCE JUN 1     30                        37     -7        1
  SINCE JUL 1      0                         5     -5        0

 COOLING
  YESTERDAY        6                         6      0        8
  MONTH TO DATE  218                       214      4      233
  SINCE JUN 1    670                       591     79      944
  SINCE JAN 1    703                       624     79     1026
..................................................................


WIND (MPH)
  RESULTANT WIND SPEED   5   RESULTANT WIND DIRECTION   N (340)
  HIGHEST WIND SPEED    15   HIGHEST WIND DIRECTION     N (340)
  HIGHEST GUST SPEED    17   HIGHEST GUST DIRECTION    NW (330)


SKY COVER
  POSSIBLE SUNSHINE  MM
  AVERAGE SKY COVER 0.0


WEATHER CONDITIONS
 THE FOLLOWING WEATHER WAS RECORDED YESTERDAY.
  NO SIGNIFICANT WEATHER WAS OBSERVED.


RELATIVE HUMIDITY (PERCENT)
 HIGHEST    80
 LOWEST     21
 AVERAGE    51

..........................................................


THE PASCO WA CLIMATE NORMALS FOR TODAY
                         NORMAL    RECORD    YEAR
 MAXIMUM TEMPERATURE (F)   88        97      2005
 MINIMUM TEMPERATURE (F)   53        46      2008
                                             1993


SUNRISE AND SUNSET
AUGUST 26 2016........SUNRISE   610 AM PDT   SUNSET   745 PM PDT
AUGUST 27 2016........SUNRISE   611 AM PDT   SUNSET   743 PM PDT


-  INDICATES NEGATIVE NUMBERS.
R  INDICATES RECORD WAS SET OR TIED.
MM INDICATES DATA IS MISSING.
T  INDICATES TRACE AMOUNT.




$$
