000
CDUS41 KALY 260622
CLIPSF


CLIMATE REPORT
NATIONAL WEATHER SERVICE ALBANY NY
221 AM EDT SUN MAR 26 2017


...................................

...THE PITTSFIELD MA CLIMATE SUMMARY FOR MARCH 25 2017...

CLIMATE NORMAL PERIOD 1981 TO 2010
CLIMATE RECORD PERIOD 9999 TO 9999


WEATHER ITEM   OBSERVED TIME   NORMAL DEPARTURE LAST
                VALUE   (LST)  VALUE  FROM      YEAR
                                      NORMAL
......................................................
TEMPERATURE (F)
 YESTERDAY
  MAXIMUM         41    551 AM  45     -4       53
  MINIMUM         28   1035 PM  25      3       31
  AVERAGE         35            35      0       42

PRECIPITATION (IN)
  YESTERDAY        0.15          0.14   0.01     0.25
  MONTH TO DATE    1.28          2.54  -1.26     1.83
  SINCE MAR 1      1.28          2.54  -1.26     1.83
  SINCE JAN 1      6.86          8.14  -1.28     7.20

DEGREE DAYS
 HEATING
  YESTERDAY       30            30      0       23
  MONTH TO DATE  956           855    101      663
  SINCE MAR 1    956           855    101      663
  SINCE JUL 1   5658          6235   -577     5030

 COOLING
  YESTERDAY        0             0      0        0
  MONTH TO DATE    0             0      0        0
  SINCE MAR 1      0             0      0        0
  SINCE JAN 1      0             0      0        0
......................................................


WIND (MPH)
  HIGHEST WIND SPEED    13   HIGHEST WIND DIRECTION     W (270)
  HIGHEST GUST SPEED    15   HIGHEST GUST DIRECTION     W (270)
  AVERAGE WIND SPEED     3.5


SKY COVER
  AVERAGE SKY COVER 0.8



RELATIVE HUMIDITY (PERCENT)
 HIGHEST   100
 LOWEST     73
 AVERAGE    87

..........................................................


THE PITTSFIELD MA CLIMATE NORMALS FOR TODAY
                         NORMAL
 MAXIMUM TEMPERATURE (F)   46
 MINIMUM TEMPERATURE (F)   25


SUNRISE AND SUNSET
MARCH 26 2017.........SUNRISE   646 AM EDT   SUNSET   713 PM EDT
MARCH 27 2017.........SUNRISE   644 AM EDT   SUNSET   714 PM EDT


-  INDICATES NEGATIVE NUMBERS.
R  INDICATES RECORD WAS SET OR TIED.
MM INDICATES DATA IS MISSING.
T  INDICATES TRACE AMOUNT.




$$
