000
CDUS46 KSGX 171131
CLIPSP


CLIMATE REPORT
NATIONAL WEATHER SERVICE SAN DIEGO, CA
431 AM PDT THU AUG 17 2017


...................................

...THE PALM SPRINGS INTL AIRPORT CA CLIMATE SUMMARY FOR AUGUST 16 2017...

CLIMATE NORMAL PERIOD 1981 TO 2010
CLIMATE RECORD PERIOD 1893 TO 2017


WEATHER ITEM   OBSERVED TIME   RECORD YEAR NORMAL DEPARTURE LAST
                VALUE   (LST)  VALUE       VALUE  FROM      YEAR
                                                  NORMAL
..................................................................
TEMPERATURE (F)
 YESTERDAY
  MAXIMUM        101    353 PM 115    2016 106     -5      115
                                      2015
                                      1994
  MINIMUM         71    459 AM  58    1956  78     -7       82
  AVERAGE         86                        92     -6       99

PRECIPITATION (IN)
  YESTERDAY        0.00          1.56 1983   0.00   0.00     0.00
  MONTH TO DATE    0.71                      0.18   0.53     0.00
  SINCE OCT 1      7.76                      5.22   2.54     2.63
  SINCE JAN 1      5.97                      3.37   2.60     2.44

DEGREE DAYS
 HEATING
  YESTERDAY        0                         0      0        0
  MONTH TO DATE    0                         0      0        0
  SINCE JUN 1      0                         0      0        0
  SINCE JUL 1      0                         0      0        0

 COOLING
  YESTERDAY       21                        27     -6       34
  MONTH TO DATE  470                       437     33      483
  SINCE JUN 1   2284                      1930    354     2232
  SINCE JAN 1   3407                      2689    718     3229
..................................................................


WIND (MPH)
  RESULTANT WIND SPEED   5   RESULTANT WIND DIRECTION  NW (310)
  HIGHEST WIND SPEED    22   HIGHEST WIND DIRECTION    NW (320)
  HIGHEST GUST SPEED    30   HIGHEST GUST DIRECTION    NW (300)
  AVERAGE WIND SPEED     8.3


SKY COVER
  POSSIBLE SUNSHINE  MM
  AVERAGE SKY COVER 0.0


WEATHER CONDITIONS
 THE FOLLOWING WEATHER WAS RECORDED YESTERDAY.
  NO SIGNIFICANT WEATHER WAS OBSERVED.


RELATIVE HUMIDITY (PERCENT)
 HIGHEST    57           500 AM
 LOWEST      9           200 PM
 AVERAGE    33

..........................................................


THE PALM SPRINGS INTL AIRPORT CA CLIMATE NORMALS FOR TODAY
                         NORMAL    RECORD    YEAR
 MAXIMUM TEMPERATURE (F)  106       118      1950
 MINIMUM TEMPERATURE (F)   78        60      1976
                                             1954


SUNRISE AND SUNSET
AUGUST 17 2017........SUNRISE   610 AM PDT   SUNSET   730 PM PDT
AUGUST 18 2017........SUNRISE   610 AM PDT   SUNSET   729 PM PDT


-  INDICATES NEGATIVE NUMBERS.
R  INDICATES RECORD WAS SET OR TIED.
MM INDICATES DATA IS MISSING.
T  INDICATES TRACE AMOUNT.




$$
