000
CDUS46 KSGX 080116
CLIPSP


CLIMATE REPORT
NATIONAL WEATHER SERVICE SAN DIEGO, CA
516 PM PST SUN FEB 7 2016


...................................

...THE PALM SPRINGS INTL AIRPORT CA CLIMATE SUMMARY FOR FEBRUARY 7 2016...
VALID TODAY AS OF 0500 PM LOCAL TIME.

CLIMATE NORMAL PERIOD 1981 TO 2010
CLIMATE RECORD PERIOD 1893 TO 2016


WEATHER ITEM   OBSERVED TIME   RECORD YEAR NORMAL DEPARTURE LAST
                VALUE   (LST)  VALUE       VALUE  FROM      YEAR
                                                  NORMAL
..................................................................
TEMPERATURE (F)
 TODAY
  MAXIMUM         84    216 PM  94    1963  71     13       84
  MINIMUM         52    232 AM  30    1955  47      5       53
  AVERAGE         68                        59      9       69

PRECIPITATION (IN)
  TODAY            0.00          1.00 1992   0.02  -0.02     0.00
  MONTH TO DATE    0.00                      0.14  -0.14     0.00
  SINCE OCT 1      2.45                      2.99  -0.54     1.09
  SINCE JAN 1      2.26                      1.14   1.12     0.22

DEGREE DAYS
 HEATING
  TODAY            0                         6     -6        0
  MONTH TO DATE   56                        48      8        0
  SINCE DEC 1    603                       579     24      329
  SINCE JUL 1    710                       675     35      362

 COOLING
  TODAY            3                         1      2        4
  MONTH TO DATE    3                         6     -3       16
  SINCE DEC 1      3                        18    -15       58
  SINCE JAN 1      3                        14    -11       34
..................................................................


WIND (MPH)
  RESULTANT WIND SPEED   2   RESULTANT WIND DIRECTION  NW (310)
  HIGHEST WIND SPEED    16   HIGHEST WIND DIRECTION     N (360)
  HIGHEST GUST SPEED    19   HIGHEST GUST DIRECTION     N (350)
  AVERAGE WIND SPEED     5.9


SKY COVER
  POSSIBLE SUNSHINE  MM
  AVERAGE SKY COVER 0.0


WEATHER CONDITIONS
 THE FOLLOWING WEATHER WAS RECORDED TODAY.
  NO SIGNIFICANT WEATHER WAS OBSERVED.


RELATIVE HUMIDITY (PERCENT)
 HIGHEST    35           200 AM
 LOWEST      9          1200 PM
 AVERAGE    22

..........................................................


THE PALM SPRINGS INTL AIRPORT CA CLIMATE NORMALS FOR TOMORROW
                         NORMAL    RECORD    YEAR
 MAXIMUM TEMPERATURE (F)   71        90      1996
                                             1951
 MINIMUM TEMPERATURE (F)   47        25      1933


SUNRISE AND SUNSET
FEBRUARY  7 2016......SUNRISE   638 AM PST   SUNSET   522 PM PST
FEBRUARY  8 2016......SUNRISE   637 AM PST   SUNSET   523 PM PST


-  INDICATES NEGATIVE NUMBERS.
R  INDICATES RECORD WAS SET OR TIED.
MM INDICATES DATA IS MISSING.
T  INDICATES TRACE AMOUNT.




$$
