000
CDUS46 KSGX 271417
CLIPSP


CLIMATE REPORT
NATIONAL WEATHER SERVICE SAN DIEGO, CA
717 AM PDT WED JUL 27 2016


...................................

...THE PALM SPRINGS INTL AIRPORT CA CLIMATE SUMMARY FOR JULY 26 2016...

CLIMATE NORMAL PERIOD 1981 TO 2010
CLIMATE RECORD PERIOD 1893 TO 2016


WEATHER ITEM   OBSERVED TIME   RECORD YEAR NORMAL DEPARTURE LAST
                VALUE   (LST)  VALUE       VALUE  FROM      YEAR
                                                  NORMAL
..................................................................
TEMPERATURE (F)
 YESTERDAY
  MAXIMUM        111    538 PM 119    1998 108      3      108
                                      1933
  MINIMUM         86    451 AM  65    1955  78      8       76
                                      1941
  AVERAGE         99                        93      6       92

PRECIPITATION (IN)
  YESTERDAY        0.00          0.11 2013   0.01  -0.01     0.00
  MONTH TO DATE    0.00                      0.16  -0.16     0.42
  SINCE OCT 1      2.63                      4.95  -2.32     2.63
  SINCE JAN 1      2.44                      3.10  -0.66     1.76

DEGREE DAYS
 HEATING
  YESTERDAY        0                         0      0        0
  MONTH TO DATE    0                         0      0        0
  SINCE JUN 1      0                         0      0        0
  SINCE JUL 1      0                         0      0        0

 COOLING
  YESTERDAY       34                        28      6       27
  MONTH TO DATE  775                       708     67      658
  SINCE JUN 1   1578                      1355    223     1444
  SINCE JAN 1   2575                      2114    461     2509
..................................................................


WIND (MPH)
  RESULTANT WIND SPEED   1   RESULTANT WIND DIRECTION   N (20)
  HIGHEST WIND SPEED    20   HIGHEST WIND DIRECTION    NW (320)
  HIGHEST GUST SPEED    24   HIGHEST GUST DIRECTION    NW (310)
  AVERAGE WIND SPEED     7.1


SKY COVER
  POSSIBLE SUNSHINE  MM
  AVERAGE SKY COVER 0.1


WEATHER CONDITIONS
 THE FOLLOWING WEATHER WAS RECORDED YESTERDAY.
  NO SIGNIFICANT WEATHER WAS OBSERVED.


RELATIVE HUMIDITY (PERCENT)
 HIGHEST    34           300 AM
 LOWEST     16           600 PM
 AVERAGE    25

..........................................................


THE PALM SPRINGS INTL AIRPORT CA CLIMATE NORMALS FOR TODAY
                         NORMAL    RECORD    YEAR
 MAXIMUM TEMPERATURE (F)  108       119      1980
 MINIMUM TEMPERATURE (F)   78        63      1940


SUNRISE AND SUNSET
JULY 27 2016..........SUNRISE   555 AM PDT   SUNSET   750 PM PDT
JULY 28 2016..........SUNRISE   555 AM PDT   SUNSET   749 PM PDT


-  INDICATES NEGATIVE NUMBERS.
R  INDICATES RECORD WAS SET OR TIED.
MM INDICATES DATA IS MISSING.
T  INDICATES TRACE AMOUNT.




$$
