000
CDUS46 KSGX 141236
CLIPSP


CLIMATE REPORT
NATIONAL WEATHER SERVICE SAN DIEGO, CA
436 AM PST THU DEC 14 2017


...................................

...THE PALM SPRINGS INTL AIRPORT CA CLIMATE SUMMARY FOR DECEMBER 13 2017...

CLIMATE NORMAL PERIOD 1981 TO 2010
CLIMATE RECORD PERIOD 1893 TO 2017


WEATHER ITEM   OBSERVED TIME   RECORD YEAR NORMAL DEPARTURE LAST
                VALUE   (LST)  VALUE       VALUE  FROM      YEAR
                                                  NORMAL
..................................................................
TEMPERATURE (F)
 YESTERDAY
  MAXIMUM         79    249 PM  85    1939  67     12       75
  MINIMUM         51   1159 PM  28    1949  44      7       54
  AVERAGE         65                        55     10       65

PRECIPITATION (IN)
  YESTERDAY        0.00          1.20 1932   0.02  -0.02     0.00
  MONTH TO DATE    0.00                      0.26  -0.26      T
  SINCE OCT 1      T                         1.23  -1.23     0.29
  SINCE JAN 1      7.17                      5.12   2.05     3.65

DEGREE DAYS
 HEATING
  YESTERDAY        0                        10    -10        0
  MONTH TO DATE    7                       113   -106       60
  SINCE DEC 1      7                       113   -106       60
  SINCE JUL 1      7                       209   -202      121

 COOLING
  YESTERDAY        0                         0      0        0
  MONTH TO DATE   27                         0     27        1
  SINCE DEC 1     27                         0     27        1
  SINCE JAN 1   5218                      4137   1081     4809
..................................................................


WIND (MPH)
  RESULTANT WIND SPEED   3   RESULTANT WIND DIRECTION   N (350)
  HIGHEST WIND SPEED    13   HIGHEST WIND DIRECTION    NW (330)
  HIGHEST GUST SPEED    14   HIGHEST GUST DIRECTION    NW (320)
  AVERAGE WIND SPEED     4.2


SKY COVER
  POSSIBLE SUNSHINE  MM
  AVERAGE SKY COVER 0.0


WEATHER CONDITIONS
 THE FOLLOWING WEATHER WAS RECORDED YESTERDAY.
  NO SIGNIFICANT WEATHER WAS OBSERVED.


RELATIVE HUMIDITY (PERCENT)
 HIGHEST    29           600 PM
 LOWEST      8           200 PM
 AVERAGE    19

..........................................................


THE PALM SPRINGS INTL AIRPORT CA CLIMATE NORMALS FOR TODAY
                         NORMAL    RECORD    YEAR
 MAXIMUM TEMPERATURE (F)   67        86      1953
 MINIMUM TEMPERATURE (F)   44        25      1967


SUNRISE AND SUNSET
DECEMBER 14 2017......SUNRISE   643 AM PST   SUNSET   439 PM PST
DECEMBER 15 2017......SUNRISE   644 AM PST   SUNSET   439 PM PST


-  INDICATES NEGATIVE NUMBERS.
R  INDICATES RECORD WAS SET OR TIED.
MM INDICATES DATA IS MISSING.
T  INDICATES TRACE AMOUNT.




$$
