000
CDUS46 KSGX 281419
CLIPSP


CLIMATE REPORT
NATIONAL WEATHER SERVICE SAN DIEGO, CA
719 AM PDT SAT MAR 28 2015


...................................

...THE PALM SPRINGS INTL AIRPORT CA CLIMATE SUMMARY FOR MARCH 27 2015...

CLIMATE NORMAL PERIOD 1981 TO 2010
CLIMATE RECORD PERIOD 1893 TO 2015


WEATHER ITEM   OBSERVED TIME   RECORD YEAR NORMAL DEPARTURE LAST
                VALUE   (LST)  VALUE       VALUE  FROM      YEAR
                                                  NORMAL
..................................................................
TEMPERATURE (F)
 YESTERDAY
  MAXIMUM         97    355 PM 103    1988  81     16       76
  MINIMUM         66    337 AM  36    1945  54     12       53
  AVERAGE         82                        67     15       65

PRECIPITATION (IN)
  YESTERDAY        0.00          0.77 1991   0.01  -0.01     0.00
  MONTH TO DATE    0.83                      0.59   0.24     0.28
  SINCE OCT 1      2.09                      4.47  -2.38     0.88
  SINCE JAN 1      1.22                      2.62  -1.40     0.70

SNOWFALL (IN)
  YESTERDAY        0.0
  MONTH TO DATE    0.0
  SINCE MAR 1      0.0
  SINCE JUL 1      0.0
  SNOW DEPTH       0

DEGREE DAYS
 HEATING
  YESTERDAY        0                         1     -1        0
  MONTH TO DATE   29                        68    -39       12
  SINCE MAR 1     29                        68    -39       12
  SINCE JUL 1    400                       846   -446      423

 COOLING
  YESTERDAY       17                         4     13        0
  MONTH TO DATE  245                        75    170      147
  SINCE MAR 1    245                        75    170      147
  SINCE JAN 1    365                       102    263      255
..................................................................


WIND (MPH)
  RESULTANT WIND SPEED   1   RESULTANT WIND DIRECTION  NE (30)
  HIGHEST WIND SPEED    12   HIGHEST WIND DIRECTION    NW (330)
  HIGHEST GUST SPEED    17   HIGHEST GUST DIRECTION    SE (120)
  AVERAGE WIND SPEED     5.2


SKY COVER
  POSSIBLE SUNSHINE  MM
  AVERAGE SKY COVER 0.0


WEATHER CONDITIONS
 THE FOLLOWING WEATHER WAS RECORDED YESTERDAY.
  NO SIGNIFICANT WEATHER WAS OBSERVED.


RELATIVE HUMIDITY (PERCENT)
 HIGHEST    24          1100 PM
 LOWEST      7          1200 PM
 AVERAGE    16

..........................................................


THE PALM SPRINGS INTL AIRPORT CA CLIMATE NORMALS FOR TODAY
                         NORMAL    RECORD    YEAR
 MAXIMUM TEMPERATURE (F)   81        97      1969
 MINIMUM TEMPERATURE (F)   54        37      1945


SUNRISE AND SUNSET
MARCH 28 2015.........SUNRISE   639 AM PDT   SUNSET   704 PM PDT
MARCH 29 2015.........SUNRISE   638 AM PDT   SUNSET   704 PM PDT


-  INDICATES NEGATIVE NUMBERS.
R  INDICATES RECORD WAS SET OR TIED.
MM INDICATES DATA IS MISSING.
T  INDICATES TRACE AMOUNT.




$$
