000
CDUS41 KBOX 022225
CLIPVD


CLIMATE REPORT
NATIONAL WEATHER SERVICE TAUNTON MA
625 PM EDT THU JUL 2 2015


...................................

...THE PROVIDENCE RI CLIMATE SUMMARY FOR JULY 2 2015...
VALID AS OF 0600 PM LOCAL TIME.

CLIMATE NORMAL PERIOD 1981 TO 2010
CLIMATE RECORD PERIOD 1904 TO 2015


WEATHER ITEM   OBSERVED TIME   RECORD YEAR NORMAL DEPARTURE LAST
                VALUE   (LST)  VALUE       VALUE  FROM      YEAR
                                                  NORMAL
..................................................................
TEMPERATURE (F)
 TODAY
  MAXIMUM         79    415 PM  98    1941  82     -3       90
  MINIMUM         63    448 AM  51    1988  63      0       71
                                      1978
                                      1965
  AVERAGE         71                        72     -1       81

PRECIPITATION (IN)
  TODAY            0.00          1.50 1986   0.08  -0.08     0.00
  MONTH TO DATE    0.00                      0.17  -0.17     0.00
  SINCE JUN 1      5.35                      3.81   1.54     2.36
  SINCE JAN 1     22.30                     23.88  -1.58    25.16

SNOWFALL (IN)
  TODAY            0.0           0.0  2014   0.0    0.0      0.0
  MONTH TO DATE    0.0                       0.0    0.0      0.0
  SINCE JUN 1      0.0                       0.0    0.0      0.0
  SINCE JUL 1      0.0                       0.0    0.0      0.0
  SNOW DEPTH       0

DEGREE DAYS
 HEATING
  TODAY            0                         0      0        0
  MONTH TO DATE    0                         0      0        0
  SINCE JUN 1     72                        43     29       13
  SINCE JUL 1      0                         0      0        0

 COOLING
  TODAY            6                         7     -1       16
  MONTH TO DATE    6                        14     -8       29
  SINCE JUN 1    124                       146    -22      132
  SINCE JAN 1    188                       172     16      143
..................................................................


WIND (MPH)
  HIGHEST WIND SPEED    15   HIGHEST WIND DIRECTION    SE (150)
  HIGHEST GUST SPEED    17   HIGHEST GUST DIRECTION    SE (150)
  AVERAGE WIND SPEED     7.3


SKY COVER
  POSSIBLE SUNSHINE  MM
  AVERAGE SKY COVER 0.5


WEATHER CONDITIONS
 THE FOLLOWING WEATHER WAS RECORDED TODAY.
  NO SIGNIFICANT WEATHER WAS OBSERVED.


RELATIVE HUMIDITY (PERCENT)
 HIGHEST    78           200 AM
 LOWEST     48          1100 AM
 AVERAGE    63

..........................................................


THE PROVIDENCE RI CLIMATE NORMALS FOR TOMORROW
                         NORMAL    RECORD    YEAR
 MAXIMUM TEMPERATURE (F)   82        98      2002
 MINIMUM TEMPERATURE (F)   63        50      1957


SUNRISE AND SUNSET
JULY  2 2015..........SUNRISE   515 AM EDT   SUNSET   824 PM EDT
JULY  3 2015..........SUNRISE   516 AM EDT   SUNSET   824 PM EDT


-  INDICATES NEGATIVE NUMBERS.
R  INDICATES RECORD WAS SET OR TIED.
MM INDICATES DATA IS MISSING.
T  INDICATES TRACE AMOUNT.




$$
