000
CDUS41 KBOX 242135
CLIPVD


CLIMATE REPORT
NATIONAL WEATHER SERVICE TAUNTON MA
425 PM EST TUE JAN 24 2017


...................................

...THE PROVIDENCE RI CLIMATE SUMMARY FOR JANUARY 24 2017...
VALID AS OF 0400 PM LOCAL TIME.

CLIMATE NORMAL PERIOD 1981 TO 2010
CLIMATE RECORD PERIOD 1904 TO 2017


WEATHER ITEM   OBSERVED TIME   RECORD YEAR NORMAL DEPARTURE LAST
                VALUE   (LST)  VALUE       VALUE  FROM      YEAR
                                                  NORMAL
..................................................................
TEMPERATURE (F)
 TODAY
  MAXIMUM         44    213 PM  65    1967  37      7       36
  MINIMUM         38   1250 AM  -9    1907  21     17       19
  AVERAGE         41                        29     12       28

PRECIPITATION (IN)
  TODAY            1.02          1.68 1951   0.13   0.89     0.00
  MONTH TO DATE    4.31                      3.01   1.30     3.03
  SINCE DEC 1      7.45                      7.23   0.22     7.83
  SINCE JAN 1      4.31                      3.01   1.30     3.03

SNOWFALL (IN)
  TODAY           MM             7.0  1908   0.3   MM        0.0
  MONTH TO DATE   14.1                       6.9    7.2      7.3
  SINCE DEC 1     18.5                      15.6    2.9      7.9
  SINCE JUL 1     18.5                      17.1    1.4      7.9
  SNOW DEPTH       0

DEGREE DAYS
 HEATING
  TODAY           24                        36    -12       37
  MONTH TO DATE  723                       860   -137      815
  SINCE DEC 1   1651                      1812   -161     1398
  SINCE JUL 1   2538                      2887   -349     2279

 COOLING
  TODAY            0                         0      0        0
  MONTH TO DATE    0                         0      0        0
  SINCE DEC 1      0                         0      0        0
  SINCE JAN 1      0                         0      0        0
..................................................................


WIND (MPH)
  HIGHEST WIND SPEED    35   HIGHEST WIND DIRECTION    NE (30)
  HIGHEST GUST SPEED    46   HIGHEST GUST DIRECTION     N (20)
  AVERAGE WIND SPEED    24.4


SKY COVER
  POSSIBLE SUNSHINE  MM
  AVERAGE SKY COVER 1.0


WEATHER CONDITIONS
 THE FOLLOWING WEATHER WAS RECORDED TODAY.
  HEAVY RAIN
  RAIN
  LIGHT RAIN
  FOG


RELATIVE HUMIDITY (PERCENT)
 HIGHEST    92          1200 AM
 LOWEST     83           200 PM
 AVERAGE    88

..........................................................


THE PROVIDENCE RI CLIMATE NORMALS FOR TOMORROW
                         NORMAL    RECORD    YEAR
 MAXIMUM TEMPERATURE (F)   37        60      1990
 MINIMUM TEMPERATURE (F)   21        -3      1945
                                             1935


SUNRISE AND SUNSET
JANUARY 24 2017.......SUNRISE   705 AM EST   SUNSET   451 PM EST
JANUARY 25 2017.......SUNRISE   704 AM EST   SUNSET   453 PM EST


-  INDICATES NEGATIVE NUMBERS.
R  INDICATES RECORD WAS SET OR TIED.
MM INDICATES DATA IS MISSING.
T  INDICATES TRACE AMOUNT.




$$
