000
CDUS41 KBOX 292146
CLIPVD


CLIMATE REPORT
NATIONAL WEATHER SERVICE TAUNTON MA
545 PM EDT FRI APR 29 2016


...................................

...THE PROVIDENCE RI CLIMATE SUMMARY FOR APRIL 29 2016...
VALID AS OF 0500 PM LOCAL TIME.

CLIMATE NORMAL PERIOD 1981 TO 2010
CLIMATE RECORD PERIOD 1904 TO 2016


WEATHER ITEM   OBSERVED TIME   RECORD YEAR NORMAL DEPARTURE LAST
                VALUE   (LST)  VALUE       VALUE  FROM      YEAR
                                                  NORMAL
..................................................................
TEMPERATURE (F)
 TODAY
  MAXIMUM         55    200 PM  90    1974  63     -8       66
  MINIMUM         44    438 AM  31    1909  44      0       44
  AVERAGE         50                        54     -4       55

PRECIPITATION (IN)
  TODAY            T             1.80 1923   0.13  -0.13     0.00
  MONTH TO DATE    3.91                      4.23  -0.32     2.51
  SINCE MAR 1      6.59                      9.24  -2.65     6.91
  SINCE JAN 1     14.94                     16.39  -1.45    13.26

SNOWFALL (IN)
  TODAY            0.0           0.1  1987   0.0    0.0      0.0
  MONTH TO DATE    6.7                       0.6    6.1       T
  SINCE MAR 1      9.3                       6.1    3.2     16.3
  SINCE JUL 1     28.7                      33.8   -5.1     76.2
  SNOW DEPTH       0

DEGREE DAYS
 HEATING
  TODAY           15                        12      3       10
  MONTH TO DATE  495                       468     27      458
  SINCE MAR 1   1142                      1277   -135     1450
  SINCE JUL 1   4513                      5339   -826     5812

 COOLING
  TODAY            0                         0      0        0
  MONTH TO DATE    0                         0      0        0
  SINCE MAR 1      0                         0      0        0
  SINCE JAN 1      0                         0      0        0
..................................................................


WIND (MPH)
  HIGHEST WIND SPEED    15   HIGHEST WIND DIRECTION     S (170)
  HIGHEST GUST SPEED    20   HIGHEST GUST DIRECTION     E (100)
  AVERAGE WIND SPEED     6.9


SKY COVER
  POSSIBLE SUNSHINE  MM
  AVERAGE SKY COVER 0.6


WEATHER CONDITIONS
 THE FOLLOWING WEATHER WAS RECORDED TODAY.
  LIGHT RAIN


RELATIVE HUMIDITY (PERCENT)
 HIGHEST    70           300 AM
 LOWEST     41          1100 AM
 AVERAGE    56

..........................................................


THE PROVIDENCE RI CLIMATE NORMALS FOR TOMORROW
                         NORMAL    RECORD    YEAR
 MAXIMUM TEMPERATURE (F)   64        88      1942
 MINIMUM TEMPERATURE (F)   44        33      1992
                                             1975


SUNRISE AND SUNSET
APRIL 29 2016.........SUNRISE   544 AM EDT   SUNSET   742 PM EDT
APRIL 30 2016.........SUNRISE   543 AM EDT   SUNSET   743 PM EDT


-  INDICATES NEGATIVE NUMBERS.
R  INDICATES RECORD WAS SET OR TIED.
MM INDICATES DATA IS MISSING.
T  INDICATES TRACE AMOUNT.




$$
