000
CDUS41 KBOX 160539
CLIPVD


CLIMATE REPORT
NATIONAL WEATHER SERVICE TAUNTON MA
136 AM EDT WED APR 16 2014


...................................

...THE PROVIDENCE RI CLIMATE SUMMARY FOR APRIL 15 2014...

CLIMATE NORMAL PERIOD 1981 TO 2010
CLIMATE RECORD PERIOD 1904 TO 2014


WEATHER ITEM   OBSERVED TIME   RECORD YEAR NORMAL DEPARTURE LAST
                VALUE   (LST)  VALUE       VALUE  FROM      YEAR
                                                  NORMAL
..................................................................
TEMPERATURE (F)
 YESTERDAY
  MAXIMUM         66   1052 AM  82    1938  59      7       54
  MINIMUM         39   1159 PM  27    1923  40     -1       37
  AVERAGE         53                        49      4       46

PRECIPITATION (IN)
  YESTERDAY        1.53          2.90 2007   0.14   1.39     0.00
  MONTH TO DATE    2.96                      2.37   0.59     1.10
  SINCE MAR 1      9.94                      7.38   2.56     4.04
  SINCE JAN 1     18.34                     14.53   3.81    11.00

SNOWFALL (IN)
  YESTERDAY        0.0           T    2007   0.0    0.0      0.0
                                      1916
  MONTH TO DATE    0.0                       0.5   -0.5      0.0
  SINCE MAR 1      1.2                       6.0   -4.8      4.9
  SINCE JUL 1     43.3                      33.7    9.6     46.3
  SNOW DEPTH       0

DEGREE DAYS
 HEATING
  YESTERDAY       12                        16     -4       19
  MONTH TO DATE  221                       277    -56      273
  SINCE MAR 1   1175                      1086     89     1085
  SINCE JUL 1   5447                      5148    299     4906

 COOLING
  YESTERDAY        0                         0      0        0
  MONTH TO DATE    0                         0      0        0
  SINCE MAR 1      0                         0      0        0
  SINCE JAN 1      0                         0      0        0
..................................................................


WIND (MPH)
  RESULTANT WIND SPEED  18   RESULTANT WIND DIRECTION   S (200)
  HIGHEST WIND SPEED    36   HIGHEST WIND DIRECTION     S (190)
  HIGHEST GUST SPEED    48   HIGHEST GUST DIRECTION    SW (210)
  AVERAGE WIND SPEED    21.5


SKY COVER
  POSSIBLE SUNSHINE  MM
  AVERAGE SKY COVER 1.0


WEATHER CONDITIONS
 THE FOLLOWING WEATHER WAS RECORDED YESTERDAY.
  HEAVY RAIN
  RAIN
  LIGHT RAIN
  FOG


RELATIVE HUMIDITY (PERCENT)
 HIGHEST    93           900 PM
 LOWEST     63          1100 AM
 AVERAGE    78

..........................................................


THE PROVIDENCE RI CLIMATE NORMALS FOR TODAY
                         NORMAL    RECORD    YEAR
 MAXIMUM TEMPERATURE (F)   59        88      2003
 MINIMUM TEMPERATURE (F)   40        27      1943


SUNRISE AND SUNSET
APRIL 16 2014.........SUNRISE   604 AM EDT   SUNSET   728 PM EDT
APRIL 17 2014.........SUNRISE   603 AM EDT   SUNSET   729 PM EDT


-  INDICATES NEGATIVE NUMBERS.
R  INDICATES RECORD WAS SET OR TIED.
MM INDICATES DATA IS MISSING.
T  INDICATES TRACE AMOUNT.




$$
