000
CDUS41 KBOX 241235
CLIPVD


CLIMATE REPORT
NATIONAL WEATHER SERVICE TAUNTON MA
835 AM EDT SUN MAY 24 2015


...................................

...THE PROVIDENCE RI CLIMATE SUMMARY FOR MAY 23 2015...

CLIMATE NORMAL PERIOD 1981 TO 2010
CLIMATE RECORD PERIOD 1904 TO 2015


WEATHER ITEM   OBSERVED TIME   RECORD YEAR NORMAL DEPARTURE LAST
                VALUE   (LST)  VALUE       VALUE  FROM      YEAR
                                                  NORMAL
..................................................................
TEMPERATURE (F)
 YESTERDAY
  MAXIMUM         65    541 PM  94    1964  70     -5       65
  MINIMUM         46    456 AM  40    1950  51     -5       53
  AVERAGE         56                        61     -5       59

PRECIPITATION (IN)
  YESTERDAY        0.00          2.92 1979   0.12  -0.12      T
  MONTH TO DATE    0.51                      2.54  -2.03     2.07
  SINCE MAR 1      7.42                     11.91  -4.49    14.22
  SINCE JAN 1     13.77                     19.06  -5.29    22.62

SNOWFALL (IN)
  YESTERDAY        0.0           T    1994   0.0    0.0      0.0
  MONTH TO DATE    0.0                       0.0    0.0      0.0
  SINCE MAR 1     16.3                       6.1   10.2      1.5
  SINCE JUL 1     76.2                      33.8   42.4     43.6
  SNOW DEPTH       0

DEGREE DAYS
 HEATING
  YESTERDAY        9                         5      4        6
  MONTH TO DATE  122                       189    -67      131
  SINCE MAR 1   1586                      1477    109     1571
  SINCE JUL 1   5948                      5539    409     5843

 COOLING
  YESTERDAY        0                         1     -1        0
  MONTH TO DATE   29                        10     19        9
  SINCE MAR 1     29                        12     17        9
  SINCE JAN 1     29                        12     17        9
..................................................................


WIND (MPH)
  RESULTANT WIND SPEED   9   RESULTANT WIND DIRECTION   W (290)
  HIGHEST WIND SPEED    18   HIGHEST WIND DIRECTION     W (270)
  HIGHEST GUST SPEED    24   HIGHEST GUST DIRECTION     W (280)
  AVERAGE WIND SPEED    10.6


SKY COVER
  POSSIBLE SUNSHINE  MM
  AVERAGE SKY COVER 0.1


WEATHER CONDITIONS
 THE FOLLOWING WEATHER WAS RECORDED YESTERDAY.
  NO SIGNIFICANT WEATHER WAS OBSERVED.


RELATIVE HUMIDITY (PERCENT)
 HIGHEST    60           500 AM
 LOWEST     19           500 PM
 AVERAGE    40

..........................................................


THE PROVIDENCE RI CLIMATE NORMALS FOR TODAY
                         NORMAL    RECORD    YEAR
 MAXIMUM TEMPERATURE (F)   71        92      1964
                                             1936
 MINIMUM TEMPERATURE (F)   51        38      1967


SUNRISE AND SUNSET
MAY 24 2015...........SUNRISE   519 AM EDT   SUNSET   807 PM EDT
MAY 25 2015...........SUNRISE   518 AM EDT   SUNSET   808 PM EDT


-  INDICATES NEGATIVE NUMBERS.
R  INDICATES RECORD WAS SET OR TIED.
MM INDICATES DATA IS MISSING.
T  INDICATES TRACE AMOUNT.




$$
