718
CDUS41 KBOX 280610
CLIPVD


CLIMATE REPORT
NATIONAL WEATHER SERVICE TAUNTON MA
159 AM EDT SUN AUG 28 2016


...................................

...THE PROVIDENCE RI CLIMATE SUMMARY FOR AUGUST 27 2016...

CLIMATE NORMAL PERIOD 1981 TO 2010
CLIMATE RECORD PERIOD 1904 TO 2016


WEATHER ITEM   OBSERVED TIME   RECORD YEAR NORMAL DEPARTURE LAST
                VALUE   (LST)  VALUE       VALUE  FROM      YEAR
                                                  NORMAL
..................................................................
TEMPERATURE (F)
 YESTERDAY
  MAXIMUM         88    138 PM  98    1948  80      8       82
  MINIMUM         69   1159 PM  49    1954  62      7       61
                                      1921
  AVERAGE         79                        71      8       72

PRECIPITATION (IN)
  YESTERDAY        0.00          1.36 1927   0.11  -0.11     0.00
  MONTH TO DATE    2.71                      3.17  -0.46     2.78
  SINCE JUN 1      7.71                     10.10  -2.39    10.47
  SINCE JAN 1     25.83                     30.17  -4.34    27.42

SNOWFALL (IN)
  YESTERDAY        0.0           0.0  2002   0.0    0.0      0.0
                                      2001
                                      2000
  MONTH TO DATE    0.0                       0.0    0.0      0.0
  SINCE JUN 1      0.0                       0.0    0.0      0.0
  SINCE JUL 1      0.0                       0.0    0.0      0.0
  SNOW DEPTH       0

DEGREE DAYS
 HEATING
  YESTERDAY        0                         0      0        0
  MONTH TO DATE    0                         0      0        0
  SINCE JUN 1     12                        46    -34       72
  SINCE JUL 1      0                         3     -3        0

 COOLING
  YESTERDAY       14                         6      8        7
  MONTH TO DATE  309                       209    100      277
  SINCE JUN 1    792                       607    185      699
  SINCE JAN 1    843                       633    210      763
..................................................................


WIND (MPH)
  RESULTANT WIND SPEED   1   RESULTANT WIND DIRECTION  SE (120)
  HIGHEST WIND SPEED    15   HIGHEST WIND DIRECTION     S (170)
  HIGHEST GUST SPEED    19   HIGHEST GUST DIRECTION     S (170)
  AVERAGE WIND SPEED     6.2


SKY COVER
  POSSIBLE SUNSHINE  MM
  AVERAGE SKY COVER 0.4


WEATHER CONDITIONS
 THE FOLLOWING WEATHER WAS RECORDED YESTERDAY.
  NO SIGNIFICANT WEATHER WAS OBSERVED.


RELATIVE HUMIDITY (PERCENT)
 HIGHEST    90          1100 PM
 LOWEST     35          1100 AM
 AVERAGE    63

..........................................................


THE PROVIDENCE RI CLIMATE NORMALS FOR TODAY
                         NORMAL    RECORD    YEAR
 MAXIMUM TEMPERATURE (F)   80        95      1948
 MINIMUM TEMPERATURE (F)   61        47      1986
                                             1968


SUNRISE AND SUNSET
AUGUST 28 2016........SUNRISE   608 AM EDT   SUNSET   725 PM EDT
AUGUST 29 2016........SUNRISE   609 AM EDT   SUNSET   723 PM EDT


-  INDICATES NEGATIVE NUMBERS.
R  INDICATES RECORD WAS SET OR TIED.
MM INDICATES DATA IS MISSING.
T  INDICATES TRACE AMOUNT.




$$
