000
CDUS41 KBOX 300533
CLIPVD


CLIMATE REPORT
NATIONAL WEATHER SERVICE TAUNTON MA
133 AM EDT SUN APR 30 2017


...................................

...THE PROVIDENCE RI CLIMATE SUMMARY FOR APRIL 29 2017...

CLIMATE NORMAL PERIOD 1981 TO 2010
CLIMATE RECORD PERIOD 1904 TO 2017


WEATHER ITEM   OBSERVED TIME   RECORD YEAR NORMAL DEPARTURE LAST
                VALUE   (LST)  VALUE       VALUE  FROM      YEAR
                                                  NORMAL
..................................................................
TEMPERATURE (F)
 YESTERDAY
  MAXIMUM         87    329 PM  90    1974  63     24       55
  MINIMUM         56    302 AM  31    1909  44     12       44
  AVERAGE         72                        54     18       50

PRECIPITATION (IN)
  YESTERDAY        0.00          1.80 1923   0.13  -0.13      T
  MONTH TO DATE    7.10                      4.23   2.87     3.91
  SINCE MAR 1     10.95                      9.24   1.71     6.59
  SINCE JAN 1     18.13                     16.39   1.74    14.94

SNOWFALL (IN)
  YESTERDAY        0.0           0.1  1987   0.0    0.0      0.0
  MONTH TO DATE    T                         0.6   -0.6      6.7
  SINCE MAR 1      7.7                       6.1    1.6      9.3
  SINCE JUL 1     45.9                      33.8   12.1     28.7
  SNOW DEPTH       0

DEGREE DAYS
 HEATING
  YESTERDAY        0                        12    -12       15
  MONTH TO DATE  374                       468    -94      495
  SINCE MAR 1   1294                      1277     17     1142
  SINCE JUL 1   4852                      5339   -487     4513

 COOLING
  YESTERDAY        7                         0      7        0
  MONTH TO DATE   17                         0     17        0
  SINCE MAR 1     17                         0     17        0
  SINCE JAN 1     17                         0     17        0
..................................................................


WIND (MPH)
  RESULTANT WIND SPEED   6   RESULTANT WIND DIRECTION   W (270)
  HIGHEST WIND SPEED    24   HIGHEST WIND DIRECTION     W (270)
  HIGHEST GUST SPEED    33   HIGHEST GUST DIRECTION     W (280)
  AVERAGE WIND SPEED     9.4


SKY COVER
  POSSIBLE SUNSHINE  MM
  AVERAGE SKY COVER 0.6


WEATHER CONDITIONS
 THE FOLLOWING WEATHER WAS RECORDED YESTERDAY.
  NO SIGNIFICANT WEATHER WAS OBSERVED.


RELATIVE HUMIDITY (PERCENT)
 HIGHEST   100           300 AM
 LOWEST     40           400 PM
 AVERAGE    70

..........................................................


THE PROVIDENCE RI CLIMATE NORMALS FOR TODAY
                         NORMAL    RECORD    YEAR
 MAXIMUM TEMPERATURE (F)   64        88      1942
 MINIMUM TEMPERATURE (F)   44        33      1992
                                             1975


SUNRISE AND SUNSET
APRIL 30 2017.........SUNRISE   543 AM EDT   SUNSET   743 PM EDT
MAY  1 2017...........SUNRISE   542 AM EDT   SUNSET   744 PM EDT


-  INDICATES NEGATIVE NUMBERS.
R  INDICATES RECORD WAS SET OR TIED.
MM INDICATES DATA IS MISSING.
T  INDICATES TRACE AMOUNT.




$$
