000
CDUS43 KLOT 190632
CLIPWK


CLIMATE REPORT
NATIONAL WEATHER SERVICE CHICAGO IL
132 AM CDT SAT APR 19 2014


...................................

...THE CHICAGO EXECUTIVE CLIMATE SUMMARY FOR APRIL 18 2014...

CLIMATE NORMAL PERIOD 1981 TO 2010
CLIMATE RECORD PERIOD 1996 TO 2014


WEATHER ITEM   OBSERVED TIME   RECORD YEAR NORMAL DEPARTURE LAST
                VALUE   (LST)  VALUE       VALUE  FROM      YEAR
                                                  NORMAL
..................................................................
TEMPERATURE (F)
 YESTERDAY
  MAXIMUM         49   1004 AM  88    2002  59    -10       63
  MINIMUM         37   1124 PM  26    2001  38     -1       40
                                      1997
  AVERAGE         43                        49     -6       52

PRECIPITATION (IN)
  YESTERDAY        0.00          0.35 2011   0.11  -0.11    MM
  MONTH TO DATE    1.37                      1.49  -0.12     0.67
  SINCE MAR 1      1.92                      3.74  -1.82     1.49
  SINCE JAN 1      4.05                      6.32  -2.27     6.45

DEGREE DAYS
 HEATING
  YESTERDAY       22                        17      5       13
  MONTH TO DATE  348                       351     -3      378
  SINCE MAR 1   1395                      1204    191     1403
  SINCE JUL 1   6754                      5942    812     5910

 COOLING
  YESTERDAY        0                         0      0        0
  MONTH TO DATE    0                         0      0        0
  SINCE MAR 1      0                         0      0        0
  SINCE JAN 1      0                         0      0        0
..................................................................


WIND (MPH)
  RESULTANT WIND SPEED   7   RESULTANT WIND DIRECTION  NE (40)
  HIGHEST WIND SPEED    15   HIGHEST WIND DIRECTION    NE (50)
  HIGHEST GUST SPEED    22   HIGHEST GUST DIRECTION    NE (40)
  AVERAGE WIND SPEED     8.1



WEATHER CONDITIONS
 THE FOLLOWING WEATHER WAS RECORDED YESTERDAY.
  NO SIGNIFICANT WEATHER WAS OBSERVED.


..........................................................


THE CHICAGO EXECUTIVE CLIMATE NORMALS FOR TODAY
                         NORMAL    RECORD    YEAR
 MAXIMUM TEMPERATURE (F)   59        81      2005
 MINIMUM TEMPERATURE (F)   39        31      2001


SUNRISE AND SUNSET
APRIL 19 2014.........SUNRISE   605 AM CDT   SUNSET   737 PM CDT
APRIL 20 2014.........SUNRISE   603 AM CDT   SUNSET   738 PM CDT


-  INDICATES NEGATIVE NUMBERS.
R  INDICATES RECORD WAS SET OR TIED.
MM INDICATES DATA IS MISSING.
T  INDICATES TRACE AMOUNT.




$$
