000
CDUS43 KLOT 260639
CLIPWK


CLIMATE REPORT
NATIONAL WEATHER SERVICE CHICAGO IL
138 AM CDT FRI MAY 26 2017


...................................

...THE CHICAGO EXECUTIVE CLIMATE SUMMARY FOR MAY 25 2017...

CLIMATE NORMAL PERIOD 1981 TO 2010
CLIMATE RECORD PERIOD 1996 TO 2017


WEATHER ITEM   OBSERVED TIME   RECORD YEAR NORMAL DEPARTURE LAST
                VALUE   (LST)  VALUE       VALUE  FROM      YEAR
                                                  NORMAL
..................................................................
TEMPERATURE (F)
 YESTERDAY
  MAXIMUM         68    218 PM  86    2016  72     -4       86
                                      2010
  MINIMUM         50   1159 PM  41    2002  50      0       65
  AVERAGE         59                        61     -2       76

PRECIPITATION (IN)
  YESTERDAY        0.00          0.90 2016   0.11  -0.11     0.90
  MONTH TO DATE    2.82                      3.07  -0.25     4.33
  SINCE MAR 1     12.60                      8.29   4.31     9.96
  SINCE JAN 1     16.05                     10.87   5.18    11.62

DEGREE DAYS
 HEATING
  YESTERDAY        6                         6      0        0
  MONTH TO DATE  275                       218     57      250
  SINCE MAR 1   1512                      1593    -81     1485
  SINCE JUL 1   5501                      6331   -830     5548

 COOLING
  YESTERDAY        0                         2     -2       11
  MONTH TO DATE   16                        25     -9       18
  SINCE MAR 1     24                        29     -5       20
  SINCE JAN 1     24                        29     -5       20
..................................................................


WIND (MPH)
  RESULTANT WIND SPEED   7   RESULTANT WIND DIRECTION   N (0)
  HIGHEST WIND SPEED    16   HIGHEST WIND DIRECTION     N (360)
  HIGHEST GUST SPEED    23   HIGHEST GUST DIRECTION    NW (320)
  AVERAGE WIND SPEED     7.4



WEATHER CONDITIONS
 THE FOLLOWING WEATHER WAS RECORDED YESTERDAY.
  NO SIGNIFICANT WEATHER WAS OBSERVED.


..........................................................


THE CHICAGO EXECUTIVE CLIMATE NORMALS FOR TODAY
                         NORMAL    RECORD    YEAR
 MAXIMUM TEMPERATURE (F)   72        88      2014
 MINIMUM TEMPERATURE (F)   51        40      2002
                                             2001


SUNRISE AND SUNSET
MAY 26 2017...........SUNRISE   521 AM CDT   SUNSET   816 PM CDT
MAY 27 2017...........SUNRISE   521 AM CDT   SUNSET   817 PM CDT


-  INDICATES NEGATIVE NUMBERS.
R  INDICATES RECORD WAS SET OR TIED.
MM INDICATES DATA IS MISSING.
T  INDICATES TRACE AMOUNT.




$$
