000
CDUS43 KLOT 300632
CLIPWK


CLIMATE REPORT
NATIONAL WEATHER SERVICE CHICAGO IL
132 AM CDT MON MAY 30 2016


...................................

...THE CHICAGO EXECUTIVE CLIMATE SUMMARY FOR MAY 29 2016...

CLIMATE NORMAL PERIOD 1981 TO 2010
CLIMATE RECORD PERIOD 1996 TO 2016


WEATHER ITEM   OBSERVED TIME   RECORD YEAR NORMAL DEPARTURE LAST
                VALUE   (LST)  VALUE       VALUE  FROM      YEAR
                                                  NORMAL
..................................................................
TEMPERATURE (F)
 YESTERDAY
  MAXIMUM         80    522 PM  90    2006  74      6       83
  MINIMUM         63    444 AM  39    2008  52     11       62
  AVERAGE         72                        63      9       73

PRECIPITATION (IN)
  YESTERDAY        0.00          1.42 2011   0.10  -0.10     0.18
  MONTH TO DATE    4.68                      3.48   1.20     3.61
  SINCE MAR 1     10.31                      8.70   1.61     7.08
  SINCE JAN 1     11.97                     11.28   0.69     7.77

DEGREE DAYS
 HEATING
  YESTERDAY        0                         5     -5        0
  MONTH TO DATE  250                       238     12      189
  SINCE MAR 1   1485                      1613   -128     1607
  SINCE JUL 1   5548                      6351   -803     6735

 COOLING
  YESTERDAY        7                         2      5        8
  MONTH TO DATE   51                        33     18       51
  SINCE MAR 1     53                        37     16       51
  SINCE JAN 1     53                        37     16       51
..................................................................


WIND (MPH)
  RESULTANT WIND SPEED   8   RESULTANT WIND DIRECTION  SW (240)
  HIGHEST WIND SPEED    20   HIGHEST WIND DIRECTION     W (250)
  HIGHEST GUST SPEED    27   HIGHEST GUST DIRECTION     W (270)
  AVERAGE WIND SPEED     9.0



WEATHER CONDITIONS
 THE FOLLOWING WEATHER WAS RECORDED YESTERDAY.
  NO SIGNIFICANT WEATHER WAS OBSERVED.


..........................................................


THE CHICAGO EXECUTIVE CLIMATE NORMALS FOR TODAY
                         NORMAL    RECORD    YEAR
 MAXIMUM TEMPERATURE (F)   74        91      2010
 MINIMUM TEMPERATURE (F)   52        41      2001


SUNRISE AND SUNSET
MAY 30 2016...........SUNRISE   519 AM CDT   SUNSET   820 PM CDT
MAY 31 2016...........SUNRISE   518 AM CDT   SUNSET   821 PM CDT


-  INDICATES NEGATIVE NUMBERS.
R  INDICATES RECORD WAS SET OR TIED.
MM INDICATES DATA IS MISSING.
T  INDICATES TRACE AMOUNT.




$$
