000
CDUS43 KLOT 130633
CLIPWK


CLIMATE REPORT
NATIONAL WEATHER SERVICE CHICAGO IL
1232 AM CST SAT FEB 13 2016


...................................

...THE CHICAGO EXECUTIVE CLIMATE SUMMARY FOR FEBRUARY 12 2016...

CLIMATE NORMAL PERIOD 1981 TO 2010
CLIMATE RECORD PERIOD 1996 TO 2016


WEATHER ITEM   OBSERVED TIME   RECORD YEAR NORMAL DEPARTURE LAST
                VALUE   (LST)  VALUE       VALUE  FROM      YEAR
                                                  NORMAL
..................................................................
TEMPERATURE (F)
 YESTERDAY
  MAXIMUM         22    259 PM  50    2005  34    -12       18
  MINIMUM          6   1159 PM  -4    2014  20    -14        8
  AVERAGE         14                        27    -13       13

PRECIPITATION (IN)
  YESTERDAY        T             0.07 2008   0.05  -0.05      T
  MONTH TO DATE    1.19                      0.40   0.79      T
  SINCE DEC 1      4.38                      3.86   0.52     1.40
  SINCE JAN 1      1.57                      2.03  -0.46     0.69

DEGREE DAYS
 HEATING
  YESTERDAY       51                        38     13       52
  MONTH TO DATE  466                       473     -7      529
  SINCE DEC 1   2509                      2900   -391     2861
  SINCE JUL 1   3521                      4170   -649     4264

 COOLING
  YESTERDAY        0                         0      0        0
  MONTH TO DATE    0                         0      0        0
  SINCE DEC 1      0                         0      0        0
  SINCE JAN 1      0                         0      0        0
..................................................................


WIND (MPH)
  RESULTANT WIND SPEED  13   RESULTANT WIND DIRECTION  NW (310)
  HIGHEST WIND SPEED    25   HIGHEST WIND DIRECTION    NW (330)
  HIGHEST GUST SPEED    35   HIGHEST GUST DIRECTION    NW (330)
  AVERAGE WIND SPEED    15.0



WEATHER CONDITIONS
 THE FOLLOWING WEATHER WAS RECORDED YESTERDAY.
  LIGHT SNOW


..........................................................


THE CHICAGO EXECUTIVE CLIMATE NORMALS FOR TODAY
                         NORMAL    RECORD    YEAR
 MAXIMUM TEMPERATURE (F)   34        49      2011
 MINIMUM TEMPERATURE (F)   20         2      2015


SUNRISE AND SUNSET
FEBRUARY 13 2016......SUNRISE   651 AM CST   SUNSET   521 PM CST
FEBRUARY 14 2016......SUNRISE   650 AM CST   SUNSET   522 PM CST


-  INDICATES NEGATIVE NUMBERS.
R  INDICATES RECORD WAS SET OR TIED.
MM INDICATES DATA IS MISSING.
T  INDICATES TRACE AMOUNT.




$$
