000
CDUS43 KLOT 280634
CLIPWK


CLIMATE REPORT
NATIONAL WEATHER SERVICE CHICAGO IL
1232 AM CST SAT FEB 28 2015


...................................

...THE CHICAGO EXECUTIVE CLIMATE SUMMARY FOR FEBRUARY 27 2015...

CLIMATE NORMAL PERIOD 1981 TO 2010
CLIMATE RECORD PERIOD 1996 TO 2015


WEATHER ITEM   OBSERVED TIME   RECORD YEAR NORMAL DEPARTURE LAST
                VALUE   (LST)  VALUE       VALUE  FROM      YEAR
                                                  NORMAL
..................................................................
TEMPERATURE (F)
 YESTERDAY
  MAXIMUM         17    123 PM  52    2000  40    -23       17
  MINIMUM         -2R   450 AM   1    2014  24    -26        1
  AVERAGE          8                        32    -24        9

PRECIPITATION (IN)
  YESTERDAY        0.00          0.41 2013   0.04  -0.04      T
  MONTH TO DATE    T                         0.92  -0.92     0.92
  SINCE DEC 1      1.40                      4.38  -2.98     3.00
  SINCE JAN 1      0.69                      2.55  -1.86     2.13

DEGREE DAYS
 HEATING
  YESTERDAY       57                        33     24       56
  MONTH TO DATE 1333                      1008    325     1276
  SINCE DEC 1   3665                      3435    230     4037
  SINCE JUL 1   5068                      4705    363     5308

 COOLING
  YESTERDAY        0                         0      0        0
  MONTH TO DATE    0                         0      0        0
  SINCE DEC 1      0                         0      0        0
  SINCE JAN 1      0                         0      0        0
..................................................................


WIND (MPH)
  RESULTANT WIND SPEED   6   RESULTANT WIND DIRECTION   W (280)
  HIGHEST WIND SPEED    13   HIGHEST WIND DIRECTION     W (270)
  HIGHEST GUST SPEED    16   HIGHEST GUST DIRECTION     W (270)
  AVERAGE WIND SPEED     6.9



WEATHER CONDITIONS
 THE FOLLOWING WEATHER WAS RECORDED YESTERDAY.
  NO SIGNIFICANT WEATHER WAS OBSERVED.


..........................................................


THE CHICAGO EXECUTIVE CLIMATE NORMALS FOR TODAY
                         NORMAL    RECORD    YEAR
 MAXIMUM TEMPERATURE (F)   40        55      2004
                                             2000
 MINIMUM TEMPERATURE (F)   24        -1      2014


SUNRISE AND SUNSET
FEBRUARY 28 2015......SUNRISE   629 AM CST   SUNSET   540 PM CST
MARCH  1 2015.........SUNRISE   627 AM CST   SUNSET   541 PM CST


-  INDICATES NEGATIVE NUMBERS.
R  INDICATES RECORD WAS SET OR TIED.
MM INDICATES DATA IS MISSING.
T  INDICATES TRACE AMOUNT.




$$
