000
CDUS43 KLOT 020646
CLIPWK


CLIMATE REPORT
NATIONAL WEATHER SERVICE CHICAGO IL
146 AM CDT TUE JUN 2 2015


...................................

...THE CHICAGO EXECUTIVE CLIMATE SUMMARY FOR JUNE 1 2015...

CLIMATE NORMAL PERIOD 1981 TO 2010
CLIMATE RECORD PERIOD 1996 TO 2015


WEATHER ITEM   OBSERVED TIME   RECORD YEAR NORMAL DEPARTURE LAST
                VALUE   (LST)  VALUE       VALUE  FROM      YEAR
                                                  NORMAL
..................................................................
TEMPERATURE (F)
 YESTERDAY
  MAXIMUM         58    340 PM  88    2014  74    -16       88
  MINIMUM         43    448 AM  37    2003  53    -10       62
  AVERAGE         51                        64    -13       75

PRECIPITATION (IN)
  YESTERDAY        0.00          1.03 1999   0.17  -0.17      T
  MONTH TO DATE    0.00                      0.17  -0.17      T
  SINCE JUN 1      0.00                      0.17  -0.17      T
  SINCE JAN 1      8.13                     11.66  -3.53     9.20

DEGREE DAYS
 HEATING
  YESTERDAY       14                         4     10        0
  MONTH TO DATE   14                         4     10        0
  SINCE JUN 1     14                         4     10        0
  SINCE JUL 1   6771                      6362    409     7126

 COOLING
  YESTERDAY        0                         3     -3       10
  MONTH TO DATE    0                         3     -3       10
  SINCE JUN 1      0                         3     -3       10
  SINCE JAN 1     51                        45      6       68
..................................................................


WIND (MPH)
  RESULTANT WIND SPEED   8   RESULTANT WIND DIRECTION  NE (40)
  HIGHEST WIND SPEED    15   HIGHEST WIND DIRECTION    NE (30)
  HIGHEST GUST SPEED    20   HIGHEST GUST DIRECTION    NE (50)
  AVERAGE WIND SPEED     7.6



WEATHER CONDITIONS
 THE FOLLOWING WEATHER WAS RECORDED YESTERDAY.
  NO SIGNIFICANT WEATHER WAS OBSERVED.


..........................................................


THE CHICAGO EXECUTIVE CLIMATE NORMALS FOR TODAY
                         NORMAL    RECORD    YEAR
 MAXIMUM TEMPERATURE (F)   75        85      2008
 MINIMUM TEMPERATURE (F)   53        40      2003


SUNRISE AND SUNSET
JUNE  2 2015..........SUNRISE   518 AM CDT   SUNSET   822 PM CDT
JUNE  3 2015..........SUNRISE   517 AM CDT   SUNSET   822 PM CDT


-  INDICATES NEGATIVE NUMBERS.
R  INDICATES RECORD WAS SET OR TIED.
MM INDICATES DATA IS MISSING.
T  INDICATES TRACE AMOUNT.




$$
