000
CDUS43 KLOT 310635
CLIPWK


CLIMATE REPORT
NATIONAL WEATHER SERVICE CHICAGO IL
132 AM CDT THU JUL 31 2014


...................................

...THE CHICAGO EXECUTIVE CLIMATE SUMMARY FOR JULY 30 2014...

CLIMATE NORMAL PERIOD 1981 TO 2010
CLIMATE RECORD PERIOD 1996 TO 2014


WEATHER ITEM   OBSERVED TIME   RECORD YEAR NORMAL DEPARTURE LAST
                VALUE   (LST)  VALUE       VALUE  FROM      YEAR
                                                  NORMAL
..................................................................
TEMPERATURE (F)
 YESTERDAY
  MAXIMUM         79   1221 PM 102    1999  83     -4       76
  MINIMUM         59    348 AM  57    2013  64     -5       57
                                      2003
                                      1997
  AVERAGE         69                        74     -5       67

PRECIPITATION (IN)
  YESTERDAY        0.00          0.15 2009   0.15  -0.15     0.03
  MONTH TO DATE    1.60                      3.47  -1.87     2.41
  SINCE JUN 1      9.33                      7.18   2.15     9.39
  SINCE JAN 1     18.53                     18.67  -0.14    19.35

DEGREE DAYS
 HEATING
  YESTERDAY        0                         0      0        0
  MONTH TO DATE    3                         0      3        7
  SINCE JUN 1     23                        52    -29       64
  SINCE JUL 1      3                         0      3        7

 COOLING
  YESTERDAY        4                         9     -5        2
  MONTH TO DATE  177                       264    -87      267
  SINCE JUN 1    355                       418    -63      418
  SINCE JAN 1    413                       460    -47      499
..................................................................


WIND (MPH)
  RESULTANT WIND SPEED   2   RESULTANT WIND DIRECTION  NE (30)
  HIGHEST WIND SPEED    13   HIGHEST WIND DIRECTION    NE (50)
  HIGHEST GUST SPEED    16   HIGHEST GUST DIRECTION    NE (50)
  AVERAGE WIND SPEED     4.5



WEATHER CONDITIONS
 THE FOLLOWING WEATHER WAS RECORDED YESTERDAY.
  HAZE


..........................................................


THE CHICAGO EXECUTIVE CLIMATE NORMALS FOR TODAY
                         NORMAL    RECORD    YEAR
 MAXIMUM TEMPERATURE (F)   83        98      2006
                                             2002
 MINIMUM TEMPERATURE (F)   64        56      1997


SUNRISE AND SUNSET
JULY 31 2014..........SUNRISE   544 AM CDT   SUNSET   812 PM CDT
AUGUST  1 2014........SUNRISE   545 AM CDT   SUNSET   810 PM CDT


-  INDICATES NEGATIVE NUMBERS.
R  INDICATES RECORD WAS SET OR TIED.
MM INDICATES DATA IS MISSING.
T  INDICATES TRACE AMOUNT.




$$
