000
CDUS41 KGYX 220906
CLIPWM


CLIMATE REPORT
NATIONAL WEATHER SERVICE GRAY ME
406 AM EST THU FEB 22 2018


...................................

...THE PORTLAND ME CLIMATE SUMMARY FOR FEBRUARY 21 2018...

CLIMATE NORMAL PERIOD 1981 TO 2010
CLIMATE RECORD PERIOD 1941 TO 2018


WEATHER ITEM   OBSERVED TIME   RECORD YEAR NORMAL DEPARTURE LAST
                VALUE   (LST)  VALUE       VALUE  FROM      YEAR
                                                  NORMAL
..................................................................
TEMPERATURE (F)
 YESTERDAY
  MAXIMUM         68R   239 PM  59    1953  36     32       37
  MINIMUM         35    655 AM  -9    1966  18     17       15
  AVERAGE         52                        27     25       26

PRECIPITATION (IN)
  YESTERDAY        0.00          1.06 1898   0.12  -0.12     0.00
  MONTH TO DATE    3.63                      2.37   1.26     4.13
  SINCE DEC 1     10.38                      9.77   0.61    13.09
  SINCE JAN 1      6.92                      5.75   1.17     7.78

SNOWFALL (IN)
  YESTERDAY        0.0          14.5  1929   0.4   -0.4      0.0
  MONTH TO DATE   16.2                       9.1    7.1     39.7
  SINCE DEC 1     56.4                      41.5   14.9     65.7
  SINCE JUL 1     56.5                      43.4   13.1     66.2
  SNOW DEPTH       T

DEGREE DAYS
 HEATING
  YESTERDAY       13                        38    -25       39
  MONTH TO DATE  740                       847   -107      833
  SINCE DEC 1   3350                      3292     58     3051
  SINCE JUL 1   4515                      4783   -268     4303

 COOLING
  YESTERDAY        0                         0      0        0
  MONTH TO DATE    0                         0      0        0
  SINCE DEC 1      0                         0      0        0
  SINCE JAN 1      0                         0      0        0
..................................................................


WIND (MPH)
  RESULTANT WIND SPEED   3   RESULTANT WIND DIRECTION  SW (210)
  HIGHEST WIND SPEED    21   HIGHEST WIND DIRECTION    NW (310)
  HIGHEST GUST SPEED    30   HIGHEST GUST DIRECTION    NW (330)
  AVERAGE WIND SPEED     7.8


SKY COVER
  AVERAGE SKY COVER 0.8


WEATHER CONDITIONS
 THE FOLLOWING WEATHER WAS RECORDED YESTERDAY.
  FOG
  FOG W/VISIBILITY <= 1/4 MILE


RELATIVE HUMIDITY (PERCENT)
 HIGHEST   100          1200 AM
 LOWEST     53          1100 PM
 AVERAGE    77

..........................................................


THE PORTLAND ME CLIMATE NORMALS FOR TODAY
                         NORMAL    RECORD    YEAR
 MAXIMUM TEMPERATURE (F)   36        58      1990
 MINIMUM TEMPERATURE (F)   18        -8      1956


SUNRISE AND SUNSET
FEBRUARY 22 2018......SUNRISE   629 AM EST   SUNSET   521 PM EST
FEBRUARY 23 2018......SUNRISE   628 AM EST   SUNSET   522 PM EST


-  INDICATES NEGATIVE NUMBERS.
R  INDICATES RECORD WAS SET OR TIED.
MM INDICATES DATA IS MISSING.
T  INDICATES TRACE AMOUNT.




$$
