000
CDUS41 KGYX 260920
CLIPWM


CLIMATE REPORT
NATIONAL WEATHER SERVICE GRAY ME
419 AM EST SUN FEB 26 2017


...................................

...THE PORTLAND ME CLIMATE SUMMARY FOR FEBRUARY 25 2017...

CLIMATE NORMAL PERIOD 1981 TO 2010
CLIMATE RECORD PERIOD 1941 TO 2017


WEATHER ITEM   OBSERVED TIME   RECORD YEAR NORMAL DEPARTURE LAST
                VALUE   (LST)  VALUE       VALUE  FROM      YEAR
                                                  NORMAL
..................................................................
TEMPERATURE (F)
 YESTERDAY
  MAXIMUM         50    345 PM  53    2016  37     13       53
  MINIMUM         35    355 AM -13    1959  19     16       35
  AVERAGE         43                        28     15       44

PRECIPITATION (IN)
  YESTERDAY        0.25          3.83 2010   0.13   0.12     0.49
  MONTH TO DATE    4.41                      2.86   1.55     4.17
  SINCE DEC 1     13.37                     10.26   3.11    12.88
  SINCE JAN 1      8.06                      6.24   1.82     7.54

SNOWFALL (IN)
  YESTERDAY        0.0          15.5  1966   0.4   -0.4      0.0
  MONTH TO DATE   39.9                      10.8   29.1     20.5
  SINCE DEC 1     65.9                      43.2   22.7     41.0
  SINCE JUL 1     66.4                      45.1   21.3     41.0
  SNOW DEPTH       4

DEGREE DAYS
 HEATING
  YESTERDAY       22                        37    -15       21
  MONTH TO DATE  927                       997    -70      920
  SINCE DEC 1   3145                      3442   -297     2921
  SINCE JUL 1   4397                      4933   -536     4167

 COOLING
  YESTERDAY        0                         0      0        0
  MONTH TO DATE    0                         0      0        0
  SINCE DEC 1      0                         0      0        0
  SINCE JAN 1      0                         0      0        0
..................................................................


WIND (MPH)
  RESULTANT WIND SPEED   5   RESULTANT WIND DIRECTION   S (180)
  HIGHEST WIND SPEED    16   HIGHEST WIND DIRECTION     W (260)
  HIGHEST GUST SPEED    23   HIGHEST GUST DIRECTION     S (160)
  AVERAGE WIND SPEED     6.2


SKY COVER
  AVERAGE SKY COVER 0.9


WEATHER CONDITIONS
 THE FOLLOWING WEATHER WAS RECORDED YESTERDAY.
  RAIN
  LIGHT RAIN
  FOG
  FOG W/VISIBILITY <= 1/4 MILE


RELATIVE HUMIDITY (PERCENT)
 HIGHEST   100           200 AM
 LOWEST     86           300 PM
 AVERAGE    93

..........................................................


THE PORTLAND ME CLIMATE NORMALS FOR TODAY
                         NORMAL    RECORD    YEAR
 MAXIMUM TEMPERATURE (F)   37        64      1957
 MINIMUM TEMPERATURE (F)   19       -13      1950


SUNRISE AND SUNSET
FEBRUARY 26 2017......SUNRISE   622 AM EST   SUNSET   526 PM EST
FEBRUARY 27 2017......SUNRISE   621 AM EST   SUNSET   528 PM EST


-  INDICATES NEGATIVE NUMBERS.
R  INDICATES RECORD WAS SET OR TIED.
MM INDICATES DATA IS MISSING.
T  INDICATES TRACE AMOUNT.




$$
