000
CDUS41 KGYX 300800
CLIPWM


CLIMATE REPORT
NATIONAL WEATHER SERVICE GRAY ME
400 AM EDT TUE SEP 30 2014


...................................

...THE PORTLAND ME CLIMATE SUMMARY FOR SEPTEMBER 29 2014...

CLIMATE NORMAL PERIOD 1981 TO 2010
CLIMATE RECORD PERIOD 1941 TO 2014


WEATHER ITEM   OBSERVED TIME   RECORD YEAR NORMAL DEPARTURE LAST
                VALUE   (LST)  VALUE       VALUE  FROM      YEAR
                                                  NORMAL
..................................................................
TEMPERATURE (F)
 YESTERDAY
  MAXIMUM         70   1157 AM  85    1945  65      5       64
  MINIMUM         55   1159 PM  27    1957  45     10       43
  AVERAGE         63                        55      8       54

PRECIPITATION (IN)
  YESTERDAY        0.00          2.21 1907   0.15  -0.15     0.00
  MONTH TO DATE    0.87                      3.54  -2.67     6.72
  SINCE SEP 1      0.87                      3.54  -2.67     6.72
  SINCE JAN 1     39.07                     33.28   5.79    34.94

SNOWFALL (IN)
  YESTERDAY        0.0           T    1904   0.0    0.0      0.0
  MONTH TO DATE    0.0                       0.0    0.0      0.0
  SINCE SEP 1      0.0                       0.0    0.0      0.0
  SINCE JUL 1      0.0                       0.0    0.0      0.0
  SNOW DEPTH       0

DEGREE DAYS
 HEATING
  YESTERDAY        2                        10     -8       11
  MONTH TO DATE  177                       164     13      172
  SINCE SEP 1    177                       164     13      172
  SINCE JUL 1    201                       209     -8      190

 COOLING
  YESTERDAY        0                         0      0        0
  MONTH TO DATE   45                        27     18       37
  SINCE SEP 1     45                        27     18       37
  SINCE JAN 1    343                       355    -12      454
..................................................................


WIND (MPH)
  RESULTANT WIND SPEED   6   RESULTANT WIND DIRECTION   E (70)
  HIGHEST WIND SPEED    24   HIGHEST WIND DIRECTION     E (90)
  HIGHEST GUST SPEED    32   HIGHEST GUST DIRECTION     E (110)
  AVERAGE WIND SPEED     9.2


SKY COVER
  AVERAGE SKY COVER 0.7


WEATHER CONDITIONS
 THE FOLLOWING WEATHER WAS RECORDED YESTERDAY.
  FOG
  HAZE


RELATIVE HUMIDITY (PERCENT)
 HIGHEST    93          1200 AM
 LOWEST     66           900 AM
 AVERAGE    80

..........................................................


THE PORTLAND ME CLIMATE NORMALS FOR TODAY
                         NORMAL    RECORD    YEAR
 MAXIMUM TEMPERATURE (F)   65        85      1986
 MINIMUM TEMPERATURE (F)   45        23      1941


SUNRISE AND SUNSET
SEPTEMBER 30 2014.....SUNRISE   638 AM EDT   SUNSET   624 PM EDT
OCTOBER  1 2014.......SUNRISE   639 AM EDT   SUNSET   622 PM EDT


-  INDICATES NEGATIVE NUMBERS.
R  INDICATES RECORD WAS SET OR TIED.
MM INDICATES DATA IS MISSING.
T  INDICATES TRACE AMOUNT.




$$
