000
CDUS46 KSGX 230017
CLIRAL


CLIMATE REPORT
NATIONAL WEATHER SERVICE SAN DIEGO, CA
516 PM PDT TUE JUL 22 2014


...................................

...THE RIVERSIDE MUNI AIRPORT CA CLIMATE SUMMARY FOR JULY 22 2014...
VALID TODAY AS OF 0500 PM LOCAL TIME.

CLIMATE NORMAL PERIOD 1981 TO 2010
CLIMATE RECORD PERIOD 1893 TO 2014


WEATHER ITEM   OBSERVED TIME   RECORD YEAR NORMAL DEPARTURE LAST
                VALUE   (LST)  VALUE       VALUE  FROM      YEAR
                                                  NORMAL
..................................................................
TEMPERATURE (F)
 TODAY
  MAXIMUM         93    332 PM 113    2006  94     -1       91
  MINIMUM         64    546 AM  50    1940  65     -1       67
                                      1912
  AVERAGE         79                        79      0       79

PRECIPITATION (IN)
  TODAY            0.00          0.02 1976   0.01  -0.01     0.00
  MONTH TO DATE    0.00                      0.04  -0.04     0.10
  SINCE JUL 1      0.00                      0.04  -0.04     0.10
  SINCE JAN 1      1.72                      9.23  -7.51     2.31

SNOWFALL (IN)
  TODAY            0.0
  MONTH TO DATE    0.0
  SINCE JAN 1      0.0
  SINCE JUL 1      0.0
  SNOW DEPTH       0

DEGREE DAYS
 HEATING
  TODAY            0                         0      0        0
  MONTH TO DATE    0                         0      0        0
  SINCE JUN 1      0                         2     -2        0
  SINCE JUL 1      0                         0      0        0

 COOLING
  TODAY           14                        14      0       14
  MONTH TO DATE  308                       283     25      319
  SINCE JUN 1    595                       503     92      623
  SINCE JAN 1    973                       680    293      909
..................................................................


WIND (MPH)
  RESULTANT WIND SPEED   3   RESULTANT WIND DIRECTION   W (270)
  HIGHEST WIND SPEED    16   HIGHEST WIND DIRECTION     W (250)
  HIGHEST GUST SPEED    22   HIGHEST GUST DIRECTION     W (250)
  AVERAGE WIND SPEED     4.3


SKY COVER
  POSSIBLE SUNSHINE  MM
  AVERAGE SKY COVER 0.0


WEATHER CONDITIONS
 THE FOLLOWING WEATHER WAS RECORDED TODAY.
  NO SIGNIFICANT WEATHER WAS OBSERVED.


RELATIVE HUMIDITY (PERCENT)
 HIGHEST    84           400 AM
 LOWEST     26           200 PM
 AVERAGE    55

..........................................................


THE RIVERSIDE MUNI AIRPORT CA CLIMATE NORMALS FOR TOMORROW
                         NORMAL    RECORD    YEAR
 MAXIMUM TEMPERATURE (F)   94       106      2006
 MINIMUM TEMPERATURE (F)   65        45      1903


SUNRISE AND SUNSET
JULY 22 2014..........SUNRISE   554 AM PDT   SUNSET   758 PM PDT
JULY 23 2014..........SUNRISE   555 AM PDT   SUNSET   757 PM PDT


-  INDICATES NEGATIVE NUMBERS.
R  INDICATES RECORD WAS SET OR TIED.
MM INDICATES DATA IS MISSING.
T  INDICATES TRACE AMOUNT.




$$
