000
CDUS46 KSGX 300020
CLIRAL


CLIMATE REPORT
NATIONAL WEATHER SERVICE SAN DIEGO, CA
520 PM PDT SAT AUG 29 2015


...................................

...THE RIVERSIDE MUNI AIRPORT CA CLIMATE SUMMARY FOR AUGUST 29 2015...
VALID TODAY AS OF 0500 PM LOCAL TIME.

CLIMATE NORMAL PERIOD 1981 TO 2010
CLIMATE RECORD PERIOD 1893 TO 2015


WEATHER ITEM   OBSERVED TIME   RECORD YEAR NORMAL DEPARTURE LAST
                VALUE   (LST)  VALUE       VALUE  FROM      YEAR
                                                  NORMAL
..................................................................
TEMPERATURE (F)
 TODAY
  MAXIMUM        102    203 PM 112    1998  94      8      100
  MINIMUM         71    509 AM  45    1917  64      7       67
                                      1902
                                      1895
  AVERAGE         87                        79      8       84

PRECIPITATION (IN)
  TODAY            0.00          0.15 1931   0.00   0.00     0.00
  MONTH TO DATE    0.01                      0.08  -0.07     0.14
  SINCE OCT 1      7.70                     12.15  -4.45     2.85
  SINCE JAN 1      4.47                      9.34  -4.87     1.86

DEGREE DAYS
 HEATING
  TODAY            0                         0      0        0
  MONTH TO DATE    0                         0      0        0
  SINCE JUN 1      0                         2     -2        0
  SINCE JUL 1      0                         0      0        0

 COOLING
  TODAY           22                        14      8       19
  MONTH TO DATE  485                       421     64      417
  SINCE JUN 1   1261                      1056    205     1180
  SINCE JAN 1   1570                      1233    337     1558
..................................................................


WIND (MPH)
  RESULTANT WIND SPEED   2   RESULTANT WIND DIRECTION   W (260)
  HIGHEST WIND SPEED    17   HIGHEST WIND DIRECTION     W (280)
  HIGHEST GUST SPEED    24   HIGHEST GUST DIRECTION     W (260)
  AVERAGE WIND SPEED     4.1


SKY COVER
  POSSIBLE SUNSHINE  MM
  AVERAGE SKY COVER 0.0


WEATHER CONDITIONS
 THE FOLLOWING WEATHER WAS RECORDED TODAY.
  NO SIGNIFICANT WEATHER WAS OBSERVED.


RELATIVE HUMIDITY (PERCENT)
 HIGHEST    57           500 AM
 LOWEST     16           100 PM
 AVERAGE    37

..........................................................


THE RIVERSIDE MUNI AIRPORT CA CLIMATE NORMALS FOR TOMORROW
                         NORMAL    RECORD    YEAR
 MAXIMUM TEMPERATURE (F)   94       111      1998
 MINIMUM TEMPERATURE (F)   64        45      1947


SUNRISE AND SUNSET
AUGUST 29 2015........SUNRISE   621 AM PDT   SUNSET   720 PM PDT
AUGUST 30 2015........SUNRISE   622 AM PDT   SUNSET   718 PM PDT


-  INDICATES NEGATIVE NUMBERS.
R  INDICATES RECORD WAS SET OR TIED.
MM INDICATES DATA IS MISSING.
T  INDICATES TRACE AMOUNT.




$$
