000
CDUS46 KSGX 280017
CLIRAL


CLIMATE REPORT
NATIONAL WEATHER SERVICE SAN DIEGO, CA
417 PM PST FRI FEB 27 2015


...................................

...THE RIVERSIDE MUNI AIRPORT CA CLIMATE SUMMARY FOR FEBRUARY 27 2015...
VALID TODAY AS OF 0400 PM LOCAL TIME.

CLIMATE NORMAL PERIOD 1981 TO 2010
CLIMATE RECORD PERIOD 1893 TO 2015


WEATHER ITEM   OBSERVED TIME   RECORD YEAR NORMAL DEPARTURE LAST
                VALUE   (LST)  VALUE       VALUE  FROM      YEAR
                                                  NORMAL
..................................................................
TEMPERATURE (F)
 TODAY
  MAXIMUM         63   1230 PM  87    1972  69     -6       72
                                      1926
  MINIMUM         48    646 AM  26    1935  45      3       54
  AVERAGE         56                        57     -1       63

PRECIPITATION (IN)
  TODAY            0.00          1.48 1983   0.10  -0.10     0.03
  MONTH TO DATE    0.73                      2.94  -2.21     0.08
  SINCE OCT 1      4.54                      8.69  -4.15     1.07
  SINCE JAN 1      1.31                      5.88  -4.57     0.08

SNOWFALL (IN)
  TODAY            0.0
  MONTH TO DATE    0.0
  SINCE JAN 1      0.0
  SINCE JUL 1      0.0
  SNOW DEPTH       0

DEGREE DAYS
 HEATING
  TODAY            9                         8      1        2
  MONTH TO DATE   81                       256   -175      136
  SINCE DEC 1    534                       901   -367      512
  SINCE JUL 1    598                      1101   -503      655

 COOLING
  TODAY            0                         0      0        0
  MONTH TO DATE   17                         0     17       10
  SINCE DEC 1     29                         8     21       39
  SINCE JAN 1     24                         6     18       29
..................................................................


WIND (MPH)
  RESULTANT WIND SPEED   1   RESULTANT WIND DIRECTION   E (110)
  HIGHEST WIND SPEED    10   HIGHEST WIND DIRECTION     W (280)
  HIGHEST GUST SPEED    15   HIGHEST GUST DIRECTION     W (280)
  AVERAGE WIND SPEED     2.7


SKY COVER
  POSSIBLE SUNSHINE  MM
  AVERAGE SKY COVER 0.6


WEATHER CONDITIONS
 THE FOLLOWING WEATHER WAS RECORDED TODAY.
  NO SIGNIFICANT WEATHER WAS OBSERVED.


RELATIVE HUMIDITY (PERCENT)
 HIGHEST    86           400 AM
 LOWEST     55          1100 AM
 AVERAGE    71

..........................................................


THE RIVERSIDE MUNI AIRPORT CA CLIMATE NORMALS FOR TOMORROW
                         NORMAL    RECORD    YEAR
 MAXIMUM TEMPERATURE (F)   69        88      1967
                                             1926
 MINIMUM TEMPERATURE (F)   45        29      1962
                                             1951
                                             1939


SUNRISE AND SUNSET
FEBRUARY 27 2015......SUNRISE   621 AM PST   SUNSET   544 PM PST
FEBRUARY 28 2015......SUNRISE   620 AM PST   SUNSET   545 PM PST


-  INDICATES NEGATIVE NUMBERS.
R  INDICATES RECORD WAS SET OR TIED.
MM INDICATES DATA IS MISSING.
T  INDICATES TRACE AMOUNT.




$$
