000
CDUS46 KSGX 230122
CLIRAL


CLIMATE REPORT
NATIONAL WEATHER SERVICE SAN DIEGO, CA
522 PM PST SAT NOV 22 2014


...................................

...THE RIVERSIDE MUNI AIRPORT CA CLIMATE SUMMARY FOR NOVEMBER 22 2014...
VALID TODAY AS OF 0500 PM LOCAL TIME.

CLIMATE NORMAL PERIOD 1981 TO 2010
CLIMATE RECORD PERIOD 1893 TO 2014


WEATHER ITEM   OBSERVED TIME   RECORD YEAR NORMAL DEPARTURE LAST
                VALUE   (LST)  VALUE       VALUE  FROM      YEAR
                                                  NORMAL
..................................................................
TEMPERATURE (F)
 TODAY
  MAXIMUM         73    158 PM  90    1924  72      1       56
                                      1917
  MINIMUM         47    538 AM  29    1941  45      2       51
  AVERAGE         60                        58      2       54

PRECIPITATION (IN)
  TODAY            0.00          1.46 1965   0.03  -0.03      T
  MONTH TO DATE    0.28                      0.71  -0.43     0.52
  SINCE JUL 1      0.65                      1.39  -0.74     0.99
  SINCE JAN 1      2.37                     10.58  -8.21     3.20

SNOWFALL (IN)
  TODAY            0.0
  MONTH TO DATE    0.0
  SINCE JAN 1      0.0
  SINCE JUL 1      0.0
  SNOW DEPTH       0

DEGREE DAYS
 HEATING
  TODAY            5                         7     -2       11
  MONTH TO DATE   45                       102    -57       60
  SINCE SEP 1     46                       137    -91       99
  SINCE JUL 1     46                       137    -91       99

 COOLING
  TODAY            0                         0      0        0
  MONTH TO DATE   37                        24     13       29
  SINCE SEP 1    741                       495    246      517
  SINCE JAN 1   2332                      1753    579     1986
..................................................................


WIND (MPH)
  RESULTANT WIND SPEED   2   RESULTANT WIND DIRECTION  NE (60)
  HIGHEST WIND SPEED     9   HIGHEST WIND DIRECTION     W (260)
  HIGHEST GUST SPEED    12   HIGHEST GUST DIRECTION    NW (300)
  AVERAGE WIND SPEED     3.2


SKY COVER
  POSSIBLE SUNSHINE  MM
  AVERAGE SKY COVER 0.1


WEATHER CONDITIONS
 THE FOLLOWING WEATHER WAS RECORDED TODAY.
  NO SIGNIFICANT WEATHER WAS OBSERVED.


RELATIVE HUMIDITY (PERCENT)
 HIGHEST    86           300 AM
 LOWEST     34           100 PM
 AVERAGE    60

..........................................................


THE RIVERSIDE MUNI AIRPORT CA CLIMATE NORMALS FOR TOMORROW
                         NORMAL    RECORD    YEAR
 MAXIMUM TEMPERATURE (F)   71        91      1995
 MINIMUM TEMPERATURE (F)   45        24      1931


SUNRISE AND SUNSET
NOVEMBER 22 2014......SUNRISE   629 AM PST   SUNSET   443 PM PST
NOVEMBER 23 2014......SUNRISE   630 AM PST   SUNSET   442 PM PST


-  INDICATES NEGATIVE NUMBERS.
R  INDICATES RECORD WAS SET OR TIED.
MM INDICATES DATA IS MISSING.
T  INDICATES TRACE AMOUNT.




$$
