000
CDUS46 KSGX 260023
CLIRAL


CLIMATE REPORT
NATIONAL WEATHER SERVICE SAN DIEGO, CA
523 PM PDT WED MAY 25 2016


...................................

...THE RIVERSIDE MUNI AIRPORT CA CLIMATE SUMMARY FOR MAY 25 2016...
VALID TODAY AS OF 0500 PM LOCAL TIME.

CLIMATE NORMAL PERIOD 1981 TO 2010
CLIMATE RECORD PERIOD 1893 TO 2016


WEATHER ITEM   OBSERVED TIME   RECORD YEAR NORMAL DEPARTURE LAST
                VALUE   (LST)  VALUE       VALUE  FROM      YEAR
                                                  NORMAL
..................................................................
TEMPERATURE (F)
 TODAY
  MAXIMUM         73    138 PM 102    1974  81     -8       74
  MINIMUM         56    528 AM  35    1916  57     -1       53
  AVERAGE         65                        69     -4       64

PRECIPITATION (IN)
  TODAY            0.00          0.22 1931   0.00   0.00     0.00
  MONTH TO DATE    0.18                      0.30  -0.12     0.60
  SINCE OCT 1      5.45                     11.90  -6.45     5.75
  SINCE JAN 1      4.28                      9.09  -4.81     2.52

DEGREE DAYS
 HEATING
  TODAY            0                         0      0        1
  MONTH TO DATE   20                        22     -2       50
  SINCE MAR 1    155                       334   -179      157
  SINCE JUL 1   1032                      1442   -410      764

 COOLING
  TODAY            0                         4     -4        0
  MONTH TO DATE   70                        87    -17       38
  SINCE MAR 1    183                       141     42      245
  SINCE JAN 1    259                       150    109      269
..................................................................


WIND (MPH)
  RESULTANT WIND SPEED   6   RESULTANT WIND DIRECTION   W (270)
  HIGHEST WIND SPEED    21   HIGHEST WIND DIRECTION     W (250)
  HIGHEST GUST SPEED    25   HIGHEST GUST DIRECTION     W (250)
  AVERAGE WIND SPEED     7.6


SKY COVER
  POSSIBLE SUNSHINE  MM
  AVERAGE SKY COVER 0.7


WEATHER CONDITIONS
 THE FOLLOWING WEATHER WAS RECORDED TODAY.
  NO SIGNIFICANT WEATHER WAS OBSERVED.


RELATIVE HUMIDITY (PERCENT)
 HIGHEST    77          1200 AM
 LOWEST     37           100 PM
 AVERAGE    57

..........................................................


THE RIVERSIDE MUNI AIRPORT CA CLIMATE NORMALS FOR TOMORROW
                         NORMAL    RECORD    YEAR
 MAXIMUM TEMPERATURE (F)   81       101      1968
 MINIMUM TEMPERATURE (F)   57        37      1953


SUNRISE AND SUNSET
MAY 25 2016...........SUNRISE   542 AM PDT   SUNSET   752 PM PDT
MAY 26 2016...........SUNRISE   542 AM PDT   SUNSET   752 PM PDT


-  INDICATES NEGATIVE NUMBERS.
R  INDICATES RECORD WAS SET OR TIED.
MM INDICATES DATA IS MISSING.
T  INDICATES TRACE AMOUNT.




$$
