000
CDUS46 KSGX 091522
CLIRAL


CLIMATE REPORT
NATIONAL WEATHER SERVICE SAN DIEGO, CA
722 AM PST TUE FEB 9 2016


...................................

...THE RIVERSIDE MUNI AIRPORT CA CLIMATE SUMMARY FOR FEBRUARY 8 2016...

CLIMATE NORMAL PERIOD 1981 TO 2010
CLIMATE RECORD PERIOD 1893 TO 2016


WEATHER ITEM   OBSERVED TIME   RECORD YEAR NORMAL DEPARTURE LAST
                VALUE   (LST)  VALUE       VALUE  FROM      YEAR
                                                  NORMAL
..................................................................
TEMPERATURE (F)
 YESTERDAY
  MAXIMUM         83    300 PM  88    1996  67     16       78
  MINIMUM         60   1154 PM  26    1933  44     16       58
  AVERAGE         72                        55     17       68

PRECIPITATION (IN)
  YESTERDAY        0.00          1.45 1993   0.09  -0.09     0.00
  MONTH TO DATE    0.00                      0.55  -0.55      T
  SINCE OCT 1      3.76                      6.30  -2.54     3.81
  SINCE JAN 1      2.59                      3.49  -0.90     0.58

DEGREE DAYS
 HEATING
  YESTERDAY        0                        10    -10        0
  MONTH TO DATE   64                        80    -16       17
  SINCE DEC 1    696                       725    -29      470
  SINCE JUL 1    858                       925    -67      534

 COOLING
  YESTERDAY        7                         0      7        3
  MONTH TO DATE    8                         0      8        4
  SINCE DEC 1     10                         8      2       16
  SINCE JAN 1      8                         6      2       11
..................................................................


WIND (MPH)
  RESULTANT WIND SPEED  10   RESULTANT WIND DIRECTION  NE (40)
  HIGHEST WIND SPEED    20   HIGHEST WIND DIRECTION     N (20)
  HIGHEST GUST SPEED    32   HIGHEST GUST DIRECTION     N (20)
  AVERAGE WIND SPEED    10.4


SKY COVER
  POSSIBLE SUNSHINE  MM
  AVERAGE SKY COVER 0.0


WEATHER CONDITIONS
 THE FOLLOWING WEATHER WAS RECORDED YESTERDAY.
  NO SIGNIFICANT WEATHER WAS OBSERVED.


RELATIVE HUMIDITY (PERCENT)
 HIGHEST    20          1000 PM
 LOWEST      9           500 PM
 AVERAGE    15

..........................................................


THE RIVERSIDE MUNI AIRPORT CA CLIMATE NORMALS FOR TODAY
                         NORMAL    RECORD    YEAR
 MAXIMUM TEMPERATURE (F)   67        88      1988
                                             1907
 MINIMUM TEMPERATURE (F)   44        26      1949


SUNRISE AND SUNSET
FEBRUARY  9 2016......SUNRISE   641 AM PST   SUNSET   528 PM PST
FEBRUARY 10 2016......SUNRISE   640 AM PST   SUNSET   529 PM PST


-  INDICATES NEGATIVE NUMBERS.
R  INDICATES RECORD WAS SET OR TIED.
MM INDICATES DATA IS MISSING.
T  INDICATES TRACE AMOUNT.




$$
