000
CDUS43 KUNR 310831
CLIRAP


CLIMATE REPORT
NATIONAL WEATHER SERVICE RAPID CITY SD
230 AM MDT FRI JUL 31 2015


...................................

...THE RAPID CITY AIRPORT SD CLIMATE SUMMARY FOR JULY 30 2015...

CLIMATE NORMAL PERIOD 1981 TO 2010
CLIMATE RECORD PERIOD 1942 TO 2015


WEATHER ITEM   OBSERVED TIME   RECORD YEAR NORMAL DEPARTURE LAST
                VALUE   (LST)  VALUE       VALUE  FROM      YEAR
                                                  NORMAL
..................................................................
TEMPERATURE (F)
 YESTERDAY
  MAXIMUM         88    433 PM 109    2006  89     -1       86
  MINIMUM         53    437 AM  43    1971  59     -6       50
  AVERAGE         71                        74     -3       68

PRECIPITATION (IN)
  YESTERDAY        0.00          1.23 2001   0.07  -0.07     0.00
  MONTH TO DATE    4.01                      1.78   2.23     1.93
  SINCE JUN 1     11.13                      4.31   6.82     7.18
  SINCE JAN 1     19.18                     11.00   8.18    12.57

SNOWFALL (IN)
  YESTERDAY        0.0           0.0    MM   0.0    0.0      0.0
  MONTH TO DATE    0.0                       0.0    0.0      0.0
  SINCE JUN 1      0.0                       0.0    0.0      0.0
  SINCE JUL 1      0.0                       0.0    0.0      0.0
  SNOW DEPTH       0

DEGREE DAYS
 HEATING
  YESTERDAY        0                         0      0        0
  MONTH TO DATE    1                        10     -9       22
  SINCE JUN 1     28                       109    -81      150
  SINCE JUL 1      1                        10     -9       22

 COOLING
  YESTERDAY        6                         9     -3        3
  MONTH TO DATE  187                       241    -54      161
  SINCE JUN 1    283                       325    -42      183
  SINCE JAN 1    283                       340    -57      203
..................................................................


WIND (MPH)
  HIGHEST WIND SPEED    12   HIGHEST WIND DIRECTION    NE (30)
  HIGHEST GUST SPEED    14   HIGHEST GUST DIRECTION     N (20)
  AVERAGE WIND SPEED     5.8


SKY COVER
  AVERAGE SKY COVER 0.0


WEATHER CONDITIONS
 THE FOLLOWING WEATHER WAS RECORDED YESTERDAY.
  NO SIGNIFICANT WEATHER WAS OBSERVED.


RELATIVE HUMIDITY (PERCENT)
 HIGHEST    77           100 AM
 LOWEST     22           400 PM
 AVERAGE    50

..........................................................


THE RAPID CITY AIRPORT SD CLIMATE NORMALS FOR TODAY
                         NORMAL    RECORD    YEAR
 MAXIMUM TEMPERATURE (F)   89       104      1988
 MINIMUM TEMPERATURE (F)   59        46      2009


SUNRISE AND SUNSET
JULY 31 2015..........SUNRISE   539 AM MDT   SUNSET   818 PM MDT
AUGUST  1 2015........SUNRISE   540 AM MDT   SUNSET   816 PM MDT


-  INDICATES NEGATIVE NUMBERS.
R  INDICATES RECORD WAS SET OR TIED.
MM INDICATES DATA IS MISSING.
T  INDICATES TRACE AMOUNT.




$$
