000
CDUS43 KUNR 030037
CLIRAP


CLIMATE REPORT
NATIONAL WEATHER SERVICE RAPID CITY SD
536 PM MST FRI DEC 2 2016


...................................

...THE RAPID CITY AIRPORT SD CLIMATE SUMMARY FOR DECEMBER 2 2016...
VALID TODAY AS OF 0500 PM LOCAL TIME.

CLIMATE NORMAL PERIOD 1981 TO 2010
CLIMATE RECORD PERIOD 1942 TO 2016


WEATHER ITEM   OBSERVED TIME   RECORD YEAR NORMAL DEPARTURE LAST
                VALUE   (LST)  VALUE       VALUE  FROM      YEAR
                                                  NORMAL
..................................................................
TEMPERATURE (F)
 TODAY
  MAXIMUM         41    136 PM  69    1960  39      2       46
  MINIMUM         17    305 AM -19    1985  15      2       17
  AVERAGE         29                        27      2       32

PRECIPITATION (IN)
  TODAY            0.00          0.21 1966   0.02  -0.02     0.00
  MONTH TO DATE    0.00                      0.03  -0.03     0.14
  SINCE DEC 1      0.00                      0.03  -0.03     0.14
  SINCE JAN 1     12.50                     15.90  -3.40    24.76

SNOWFALL (IN)
  TODAY            0.0           2.0  2008   0.2   -0.2      0.0
  MONTH TO DATE    0.0                       0.4   -0.4      2.5
  SINCE DEC 1      0.0                       0.4   -0.4      2.5
  SINCE JUL 1      2.8                       8.2   -5.4      9.1
  SNOW DEPTH       0

DEGREE DAYS
 HEATING
  TODAY           36                        38     -2       33
  MONTH TO DATE   72                        75     -3       70
  SINCE DEC 1     72                        75     -3       70
  SINCE JUL 1   1295                      1750   -455     1515

 COOLING
  TODAY            0                         0      0        0
  MONTH TO DATE    0                         0      0        0
  SINCE DEC 1      0                         0      0        0
  SINCE JAN 1    646                       636     10      577
..................................................................


WIND (MPH)
  HIGHEST WIND SPEED    17   HIGHEST WIND DIRECTION     N (350)
  HIGHEST GUST SPEED    21   HIGHEST GUST DIRECTION     N (350)
  AVERAGE WIND SPEED     4.6


SKY COVER
  AVERAGE SKY COVER 0.8


WEATHER CONDITIONS
 THE FOLLOWING WEATHER WAS RECORDED TODAY.
  NO SIGNIFICANT WEATHER WAS OBSERVED.


RELATIVE HUMIDITY (PERCENT)
 HIGHEST    88           500 AM
 LOWEST     50           200 PM
 AVERAGE    69

..........................................................


THE RAPID CITY AIRPORT SD CLIMATE NORMALS FOR TOMORROW
                         NORMAL    RECORD    YEAR
 MAXIMUM TEMPERATURE (F)   39        68      1948
 MINIMUM TEMPERATURE (F)   15        -6      2006


SUNRISE AND SUNSET
DECEMBER  2 2016......SUNRISE   709 AM MST   SUNSET   415 PM MST
DECEMBER  3 2016......SUNRISE   710 AM MST   SUNSET   415 PM MST


-  INDICATES NEGATIVE NUMBERS.
R  INDICATES RECORD WAS SET OR TIED.
MM INDICATES DATA IS MISSING.
T  INDICATES TRACE AMOUNT.




$$
