000
CDUS43 KUNR 110043
CLIRAP


CLIMATE REPORT
NATIONAL WEATHER SERVICE RAPID CITY SD
542 PM MST SUN DEC 10 2017


...................................

...THE RAPID CITY AIRPORT SD CLIMATE SUMMARY FOR DECEMBER 10 2017...
VALID TODAY AS OF 0500 PM LOCAL TIME.

CLIMATE NORMAL PERIOD 1981 TO 2010
CLIMATE RECORD PERIOD 1942 TO 2017


WEATHER ITEM   OBSERVED TIME   RECORD YEAR NORMAL DEPARTURE LAST
                VALUE   (LST)  VALUE       VALUE  FROM      YEAR
                                                  NORMAL
..................................................................
TEMPERATURE (F)
 TODAY
  MAXIMUM         64    242 PM  68    1987  37     27        8
  MINIMUM         34    147 AM -14    1972  13     21        0
  AVERAGE         49                        25     24        4

PRECIPITATION (IN)
  TODAY            0.00          0.10 1970   0.02  -0.02     0.02
                                      1962
  MONTH TO DATE    0.07                      0.13  -0.06     0.03
  SINCE DEC 1      0.07                      0.13  -0.06     0.03
  SINCE JAN 1     11.09                     16.00  -4.91    12.53

SNOWFALL (IN)
  TODAY            0.0           1.4  2000   0.2   -0.2      0.3
  MONTH TO DATE    2.3                       1.8    0.5      0.7
  SINCE DEC 1      2.3                       1.8    0.5      0.7
  SINCE JUL 1      2.3                       9.6   -7.3      3.5
  SNOW DEPTH       0

DEGREE DAYS
 HEATING
  TODAY           16                        40    -24       61
  MONTH TO DATE  288                       387    -99      475
  SINCE DEC 1    288                       387    -99      475
  SINCE JUL 1   1839                      2062   -223     1698

 COOLING
  TODAY            0                         0      0        0
  MONTH TO DATE    0                         0      0        0
  SINCE DEC 1      0                         0      0        0
  SINCE JAN 1    709                       636     73      646
..................................................................


WIND (MPH)
  HIGHEST WIND SPEED    26   HIGHEST WIND DIRECTION    NW (320)
  HIGHEST GUST SPEED    31   HIGHEST GUST DIRECTION    NW (320)
  AVERAGE WIND SPEED    14.9


SKY COVER
  AVERAGE SKY COVER 0.0


WEATHER CONDITIONS
 THE FOLLOWING WEATHER WAS RECORDED TODAY.
  NO SIGNIFICANT WEATHER WAS OBSERVED.


RELATIVE HUMIDITY (PERCENT)
 HIGHEST    27           200 AM
 LOWEST      9           100 PM
 AVERAGE    18

..........................................................


THE RAPID CITY AIRPORT SD CLIMATE NORMALS FOR TOMORROW
                         NORMAL    RECORD    YEAR
 MAXIMUM TEMPERATURE (F)   37        71      2014
 MINIMUM TEMPERATURE (F)   13       -19      2000


SUNRISE AND SUNSET
DECEMBER 10 2017......SUNRISE   716 AM MST   SUNSET   414 PM MST
DECEMBER 11 2017......SUNRISE   717 AM MST   SUNSET   414 PM MST


-  INDICATES NEGATIVE NUMBERS.
R  INDICATES RECORD WAS SET OR TIED.
MM INDICATES DATA IS MISSING.
T  INDICATES TRACE AMOUNT.




$$
