000
CDUS43 KUNR 220845
CLIRAP


CLIMATE REPORT
NATIONAL WEATHER SERVICE RAPID CITY SD
243 AM MDT TUE JUL 22 2014


...................................

...THE RAPID CITY AIRPORT SD CLIMATE SUMMARY FOR JULY 21 2014...

CLIMATE NORMAL PERIOD 1981 TO 2010
CLIMATE RECORD PERIOD 1942 TO 2014


WEATHER ITEM   OBSERVED TIME   RECORD YEAR NORMAL DEPARTURE LAST
                VALUE   (LST)  VALUE       VALUE  FROM      YEAR
                                                  NORMAL
..................................................................
TEMPERATURE (F)
 YESTERDAY
  MAXIMUM         96    138 PM 106    2007  88      8       90
  MINIMUM         64    321 AM  49    1949  59      5       61
                                      1947
  AVERAGE         80                        74      6       76

PRECIPITATION (IN)
  YESTERDAY        T             1.21 1978   0.07  -0.07      T
  MONTH TO DATE    1.17                      1.19  -0.02     1.61
  SINCE JUN 1      6.42                      3.72   2.70     3.77
  SINCE JAN 1     11.81                     10.41   1.40    11.39

SNOWFALL (IN)
  YESTERDAY        0.0                       0.0    0.0      0.0
  MONTH TO DATE    0.0                       0.0    0.0      0.0
  SINCE JUN 1      0.0                       0.0    0.0      0.0
  SINCE JUL 1      0.0                       0.0    0.0      0.0
  SNOW DEPTH       0

DEGREE DAYS
 HEATING
  YESTERDAY        0                         0      0        0
  MONTH TO DATE   19                        10      9        0
  SINCE JUN 1    147                       109     38       80
  SINCE JUL 1     19                        10      9        0

 COOLING
  YESTERDAY       15                         9      6       11
  MONTH TO DATE  113                       160    -47      215
  SINCE JUN 1    135                       244   -109      285
  SINCE JAN 1    155                       259   -104      293
..................................................................


WIND (MPH)
  HIGHEST WIND SPEED    23   HIGHEST WIND DIRECTION    NW (330)
  HIGHEST GUST SPEED    33   HIGHEST GUST DIRECTION     N (340)
  AVERAGE WIND SPEED     8.2


SKY COVER
  AVERAGE SKY COVER 0.0


WEATHER CONDITIONS
 THE FOLLOWING WEATHER WAS RECORDED YESTERDAY.
  THUNDERSTORM
  LIGHT RAIN


RELATIVE HUMIDITY (PERCENT)
 HIGHEST    87           200 AM
 LOWEST     26          1200 PM
 AVERAGE    57

..........................................................


THE RAPID CITY AIRPORT SD CLIMATE NORMALS FOR TODAY
                         NORMAL    RECORD    YEAR
 MAXIMUM TEMPERATURE (F)   88       106      2007
 MINIMUM TEMPERATURE (F)   59        50      1949


SUNRISE AND SUNSET
JULY 22 2014..........SUNRISE   530 AM MDT   SUNSET   827 PM MDT
JULY 23 2014..........SUNRISE   531 AM MDT   SUNSET   826 PM MDT


-  INDICATES NEGATIVE NUMBERS.
R  INDICATES RECORD WAS SET OR TIED.
MM INDICATES DATA IS MISSING.
T  INDICATES TRACE AMOUNT.




$$
