000
CDUS43 KUNR 061839
CLIRAP


CLIMATE REPORT
NATIONAL WEATHER SERVICE RAPID CITY SD
1238 PM MDT MON JUL 6 2015


...................................

...THE RAPID CITY AIRPORT SD CLIMATE SUMMARY FOR JULY 6 2015...
VALID AS OF 1100 AM LOCAL TIME.

CLIMATE NORMAL PERIOD 1981 TO 2010
CLIMATE RECORD PERIOD 1942 TO 2015


WEATHER ITEM   OBSERVED TIME   RECORD YEAR NORMAL DEPARTURE LAST
                VALUE   (LST)  VALUE       VALUE  FROM      YEAR
                                                  NORMAL
..................................................................
TEMPERATURE (F)
 TODAY
  MAXIMUM         67   1033 AM 110    1973  85    -18       86
  MINIMUM         59    746 AM  45    1945  57      2       64
  AVERAGE         63                        71     -8       75

PRECIPITATION (IN)
  TODAY            T             1.37 1975   0.05  -0.05     0.00
  MONTH TO DATE    0.74                      0.31   0.43     0.01
  SINCE JUN 1      7.86                      2.84   5.02     5.26
  SINCE JAN 1     15.91                      9.53   6.38    10.65

SNOWFALL (IN)
  TODAY            0.0           0.0    MM   0.0    0.0      0.0
  MONTH TO DATE    0.0                       0.0    0.0      0.0
  SINCE JUN 1      0.0                       0.0    0.0      0.0
  SINCE JUL 1      0.0                       0.0    0.0      0.0
  SNOW DEPTH       0

DEGREE DAYS
 HEATING
  TODAY            2                         1      1        0
  MONTH TO DATE    2                         6     -4        7
  SINCE JUN 1     29                       105    -76      135
  SINCE JUL 1      2                         6     -4        7

 COOLING
  TODAY            0                         7     -7       10
  MONTH TO DATE   34                        38     -4       33
  SINCE JUN 1    130                       122      8       55
  SINCE JAN 1    130                       137     -7       75
..................................................................


WIND (MPH)
  HIGHEST WIND SPEED    17   HIGHEST WIND DIRECTION    NW (330)
  HIGHEST GUST SPEED    23   HIGHEST GUST DIRECTION     N (340)
  AVERAGE WIND SPEED    13.2


SKY COVER
  AVERAGE SKY COVER 1.0


WEATHER CONDITIONS
 THE FOLLOWING WEATHER WAS RECORDED TODAY.
  LIGHT RAIN
  FOG
  HAZE


RELATIVE HUMIDITY (PERCENT)
 HIGHEST    90          1200 AM
 LOWEST     63          1100 AM
 AVERAGE    77

..........................................................


THE RAPID CITY AIRPORT SD CLIMATE NORMALS FOR TOMORROW
                         NORMAL    RECORD    YEAR
 MAXIMUM TEMPERATURE (F)   86       109      2007
                                             1989
 MINIMUM TEMPERATURE (F)   57        44      1993


SUNRISE AND SUNSET
JULY  6 2015..........SUNRISE   516 AM MDT   SUNSET   838 PM MDT
JULY  7 2015..........SUNRISE   517 AM MDT   SUNSET   837 PM MDT


-  INDICATES NEGATIVE NUMBERS.
R  INDICATES RECORD WAS SET OR TIED.
MM INDICATES DATA IS MISSING.
T  INDICATES TRACE AMOUNT.




$$
