000
CDUS43 KUNR 020858
CLIRAP


CLIMATE REPORT
NATIONAL WEATHER SERVICE RAPID CITY SD
258 AM MDT TUE SEP 2 2014


...................................

...THE RAPID CITY AIRPORT SD CLIMATE SUMMARY FOR SEPTEMBER 1 2014...

CLIMATE NORMAL PERIOD 1981 TO 2010
CLIMATE RECORD PERIOD 1942 TO 2014


WEATHER ITEM   OBSERVED TIME   RECORD YEAR NORMAL DEPARTURE LAST
                VALUE   (LST)  VALUE       VALUE  FROM      YEAR
                                                  NORMAL
..................................................................
TEMPERATURE (F)
 YESTERDAY
  MAXIMUM         73   1207 PM 101    2012  82     -9       84
  MINIMUM         45   1155 PM  40    1974  52     -7       51
  AVERAGE         59                        67     -8       68

PRECIPITATION (IN)
  YESTERDAY        0.05          0.75 1974   0.04   0.01     0.00
  MONTH TO DATE    0.05                      0.04   0.01     0.00
  SINCE SEP 1      0.05                      0.04   0.01     0.00
  SINCE JAN 1     16.65                     12.67   3.98    14.06

SNOWFALL (IN)
  YESTERDAY       MM                         0.0   MM        0.0
  MONTH TO DATE   MM                         0.0   MM        0.0
  SINCE SEP 1     MM                         0.0   MM        0.0
  SINCE JUL 1      0.0                       0.0    0.0      0.0
  SNOW DEPTH       0

DEGREE DAYS
 HEATING
  YESTERDAY        6                         2      4        0
  MONTH TO DATE    6                         2      4        0
  SINCE SEP 1      6                         2      4        0
  SINCE JUL 1     42                        39      3        5

 COOLING
  YESTERDAY        0                         4     -4        3
  MONTH TO DATE    0                         4     -4        3
  SINCE SEP 1      0                         4     -4        3
  SINCE JAN 1    363                       576   -213      594
..................................................................


WIND (MPH)
  HIGHEST WIND SPEED    17   HIGHEST WIND DIRECTION     W (280)
  HIGHEST GUST SPEED    22   HIGHEST GUST DIRECTION     N (350)
  AVERAGE WIND SPEED     6.3


SKY COVER
  AVERAGE SKY COVER 0.2


WEATHER CONDITIONS
 THE FOLLOWING WEATHER WAS RECORDED YESTERDAY.
  THUNDERSTORM
  RAIN
  LIGHT RAIN


RELATIVE HUMIDITY (PERCENT)
 HIGHEST    93           200 AM
 LOWEST     41          1100 AM
 AVERAGE    67

..........................................................


THE RAPID CITY AIRPORT SD CLIMATE NORMALS FOR TODAY
                         NORMAL    RECORD    YEAR
 MAXIMUM TEMPERATURE (F)   82       104      1960
 MINIMUM TEMPERATURE (F)   52        38      2008
                                             1974


SUNRISE AND SUNSET
SEPTEMBER  2 2014.....SUNRISE   617 AM MDT   SUNSET   726 PM MDT
SEPTEMBER  3 2014.....SUNRISE   618 AM MDT   SUNSET   725 PM MDT


-  INDICATES NEGATIVE NUMBERS.
R  INDICATES RECORD WAS SET OR TIED.
MM INDICATES DATA IS MISSING.
T  INDICATES TRACE AMOUNT.




$$
