000
CDUS43 KUNR 230833
CLIRAP


CLIMATE REPORT
NATIONAL WEATHER SERVICE RAPID CITY SD
232 AM MDT TUE SEP 23 2014


...................................

...THE RAPID CITY AIRPORT SD CLIMATE SUMMARY FOR SEPTEMBER 22 2014...

CLIMATE NORMAL PERIOD 1981 TO 2010
CLIMATE RECORD PERIOD 1942 TO 2014


WEATHER ITEM   OBSERVED TIME   RECORD YEAR NORMAL DEPARTURE LAST
                VALUE   (LST)  VALUE       VALUE  FROM      YEAR
                                                  NORMAL
..................................................................
TEMPERATURE (F)
 YESTERDAY
  MAXIMUM         78    232 PM  95    2007  72      6       93
  MINIMUM         46    228 AM  19    1995  43      3       48
  AVERAGE         62                        58      4       71

PRECIPITATION (IN)
  YESTERDAY        0.01          0.87 2006   0.04  -0.03     0.19
  MONTH TO DATE    0.53                      0.94  -0.41     0.74
  SINCE SEP 1      0.53                      0.94  -0.41     0.74
  SINCE JAN 1     17.13                     13.57   3.56    14.80

SNOWFALL (IN)
  YESTERDAY        0.0                       0.0    0.0      0.0
  MONTH TO DATE    T                         0.1   -0.1      0.0
  SINCE SEP 1      T                         0.1   -0.1      0.0
  SINCE JUL 1      T                         0.1   -0.1      0.0
  SNOW DEPTH       0

DEGREE DAYS
 HEATING
  YESTERDAY        3                         8     -5        0
  MONTH TO DATE  174                       107     67       38
  SINCE SEP 1    174                       107     67       38
  SINCE JUL 1    210                       144     66       43

 COOLING
  YESTERDAY        0                         1     -1        6
  MONTH TO DATE   26                        55    -29      129
  SINCE SEP 1     26                        55    -29      129
  SINCE JAN 1    389                       627   -238      720
..................................................................


WIND (MPH)
  HIGHEST WIND SPEED    25   HIGHEST WIND DIRECTION     S (160)
  HIGHEST GUST SPEED    31   HIGHEST GUST DIRECTION     S (160)
  AVERAGE WIND SPEED    12.0


SKY COVER
  AVERAGE SKY COVER 0.2


WEATHER CONDITIONS
 THE FOLLOWING WEATHER WAS RECORDED YESTERDAY.
  LIGHT RAIN


RELATIVE HUMIDITY (PERCENT)
 HIGHEST    84          1100 PM
 LOWEST     35           100 PM
 AVERAGE    60

..........................................................


THE RAPID CITY AIRPORT SD CLIMATE NORMALS FOR TODAY
                         NORMAL    RECORD    YEAR
 MAXIMUM TEMPERATURE (F)   72        97      1992
 MINIMUM TEMPERATURE (F)   43        24      1985


SUNRISE AND SUNSET
SEPTEMBER 23 2014.....SUNRISE   641 AM MDT   SUNSET   648 PM MDT
SEPTEMBER 24 2014.....SUNRISE   642 AM MDT   SUNSET   646 PM MDT


-  INDICATES NEGATIVE NUMBERS.
R  INDICATES RECORD WAS SET OR TIED.
MM INDICATES DATA IS MISSING.
T  INDICATES TRACE AMOUNT.




$$
