000
CDUS43 KUNR 100934
CLIRAP


CLIMATE REPORT
NATIONAL WEATHER SERVICE RAPID CITY SD
233 AM MST WED FEB 10 2016


...................................

...THE RAPID CITY AIRPORT SD CLIMATE SUMMARY FOR FEBRUARY 9 2016...

CLIMATE NORMAL PERIOD 1981 TO 2010
CLIMATE RECORD PERIOD 1942 TO 2016


WEATHER ITEM   OBSERVED TIME   RECORD YEAR NORMAL DEPARTURE LAST
                VALUE   (LST)  VALUE       VALUE  FROM      YEAR
                                                  NORMAL
..................................................................
TEMPERATURE (F)
 YESTERDAY
  MAXIMUM         53    338 PM  70    1996  38     15       55
  MINIMUM         20    714 AM -25    1994  14      6       26
  AVERAGE         37                        26     11       41

PRECIPITATION (IN)
  YESTERDAY        0.00          0.87 1953   0.01  -0.01     0.00
  MONTH TO DATE    0.22                      0.10   0.12      T
  SINCE DEC 1      1.06                      0.82   0.24     0.60
  SINCE JAN 1      0.43                      0.40   0.03     0.18

SNOWFALL (IN)
  YESTERDAY        0.0           8.7  1953   0.2   -0.2      0.0
  MONTH TO DATE    3.4                       1.5    1.9      0.3
  SINCE DEC 1     18.2                      11.3    6.9     13.3
  SINCE JUL 1     24.8                      19.1    5.7     28.8
  SNOW DEPTH       0

DEGREE DAYS
 HEATING
  YESTERDAY       28                        39    -11       24
  MONTH TO DATE  312                       352    -40      280
  SINCE DEC 1   2735                      2833    -98     2551
  SINCE JUL 1   4180                      4508   -328     4359

 COOLING
  YESTERDAY        0                         0      0        0
  MONTH TO DATE    0                         0      0        0
  SINCE DEC 1      0                         0      0        0
  SINCE JAN 1      0                         0      0        0
..................................................................


WIND (MPH)
  HIGHEST WIND SPEED    28   HIGHEST WIND DIRECTION     N (340)
  HIGHEST GUST SPEED    34   HIGHEST GUST DIRECTION    NW (330)
  AVERAGE WIND SPEED     7.3


SKY COVER
  AVERAGE SKY COVER 0.5


WEATHER CONDITIONS
 THE FOLLOWING WEATHER WAS RECORDED YESTERDAY.
  NO SIGNIFICANT WEATHER WAS OBSERVED.


RELATIVE HUMIDITY (PERCENT)
 HIGHEST    85           700 PM
 LOWEST     38           300 PM
 AVERAGE    62

..........................................................


THE RAPID CITY AIRPORT SD CLIMATE NORMALS FOR TODAY
                         NORMAL    RECORD    YEAR
 MAXIMUM TEMPERATURE (F)   39        74      1951
 MINIMUM TEMPERATURE (F)   14       -14      1981


SUNRISE AND SUNSET
FEBRUARY 10 2016......SUNRISE   659 AM MST   SUNSET   514 PM MST
FEBRUARY 11 2016......SUNRISE   658 AM MST   SUNSET   516 PM MST


-  INDICATES NEGATIVE NUMBERS.
R  INDICATES RECORD WAS SET OR TIED.
MM INDICATES DATA IS MISSING.
T  INDICATES TRACE AMOUNT.




$$
