000
CDUS43 KUNR 010836
CLIRAP


CLIMATE REPORT
NATIONAL WEATHER SERVICE RAPID CITY SD
136 AM MST SUN FEB 1 2015


...................................

...THE RAPID CITY AIRPORT SD CLIMATE SUMMARY FOR JANUARY 31 2015...

CLIMATE NORMAL PERIOD 1981 TO 2010
CLIMATE RECORD PERIOD 1942 TO 2015


WEATHER ITEM   OBSERVED TIME   RECORD YEAR NORMAL DEPARTURE LAST
                VALUE   (LST)  VALUE       VALUE  FROM      YEAR
                                                  NORMAL
..................................................................
TEMPERATURE (F)
 YESTERDAY
  MAXIMUM         31    224 AM  68    1992  38     -7       39
  MINIMUM         10   1159 PM -21    1996  13     -3        7
  AVERAGE         21                        25     -4       23

PRECIPITATION (IN)
  YESTERDAY        0.05          0.23 1971   0.01   0.04      T
  MONTH TO DATE    0.18                      0.30  -0.12     0.22
  SINCE DEC 1      0.60                      0.72  -0.12     0.78
  SINCE JAN 1      0.18                      0.30  -0.12     0.22

SNOWFALL (IN)
  YESTERDAY        1.5           2.9  1971   0.2    1.3       T
  MONTH TO DATE    3.9                       4.4   -0.5      3.2
  SINCE DEC 1     13.0                       9.8    3.2     11.8
  SINCE JUL 1     28.5                      17.6   10.9     36.6
  SNOW DEPTH       0

DEGREE DAYS
 HEATING
  YESTERDAY       44                        40      4       42
  MONTH TO DATE 1141                      1242   -101     1202
  SINCE DEC 1   2271                      2481   -210     2625
  SINCE JUL 1   4079                      4156    -77     4345

 COOLING
  YESTERDAY        0                         0      0        0
  MONTH TO DATE    0                         0      0        0
  SINCE DEC 1      0                         0      0        0
  SINCE JAN 1      0                         0      0        0
..................................................................


WIND (MPH)
  HIGHEST WIND SPEED    18   HIGHEST WIND DIRECTION     N (10)
  HIGHEST GUST SPEED    21   HIGHEST GUST DIRECTION    NE (40)
  AVERAGE WIND SPEED     9.9


SKY COVER
  AVERAGE SKY COVER 0.6


WEATHER CONDITIONS
 THE FOLLOWING WEATHER WAS RECORDED YESTERDAY.
  LT FREEZING RAIN
  LIGHT SNOW
  FOG
  FOG W/VISIBILITY <= 1/4 MILE


RELATIVE HUMIDITY (PERCENT)
 HIGHEST   100          1000 AM
 LOWEST     69           200 AM
 AVERAGE    85

..........................................................


THE RAPID CITY AIRPORT SD CLIMATE NORMALS FOR TODAY
                         NORMAL    RECORD    YEAR
 MAXIMUM TEMPERATURE (F)   38        68      1992
 MINIMUM TEMPERATURE (F)   13       -25      1996


SUNRISE AND SUNSET
FEBRUARY  1 2015......SUNRISE   710 AM MST   SUNSET   502 PM MST
FEBRUARY  2 2015......SUNRISE   709 AM MST   SUNSET   504 PM MST


-  INDICATES NEGATIVE NUMBERS.
R  INDICATES RECORD WAS SET OR TIED.
MM INDICATES DATA IS MISSING.
T  INDICATES TRACE AMOUNT.




$$
