000
CDUS43 KUNR 230040
CLIRAP


CLIMATE REPORT
NATIONAL WEATHER SERVICE RAPID CITY SD
640 PM MDT WED OCT 22 2014


...................................

...THE RAPID CITY AIRPORT SD CLIMATE SUMMARY FOR OCTOBER 22 2014...
VALID TODAY AS OF 0500 PM LOCAL TIME.

CLIMATE NORMAL PERIOD 1981 TO 2010
CLIMATE RECORD PERIOD 1942 TO 2014


WEATHER ITEM   OBSERVED TIME   RECORD YEAR NORMAL DEPARTURE LAST
                VALUE   (LST)  VALUE       VALUE  FROM      YEAR
                                                  NORMAL
..................................................................
TEMPERATURE (F)
 TODAY
  MAXIMUM         65    147 PM  82    2003  59      6       53
  MINIMUM         52    730 AM  13    1981  32     20       40
  AVERAGE         59                        46     13       47

PRECIPITATION (IN)
  TODAY            0.00          0.73 1995   0.04  -0.04      T
  MONTH TO DATE    0.54                      1.10  -0.56     5.38
  SINCE SEP 1      3.71                      2.39   1.32     6.56
  SINCE JAN 1     20.31                     15.02   5.29    20.62

SNOWFALL (IN)
  TODAY            0.0                       0.1   -0.1      0.0
  MONTH TO DATE    0.0                       0.7   -0.7     19.6
  SINCE SEP 1      T                         0.9   -0.9     19.6
  SINCE JUL 1      T                         0.9   -0.9     19.6
  SNOW DEPTH       0

DEGREE DAYS
 HEATING
  TODAY            6                        20    -14       18
  MONTH TO DATE  267                       344    -77      462
  SINCE SEP 1    472                       531    -59      564
  SINCE JUL 1    508                       568    -60      569

 COOLING
  TODAY            0                         0      0        0
  MONTH TO DATE    0                         0      0        0
  SINCE SEP 1     61                        61      0      133
  SINCE JAN 1    424                       633   -209      724
..................................................................


WIND (MPH)
  HIGHEST WIND SPEED    25   HIGHEST WIND DIRECTION     N (350)
  HIGHEST GUST SPEED    32   HIGHEST GUST DIRECTION     N (340)
  AVERAGE WIND SPEED    11.3


SKY COVER
  AVERAGE SKY COVER 0.1


WEATHER CONDITIONS
 THE FOLLOWING WEATHER WAS RECORDED TODAY.
  NO SIGNIFICANT WEATHER WAS OBSERVED.


RELATIVE HUMIDITY (PERCENT)
 HIGHEST    54           700 AM
 LOWEST     26          1200 PM
 AVERAGE    40

..........................................................


THE RAPID CITY AIRPORT SD CLIMATE NORMALS FOR TOMORROW
                         NORMAL    RECORD    YEAR
 MAXIMUM TEMPERATURE (F)   59        80      1963
 MINIMUM TEMPERATURE (F)   32        12      1981


SUNRISE AND SUNSET
OCTOBER 22 2014.......SUNRISE   716 AM MDT   SUNSET   557 PM MDT
OCTOBER 23 2014.......SUNRISE   717 AM MDT   SUNSET   555 PM MDT


-  INDICATES NEGATIVE NUMBERS.
R  INDICATES RECORD WAS SET OR TIED.
MM INDICATES DATA IS MISSING.
T  INDICATES TRACE AMOUNT.




$$
