000
CDUS46 KMFR 050842
CLIRBG


CLIMATE REPORT
NATIONAL WEATHER SERVICE MEDFORD, OR
1242 AM PST MON DEC 5 2016


...................................

...THE ROSEBURG OR CLIMATE SUMMARY FOR DECEMBER 4 2016...

CLIMATE NORMAL PERIOD 1981 TO 2010
CLIMATE RECORD PERIOD 1931 TO 2016


WEATHER ITEM   OBSERVED TIME   RECORD YEAR NORMAL DEPARTURE LAST
                VALUE   (LST)  VALUE       VALUE  FROM      YEAR
                                                  NORMAL
..................................................................
TEMPERATURE (F)
 YESTERDAY
  MAXIMUM         51    956 AM  69    1949  48      3       54
  MINIMUM         38   1151 PM  23    2013  37      1       41
  AVERAGE         45                        43      2       48

PRECIPITATION (IN)
  YESTERDAY        0.35          1.90 1975   0.19   0.16     0.53
  MONTH TO DATE    0.42                      0.75  -0.33     1.50
  SINCE OCT 1     13.25                      9.88   3.37     6.50
  SINCE JAN 1     32.58                     30.49   2.09    17.77

SNOWFALL (IN)
  YESTERDAY       MM                        MM     MM       MM
  MONTH TO DATE   MM                        MM     MM       MM
  SINCE JUL 1     MM                        MM     MM        0.0
  SNOW DEPTH      MM

DEGREE DAYS
 HEATING
  YESTERDAY       20                        22     -2       17
  MONTH TO DATE   81                        88     -7       60
  SINCE DEC 1     81                        88     -7       60
  SINCE JUL 1    720                      1017   -297      788

 COOLING
  YESTERDAY        0                         0      0        0
  MONTH TO DATE    0                         0      0        0
  SINCE DEC 1      0                         0      0        0
  SINCE JAN 1    732                       480    252      999
..................................................................


WIND (MPH)
  RESULTANT WIND SPEED   0   RESULTANT WIND DIRECTION  NE (30)
  HIGHEST WIND SPEED    16   HIGHEST WIND DIRECTION     N (350)
  HIGHEST GUST SPEED    22   HIGHEST GUST DIRECTION    NW (330)
  AVERAGE WIND SPEED     3.4


SKY COVER
  POSSIBLE SUNSHINE  MM
  AVERAGE SKY COVER 1.0


WEATHER CONDITIONS
 THE FOLLOWING WEATHER WAS RECORDED YESTERDAY.
  HEAVY RAIN
  RAIN
  LIGHT RAIN
  FOG
  FOG W/VISIBILITY <= 1/4 MILE


RELATIVE HUMIDITY (PERCENT)
 HIGHEST   100           700 PM
 LOWEST     83           300 PM
 AVERAGE    92

..........................................................


THE ROSEBURG OR CLIMATE NORMALS FOR TODAY
                         NORMAL    RECORD    YEAR
 MAXIMUM TEMPERATURE (F)   48        61      2015
 MINIMUM TEMPERATURE (F)   37        20      2013


SUNRISE AND SUNSET
DECEMBER  5 2016......SUNRISE   730 AM PST   SUNSET   438 PM PST
DECEMBER  6 2016......SUNRISE   731 AM PST   SUNSET   438 PM PST


-  INDICATES NEGATIVE NUMBERS.
R  INDICATES RECORD WAS SET OR TIED.
MM INDICATES DATA IS MISSING.
T  INDICATES TRACE AMOUNT.




$$
