000
CDUS46 KMFR 020836
CLIRBG


CLIMATE REPORT
NATIONAL WEATHER SERVICE MEDFORD, OR
1235 AM PST MON MAR 2 2015


...................................

...THE ROSEBURG OR CLIMATE SUMMARY FOR MARCH 1 2015...

CLIMATE NORMAL PERIOD 1981 TO 2010
CLIMATE RECORD PERIOD 1931 TO 2015


WEATHER ITEM   OBSERVED TIME   RECORD YEAR NORMAL DEPARTURE LAST
                VALUE   (LST)  VALUE       VALUE  FROM      YEAR
                                                  NORMAL
..................................................................
TEMPERATURE (F)
 YESTERDAY
  MAXIMUM         59    433 PM  75    1968  56      3       62
  MINIMUM         28    651 AM  25    1960  38    -10       48
                                      1993
  AVERAGE         44                        47     -3       55

PRECIPITATION (IN)
  YESTERDAY        0.00          1.73 1972   0.10  -0.10     0.08
  MONTH TO DATE    0.00                      0.10  -0.10     0.08
  SINCE OCT 1     20.46                     24.79  -4.33    11.23
  SINCE JAN 1      6.18                      9.14  -2.96     7.53

SNOWFALL (IN)
  YESTERDAY       MM                        MM     MM       MM
  MONTH TO DATE   MM                        MM     MM       MM
  SINCE JUL 1     MM                        MM     MM        0.0
  SNOW DEPTH      MM

DEGREE DAYS
 HEATING
  YESTERDAY       21                        18      3       10
  MONTH TO DATE   21                        18      3       10
  SINCE MAR 1     21                        18      3       10
  SINCE JUL 1   2078                      2887   -809     2937

 COOLING
  YESTERDAY        0                         0      0        0
  MONTH TO DATE    0                         0      0        0
  SINCE MAR 1      0                         0      0        0
  SINCE JAN 1      0                         0      0        0
..................................................................


WIND (MPH)
  RESULTANT WIND SPEED   1   RESULTANT WIND DIRECTION   N (20)
  HIGHEST WIND SPEED     8   HIGHEST WIND DIRECTION     N (340)
  HIGHEST GUST SPEED    11   HIGHEST GUST DIRECTION    NW (330)
  AVERAGE WIND SPEED     2.3


SKY COVER
  POSSIBLE SUNSHINE  MM
  AVERAGE SKY COVER 0.1


WEATHER CONDITIONS
 THE FOLLOWING WEATHER WAS RECORDED YESTERDAY.
  FOG
  FOG W/VISIBILITY <= 1/4 MILE


RELATIVE HUMIDITY (PERCENT)
 HIGHEST   100           900 AM
 LOWEST     19           400 PM
 AVERAGE    60

..........................................................


THE ROSEBURG OR CLIMATE NORMALS FOR TODAY
                         NORMAL    RECORD    YEAR
 MAXIMUM TEMPERATURE (F)   56        71      1931
 MINIMUM TEMPERATURE (F)   38        25      1953
                                             1971


SUNRISE AND SUNSET
MARCH  2 2015.........SUNRISE   648 AM PST   SUNSET   604 PM PST
MARCH  3 2015.........SUNRISE   646 AM PST   SUNSET   605 PM PST


-  INDICATES NEGATIVE NUMBERS.
R  INDICATES RECORD WAS SET OR TIED.
MM INDICATES DATA IS MISSING.
T  INDICATES TRACE AMOUNT.




$$
