000
CDUS46 KMFR 300835
CLIRBG


CLIMATE REPORT
NATIONAL WEATHER SERVICE MEDFORD, OR
135 AM PDT SAT APR 30 2016


...................................

...THE ROSEBURG OR CLIMATE SUMMARY FOR APRIL 29 2016...

CLIMATE NORMAL PERIOD 1981 TO 2010
CLIMATE RECORD PERIOD 1931 TO 2016


WEATHER ITEM   OBSERVED TIME   RECORD YEAR NORMAL DEPARTURE LAST
                VALUE   (LST)  VALUE       VALUE  FROM      YEAR
                                                  NORMAL
..................................................................
TEMPERATURE (F)
 YESTERDAY
  MAXIMUM         63    525 PM  92    1998  66     -3       69
  MINIMUM         51   1159 PM  28    1954  44      7       42
  AVERAGE         57                        55      2       56

PRECIPITATION (IN)
  YESTERDAY        0.04          0.83 1957   0.08  -0.04     0.00
  MONTH TO DATE    2.32                      2.74  -0.42     0.94
  SINCE OCT 1     35.97                     30.93   5.04    24.48
  SINCE JAN 1     16.78                     15.28   1.50    10.20

SNOWFALL (IN)
  YESTERDAY       MM                        MM     MM       MM
  MONTH TO DATE    0.0                      MM     MM       MM
  SINCE JUL 1      0.0                      MM     MM        0.0
  SNOW DEPTH      MM

DEGREE DAYS
 HEATING
  YESTERDAY        8                        10     -2        9
  MONTH TO DATE  201                       375   -174      337
  SINCE MAR 1    611                       885   -274      657
  SINCE JUL 1   2964                      3754   -790     2714

 COOLING
  YESTERDAY        0                         0      0        0
  MONTH TO DATE   18                         0     18        1
  SINCE MAR 1     18                         0     18        1
  SINCE JAN 1     18                         0     18        1
..................................................................


WIND (MPH)
  RESULTANT WIND SPEED   4   RESULTANT WIND DIRECTION   N (340)
  HIGHEST WIND SPEED    14   HIGHEST WIND DIRECTION     N (340)
  HIGHEST GUST SPEED    19   HIGHEST GUST DIRECTION    NW (330)
  AVERAGE WIND SPEED     5.5


SKY COVER
  POSSIBLE SUNSHINE  MM
  AVERAGE SKY COVER 0.9


WEATHER CONDITIONS
 THE FOLLOWING WEATHER WAS RECORDED YESTERDAY.
  RAIN
  LIGHT RAIN
  FOG
  HAZE


RELATIVE HUMIDITY (PERCENT)
 HIGHEST    83           200 AM
 LOWEST     53           600 PM
 AVERAGE    68

..........................................................


THE ROSEBURG OR CLIMATE NORMALS FOR TODAY
                         NORMAL    RECORD    YEAR
 MAXIMUM TEMPERATURE (F)   66        92      2014
 MINIMUM TEMPERATURE (F)   44        31      1954


SUNRISE AND SUNSET
APRIL 30 2016.........SUNRISE   607 AM PDT   SUNSET   815 PM PDT
MAY  1 2016...........SUNRISE   606 AM PDT   SUNSET   816 PM PDT


-  INDICATES NEGATIVE NUMBERS.
R  INDICATES RECORD WAS SET OR TIED.
MM INDICATES DATA IS MISSING.
T  INDICATES TRACE AMOUNT.




$$
