000
CDUS46 KMFR 010036
CLIRBG


CLIMATE REPORT
NATIONAL WEATHER SERVICE MEDFORD, OR
536 PM PDT SUN APR 30 2017


...................................

...THE ROSEBURG OR CLIMATE SUMMARY FOR APRIL 30 2017...
VALID TODAY AS OF 0500 PM LOCAL TIME.

CLIMATE NORMAL PERIOD 1981 TO 2010
CLIMATE RECORD PERIOD 1931 TO 2017


WEATHER ITEM   OBSERVED TIME   RECORD YEAR NORMAL DEPARTURE LAST
                VALUE   (LST)  VALUE       VALUE  FROM      YEAR
                                                  NORMAL
..................................................................
TEMPERATURE (F)
 TODAY
  MAXIMUM         68    346 PM  92    2014  66      2       68
  MINIMUM         52    626 AM  31    1954  44      8       47
  AVERAGE         60                        55      5       58

PRECIPITATION (IN)
  TODAY            T             0.48 1932   0.08  -0.08
  MONTH TO DATE    2.78                      2.82  -0.04
  SINCE OCT 1     40.41                     31.01   9.40
  SINCE JAN 1     21.49                     15.36   6.13

SNOWFALL (IN)
  TODAY            0.0                      MM     MM       MM
  MONTH TO DATE    0.0                      MM     MM        0.0
  SINCE JUL 1      0.0                      MM     MM        0.0
  SNOW DEPTH       0

DEGREE DAYS
 HEATING
  TODAY            5                        10     -5        7
  MONTH TO DATE  357                       385    -28      208
  SINCE MAR 1    811                       895    -84      618
  SINCE JUL 1   3527                      3764   -237     2971

 COOLING
  TODAY            0                         0      0        0
  MONTH TO DATE    0                         1     -1       18
  SINCE MAR 1      0                         1     -1       18
  SINCE JAN 1      0                         1     -1       18
..................................................................







THE ROSEBURG OR CLIMATE NORMALS FOR TOMORROW
                         NORMAL    RECORD    YEAR
 MAXIMUM TEMPERATURE (F)   66        93      1947
 MINIMUM TEMPERATURE (F)   45        26      1954


SUNRISE AND SUNSET
APRIL 30 2017.........SUNRISE   608 AM PDT   SUNSET   814 PM PDT
MAY  1 2017...........SUNRISE   606 AM PDT   SUNSET   815 PM PDT


-  INDICATES NEGATIVE NUMBERS.
R  INDICATES RECORD WAS SET OR TIED.
MM INDICATES DATA IS MISSING.
T  INDICATES TRACE AMOUNT.




$$
