000
CDUS46 KMFR 270835
CLIRBG


CLIMATE REPORT
NATIONAL WEATHER SERVICE MEDFORD, OR
135 AM PDT TUE JUN 27 2017


...................................

...THE ROSEBURG OR CLIMATE SUMMARY FOR JUNE 26 2017...

CLIMATE NORMAL PERIOD 1981 TO 2010
CLIMATE RECORD PERIOD 1931 TO 2017


WEATHER ITEM   OBSERVED TIME   RECORD YEAR NORMAL DEPARTURE LAST
                VALUE   (LST)  VALUE       VALUE  FROM      YEAR
                                                  NORMAL
..................................................................
TEMPERATURE (F)
 YESTERDAY
  MAXIMUM         80    206 PM 102    2006  79      1       91
  MINIMUM         60   1150 PM  42    1962  54      6       54
  AVERAGE         70                        66      4       73

PRECIPITATION (IN)
  YESTERDAY        0.00          0.44 2001   0.01  -0.01     0.00
  MONTH TO DATE    0.83                      1.10  -0.27     0.86
  SINCE OCT 1     42.38                     34.38   8.00    37.68
  SINCE JAN 1     23.46                     18.73   4.73    18.49

SNOWFALL (IN)
  YESTERDAY       MM                        MM     MM       MM
  MONTH TO DATE   MM                        MM     MM       MM
  SINCE JUL 1     MM                        MM     MM        0.0
  SNOW DEPTH      MM

DEGREE DAYS
 HEATING
  YESTERDAY        0                         1     -1        0
  MONTH TO DATE   64                        78    -14       64
  SINCE JUN 1     64                        78    -14       64
  SINCE JUL 1   3749                      4061   -312     3153

 COOLING
  YESTERDAY        5                         3      2        8
  MONTH TO DATE   91                        35     56      108
  SINCE JUN 1     91                        35     56      108
  SINCE JAN 1    140                        55     85      151
..................................................................


WIND (MPH)
  RESULTANT WIND SPEED   7   RESULTANT WIND DIRECTION   N (350)
  HIGHEST WIND SPEED    18   HIGHEST WIND DIRECTION    NW (330)
  HIGHEST GUST SPEED    24   HIGHEST GUST DIRECTION    NW (320)
  AVERAGE WIND SPEED     8.1


SKY COVER
  POSSIBLE SUNSHINE  MM
  AVERAGE SKY COVER 0.4


WEATHER CONDITIONS
 THE FOLLOWING WEATHER WAS RECORDED YESTERDAY.
  NO SIGNIFICANT WEATHER WAS OBSERVED.


RELATIVE HUMIDITY (PERCENT)
 HIGHEST    78           500 AM
 LOWEST     45           100 PM
 AVERAGE    62

..........................................................


THE ROSEBURG OR CLIMATE NORMALS FOR TODAY
                         NORMAL    RECORD    YEAR
 MAXIMUM TEMPERATURE (F)   79       101      2015
 MINIMUM TEMPERATURE (F)   54        38      1965


SUNRISE AND SUNSET
JUNE 27 2017..........SUNRISE   536 AM PDT   SUNSET   858 PM PDT
JUNE 28 2017..........SUNRISE   536 AM PDT   SUNSET   857 PM PDT


-  INDICATES NEGATIVE NUMBERS.
R  INDICATES RECORD WAS SET OR TIED.
MM INDICATES DATA IS MISSING.
T  INDICATES TRACE AMOUNT.




$$
